[INFO] fetching crate injrs 0.1.2...
[INFO] testing injrs-0.1.2 against 1.69.0 for beta-1.70-1
[INFO] extracting crate injrs 0.1.2 into /workspace/builds/worker-1-tc1/source
[INFO] validating manifest of crates.io crate injrs 0.1.2 on toolchain 1.69.0
[INFO] running `Command { std: CARGO_HOME="/workspace/cargo-home" RUSTUP_HOME="/workspace/rustup-home" "/workspace/cargo-home/bin/cargo" "+1.69.0" "metadata" "--manifest-path" "Cargo.toml" "--no-deps", kill_on_drop: false }`
[INFO] removed /workspace/builds/worker-1-tc1/source/.cargo/config
[INFO] started tweaking crates.io crate injrs 0.1.2
[INFO] removed 0 missing examples
[INFO] finished tweaking crates.io crate injrs 0.1.2
[INFO] tweaked toml for crates.io crate injrs 0.1.2 written to /workspace/builds/worker-1-tc1/source/Cargo.toml
[INFO] crate crates.io crate injrs 0.1.2 already has a lockfile, it will not be regenerated
[INFO] running `Command { std: CARGO_HOME="/workspace/cargo-home" RUSTUP_HOME="/workspace/rustup-home" "/workspace/cargo-home/bin/cargo" "+1.69.0" "fetch" "--manifest-path" "Cargo.toml", kill_on_drop: false }`
[INFO] running `Command { std: "docker" "create" "-v" "/var/lib/crater-agent-workspace/builds/worker-1-tc1/target:/opt/rustwide/target:rw,Z" "-v" "/var/lib/crater-agent-workspace/builds/worker-1-tc1/source:/opt/rustwide/workdir:ro,Z" "-v" "/var/lib/crater-agent-workspace/cargo-home:/opt/rustwide/cargo-home:ro,Z" "-v" "/var/lib/crater-agent-workspace/rustup-home:/opt/rustwide/rustup-home:ro,Z" "-e" "SOURCE_DIR=/opt/rustwide/workdir" "-e" "CARGO_TARGET_DIR=/opt/rustwide/target" "-e" "CARGO_HOME=/opt/rustwide/cargo-home" "-e" "RUSTUP_HOME=/opt/rustwide/rustup-home" "-w" "/opt/rustwide/workdir" "-m" "1610612736" "--user" "0:0" "--network" "none" "ghcr.io/rust-lang/crates-build-env/linux@sha256:5ff2268d62e97bff2cde7d5815dd6ed5b47097566f13b8d0ca110b04b60e07ed" "/opt/rustwide/cargo-home/bin/cargo" "+1.69.0" "metadata" "--no-deps" "--format-version=1", kill_on_drop: false }`
[INFO] [stdout] 8084e602938974ce88cfc36ae37010df320c5781fa8aff65eb0ccfe0e217c37b
[INFO] running `Command { std: "docker" "start" "-a" "8084e602938974ce88cfc36ae37010df320c5781fa8aff65eb0ccfe0e217c37b", kill_on_drop: false }`
[INFO] running `Command { std: "docker" "inspect" "8084e602938974ce88cfc36ae37010df320c5781fa8aff65eb0ccfe0e217c37b", kill_on_drop: false }`
[INFO] running `Command { std: "docker" "rm" "-f" "8084e602938974ce88cfc36ae37010df320c5781fa8aff65eb0ccfe0e217c37b", kill_on_drop: false }`
[INFO] [stdout] 8084e602938974ce88cfc36ae37010df320c5781fa8aff65eb0ccfe0e217c37b
[INFO] running `Command { std: "docker" "create" "-v" "/var/lib/crater-agent-workspace/builds/worker-1-tc1/target:/opt/rustwide/target:rw,Z" "-v" "/var/lib/crater-agent-workspace/builds/worker-1-tc1/source:/opt/rustwide/workdir:ro,Z" "-v" "/var/lib/crater-agent-workspace/cargo-home:/opt/rustwide/cargo-home:ro,Z" "-v" "/var/lib/crater-agent-workspace/rustup-home:/opt/rustwide/rustup-home:ro,Z" "-e" "SOURCE_DIR=/opt/rustwide/workdir" "-e" "CARGO_TARGET_DIR=/opt/rustwide/target" "-e" "CARGO_INCREMENTAL=0" "-e" "RUST_BACKTRACE=full" "-e" "RUSTFLAGS=--cap-lints=warn" "-e" "RUSTDOCFLAGS=--cap-lints=warn" "-e" "CARGO_HOME=/opt/rustwide/cargo-home" "-e" "RUSTUP_HOME=/opt/rustwide/rustup-home" "-w" "/opt/rustwide/workdir" "-m" "1610612736" "--user" "0:0" "--network" "none" "ghcr.io/rust-lang/crates-build-env/linux@sha256:5ff2268d62e97bff2cde7d5815dd6ed5b47097566f13b8d0ca110b04b60e07ed" "/opt/rustwide/cargo-home/bin/cargo" "+1.69.0" "build" "--frozen" "--message-format=json", kill_on_drop: false }`
[INFO] [stdout] 07a3c935bd511104fb45cff3d8c39a6adc3186a85df17f6c1d68416d4b6ed65f
[INFO] running `Command { std: "docker" "start" "-a" "07a3c935bd511104fb45cff3d8c39a6adc3186a85df17f6c1d68416d4b6ed65f", kill_on_drop: false }`
[INFO] [stderr]    Compiling winapi v0.3.9
[INFO] [stderr]    Compiling injrs v0.1.2 (/opt/rustwide/workdir)
[INFO] [stdout] error[E0433]: failed to resolve: could not find `windows` in `os`
[INFO] [stdout]   --> src/process_windows.rs:10:14
[INFO] [stdout]    |
[INFO] [stdout] 10 | use std::os::windows::ffi::OsStringExt;
[INFO] [stdout]    |              ^^^^^^^ could not find `windows` in `os`
[INFO] [stdout] 
[INFO] [stdout] 
[INFO] [stdout] error[E0433]: failed to resolve: could not find `windows` in `os`
[INFO] [stdout]  --> src/evelate_windows.rs:4:14
[INFO] [stdout]   |
[INFO] [stdout] 4 | use std::os::windows::ffi::OsStringExt;
[INFO] [stdout]   |              ^^^^^^^ could not find `windows` in `os`
[INFO] [stdout] 
[INFO] [stdout] 
[INFO] [stdout] error[E0433]: failed to resolve: could not find `shared` in `winapi`
[INFO] [stdout]  --> src/winapi.rs:2:17
[INFO] [stdout]   |
[INFO] [stdout] 2 | pub use winapi::shared::ntdef::{
[INFO] [stdout]   |                 ^^^^^^ could not find `shared` in `winapi`
[INFO] [stdout] 
[INFO] [stdout] 
[INFO] [stdout] error[E0433]: failed to resolve: could not find `shared` in `winapi`
[INFO] [stdout]  --> src/winapi.rs:7:17
[INFO] [stdout]   |
[INFO] [stdout] 7 | pub use winapi::shared::minwindef::{
[INFO] [stdout]   |                 ^^^^^^ could not find `shared` in `winapi`
[INFO] [stdout] 
[INFO] [stdout] 
[INFO] [stdout] error[E0433]: failed to resolve: could not find `um` in `winapi`
[INFO] [stdout]   --> src/winapi.rs:15:17
[INFO] [stdout]    |
[INFO] [stdout] 15 | pub use winapi::um::processthreadsapi::{
[INFO] [stdout]    |                 ^^ could not find `um` in `winapi`
[INFO] [stdout] 
[INFO] [stdout] 
[INFO] [stdout] error[E0433]: failed to resolve: could not find `um` in `winapi`
[INFO] [stdout]   --> src/winapi.rs:24:17
[INFO] [stdout]    |
[INFO] [stdout] 24 | pub use winapi::um::handleapi::{
[INFO] [stdout]    |                 ^^ could not find `um` in `winapi`
[INFO] [stdout] 
[INFO] [stdout] 
[INFO] [stdout] error[E0433]: failed to resolve: could not find `um` in `winapi`
[INFO] [stdout]   --> src/winapi.rs:29:17
[INFO] [stdout]    |
[INFO] [stdout] 29 | pub use winapi::um::tlhelp32::{
[INFO] [stdout]    |                 ^^ could not find `um` in `winapi`
[INFO] [stdout] 
[INFO] [stdout] 
[INFO] [stdout] error[E0433]: failed to resolve: could not find `um` in `winapi`
[INFO] [stdout]   --> src/winapi.rs:36:17
[INFO] [stdout]    |
[INFO] [stdout] 36 | pub use winapi::um::psapi::{
[INFO] [stdout]    |                 ^^ could not find `um` in `winapi`
[INFO] [stdout] 
[INFO] [stdout] 
[INFO] [stdout] error[E0433]: failed to resolve: could not find `um` in `winapi`
[INFO] [stdout]   --> src/winapi.rs:41:17
[INFO] [stdout]    |
[INFO] [stdout] 41 | pub use winapi::um::winnt::{
[INFO] [stdout]    |                 ^^ could not find `um` in `winapi`
[INFO] [stdout] 
[INFO] [stdout] 
[INFO] [stdout] error[E0433]: failed to resolve: could not find `um` in `winapi`
[INFO] [stdout]   --> src/winapi.rs:57:17
[INFO] [stdout]    |
[INFO] [stdout] 57 | pub use winapi::um::memoryapi::{
[INFO] [stdout]    |                 ^^ could not find `um` in `winapi`
[INFO] [stdout] 
[INFO] [stdout] 
[INFO] [stdout] error[E0433]: failed to resolve: could not find `um` in `winapi`
[INFO] [stdout]   --> src/winapi.rs:64:17
[INFO] [stdout]    |
[INFO] [stdout] 64 | pub use winapi::um::libloaderapi::{
[INFO] [stdout]    |                 ^^ could not find `um` in `winapi`
[INFO] [stdout] 
[INFO] [stdout] 
[INFO] [stdout] error[E0433]: failed to resolve: could not find `um` in `winapi`
[INFO] [stdout]   --> src/winapi.rs:69:17
[INFO] [stdout]    |
[INFO] [stdout] 69 | pub use winapi::um::synchapi::{
[INFO] [stdout]    |                 ^^ could not find `um` in `winapi`
[INFO] [stdout] 
[INFO] [stdout] 
[INFO] [stdout] error[E0433]: failed to resolve: could not find `um` in `winapi`
[INFO] [stdout]   --> src/winapi.rs:73:17
[INFO] [stdout]    |
[INFO] [stdout] 73 | pub use winapi::um::wow64apiset::{
[INFO] [stdout]    |                 ^^ could not find `um` in `winapi`
[INFO] [stdout] 
[INFO] [stdout] 
[INFO] [stdout] error[E0433]: failed to resolve: could not find `um` in `winapi`
[INFO] [stdout]   --> src/winapi.rs:77:17
[INFO] [stdout]    |
[INFO] [stdout] 77 | pub use winapi::um::winbase::{
[INFO] [stdout]    |                 ^^ could not find `um` in `winapi`
[INFO] [stdout] 
[INFO] [stdout] 
[INFO] [stdout] error[E0433]: failed to resolve: could not find `um` in `winapi`
[INFO] [stdout]   --> src/winapi.rs:85:17
[INFO] [stdout]    |
[INFO] [stdout] 85 | pub use winapi::um::securitybaseapi::{
[INFO] [stdout]    |                 ^^ could not find `um` in `winapi`
[INFO] [stdout] 
[INFO] [stdout] 
[INFO] [stdout] error[E0433]: failed to resolve: could not find `windows` in `os`
[INFO] [stdout]  --> src/utils.rs:3:14
[INFO] [stdout]   |
[INFO] [stdout] 3 | use std::os::windows::ffi::OsStrExt as _;
[INFO] [stdout]   |              ^^^^^^^ could not find `windows` in `os`
[INFO] [stdout] 
[INFO] [stdout] 
[INFO] [stdout] warning: unused import: `MaybeUninit`
[INFO] [stdout]  --> src/inject_windows.rs:2:22
[INFO] [stdout]   |
[INFO] [stdout] 2 | use std::mem::{self, MaybeUninit};
[INFO] [stdout]   |                      ^^^^^^^^^^^
[INFO] [stdout]   |
[INFO] [stdout]   = note: `#[warn(unused_imports)]` on by default
[INFO] [stdout] 
[INFO] [stdout] 
[INFO] [stdout] error[E0599]: no function or associated item named `from_wide` found for struct `OsString` in the current scope
[INFO] [stdout]    --> src/process_windows.rs:181:32
[INFO] [stdout]     |
[INFO] [stdout] 181 |         Some(pos) => OsString::from_wide(&slice[..pos])
[INFO] [stdout]     |                                ^^^^^^^^^ function or associated item not found in `OsString`
[INFO] [stdout] 
[INFO] [stdout] 
[INFO] [stdout] error[E0599]: no function or associated item named `from_wide` found for struct `OsString` in the current scope
[INFO] [stdout]    --> src/process_windows.rs:184:27
[INFO] [stdout]     |
[INFO] [stdout] 184 |         None => OsString::from_wide(slice).to_string_lossy().into_owned(),
[INFO] [stdout]     |                           ^^^^^^^^^ function or associated item not found in `OsString`
[INFO] [stdout] 
[INFO] [stdout] 
[INFO] [stdout] error[E0599]: no method named `encode_wide` found for reference `&OsStr` in the current scope
[INFO] [stdout]   --> src/utils.rs:11:19
[INFO] [stdout]    |
[INFO] [stdout] 11 |     OsStr::new(s).encode_wide().chain(Some(0)).collect()
[INFO] [stdout]    |                   ^^^^^^^^^^^ method not found in `&OsStr`
[INFO] [stdout] 
[INFO] [stdout] 
[INFO] [stdout] error: aborting due to 19 previous errors; 1 warning emitted
[INFO] [stdout] 
[INFO] [stdout] 
[INFO] [stdout] Some errors have detailed explanations: E0433, E0599.
[INFO] [stdout] 
[INFO] [stdout] For more information about an error, try `rustc --explain E0433`.
[INFO] [stdout] 
[INFO] [stderr] error: could not compile `injrs` due to 20 previous errors; 1 warning emitted
[INFO] running `Command { std: "docker" "inspect" "07a3c935bd511104fb45cff3d8c39a6adc3186a85df17f6c1d68416d4b6ed65f", kill_on_drop: false }`
[INFO] running `Command { std: "docker" "rm" "-f" "07a3c935bd511104fb45cff3d8c39a6adc3186a85df17f6c1d68416d4b6ed65f", kill_on_drop: false }`
[INFO] [stdout] 07a3c935bd511104fb45cff3d8c39a6adc3186a85df17f6c1d68416d4b6ed65f
