[INFO] fetching crate influxdb2 0.4.0...
[INFO] testing influxdb2-0.4.0 against beta-2023-04-20 for beta-1.70-1
[INFO] extracting crate influxdb2 0.4.0 into /workspace/builds/worker-3-tc2/source
[INFO] validating manifest of crates.io crate influxdb2 0.4.0 on toolchain beta-2023-04-20
[INFO] running `Command { std: CARGO_HOME="/workspace/cargo-home" RUSTUP_HOME="/workspace/rustup-home" "/workspace/cargo-home/bin/cargo" "+beta-2023-04-20" "metadata" "--manifest-path" "Cargo.toml" "--no-deps", kill_on_drop: false }`
[INFO] started tweaking crates.io crate influxdb2 0.4.0
[INFO] finished tweaking crates.io crate influxdb2 0.4.0
[INFO] tweaked toml for crates.io crate influxdb2 0.4.0 written to /workspace/builds/worker-3-tc2/source/Cargo.toml
[INFO] crate crates.io crate influxdb2 0.4.0 already has a lockfile, it will not be regenerated
[INFO] running `Command { std: CARGO_HOME="/workspace/cargo-home" RUSTUP_HOME="/workspace/rustup-home" "/workspace/cargo-home/bin/cargo" "+beta-2023-04-20" "fetch" "--manifest-path" "Cargo.toml", kill_on_drop: false }`
[INFO] [stderr]     Updating crates.io index
[INFO] [stderr]  Downloading crates ...
[INFO] [stderr]   Downloaded wasm-bindgen-futures v0.4.25
[INFO] [stderr]   Downloaded hyper v0.14.11
[INFO] [stderr]   Downloaded httparse v1.5.0
[INFO] [stderr]   Downloaded tokio v1.10.0
[INFO] [stderr]   Downloaded openssl-sys v0.9.66
[INFO] [stderr]   Downloaded futures-executor v0.3.16
[INFO] [stderr]   Downloaded influxdb2-derive v0.1.1
[INFO] [stderr]   Downloaded go-parse-duration v0.1.1
[INFO] [stderr]   Downloaded security-framework v2.3.1
[INFO] [stderr]   Downloaded tokio-stream v0.1.7
[INFO] [stderr]   Downloaded bstr v0.2.16
[INFO] [stderr]   Downloaded futures-task v0.3.16
[INFO] [stderr]   Downloaded mockito v0.26.0
[INFO] [stderr]   Downloaded futures-channel v0.3.16
[INFO] [stderr]   Downloaded tracing-subscriber v0.2.20
[INFO] [stderr]   Downloaded opentelemetry v0.13.0
[INFO] [stderr]   Downloaded security-framework-sys v2.3.0
[INFO] [stderr]   Downloaded serde_qs v0.10.1
[INFO] [stderr]   Downloaded influxdb2-structmap v0.2.0
[INFO] [stderr]   Downloaded futures v0.3.16
[INFO] [stderr]   Downloaded ordered-float v3.0.0
[INFO] [stderr]   Downloaded futures-macro v0.3.16
[INFO] [stderr]   Downloaded futures-util v0.3.16
[INFO] [stderr]   Downloaded tracing-core v0.1.19
[INFO] running `Command { std: "docker" "create" "-v" "/var/lib/crater-agent-workspace/builds/worker-3-tc2/target:/opt/rustwide/target:rw,Z" "-v" "/var/lib/crater-agent-workspace/builds/worker-3-tc2/source:/opt/rustwide/workdir:ro,Z" "-v" "/var/lib/crater-agent-workspace/cargo-home:/opt/rustwide/cargo-home:ro,Z" "-v" "/var/lib/crater-agent-workspace/rustup-home:/opt/rustwide/rustup-home:ro,Z" "-e" "SOURCE_DIR=/opt/rustwide/workdir" "-e" "CARGO_TARGET_DIR=/opt/rustwide/target" "-e" "CARGO_HOME=/opt/rustwide/cargo-home" "-e" "RUSTUP_HOME=/opt/rustwide/rustup-home" "-w" "/opt/rustwide/workdir" "-m" "1610612736" "--user" "0:0" "--network" "none" "ghcr.io/rust-lang/crates-build-env/linux@sha256:5ff2268d62e97bff2cde7d5815dd6ed5b47097566f13b8d0ca110b04b60e07ed" "/opt/rustwide/cargo-home/bin/cargo" "+beta-2023-04-20" "metadata" "--no-deps" "--format-version=1", kill_on_drop: false }`
[INFO] [stdout] 0d45d024ab9a88b5e2e6dc366e6dda7693034313ed50b423970a68eca331a91e
[INFO] running `Command { std: "docker" "start" "-a" "0d45d024ab9a88b5e2e6dc366e6dda7693034313ed50b423970a68eca331a91e", kill_on_drop: false }`
[INFO] running `Command { std: "docker" "inspect" "0d45d024ab9a88b5e2e6dc366e6dda7693034313ed50b423970a68eca331a91e", kill_on_drop: false }`
[INFO] running `Command { std: "docker" "rm" "-f" "0d45d024ab9a88b5e2e6dc366e6dda7693034313ed50b423970a68eca331a91e", kill_on_drop: false }`
[INFO] [stdout] 0d45d024ab9a88b5e2e6dc366e6dda7693034313ed50b423970a68eca331a91e
[INFO] running `Command { std: "docker" "create" "-v" "/var/lib/crater-agent-workspace/builds/worker-3-tc2/target:/opt/rustwide/target:rw,Z" "-v" "/var/lib/crater-agent-workspace/builds/worker-3-tc2/source:/opt/rustwide/workdir:ro,Z" "-v" "/var/lib/crater-agent-workspace/cargo-home:/opt/rustwide/cargo-home:ro,Z" "-v" "/var/lib/crater-agent-workspace/rustup-home:/opt/rustwide/rustup-home:ro,Z" "-e" "SOURCE_DIR=/opt/rustwide/workdir" "-e" "CARGO_TARGET_DIR=/opt/rustwide/target" "-e" "CARGO_INCREMENTAL=0" "-e" "RUST_BACKTRACE=full" "-e" "RUSTFLAGS=--cap-lints=warn" "-e" "RUSTDOCFLAGS=--cap-lints=warn" "-e" "CARGO_HOME=/opt/rustwide/cargo-home" "-e" "RUSTUP_HOME=/opt/rustwide/rustup-home" "-w" "/opt/rustwide/workdir" "-m" "1610612736" "--user" "0:0" "--network" "none" "ghcr.io/rust-lang/crates-build-env/linux@sha256:5ff2268d62e97bff2cde7d5815dd6ed5b47097566f13b8d0ca110b04b60e07ed" "/opt/rustwide/cargo-home/bin/cargo" "+beta-2023-04-20" "build" "--frozen" "--message-format=json", kill_on_drop: false }`
[INFO] [stdout] c30c1f49505aa07559ff8ff2c3dfc565eccb6993d389b4b38b70051766951bdb
[INFO] running `Command { std: "docker" "start" "-a" "c30c1f49505aa07559ff8ff2c3dfc565eccb6993d389b4b38b70051766951bdb", kill_on_drop: false }`
[INFO] [stderr]    Compiling proc-macro2 v1.0.28
[INFO] [stderr]    Compiling autocfg v1.0.1
[INFO] [stderr]    Compiling unicode-xid v0.2.2
[INFO] [stderr]    Compiling syn v1.0.74
[INFO] [stderr]    Compiling libc v0.2.99
[INFO] [stderr]    Compiling cfg-if v1.0.0
[INFO] [stderr]    Compiling memchr v2.4.1
[INFO] [stderr]    Compiling pin-project-lite v0.2.7
[INFO] [stderr]    Compiling log v0.4.14
[INFO] [stderr]    Compiling serde_derive v1.0.127
[INFO] [stderr]    Compiling futures-core v0.3.16
[INFO] [stderr]    Compiling serde v1.0.127
[INFO] [stderr]    Compiling lazy_static v1.4.0
[INFO] [stderr]    Compiling bytes v1.0.1
[INFO] [stderr]    Compiling proc-macro-hack v0.5.19
[INFO] [stderr]    Compiling futures-channel v0.3.16
[INFO] [stderr]    Compiling instant v0.1.10
[INFO] [stderr]    Compiling scopeguard v1.1.0
[INFO] [stderr]    Compiling futures-task v0.3.16
[INFO] [stderr]    Compiling futures-sink v0.3.16
[INFO] [stderr]    Compiling proc-macro-nested v0.1.7
[INFO] [stderr]    Compiling cc v1.0.69
[INFO] [stderr]    Compiling smallvec v1.6.1
[INFO] [stderr]    Compiling pkg-config v0.3.19
[INFO] [stderr]    Compiling itoa v0.4.7
[INFO] [stderr]    Compiling lock_api v0.4.4
[INFO] [stderr]    Compiling futures-macro v0.3.16
[INFO] [stderr]    Compiling tokio v1.10.0
[INFO] [stderr]    Compiling futures-util v0.3.16
[INFO] [stderr]    Compiling pin-utils v0.1.0
[INFO] [stderr]    Compiling futures-io v0.3.16
[INFO] [stderr]    Compiling slab v0.4.4
[INFO] [stderr]    Compiling num-traits v0.2.14
[INFO] [stderr]    Compiling tracing-core v0.1.19
[INFO] [stderr]    Compiling regex-syntax v0.6.25
[INFO] [stderr]    Compiling fnv v1.0.7
[INFO] [stderr]    Compiling ryu v1.0.5
[INFO] [stderr]    Compiling indexmap v1.7.0
[INFO] [stderr]    Compiling openssl v0.10.36
[INFO] [stderr]    Compiling percent-encoding v2.1.0
[INFO] [stderr]    Compiling foreign-types-shared v0.1.1
[INFO] [stderr]    Compiling quote v1.0.9
[INFO] [stderr]    Compiling foreign-types v0.3.2
[INFO] [stderr]    Compiling http v0.2.4
[INFO] [stderr]    Compiling num-integer v0.1.44
[INFO] [stderr]    Compiling httparse v1.5.0
[INFO] [stderr]    Compiling tinyvec_macros v0.1.0
[INFO] [stderr]    Compiling hashbrown v0.11.2
[INFO] [stderr]    Compiling native-tls v0.2.8
[INFO] [stderr]    Compiling bitflags v1.3.2
[INFO] [stderr]    Compiling matches v0.1.9
[INFO] [stderr]    Compiling num_cpus v1.13.0
[INFO] [stderr]    Compiling mio v0.7.13
[INFO] [stderr]    Compiling parking_lot_core v0.8.3
[INFO] [stderr]    Compiling getrandom v0.2.3
[INFO] [stderr]    Compiling tinyvec v1.3.1
[INFO] [stderr]    Compiling openssl-sys v0.9.66
[INFO] [stderr]    Compiling try-lock v0.2.3
[INFO] [stderr]    Compiling ppv-lite86 v0.2.10
[INFO] [stderr]    Compiling serde_json v1.0.66
[INFO] [stderr]    Compiling openssl-probe v0.1.4
[INFO] [stderr]    Compiling rand_core v0.6.3
[INFO] [stderr]    Compiling parking_lot v0.11.1
[INFO] [stderr]    Compiling want v0.3.0
[INFO] [stderr]    Compiling form_urlencoded v1.0.1
[INFO] [stderr]    Compiling time v0.1.43
[INFO] [stderr]    Compiling socket2 v0.4.1
[INFO] [stderr]    Compiling rand_chacha v0.3.1
[INFO] [stderr]    Compiling once_cell v1.8.0
[INFO] [stderr]    Compiling aho-corasick v0.7.18
[INFO] [stderr]    Compiling async-trait v0.1.51
[INFO] [stderr]    Compiling tower-service v0.3.1
[INFO] [stderr]    Compiling encoding_rs v0.8.28
[INFO] [stderr]    Compiling httpdate v1.0.1
[INFO] [stderr]    Compiling unicode-bidi v0.3.6
[INFO] [stderr]    Compiling doc-comment v0.3.3
[INFO] [stderr]    Compiling rand v0.8.4
[INFO] [stderr]    Compiling unicode-normalization v0.1.19
[INFO] [stderr]    Compiling either v1.6.1
[INFO] [stderr]    Compiling http-body v0.4.3
[INFO] [stderr]    Compiling thread_local v1.1.3
[INFO] [stderr]    Compiling dashmap v4.0.2
[INFO] [stderr]    Compiling regex-automata v0.1.10
[INFO] [stderr]    Compiling regex v1.5.4
[INFO] [stderr]    Compiling itertools v0.10.1
[INFO] [stderr]    Compiling ordered-float v3.0.0
[INFO] [stderr]    Compiling csv-core v0.1.10
[INFO] [stderr]    Compiling sharded-slab v0.1.3
[INFO] [stderr]    Compiling ansi_term v0.12.1
[INFO] [stderr]    Compiling base64 v0.13.0
[INFO] [stderr]    Compiling idna v0.2.3
[INFO] [stderr]    Compiling remove_dir_all v0.5.3
[INFO] [stderr]    Compiling mime v0.3.16
[INFO] [stderr]    Compiling matchers v0.0.1
[INFO] [stderr]    Compiling ipnet v2.3.1
[INFO] [stderr]    Compiling minimal-lexical v0.2.1
[INFO] [stderr]    Compiling tempfile v3.2.0
[INFO] [stderr]    Compiling url v2.2.2
[INFO] [stderr]    Compiling go-parse-duration v0.1.1
[INFO] [stderr]    Compiling nom v7.1.3
[INFO] [stderr]    Compiling fallible-iterator v0.2.0
[INFO] [stderr]    Compiling dotenv v0.15.0
[INFO] [stderr]    Compiling tokio-macros v1.3.0
[INFO] [stderr]    Compiling tracing-attributes v0.1.15
[INFO] [stderr]    Compiling thiserror-impl v1.0.26
[INFO] [stderr]    Compiling pin-project-internal v1.0.8
[INFO] [stderr]    Compiling snafu-derive v0.6.10
[INFO] [stderr]    Compiling influxdb2-derive v0.1.1
[INFO] [stderr]    Compiling tracing v0.1.26
[INFO] [stderr]    Compiling thiserror v1.0.26
[INFO] [stderr]    Compiling pin-project v1.0.8
[INFO] [stderr]    Compiling snafu v0.6.10
[INFO] [stderr]    Compiling futures-executor v0.3.16
[INFO] [stderr]    Compiling futures v0.3.16
[INFO] [stderr]    Compiling tokio-util v0.6.7
[INFO] [stderr]    Compiling tokio-native-tls v0.3.0
[INFO] [stderr]    Compiling tokio-stream v0.1.7
[INFO] [stderr]    Compiling opentelemetry v0.13.0
[INFO] [stderr]    Compiling h2 v0.3.3
[INFO] [stderr]    Compiling chrono v0.4.19
[INFO] [stderr]    Compiling bstr v0.2.16
[INFO] [stderr]    Compiling serde_urlencoded v0.7.0
[INFO] [stderr]    Compiling tracing-serde v0.1.2
[INFO] [stderr]    Compiling serde_qs v0.10.1
[INFO] [stderr]    Compiling csv v1.1.6
[INFO] [stderr]    Compiling influxdb2-structmap v0.2.0
[INFO] [stderr]    Compiling tracing-subscriber v0.2.20
[INFO] [stderr]    Compiling hyper v0.14.11
[INFO] [stderr]    Compiling hyper-tls v0.5.0
[INFO] [stderr]    Compiling reqwest v0.11.4
[INFO] [stderr]    Compiling influxdb2 v0.4.0 (/opt/rustwide/workdir)
[INFO] [stderr]     Finished dev [unoptimized + debuginfo] target(s) in 28.05s
[INFO] running `Command { std: "docker" "inspect" "c30c1f49505aa07559ff8ff2c3dfc565eccb6993d389b4b38b70051766951bdb", kill_on_drop: false }`
[INFO] running `Command { std: "docker" "rm" "-f" "c30c1f49505aa07559ff8ff2c3dfc565eccb6993d389b4b38b70051766951bdb", kill_on_drop: false }`
[INFO] [stdout] c30c1f49505aa07559ff8ff2c3dfc565eccb6993d389b4b38b70051766951bdb
[INFO] running `Command { std: "docker" "create" "-v" "/var/lib/crater-agent-workspace/builds/worker-3-tc2/target:/opt/rustwide/target:rw,Z" "-v" "/var/lib/crater-agent-workspace/builds/worker-3-tc2/source:/opt/rustwide/workdir:ro,Z" "-v" "/var/lib/crater-agent-workspace/cargo-home:/opt/rustwide/cargo-home:ro,Z" "-v" "/var/lib/crater-agent-workspace/rustup-home:/opt/rustwide/rustup-home:ro,Z" "-e" "SOURCE_DIR=/opt/rustwide/workdir" "-e" "CARGO_TARGET_DIR=/opt/rustwide/target" "-e" "CARGO_INCREMENTAL=0" "-e" "RUST_BACKTRACE=full" "-e" "RUSTFLAGS=--cap-lints=warn" "-e" "RUSTDOCFLAGS=--cap-lints=warn" "-e" "CARGO_HOME=/opt/rustwide/cargo-home" "-e" "RUSTUP_HOME=/opt/rustwide/rustup-home" "-w" "/opt/rustwide/workdir" "-m" "1610612736" "--user" "0:0" "--network" "none" "ghcr.io/rust-lang/crates-build-env/linux@sha256:5ff2268d62e97bff2cde7d5815dd6ed5b47097566f13b8d0ca110b04b60e07ed" "/opt/rustwide/cargo-home/bin/cargo" "+beta-2023-04-20" "test" "--frozen" "--no-run" "--message-format=json", kill_on_drop: false }`
[INFO] [stdout] bee5b2b18640ec328d30871ed1fd70e75d96ccb3603e1ed97ec33b5e23de5c93
[INFO] running `Command { std: "docker" "start" "-a" "bee5b2b18640ec328d30871ed1fd70e75d96ccb3603e1ed97ec33b5e23de5c93", kill_on_drop: false }`
[INFO] [stderr]    Compiling version_check v0.9.3
[INFO] [stderr]    Compiling getrandom v0.1.16
[INFO] [stderr]    Compiling atty v0.2.14
[INFO] [stderr]    Compiling dtoa v0.4.8
[INFO] [stderr]    Compiling difference v2.0.0
[INFO] [stderr]    Compiling colored v1.9.3
[INFO] [stderr]    Compiling serde_urlencoded v0.6.1
[INFO] [stderr]    Compiling proc-macro-error-attr v1.0.4
[INFO] [stderr]    Compiling proc-macro-error v1.0.4
[INFO] [stderr]    Compiling rand_core v0.5.1
[INFO] [stderr]    Compiling rand_chacha v0.2.2
[INFO] [stderr]    Compiling rand v0.7.3
[INFO] [stderr]    Compiling extend v0.1.2
[INFO] [stderr]    Compiling assert-json-diff v1.1.0
[INFO] [stderr]    Compiling mockito v0.26.0
[INFO] [stderr]    Compiling influxdb2 v0.4.0 (/opt/rustwide/workdir)
[INFO] [stdout] error[E0433]: failed to resolve: use of undeclared crate or module `test_helpers`
[INFO] [stdout]    --> tests/common/server_fixture.rs:175:24
[INFO] [stdout]     |
[INFO] [stdout] 175 |         let temp_dir = test_helpers::tmp_dir().unwrap();
[INFO] [stdout]     |                        ^^^^^^^^^^^^ use of undeclared crate or module `test_helpers`
[INFO] [stdout] 
[INFO] [stdout] 
[INFO] [stdout] error: aborting due to previous error
[INFO] [stdout] 
[INFO] [stdout] 
[INFO] [stdout] For more information about this error, try `rustc --explain E0433`.
[INFO] [stdout] 
[INFO] [stderr] error: could not compile `influxdb2` (test "health") due to 2 previous errors
[INFO] [stderr] warning: build failed, waiting for other jobs to finish...
[INFO] [stdout] error[E0433]: failed to resolve: use of undeclared crate or module `test_helpers`
[INFO] [stdout]    --> tests/common/server_fixture.rs:175:24
[INFO] [stdout]     |
[INFO] [stdout] 175 |         let temp_dir = test_helpers::tmp_dir().unwrap();
[INFO] [stdout]     |                        ^^^^^^^^^^^^ use of undeclared crate or module `test_helpers`
[INFO] [stdout] 
[INFO] [stdout] 
[INFO] [stdout] error: aborting due to previous error
[INFO] [stdout] 
[INFO] [stdout] 
[INFO] [stdout] For more information about this error, try `rustc --explain E0433`.
[INFO] [stdout] 
[INFO] [stderr] error: could not compile `influxdb2` (test "setup") due to 2 previous errors
[INFO] [stderr] error: could not compile `influxdb2` (example "multifield")
[INFO] [stderr] 
[INFO] [stderr] Caused by:
[INFO] [stderr]   process didn't exit successfully: `rustc --crate-name multifield --edition=2018 examples/multifield.rs --error-format=json --json=diagnostic-rendered-ansi,artifacts,future-incompat --crate-type bin --emit=dep-info,link -C embed-bitcode=no -C debuginfo=2 --cfg 'feature="default"' --cfg 'feature="native-tls"' -C metadata=f2ebd83b847067f3 -C extra-filename=-f2ebd83b847067f3 --out-dir /opt/rustwide/target/debug/examples -L dependency=/opt/rustwide/target/debug/deps --extern base64=/opt/rustwide/target/debug/deps/libbase64-bff61f2d1660603b.rlib --extern bytes=/opt/rustwide/target/debug/deps/libbytes-5cd672cac86e9454.rlib --extern chrono=/opt/rustwide/target/debug/deps/libchrono-a7e67dd27a5f9ff8.rlib --extern csv=/opt/rustwide/target/debug/deps/libcsv-aff2b403bb347fb1.rlib --extern dotenv=/opt/rustwide/target/debug/deps/libdotenv-125f133611da0722.rlib --extern fallible_iterator=/opt/rustwide/target/debug/deps/libfallible_iterator-313401c930e15855.rlib --extern futures=/opt/rustwide/target/debug/deps/libfutures-f528c1fb4808920a.rlib --extern go_parse_duration=/opt/rustwide/target/debug/deps/libgo_parse_duration-14cd68e7b58448d3.rlib --extern influxdb2=/opt/rustwide/target/debug/deps/libinfluxdb2-778adef764359cd4.rlib --extern influxdb2_derive=/opt/rustwide/target/debug/deps/libinfluxdb2_derive-e8d30db978062aed.so --extern influxdb2_structmap=/opt/rustwide/target/debug/deps/libinfluxdb2_structmap-76da12de2b977485.rlib --extern mockito=/opt/rustwide/target/debug/deps/libmockito-ea45147894fe9a27.rlib --extern nom=/opt/rustwide/target/debug/deps/libnom-a5984851b9ace4fa.rlib --extern num_traits=/opt/rustwide/target/debug/deps/libnum_traits-74a1d878d49b7d01.rlib --extern once_cell=/opt/rustwide/target/debug/deps/libonce_cell-619c38fcb2368fb6.rlib --extern opentelemetry=/opt/rustwide/target/debug/deps/libopentelemetry-f37fee36eb77451b.rlib --extern ordered_float=/opt/rustwide/target/debug/deps/libordered_float-99d6f6e88a030edc.rlib --extern parking_lot=/opt/rustwide/target/debug/deps/libparking_lot-8a417a46f48e6ec9.rlib --extern reqwest=/opt/rustwide/target/debug/deps/libreqwest-5ef1e7536e8e8f8e.rlib --extern serde=/opt/rustwide/target/debug/deps/libserde-e67ce55dc2827397.rlib --extern serde_json=/opt/rustwide/target/debug/deps/libserde_json-0a59cc021aa758b9.rlib --extern serde_qs=/opt/rustwide/target/debug/deps/libserde_qs-d2128bc664410840.rlib --extern smallvec=/opt/rustwide/target/debug/deps/libsmallvec-0e12401d3f654579.rlib --extern snafu=/opt/rustwide/target/debug/deps/libsnafu-b84766525fd9d455.rlib --extern tempfile=/opt/rustwide/target/debug/deps/libtempfile-e4390cf81ac18331.rlib --extern tokio=/opt/rustwide/target/debug/deps/libtokio-8a97bd9170558c49.rlib --extern tracing=/opt/rustwide/target/debug/deps/libtracing-028d20afa465c1ea.rlib --extern tracing_subscriber=/opt/rustwide/target/debug/deps/libtracing_subscriber-6c1fd943c548be18.rlib --extern url=/opt/rustwide/target/debug/deps/liburl-173623fcea0d26ec.rlib --cap-lints=warn` (signal: 9, SIGKILL: kill)
[INFO] [stderr] error: could not compile `influxdb2` (example "query")
[INFO] [stderr] 
[INFO] [stderr] Caused by:
[INFO] [stderr]   process didn't exit successfully: `rustc --crate-name query --edition=2018 examples/query.rs --error-format=json --json=diagnostic-rendered-ansi,artifacts,future-incompat --crate-type bin --emit=dep-info,link -C embed-bitcode=no -C debuginfo=2 --cfg 'feature="default"' --cfg 'feature="native-tls"' -C metadata=d65e477a04852643 -C extra-filename=-d65e477a04852643 --out-dir /opt/rustwide/target/debug/examples -L dependency=/opt/rustwide/target/debug/deps --extern base64=/opt/rustwide/target/debug/deps/libbase64-bff61f2d1660603b.rlib --extern bytes=/opt/rustwide/target/debug/deps/libbytes-5cd672cac86e9454.rlib --extern chrono=/opt/rustwide/target/debug/deps/libchrono-a7e67dd27a5f9ff8.rlib --extern csv=/opt/rustwide/target/debug/deps/libcsv-aff2b403bb347fb1.rlib --extern dotenv=/opt/rustwide/target/debug/deps/libdotenv-125f133611da0722.rlib --extern fallible_iterator=/opt/rustwide/target/debug/deps/libfallible_iterator-313401c930e15855.rlib --extern futures=/opt/rustwide/target/debug/deps/libfutures-f528c1fb4808920a.rlib --extern go_parse_duration=/opt/rustwide/target/debug/deps/libgo_parse_duration-14cd68e7b58448d3.rlib --extern influxdb2=/opt/rustwide/target/debug/deps/libinfluxdb2-778adef764359cd4.rlib --extern influxdb2_derive=/opt/rustwide/target/debug/deps/libinfluxdb2_derive-e8d30db978062aed.so --extern influxdb2_structmap=/opt/rustwide/target/debug/deps/libinfluxdb2_structmap-76da12de2b977485.rlib --extern mockito=/opt/rustwide/target/debug/deps/libmockito-ea45147894fe9a27.rlib --extern nom=/opt/rustwide/target/debug/deps/libnom-a5984851b9ace4fa.rlib --extern num_traits=/opt/rustwide/target/debug/deps/libnum_traits-74a1d878d49b7d01.rlib --extern once_cell=/opt/rustwide/target/debug/deps/libonce_cell-619c38fcb2368fb6.rlib --extern opentelemetry=/opt/rustwide/target/debug/deps/libopentelemetry-f37fee36eb77451b.rlib --extern ordered_float=/opt/rustwide/target/debug/deps/libordered_float-99d6f6e88a030edc.rlib --extern parking_lot=/opt/rustwide/target/debug/deps/libparking_lot-8a417a46f48e6ec9.rlib --extern reqwest=/opt/rustwide/target/debug/deps/libreqwest-5ef1e7536e8e8f8e.rlib --extern serde=/opt/rustwide/target/debug/deps/libserde-e67ce55dc2827397.rlib --extern serde_json=/opt/rustwide/target/debug/deps/libserde_json-0a59cc021aa758b9.rlib --extern serde_qs=/opt/rustwide/target/debug/deps/libserde_qs-d2128bc664410840.rlib --extern smallvec=/opt/rustwide/target/debug/deps/libsmallvec-0e12401d3f654579.rlib --extern snafu=/opt/rustwide/target/debug/deps/libsnafu-b84766525fd9d455.rlib --extern tempfile=/opt/rustwide/target/debug/deps/libtempfile-e4390cf81ac18331.rlib --extern tokio=/opt/rustwide/target/debug/deps/libtokio-8a97bd9170558c49.rlib --extern tracing=/opt/rustwide/target/debug/deps/libtracing-028d20afa465c1ea.rlib --extern tracing_subscriber=/opt/rustwide/target/debug/deps/libtracing_subscriber-6c1fd943c548be18.rlib --extern url=/opt/rustwide/target/debug/deps/liburl-173623fcea0d26ec.rlib --cap-lints=warn` (signal: 9, SIGKILL: kill)
[INFO] [stderr] error: could not compile `influxdb2` (lib test)
[INFO] [stderr] 
[INFO] [stderr] Caused by:
[INFO] [stderr]   process didn't exit successfully: `rustc --crate-name influxdb2 --edition=2018 src/lib.rs --error-format=json --json=diagnostic-rendered-ansi,artifacts,future-incompat --emit=dep-info,link -C embed-bitcode=no -C debuginfo=2 --test --cfg 'feature="default"' --cfg 'feature="native-tls"' -C metadata=7a75b224d2edd45b -C extra-filename=-7a75b224d2edd45b --out-dir /opt/rustwide/target/debug/deps -L dependency=/opt/rustwide/target/debug/deps --extern base64=/opt/rustwide/target/debug/deps/libbase64-bff61f2d1660603b.rlib --extern bytes=/opt/rustwide/target/debug/deps/libbytes-5cd672cac86e9454.rlib --extern chrono=/opt/rustwide/target/debug/deps/libchrono-a7e67dd27a5f9ff8.rlib --extern csv=/opt/rustwide/target/debug/deps/libcsv-aff2b403bb347fb1.rlib --extern dotenv=/opt/rustwide/target/debug/deps/libdotenv-125f133611da0722.rlib --extern fallible_iterator=/opt/rustwide/target/debug/deps/libfallible_iterator-313401c930e15855.rlib --extern futures=/opt/rustwide/target/debug/deps/libfutures-f528c1fb4808920a.rlib --extern go_parse_duration=/opt/rustwide/target/debug/deps/libgo_parse_duration-14cd68e7b58448d3.rlib --extern influxdb2_derive=/opt/rustwide/target/debug/deps/libinfluxdb2_derive-e8d30db978062aed.so --extern influxdb2_structmap=/opt/rustwide/target/debug/deps/libinfluxdb2_structmap-76da12de2b977485.rlib --extern mockito=/opt/rustwide/target/debug/deps/libmockito-ea45147894fe9a27.rlib --extern nom=/opt/rustwide/target/debug/deps/libnom-a5984851b9ace4fa.rlib --extern num_traits=/opt/rustwide/target/debug/deps/libnum_traits-74a1d878d49b7d01.rlib --extern once_cell=/opt/rustwide/target/debug/deps/libonce_cell-619c38fcb2368fb6.rlib --extern opentelemetry=/opt/rustwide/target/debug/deps/libopentelemetry-f37fee36eb77451b.rlib --extern ordered_float=/opt/rustwide/target/debug/deps/libordered_float-99d6f6e88a030edc.rlib --extern parking_lot=/opt/rustwide/target/debug/deps/libparking_lot-8a417a46f48e6ec9.rlib --extern reqwest=/opt/rustwide/target/debug/deps/libreqwest-5ef1e7536e8e8f8e.rlib --extern serde=/opt/rustwide/target/debug/deps/libserde-e67ce55dc2827397.rlib --extern serde_json=/opt/rustwide/target/debug/deps/libserde_json-0a59cc021aa758b9.rlib --extern serde_qs=/opt/rustwide/target/debug/deps/libserde_qs-d2128bc664410840.rlib --extern smallvec=/opt/rustwide/target/debug/deps/libsmallvec-0e12401d3f654579.rlib --extern snafu=/opt/rustwide/target/debug/deps/libsnafu-b84766525fd9d455.rlib --extern tempfile=/opt/rustwide/target/debug/deps/libtempfile-e4390cf81ac18331.rlib --extern tokio=/opt/rustwide/target/debug/deps/libtokio-8a97bd9170558c49.rlib --extern tracing=/opt/rustwide/target/debug/deps/libtracing-028d20afa465c1ea.rlib --extern tracing_subscriber=/opt/rustwide/target/debug/deps/libtracing_subscriber-6c1fd943c548be18.rlib --extern url=/opt/rustwide/target/debug/deps/liburl-173623fcea0d26ec.rlib --cap-lints=warn` (signal: 9, SIGKILL: kill)
[INFO] [stdout] error: linking with `cc` failed: exit status: 1
[INFO] [stdout]   |
[INFO] [stdout]   = note: LC_ALL="C" PATH="/opt/rustwide/rustup-home/toolchains/beta-2023-04-20-x86_64-unknown-linux-gnu/lib/rustlib/x86_64-unknown-linux-gnu/bin:/opt/rustwide/cargo-home/bin:/usr/local/sbin:/usr/local/bin:/usr/sbin:/usr/bin:/sbin:/bin" VSLANG="1033" "cc" "-m64" "/tmp/rustcdXEFIc/symbols.o" "/opt/rustwide/target/debug/examples/health-71027e3ece3df370.health.08a28cd3-cgu.0.rcgu.o" "/opt/rustwide/target/debug/examples/health-71027e3ece3df370.health.08a28cd3-cgu.1.rcgu.o" "/opt/rustwide/target/debug/examples/health-71027e3ece3df370.health.08a28cd3-cgu.10.rcgu.o" "/opt/rustwide/target/debug/examples/health-71027e3ece3df370.health.08a28cd3-cgu.11.rcgu.o" "/opt/rustwide/target/debug/examples/health-71027e3ece3df370.health.08a28cd3-cgu.12.rcgu.o" "/opt/rustwide/target/debug/examples/health-71027e3ece3df370.health.08a28cd3-cgu.13.rcgu.o" "/opt/rustwide/target/debug/examples/health-71027e3ece3df370.health.08a28cd3-cgu.14.rcgu.o" "/opt/rustwide/target/debug/examples/health-71027e3ece3df370.health.08a28cd3-cgu.15.rcgu.o" "/opt/rustwide/target/debug/examples/health-71027e3ece3df370.health.08a28cd3-cgu.2.rcgu.o" "/opt/rustwide/target/debug/examples/health-71027e3ece3df370.health.08a28cd3-cgu.3.rcgu.o" "/opt/rustwide/target/debug/examples/health-71027e3ece3df370.health.08a28cd3-cgu.4.rcgu.o" "/opt/rustwide/target/debug/examples/health-71027e3ece3df370.health.08a28cd3-cgu.5.rcgu.o" "/opt/rustwide/target/debug/examples/health-71027e3ece3df370.health.08a28cd3-cgu.6.rcgu.o" "/opt/rustwide/target/debug/examples/health-71027e3ece3df370.health.08a28cd3-cgu.7.rcgu.o" "/opt/rustwide/target/debug/examples/health-71027e3ece3df370.health.08a28cd3-cgu.8.rcgu.o" "/opt/rustwide/target/debug/examples/health-71027e3ece3df370.health.08a28cd3-cgu.9.rcgu.o" "/opt/rustwide/target/debug/examples/health-71027e3ece3df370.x126inz7xx8ciiy.rcgu.o" "-Wl,--as-needed" "-L" "/opt/rustwide/target/debug/deps" "-L" "/opt/rustwide/rustup-home/toolchains/beta-2023-04-20-x86_64-unknown-linux-gnu/lib/rustlib/x86_64-unknown-linux-gnu/lib" "-Wl,-Bstatic" "/opt/rustwide/target/debug/deps/libinfluxdb2-778adef764359cd4.rlib" "/opt/rustwide/target/debug/deps/libserde_qs-d2128bc664410840.rlib" "/opt/rustwide/target/debug/deps/libthiserror-e9b6b152acec8984.rlib" "/opt/rustwide/target/debug/deps/libfutures-f528c1fb4808920a.rlib" "/opt/rustwide/target/debug/deps/libfutures_executor-a8c911f1939504ba.rlib" "/opt/rustwide/target/debug/deps/libinfluxdb2_structmap-76da12de2b977485.rlib" "/opt/rustwide/target/debug/deps/libordered_float-99d6f6e88a030edc.rlib" "/opt/rustwide/target/debug/deps/libgo_parse_duration-14cd68e7b58448d3.rlib" "/opt/rustwide/target/debug/deps/libfallible_iterator-313401c930e15855.rlib" "/opt/rustwide/target/debug/deps/libcsv-aff2b403bb347fb1.rlib" "/opt/rustwide/target/debug/deps/libcsv_core-b6bb68d7211279ff.rlib" "/opt/rustwide/target/debug/deps/libbstr-178edf61e0b8ca0f.rlib" "/opt/rustwide/target/debug/deps/libregex_automata-2f9edfead0c05b8d.rlib" "/opt/rustwide/target/debug/deps/libregex_syntax-fd0c3ba7c22fa1f4.rlib" "/opt/rustwide/target/debug/deps/libchrono-a7e67dd27a5f9ff8.rlib" "/opt/rustwide/target/debug/deps/libnum_integer-57b45061736d0386.rlib" "/opt/rustwide/target/debug/deps/libnum_traits-74a1d878d49b7d01.rlib" "/opt/rustwide/target/debug/deps/libtime-04001297736592a6.rlib" "/opt/rustwide/target/debug/deps/libsnafu-b84766525fd9d455.rlib" "/opt/rustwide/target/debug/deps/libdoc_comment-505248eb9c35e533.rlib" "/opt/rustwide/target/debug/deps/libreqwest-5ef1e7536e8e8f8e.rlib" "/opt/rustwide/target/debug/deps/libhyper_tls-ca55082e99b1daf7.rlib" "/opt/rustwide/target/debug/deps/libserde_urlencoded-20cb17b2cbf314b4.rlib" "/opt/rustwide/target/debug/deps/libipnet-a4a4d5377d91ef9a.rlib" "/opt/rustwide/target/debug/deps/libtokio_native_tls-e8e46e15af0511c0.rlib" "/opt/rustwide/target/debug/deps/libmime-6adaefd5c465bdcc.rlib" "/opt/rustwide/target/debug/deps/libencoding_rs-0501ad1acc8b51f9.rlib" "/opt/rustwide/target/debug/deps/libserde_json-0a59cc021aa758b9.rlib" "/opt/rustwide/target/debug/deps/libryu-15f00219fd9c669a.rlib" "/opt/rustwide/target/debug/deps/libserde-e67ce55dc2827397.rlib" "/opt/rustwide/target/debug/deps/libbase64-bff61f2d1660603b.rlib" "/opt/rustwide/target/debug/deps/libnative_tls-836b4e8f4230b4e6.rlib" "/opt/rustwide/target/debug/deps/libopenssl_probe-938265d742ce645e.rlib" "/opt/rustwide/target/debug/deps/libopenssl-13bba9a35fd58bec.rlib" "/opt/rustwide/target/debug/deps/libonce_cell-619c38fcb2368fb6.rlib" "/opt/rustwide/target/debug/deps/libparking_lot-8a417a46f48e6ec9.rlib" "/opt/rustwide/target/debug/deps/libparking_lot_core-a0ef22fa3d8a62a4.rlib" "/opt/rustwide/target/debug/deps/libsmallvec-0e12401d3f654579.rlib" "/opt/rustwide/target/debug/deps/liblock_api-5c55c1618ea60523.rlib" "/opt/rustwide/target/debug/deps/libscopeguard-54ff2283d814f48f.rlib" "/opt/rustwide/target/debug/deps/libinstant-0a905b6cdc18bc82.rlib" "/opt/rustwide/target/debug/deps/libbitflags-610a73087f46ba3b.rlib" "/opt/rustwide/target/debug/deps/libforeign_types-3138d685ddde873e.rlib" "/opt/rustwide/target/debug/deps/libforeign_types_shared-1df85ef0ce08cbc3.rlib" "/opt/rustwide/target/debug/deps/libopenssl_sys-e7c2437d402daff9.rlib" "/opt/rustwide/target/debug/deps/libhyper-fa06ce863cbee84c.rlib" "/opt/rustwide/target/debug/deps/libwant-df6403e11563ec16.rlib" "/opt/rustwide/target/debug/deps/libtry_lock-9f7beed53871ae63.rlib" "/opt/rustwide/target/debug/deps/libsocket2-4b904ba47a90aadd.rlib" "/opt/rustwide/target/debug/deps/libh2-d59cce4ace94f4d1.rlib" "/opt/rustwide/target/debug/deps/libindexmap-483386bccb891018.rlib" "/opt/rustwide/target/debug/deps/libhashbrown-743e8c262a81811e.rlib" "/opt/rustwide/target/debug/deps/libtokio_util-b23ac3c6070060c6.rlib" "/opt/rustwide/target/debug/deps/libhttparse-da35b595c2703bc3.rlib" "/opt/rustwide/target/debug/deps/libtower_service-6f9cbeafd8b373de.rlib" "/opt/rustwide/target/debug/deps/libtracing-028d20afa465c1ea.rlib" "/opt/rustwide/target/debug/deps/libtracing_core-c565e26fc36566d2.rlib" "/opt/rustwide/target/debug/deps/libfutures_util-ddcb42f38a21cbe5.rlib" "/opt/rustwide/target/debug/deps/libfutures_io-c8cb5716cd1cc058.rlib" "/opt/rustwide/target/debug/deps/libslab-0fb1f137d136c8f3.rlib" "/opt/rustwide/target/debug/deps/libfutures_channel-12d53e65f8efc294.rlib" "/opt/rustwide/target/debug/deps/libfutures_sink-c6ed88b131c2fcce.rlib" "/opt/rustwide/target/debug/deps/libfutures_task-5dd813998f392e49.rlib" "/opt/rustwide/target/debug/deps/libpin_utils-501725f4e360d46d.rlib" "/opt/rustwide/target/debug/deps/libhttp_body-f8241173ae717fcc.rlib" "/opt/rustwide/target/debug/deps/libfutures_core-6f015712c691cbef.rlib" "/opt/rustwide/target/debug/deps/liblazy_static-86422d76b8bd90ed.rlib" "/opt/rustwide/target/debug/deps/liburl-173623fcea0d26ec.rlib" "/opt/rustwide/target/debug/deps/libidna-519415f4e46e5ea6.rlib" "/opt/rustwide/target/debug/deps/libunicode_normalization-3d7ff4a85260c816.rlib" "/opt/rustwide/target/debug/deps/libtinyvec-36b7f0a3f56e0a30.rlib" "/opt/rustwide/target/debug/deps/libtinyvec_macros-c8728763a1cfbcab.rlib" "/opt/rustwide/target/debug/deps/libunicode_bidi-e6dc4d1ccdb8d7d2.rlib" "/opt/rustwide/target/debug/deps/libform_urlencoded-a5e98da7c1c4a0eb.rlib" "/opt/rustwide/target/debug/deps/libpercent_encoding-8c83310236959ef9.rlib" "/opt/rustwide/target/debug/deps/libmatches-bfb4602457f1458f.rlib" "/opt/rustwide/target/debug/deps/libhttp-d95d268fff00d4d9.rlib" "/opt/rustwide/target/debug/deps/libitoa-233da835b39c05ce.rlib" "/opt/rustwide/target/debug/deps/libfnv-bb690c336855f248.rlib" "/opt/rustwide/target/debug/deps/libtokio-8a97bd9170558c49.rlib" "/opt/rustwide/target/debug/deps/libnum_cpus-43a350e247b6239e.rlib" "/opt/rustwide/target/debug/deps/libmemchr-59863dd316d0aea8.rlib" "/opt/rustwide/target/debug/deps/libbytes-5cd672cac86e9454.rlib" "/opt/rustwide/target/debug/deps/libpin_project_lite-cd107537ca905c26.rlib" "/opt/rustwide/target/debug/deps/libmio-f1af2379d1a1832f.rlib" "/opt/rustwide/target/debug/deps/liblibc-323f827be4c80e1a.rlib" "/opt/rustwide/target/debug/deps/liblog-7aea33968596191a.rlib" "/opt/rustwide/target/debug/deps/libcfg_if-97437e183f3ae6e4.rlib" "/opt/rustwide/rustup-home/toolchains/beta-2023-04-20-x86_64-unknown-linux-gnu/lib/rustlib/x86_64-unknown-linux-gnu/lib/libstd-0e29cc23c5e02021.rlib" "/opt/rustwide/rustup-home/toolchains/beta-2023-04-20-x86_64-unknown-linux-gnu/lib/rustlib/x86_64-unknown-linux-gnu/lib/libpanic_unwind-d903621768a861d9.rlib" "/opt/rustwide/rustup-home/toolchains/beta-2023-04-20-x86_64-unknown-linux-gnu/lib/rustlib/x86_64-unknown-linux-gnu/lib/libobject-6d0225e655f31c13.rlib" "/opt/rustwide/rustup-home/toolchains/beta-2023-04-20-x86_64-unknown-linux-gnu/lib/rustlib/x86_64-unknown-linux-gnu/lib/libmemchr-9dbaf4eac7eaa079.rlib" "/opt/rustwide/rustup-home/toolchains/beta-2023-04-20-x86_64-unknown-linux-gnu/lib/rustlib/x86_64-unknown-linux-gnu/lib/libaddr2line-27f05b3d42a66dd0.rlib" "/opt/rustwide/rustup-home/toolchains/beta-2023-04-20-x86_64-unknown-linux-gnu/lib/rustlib/x86_64-unknown-linux-gnu/lib/libgimli-4d73f1030321c9a2.rlib" "/opt/rustwide/rustup-home/toolchains/beta-2023-04-20-x86_64-unknown-linux-gnu/lib/rustlib/x86_64-unknown-linux-gnu/lib/librustc_demangle-2846c9e58abd0acb.rlib" "/opt/rustwide/rustup-home/toolchains/beta-2023-04-20-x86_64-unknown-linux-gnu/lib/rustlib/x86_64-unknown-linux-gnu/lib/libstd_detect-a53d0f50415947be.rlib" "/opt/rustwide/rustup-home/toolchains/beta-2023-04-20-x86_64-unknown-linux-gnu/lib/rustlib/x86_64-unknown-linux-gnu/lib/libhashbrown-d48e4b6abc25b9dc.rlib" "/opt/rustwide/rustup-home/toolchains/beta-2023-04-20-x86_64-unknown-linux-gnu/lib/rustlib/x86_64-unknown-linux-gnu/lib/libminiz_oxide-2991859439ef1207.rlib" "/opt/rustwide/rustup-home/toolchains/beta-2023-04-20-x86_64-unknown-linux-gnu/lib/rustlib/x86_64-unknown-linux-gnu/lib/libadler-8a687517e4221bae.rlib" "/opt/rustwide/rustup-home/toolchains/beta-2023-04-20-x86_64-unknown-linux-gnu/lib/rustlib/x86_64-unknown-linux-gnu/lib/librustc_std_workspace_alloc-e07b554f6a67f5b3.rlib" "/opt/rustwide/rustup-home/toolchains/beta-2023-04-20-x86_64-unknown-linux-gnu/lib/rustlib/x86_64-unknown-linux-gnu/lib/libunwind-b68238b7c3c619dd.rlib" "/opt/rustwide/rustup-home/toolchains/beta-2023-04-20-x86_64-unknown-linux-gnu/lib/rustlib/x86_64-unknown-linux-gnu/lib/libcfg_if-d5e213e896c017e4.rlib" "/opt/rustwide/rustup-home/toolchains/beta-2023-04-20-x86_64-unknown-linux-gnu/lib/rustlib/x86_64-unknown-linux-gnu/lib/liblibc-0211a3b2e61d8689.rlib" "/opt/rustwide/rustup-home/toolchains/beta-2023-04-20-x86_64-unknown-linux-gnu/lib/rustlib/x86_64-unknown-linux-gnu/lib/liballoc-b371f055239ba51f.rlib" "/opt/rustwide/rustup-home/toolchains/beta-2023-04-20-x86_64-unknown-linux-gnu/lib/rustlib/x86_64-unknown-linux-gnu/lib/librustc_std_workspace_core-e60518d2760eb01e.rlib" "/opt/rustwide/rustup-home/toolchains/beta-2023-04-20-x86_64-unknown-linux-gnu/lib/rustlib/x86_64-unknown-linux-gnu/lib/libcore-1ad943f92a4b1081.rlib" "/opt/rustwide/rustup-home/toolchains/beta-2023-04-20-x86_64-unknown-linux-gnu/lib/rustlib/x86_64-unknown-linux-gnu/lib/libcompiler_builtins-f0d6e4d0fc1e80b4.rlib" "-Wl,-Bdynamic" "-lssl" "-lcrypto" "-lgcc_s" "-lutil" "-lrt" "-lpthread" "-lm" "-ldl" "-lc" "-Wl,--eh-frame-hdr" "-Wl,-z,noexecstack" "-L" "/opt/rustwide/rustup-home/toolchains/beta-2023-04-20-x86_64-unknown-linux-gnu/lib/rustlib/x86_64-unknown-linux-gnu/lib" "-o" "/opt/rustwide/target/debug/examples/health-71027e3ece3df370" "-Wl,--gc-sections" "-pie" "-Wl,-z,relro,-z,now" "-nodefaultlibs"
[INFO] [stdout]   = note: collect2: fatal error: ld terminated with signal 9 [Killed]
[INFO] [stdout]           compilation terminated.
[INFO] [stdout]           
[INFO] [stdout] 
[INFO] [stdout] 
[INFO] [stdout] error: aborting due to previous error
[INFO] [stdout] 
[INFO] [stdout] 
[INFO] [stderr] error: could not compile `influxdb2` (example "health") due to 2 previous errors
[INFO] [stdout] error: linking with `cc` failed: exit status: 1
[INFO] [stdout]   |
[INFO] [stdout]   = note: LC_ALL="C" PATH="/opt/rustwide/rustup-home/toolchains/beta-2023-04-20-x86_64-unknown-linux-gnu/lib/rustlib/x86_64-unknown-linux-gnu/bin:/opt/rustwide/cargo-home/bin:/usr/local/sbin:/usr/local/bin:/usr/sbin:/usr/bin:/sbin:/bin" VSLANG="1033" "cc" "-m64" "/tmp/rustcU81TZa/symbols.o" "/opt/rustwide/target/debug/examples/write-39c85e2edb10321e.write.70c50c4e-cgu.0.rcgu.o" "/opt/rustwide/target/debug/examples/write-39c85e2edb10321e.write.70c50c4e-cgu.1.rcgu.o" "/opt/rustwide/target/debug/examples/write-39c85e2edb10321e.write.70c50c4e-cgu.10.rcgu.o" "/opt/rustwide/target/debug/examples/write-39c85e2edb10321e.write.70c50c4e-cgu.11.rcgu.o" "/opt/rustwide/target/debug/examples/write-39c85e2edb10321e.write.70c50c4e-cgu.12.rcgu.o" "/opt/rustwide/target/debug/examples/write-39c85e2edb10321e.write.70c50c4e-cgu.13.rcgu.o" "/opt/rustwide/target/debug/examples/write-39c85e2edb10321e.write.70c50c4e-cgu.14.rcgu.o" "/opt/rustwide/target/debug/examples/write-39c85e2edb10321e.write.70c50c4e-cgu.15.rcgu.o" "/opt/rustwide/target/debug/examples/write-39c85e2edb10321e.write.70c50c4e-cgu.2.rcgu.o" "/opt/rustwide/target/debug/examples/write-39c85e2edb10321e.write.70c50c4e-cgu.3.rcgu.o" "/opt/rustwide/target/debug/examples/write-39c85e2edb10321e.write.70c50c4e-cgu.4.rcgu.o" "/opt/rustwide/target/debug/examples/write-39c85e2edb10321e.write.70c50c4e-cgu.5.rcgu.o" "/opt/rustwide/target/debug/examples/write-39c85e2edb10321e.write.70c50c4e-cgu.6.rcgu.o" "/opt/rustwide/target/debug/examples/write-39c85e2edb10321e.write.70c50c4e-cgu.7.rcgu.o" "/opt/rustwide/target/debug/examples/write-39c85e2edb10321e.write.70c50c4e-cgu.8.rcgu.o" "/opt/rustwide/target/debug/examples/write-39c85e2edb10321e.write.70c50c4e-cgu.9.rcgu.o" "/opt/rustwide/target/debug/examples/write-39c85e2edb10321e.dg807ivivxg59qu.rcgu.o" "-Wl,--as-needed" "-L" "/opt/rustwide/target/debug/deps" "-L" "/opt/rustwide/rustup-home/toolchains/beta-2023-04-20-x86_64-unknown-linux-gnu/lib/rustlib/x86_64-unknown-linux-gnu/lib" "-Wl,-Bstatic" "/opt/rustwide/target/debug/deps/libinfluxdb2-778adef764359cd4.rlib" "/opt/rustwide/target/debug/deps/libserde_qs-d2128bc664410840.rlib" "/opt/rustwide/target/debug/deps/libthiserror-e9b6b152acec8984.rlib" "/opt/rustwide/target/debug/deps/libinfluxdb2_structmap-76da12de2b977485.rlib" "/opt/rustwide/target/debug/deps/libordered_float-99d6f6e88a030edc.rlib" "/opt/rustwide/target/debug/deps/libgo_parse_duration-14cd68e7b58448d3.rlib" "/opt/rustwide/target/debug/deps/libfallible_iterator-313401c930e15855.rlib" "/opt/rustwide/target/debug/deps/libcsv-aff2b403bb347fb1.rlib" "/opt/rustwide/target/debug/deps/libcsv_core-b6bb68d7211279ff.rlib" "/opt/rustwide/target/debug/deps/libbstr-178edf61e0b8ca0f.rlib" "/opt/rustwide/target/debug/deps/libregex_automata-2f9edfead0c05b8d.rlib" "/opt/rustwide/target/debug/deps/libregex_syntax-fd0c3ba7c22fa1f4.rlib" "/opt/rustwide/target/debug/deps/libsnafu-b84766525fd9d455.rlib" "/opt/rustwide/target/debug/deps/libdoc_comment-505248eb9c35e533.rlib" "/opt/rustwide/target/debug/deps/libreqwest-5ef1e7536e8e8f8e.rlib" "/opt/rustwide/target/debug/deps/libhyper_tls-ca55082e99b1daf7.rlib" "/opt/rustwide/target/debug/deps/libserde_urlencoded-20cb17b2cbf314b4.rlib" "/opt/rustwide/target/debug/deps/libipnet-a4a4d5377d91ef9a.rlib" "/opt/rustwide/target/debug/deps/libtokio_native_tls-e8e46e15af0511c0.rlib" "/opt/rustwide/target/debug/deps/libmime-6adaefd5c465bdcc.rlib" "/opt/rustwide/target/debug/deps/libencoding_rs-0501ad1acc8b51f9.rlib" "/opt/rustwide/target/debug/deps/libserde_json-0a59cc021aa758b9.rlib" "/opt/rustwide/target/debug/deps/libryu-15f00219fd9c669a.rlib" "/opt/rustwide/target/debug/deps/libbase64-bff61f2d1660603b.rlib" "/opt/rustwide/target/debug/deps/libnative_tls-836b4e8f4230b4e6.rlib" "/opt/rustwide/target/debug/deps/libopenssl_probe-938265d742ce645e.rlib" "/opt/rustwide/target/debug/deps/libopenssl-13bba9a35fd58bec.rlib" "/opt/rustwide/target/debug/deps/libonce_cell-619c38fcb2368fb6.rlib" "/opt/rustwide/target/debug/deps/libparking_lot-8a417a46f48e6ec9.rlib" "/opt/rustwide/target/debug/deps/libparking_lot_core-a0ef22fa3d8a62a4.rlib" "/opt/rustwide/target/debug/deps/libsmallvec-0e12401d3f654579.rlib" "/opt/rustwide/target/debug/deps/liblock_api-5c55c1618ea60523.rlib" "/opt/rustwide/target/debug/deps/libscopeguard-54ff2283d814f48f.rlib" "/opt/rustwide/target/debug/deps/libinstant-0a905b6cdc18bc82.rlib" "/opt/rustwide/target/debug/deps/libbitflags-610a73087f46ba3b.rlib" "/opt/rustwide/target/debug/deps/libforeign_types-3138d685ddde873e.rlib" "/opt/rustwide/target/debug/deps/libforeign_types_shared-1df85ef0ce08cbc3.rlib" "/opt/rustwide/target/debug/deps/libopenssl_sys-e7c2437d402daff9.rlib" "/opt/rustwide/target/debug/deps/libhyper-fa06ce863cbee84c.rlib" "/opt/rustwide/target/debug/deps/libwant-df6403e11563ec16.rlib" "/opt/rustwide/target/debug/deps/libtry_lock-9f7beed53871ae63.rlib" "/opt/rustwide/target/debug/deps/libsocket2-4b904ba47a90aadd.rlib" "/opt/rustwide/target/debug/deps/libh2-d59cce4ace94f4d1.rlib" "/opt/rustwide/target/debug/deps/libindexmap-483386bccb891018.rlib" "/opt/rustwide/target/debug/deps/libhashbrown-743e8c262a81811e.rlib" "/opt/rustwide/target/debug/deps/libtokio_util-b23ac3c6070060c6.rlib" "/opt/rustwide/target/debug/deps/libhttparse-da35b595c2703bc3.rlib" "/opt/rustwide/target/debug/deps/libtower_service-6f9cbeafd8b373de.rlib" "/opt/rustwide/target/debug/deps/libtracing-028d20afa465c1ea.rlib" "/opt/rustwide/target/debug/deps/libtracing_core-c565e26fc36566d2.rlib" "/opt/rustwide/target/debug/deps/libhttp_body-f8241173ae717fcc.rlib" "/opt/rustwide/target/debug/deps/liblazy_static-86422d76b8bd90ed.rlib" "/opt/rustwide/target/debug/deps/liburl-173623fcea0d26ec.rlib" "/opt/rustwide/target/debug/deps/libidna-519415f4e46e5ea6.rlib" "/opt/rustwide/target/debug/deps/libunicode_normalization-3d7ff4a85260c816.rlib" "/opt/rustwide/target/debug/deps/libtinyvec-36b7f0a3f56e0a30.rlib" "/opt/rustwide/target/debug/deps/libtinyvec_macros-c8728763a1cfbcab.rlib" "/opt/rustwide/target/debug/deps/libunicode_bidi-e6dc4d1ccdb8d7d2.rlib" "/opt/rustwide/target/debug/deps/libform_urlencoded-a5e98da7c1c4a0eb.rlib" "/opt/rustwide/target/debug/deps/libpercent_encoding-8c83310236959ef9.rlib" "/opt/rustwide/target/debug/deps/libmatches-bfb4602457f1458f.rlib" "/opt/rustwide/target/debug/deps/libhttp-d95d268fff00d4d9.rlib" "/opt/rustwide/target/debug/deps/libitoa-233da835b39c05ce.rlib" "/opt/rustwide/target/debug/deps/libfnv-bb690c336855f248.rlib" "/opt/rustwide/target/debug/deps/libtokio-8a97bd9170558c49.rlib" "/opt/rustwide/target/debug/deps/libnum_cpus-43a350e247b6239e.rlib" "/opt/rustwide/target/debug/deps/libbytes-5cd672cac86e9454.rlib" "/opt/rustwide/target/debug/deps/libmio-f1af2379d1a1832f.rlib" "/opt/rustwide/target/debug/deps/liblog-7aea33968596191a.rlib" "/opt/rustwide/target/debug/deps/libcfg_if-97437e183f3ae6e4.rlib" "/opt/rustwide/target/debug/deps/libfutures-f528c1fb4808920a.rlib" "/opt/rustwide/target/debug/deps/libfutures_executor-a8c911f1939504ba.rlib" "/opt/rustwide/target/debug/deps/libfutures_util-ddcb42f38a21cbe5.rlib" "/opt/rustwide/target/debug/deps/libmemchr-59863dd316d0aea8.rlib" "/opt/rustwide/target/debug/deps/libfutures_io-c8cb5716cd1cc058.rlib" "/opt/rustwide/target/debug/deps/libslab-0fb1f137d136c8f3.rlib" "/opt/rustwide/target/debug/deps/libfutures_channel-12d53e65f8efc294.rlib" "/opt/rustwide/target/debug/deps/libpin_project_lite-cd107537ca905c26.rlib" "/opt/rustwide/target/debug/deps/libfutures_sink-c6ed88b131c2fcce.rlib" "/opt/rustwide/target/debug/deps/libfutures_task-5dd813998f392e49.rlib" "/opt/rustwide/target/debug/deps/libpin_utils-501725f4e360d46d.rlib" "/opt/rustwide/target/debug/deps/libfutures_core-6f015712c691cbef.rlib" "/opt/rustwide/target/debug/deps/libchrono-a7e67dd27a5f9ff8.rlib" "/opt/rustwide/target/debug/deps/libserde-e67ce55dc2827397.rlib" "/opt/rustwide/target/debug/deps/libnum_integer-57b45061736d0386.rlib" "/opt/rustwide/target/debug/deps/libnum_traits-74a1d878d49b7d01.rlib" "/opt/rustwide/target/debug/deps/libtime-04001297736592a6.rlib" "/opt/rustwide/target/debug/deps/liblibc-323f827be4c80e1a.rlib" "/opt/rustwide/rustup-home/toolchains/beta-2023-04-20-x86_64-unknown-linux-gnu/lib/rustlib/x86_64-unknown-linux-gnu/lib/libstd-0e29cc23c5e02021.rlib" "/opt/rustwide/rustup-home/toolchains/beta-2023-04-20-x86_64-unknown-linux-gnu/lib/rustlib/x86_64-unknown-linux-gnu/lib/libpanic_unwind-d903621768a861d9.rlib" "/opt/rustwide/rustup-home/toolchains/beta-2023-04-20-x86_64-unknown-linux-gnu/lib/rustlib/x86_64-unknown-linux-gnu/lib/libobject-6d0225e655f31c13.rlib" "/opt/rustwide/rustup-home/toolchains/beta-2023-04-20-x86_64-unknown-linux-gnu/lib/rustlib/x86_64-unknown-linux-gnu/lib/libmemchr-9dbaf4eac7eaa079.rlib" "/opt/rustwide/rustup-home/toolchains/beta-2023-04-20-x86_64-unknown-linux-gnu/lib/rustlib/x86_64-unknown-linux-gnu/lib/libaddr2line-27f05b3d42a66dd0.rlib" "/opt/rustwide/rustup-home/toolchains/beta-2023-04-20-x86_64-unknown-linux-gnu/lib/rustlib/x86_64-unknown-linux-gnu/lib/libgimli-4d73f1030321c9a2.rlib" "/opt/rustwide/rustup-home/toolchains/beta-2023-04-20-x86_64-unknown-linux-gnu/lib/rustlib/x86_64-unknown-linux-gnu/lib/librustc_demangle-2846c9e58abd0acb.rlib" "/opt/rustwide/rustup-home/toolchains/beta-2023-04-20-x86_64-unknown-linux-gnu/lib/rustlib/x86_64-unknown-linux-gnu/lib/libstd_detect-a53d0f50415947be.rlib" "/opt/rustwide/rustup-home/toolchains/beta-2023-04-20-x86_64-unknown-linux-gnu/lib/rustlib/x86_64-unknown-linux-gnu/lib/libhashbrown-d48e4b6abc25b9dc.rlib" "/opt/rustwide/rustup-home/toolchains/beta-2023-04-20-x86_64-unknown-linux-gnu/lib/rustlib/x86_64-unknown-linux-gnu/lib/libminiz_oxide-2991859439ef1207.rlib" "/opt/rustwide/rustup-home/toolchains/beta-2023-04-20-x86_64-unknown-linux-gnu/lib/rustlib/x86_64-unknown-linux-gnu/lib/libadler-8a687517e4221bae.rlib" "/opt/rustwide/rustup-home/toolchains/beta-2023-04-20-x86_64-unknown-linux-gnu/lib/rustlib/x86_64-unknown-linux-gnu/lib/librustc_std_workspace_alloc-e07b554f6a67f5b3.rlib" "/opt/rustwide/rustup-home/toolchains/beta-2023-04-20-x86_64-unknown-linux-gnu/lib/rustlib/x86_64-unknown-linux-gnu/lib/libunwind-b68238b7c3c619dd.rlib" "/opt/rustwide/rustup-home/toolchains/beta-2023-04-20-x86_64-unknown-linux-gnu/lib/rustlib/x86_64-unknown-linux-gnu/lib/libcfg_if-d5e213e896c017e4.rlib" "/opt/rustwide/rustup-home/toolchains/beta-2023-04-20-x86_64-unknown-linux-gnu/lib/rustlib/x86_64-unknown-linux-gnu/lib/liblibc-0211a3b2e61d8689.rlib" "/opt/rustwide/rustup-home/toolchains/beta-2023-04-20-x86_64-unknown-linux-gnu/lib/rustlib/x86_64-unknown-linux-gnu/lib/liballoc-b371f055239ba51f.rlib" "/opt/rustwide/rustup-home/toolchains/beta-2023-04-20-x86_64-unknown-linux-gnu/lib/rustlib/x86_64-unknown-linux-gnu/lib/librustc_std_workspace_core-e60518d2760eb01e.rlib" "/opt/rustwide/rustup-home/toolchains/beta-2023-04-20-x86_64-unknown-linux-gnu/lib/rustlib/x86_64-unknown-linux-gnu/lib/libcore-1ad943f92a4b1081.rlib" "/opt/rustwide/rustup-home/toolchains/beta-2023-04-20-x86_64-unknown-linux-gnu/lib/rustlib/x86_64-unknown-linux-gnu/lib/libcompiler_builtins-f0d6e4d0fc1e80b4.rlib" "-Wl,-Bdynamic" "-lssl" "-lcrypto" "-lgcc_s" "-lutil" "-lrt" "-lpthread" "-lm" "-ldl" "-lc" "-Wl,--eh-frame-hdr" "-Wl,-z,noexecstack" "-L" "/opt/rustwide/rustup-home/toolchains/beta-2023-04-20-x86_64-unknown-linux-gnu/lib/rustlib/x86_64-unknown-linux-gnu/lib" "-o" "/opt/rustwide/target/debug/examples/write-39c85e2edb10321e" "-Wl,--gc-sections" "-pie" "-Wl,-z,relro,-z,now" "-nodefaultlibs"
[INFO] [stdout]   = note: collect2: fatal error: ld terminated with signal 9 [Killed]
[INFO] [stdout]           compilation terminated.
[INFO] [stdout]           
[INFO] [stdout] 
[INFO] [stdout] 
[INFO] [stdout] error: aborting due to previous error
[INFO] [stdout] 
[INFO] [stdout] 
[INFO] [stderr] error: could not compile `influxdb2` (example "write") due to 2 previous errors
[INFO] [stdout] error: linking with `cc` failed: exit status: 1
[INFO] [stdout]   |
[INFO] [stdout]   = note: LC_ALL="C" PATH="/opt/rustwide/rustup-home/toolchains/beta-2023-04-20-x86_64-unknown-linux-gnu/lib/rustlib/x86_64-unknown-linux-gnu/bin:/opt/rustwide/cargo-home/bin:/usr/local/sbin:/usr/local/bin:/usr/sbin:/usr/bin:/sbin:/bin" VSLANG="1033" "cc" "-m64" "/tmp/rustcgMgnDi/symbols.o" "/opt/rustwide/target/debug/examples/precision-5aea62b9de1ffbda.precision.0b5c5136-cgu.0.rcgu.o" "/opt/rustwide/target/debug/examples/precision-5aea62b9de1ffbda.precision.0b5c5136-cgu.1.rcgu.o" "/opt/rustwide/target/debug/examples/precision-5aea62b9de1ffbda.precision.0b5c5136-cgu.10.rcgu.o" "/opt/rustwide/target/debug/examples/precision-5aea62b9de1ffbda.precision.0b5c5136-cgu.11.rcgu.o" "/opt/rustwide/target/debug/examples/precision-5aea62b9de1ffbda.precision.0b5c5136-cgu.12.rcgu.o" "/opt/rustwide/target/debug/examples/precision-5aea62b9de1ffbda.precision.0b5c5136-cgu.13.rcgu.o" "/opt/rustwide/target/debug/examples/precision-5aea62b9de1ffbda.precision.0b5c5136-cgu.14.rcgu.o" "/opt/rustwide/target/debug/examples/precision-5aea62b9de1ffbda.precision.0b5c5136-cgu.15.rcgu.o" "/opt/rustwide/target/debug/examples/precision-5aea62b9de1ffbda.precision.0b5c5136-cgu.2.rcgu.o" "/opt/rustwide/target/debug/examples/precision-5aea62b9de1ffbda.precision.0b5c5136-cgu.3.rcgu.o" "/opt/rustwide/target/debug/examples/precision-5aea62b9de1ffbda.precision.0b5c5136-cgu.4.rcgu.o" "/opt/rustwide/target/debug/examples/precision-5aea62b9de1ffbda.precision.0b5c5136-cgu.5.rcgu.o" "/opt/rustwide/target/debug/examples/precision-5aea62b9de1ffbda.precision.0b5c5136-cgu.6.rcgu.o" "/opt/rustwide/target/debug/examples/precision-5aea62b9de1ffbda.precision.0b5c5136-cgu.7.rcgu.o" "/opt/rustwide/target/debug/examples/precision-5aea62b9de1ffbda.precision.0b5c5136-cgu.8.rcgu.o" "/opt/rustwide/target/debug/examples/precision-5aea62b9de1ffbda.precision.0b5c5136-cgu.9.rcgu.o" "/opt/rustwide/target/debug/examples/precision-5aea62b9de1ffbda.15keh54motngd5df.rcgu.o" "-Wl,--as-needed" "-L" "/opt/rustwide/target/debug/deps" "-L" "/opt/rustwide/rustup-home/toolchains/beta-2023-04-20-x86_64-unknown-linux-gnu/lib/rustlib/x86_64-unknown-linux-gnu/lib" "-Wl,-Bstatic" "/opt/rustwide/target/debug/deps/libinfluxdb2-778adef764359cd4.rlib" "/opt/rustwide/target/debug/deps/libserde_qs-d2128bc664410840.rlib" "/opt/rustwide/target/debug/deps/libthiserror-e9b6b152acec8984.rlib" "/opt/rustwide/target/debug/deps/libinfluxdb2_structmap-76da12de2b977485.rlib" "/opt/rustwide/target/debug/deps/libordered_float-99d6f6e88a030edc.rlib" "/opt/rustwide/target/debug/deps/libgo_parse_duration-14cd68e7b58448d3.rlib" "/opt/rustwide/target/debug/deps/libfallible_iterator-313401c930e15855.rlib" "/opt/rustwide/target/debug/deps/libcsv-aff2b403bb347fb1.rlib" "/opt/rustwide/target/debug/deps/libcsv_core-b6bb68d7211279ff.rlib" "/opt/rustwide/target/debug/deps/libbstr-178edf61e0b8ca0f.rlib" "/opt/rustwide/target/debug/deps/libregex_automata-2f9edfead0c05b8d.rlib" "/opt/rustwide/target/debug/deps/libregex_syntax-fd0c3ba7c22fa1f4.rlib" "/opt/rustwide/target/debug/deps/libchrono-a7e67dd27a5f9ff8.rlib" "/opt/rustwide/target/debug/deps/libnum_integer-57b45061736d0386.rlib" "/opt/rustwide/target/debug/deps/libnum_traits-74a1d878d49b7d01.rlib" "/opt/rustwide/target/debug/deps/libtime-04001297736592a6.rlib" "/opt/rustwide/target/debug/deps/libsnafu-b84766525fd9d455.rlib" "/opt/rustwide/target/debug/deps/libdoc_comment-505248eb9c35e533.rlib" "/opt/rustwide/target/debug/deps/libreqwest-5ef1e7536e8e8f8e.rlib" "/opt/rustwide/target/debug/deps/libhyper_tls-ca55082e99b1daf7.rlib" "/opt/rustwide/target/debug/deps/libserde_urlencoded-20cb17b2cbf314b4.rlib" "/opt/rustwide/target/debug/deps/libipnet-a4a4d5377d91ef9a.rlib" "/opt/rustwide/target/debug/deps/libtokio_native_tls-e8e46e15af0511c0.rlib" "/opt/rustwide/target/debug/deps/libmime-6adaefd5c465bdcc.rlib" "/opt/rustwide/target/debug/deps/libencoding_rs-0501ad1acc8b51f9.rlib" "/opt/rustwide/target/debug/deps/libserde_json-0a59cc021aa758b9.rlib" "/opt/rustwide/target/debug/deps/libryu-15f00219fd9c669a.rlib" "/opt/rustwide/target/debug/deps/libserde-e67ce55dc2827397.rlib" "/opt/rustwide/target/debug/deps/libbase64-bff61f2d1660603b.rlib" "/opt/rustwide/target/debug/deps/libnative_tls-836b4e8f4230b4e6.rlib" "/opt/rustwide/target/debug/deps/libopenssl_probe-938265d742ce645e.rlib" "/opt/rustwide/target/debug/deps/libopenssl-13bba9a35fd58bec.rlib" "/opt/rustwide/target/debug/deps/libonce_cell-619c38fcb2368fb6.rlib" "/opt/rustwide/target/debug/deps/libparking_lot-8a417a46f48e6ec9.rlib" "/opt/rustwide/target/debug/deps/libparking_lot_core-a0ef22fa3d8a62a4.rlib" "/opt/rustwide/target/debug/deps/libsmallvec-0e12401d3f654579.rlib" "/opt/rustwide/target/debug/deps/liblock_api-5c55c1618ea60523.rlib" "/opt/rustwide/target/debug/deps/libscopeguard-54ff2283d814f48f.rlib" "/opt/rustwide/target/debug/deps/libinstant-0a905b6cdc18bc82.rlib" "/opt/rustwide/target/debug/deps/libbitflags-610a73087f46ba3b.rlib" "/opt/rustwide/target/debug/deps/libforeign_types-3138d685ddde873e.rlib" "/opt/rustwide/target/debug/deps/libforeign_types_shared-1df85ef0ce08cbc3.rlib" "/opt/rustwide/target/debug/deps/libopenssl_sys-e7c2437d402daff9.rlib" "/opt/rustwide/target/debug/deps/libhyper-fa06ce863cbee84c.rlib" "/opt/rustwide/target/debug/deps/libwant-df6403e11563ec16.rlib" "/opt/rustwide/target/debug/deps/libtry_lock-9f7beed53871ae63.rlib" "/opt/rustwide/target/debug/deps/libsocket2-4b904ba47a90aadd.rlib" "/opt/rustwide/target/debug/deps/libh2-d59cce4ace94f4d1.rlib" "/opt/rustwide/target/debug/deps/libindexmap-483386bccb891018.rlib" "/opt/rustwide/target/debug/deps/libhashbrown-743e8c262a81811e.rlib" "/opt/rustwide/target/debug/deps/libtokio_util-b23ac3c6070060c6.rlib" "/opt/rustwide/target/debug/deps/libhttparse-da35b595c2703bc3.rlib" "/opt/rustwide/target/debug/deps/libtower_service-6f9cbeafd8b373de.rlib" "/opt/rustwide/target/debug/deps/libtracing-028d20afa465c1ea.rlib" "/opt/rustwide/target/debug/deps/libtracing_core-c565e26fc36566d2.rlib" "/opt/rustwide/target/debug/deps/libtokio-8a97bd9170558c49.rlib" "/opt/rustwide/target/debug/deps/libnum_cpus-43a350e247b6239e.rlib" "/opt/rustwide/target/debug/deps/libmio-f1af2379d1a1832f.rlib" "/opt/rustwide/target/debug/deps/liblibc-323f827be4c80e1a.rlib" "/opt/rustwide/target/debug/deps/libhttp_body-f8241173ae717fcc.rlib" "/opt/rustwide/target/debug/deps/liblog-7aea33968596191a.rlib" "/opt/rustwide/target/debug/deps/libcfg_if-97437e183f3ae6e4.rlib" "/opt/rustwide/target/debug/deps/liblazy_static-86422d76b8bd90ed.rlib" "/opt/rustwide/target/debug/deps/liburl-173623fcea0d26ec.rlib" "/opt/rustwide/target/debug/deps/libidna-519415f4e46e5ea6.rlib" "/opt/rustwide/target/debug/deps/libunicode_normalization-3d7ff4a85260c816.rlib" "/opt/rustwide/target/debug/deps/libtinyvec-36b7f0a3f56e0a30.rlib" "/opt/rustwide/target/debug/deps/libtinyvec_macros-c8728763a1cfbcab.rlib" "/opt/rustwide/target/debug/deps/libunicode_bidi-e6dc4d1ccdb8d7d2.rlib" "/opt/rustwide/target/debug/deps/libform_urlencoded-a5e98da7c1c4a0eb.rlib" "/opt/rustwide/target/debug/deps/libpercent_encoding-8c83310236959ef9.rlib" "/opt/rustwide/target/debug/deps/libmatches-bfb4602457f1458f.rlib" "/opt/rustwide/target/debug/deps/libhttp-d95d268fff00d4d9.rlib" "/opt/rustwide/target/debug/deps/libitoa-233da835b39c05ce.rlib" "/opt/rustwide/target/debug/deps/libbytes-5cd672cac86e9454.rlib" "/opt/rustwide/target/debug/deps/libfnv-bb690c336855f248.rlib" "/opt/rustwide/target/debug/deps/libfutures-f528c1fb4808920a.rlib" "/opt/rustwide/target/debug/deps/libfutures_executor-a8c911f1939504ba.rlib" "/opt/rustwide/target/debug/deps/libfutures_util-ddcb42f38a21cbe5.rlib" "/opt/rustwide/target/debug/deps/libmemchr-59863dd316d0aea8.rlib" "/opt/rustwide/target/debug/deps/libfutures_io-c8cb5716cd1cc058.rlib" "/opt/rustwide/target/debug/deps/libslab-0fb1f137d136c8f3.rlib" "/opt/rustwide/target/debug/deps/libfutures_channel-12d53e65f8efc294.rlib" "/opt/rustwide/target/debug/deps/libpin_project_lite-cd107537ca905c26.rlib" "/opt/rustwide/target/debug/deps/libfutures_sink-c6ed88b131c2fcce.rlib" "/opt/rustwide/target/debug/deps/libfutures_task-5dd813998f392e49.rlib" "/opt/rustwide/target/debug/deps/libpin_utils-501725f4e360d46d.rlib" "/opt/rustwide/target/debug/deps/libfutures_core-6f015712c691cbef.rlib" "/opt/rustwide/rustup-home/toolchains/beta-2023-04-20-x86_64-unknown-linux-gnu/lib/rustlib/x86_64-unknown-linux-gnu/lib/libstd-0e29cc23c5e02021.rlib" "/opt/rustwide/rustup-home/toolchains/beta-2023-04-20-x86_64-unknown-linux-gnu/lib/rustlib/x86_64-unknown-linux-gnu/lib/libpanic_unwind-d903621768a861d9.rlib" "/opt/rustwide/rustup-home/toolchains/beta-2023-04-20-x86_64-unknown-linux-gnu/lib/rustlib/x86_64-unknown-linux-gnu/lib/libobject-6d0225e655f31c13.rlib" "/opt/rustwide/rustup-home/toolchains/beta-2023-04-20-x86_64-unknown-linux-gnu/lib/rustlib/x86_64-unknown-linux-gnu/lib/libmemchr-9dbaf4eac7eaa079.rlib" "/opt/rustwide/rustup-home/toolchains/beta-2023-04-20-x86_64-unknown-linux-gnu/lib/rustlib/x86_64-unknown-linux-gnu/lib/libaddr2line-27f05b3d42a66dd0.rlib" "/opt/rustwide/rustup-home/toolchains/beta-2023-04-20-x86_64-unknown-linux-gnu/lib/rustlib/x86_64-unknown-linux-gnu/lib/libgimli-4d73f1030321c9a2.rlib" "/opt/rustwide/rustup-home/toolchains/beta-2023-04-20-x86_64-unknown-linux-gnu/lib/rustlib/x86_64-unknown-linux-gnu/lib/librustc_demangle-2846c9e58abd0acb.rlib" "/opt/rustwide/rustup-home/toolchains/beta-2023-04-20-x86_64-unknown-linux-gnu/lib/rustlib/x86_64-unknown-linux-gnu/lib/libstd_detect-a53d0f50415947be.rlib" "/opt/rustwide/rustup-home/toolchains/beta-2023-04-20-x86_64-unknown-linux-gnu/lib/rustlib/x86_64-unknown-linux-gnu/lib/libhashbrown-d48e4b6abc25b9dc.rlib" "/opt/rustwide/rustup-home/toolchains/beta-2023-04-20-x86_64-unknown-linux-gnu/lib/rustlib/x86_64-unknown-linux-gnu/lib/libminiz_oxide-2991859439ef1207.rlib" "/opt/rustwide/rustup-home/toolchains/beta-2023-04-20-x86_64-unknown-linux-gnu/lib/rustlib/x86_64-unknown-linux-gnu/lib/libadler-8a687517e4221bae.rlib" "/opt/rustwide/rustup-home/toolchains/beta-2023-04-20-x86_64-unknown-linux-gnu/lib/rustlib/x86_64-unknown-linux-gnu/lib/librustc_std_workspace_alloc-e07b554f6a67f5b3.rlib" "/opt/rustwide/rustup-home/toolchains/beta-2023-04-20-x86_64-unknown-linux-gnu/lib/rustlib/x86_64-unknown-linux-gnu/lib/libunwind-b68238b7c3c619dd.rlib" "/opt/rustwide/rustup-home/toolchains/beta-2023-04-20-x86_64-unknown-linux-gnu/lib/rustlib/x86_64-unknown-linux-gnu/lib/libcfg_if-d5e213e896c017e4.rlib" "/opt/rustwide/rustup-home/toolchains/beta-2023-04-20-x86_64-unknown-linux-gnu/lib/rustlib/x86_64-unknown-linux-gnu/lib/liblibc-0211a3b2e61d8689.rlib" "/opt/rustwide/rustup-home/toolchains/beta-2023-04-20-x86_64-unknown-linux-gnu/lib/rustlib/x86_64-unknown-linux-gnu/lib/liballoc-b371f055239ba51f.rlib" "/opt/rustwide/rustup-home/toolchains/beta-2023-04-20-x86_64-unknown-linux-gnu/lib/rustlib/x86_64-unknown-linux-gnu/lib/librustc_std_workspace_core-e60518d2760eb01e.rlib" "/opt/rustwide/rustup-home/toolchains/beta-2023-04-20-x86_64-unknown-linux-gnu/lib/rustlib/x86_64-unknown-linux-gnu/lib/libcore-1ad943f92a4b1081.rlib" "/opt/rustwide/rustup-home/toolchains/beta-2023-04-20-x86_64-unknown-linux-gnu/lib/rustlib/x86_64-unknown-linux-gnu/lib/libcompiler_builtins-f0d6e4d0fc1e80b4.rlib" "-Wl,-Bdynamic" "-lssl" "-lcrypto" "-lgcc_s" "-lutil" "-lrt" "-lpthread" "-lm" "-ldl" "-lc" "-Wl,--eh-frame-hdr" "-Wl,-z,noexecstack" "-L" "/opt/rustwide/rustup-home/toolchains/beta-2023-04-20-x86_64-unknown-linux-gnu/lib/rustlib/x86_64-unknown-linux-gnu/lib" "-o" "/opt/rustwide/target/debug/examples/precision-5aea62b9de1ffbda" "-Wl,--gc-sections" "-pie" "-Wl,-z,relro,-z,now" "-nodefaultlibs"
[INFO] [stdout]   = note: collect2: fatal error: ld terminated with signal 9 [Killed]
[INFO] [stdout]           compilation terminated.
[INFO] [stdout]           
[INFO] [stdout] 
[INFO] [stdout] 
[INFO] [stdout] error: aborting due to previous error
[INFO] [stdout] 
[INFO] [stdout] 
[INFO] [stderr] error: could not compile `influxdb2` (example "precision") due to 2 previous errors
[INFO] [stdout] error: linking with `cc` failed: exit status: 1
[INFO] [stdout]   |
[INFO] [stdout]   = note: LC_ALL="C" PATH="/opt/rustwide/rustup-home/toolchains/beta-2023-04-20-x86_64-unknown-linux-gnu/lib/rustlib/x86_64-unknown-linux-gnu/bin:/opt/rustwide/cargo-home/bin:/usr/local/sbin:/usr/local/bin:/usr/sbin:/usr/bin:/sbin:/bin" VSLANG="1033" "cc" "-m64" "/tmp/rustceLDjn1/symbols.o" "/opt/rustwide/target/debug/examples/ready-fbbf35cf65e81dcb.ready.34fcbdd9-cgu.0.rcgu.o" "/opt/rustwide/target/debug/examples/ready-fbbf35cf65e81dcb.ready.34fcbdd9-cgu.1.rcgu.o" "/opt/rustwide/target/debug/examples/ready-fbbf35cf65e81dcb.ready.34fcbdd9-cgu.10.rcgu.o" "/opt/rustwide/target/debug/examples/ready-fbbf35cf65e81dcb.ready.34fcbdd9-cgu.11.rcgu.o" "/opt/rustwide/target/debug/examples/ready-fbbf35cf65e81dcb.ready.34fcbdd9-cgu.12.rcgu.o" "/opt/rustwide/target/debug/examples/ready-fbbf35cf65e81dcb.ready.34fcbdd9-cgu.13.rcgu.o" "/opt/rustwide/target/debug/examples/ready-fbbf35cf65e81dcb.ready.34fcbdd9-cgu.14.rcgu.o" "/opt/rustwide/target/debug/examples/ready-fbbf35cf65e81dcb.ready.34fcbdd9-cgu.15.rcgu.o" "/opt/rustwide/target/debug/examples/ready-fbbf35cf65e81dcb.ready.34fcbdd9-cgu.2.rcgu.o" "/opt/rustwide/target/debug/examples/ready-fbbf35cf65e81dcb.ready.34fcbdd9-cgu.3.rcgu.o" "/opt/rustwide/target/debug/examples/ready-fbbf35cf65e81dcb.ready.34fcbdd9-cgu.4.rcgu.o" "/opt/rustwide/target/debug/examples/ready-fbbf35cf65e81dcb.ready.34fcbdd9-cgu.5.rcgu.o" "/opt/rustwide/target/debug/examples/ready-fbbf35cf65e81dcb.ready.34fcbdd9-cgu.6.rcgu.o" "/opt/rustwide/target/debug/examples/ready-fbbf35cf65e81dcb.ready.34fcbdd9-cgu.7.rcgu.o" "/opt/rustwide/target/debug/examples/ready-fbbf35cf65e81dcb.ready.34fcbdd9-cgu.8.rcgu.o" "/opt/rustwide/target/debug/examples/ready-fbbf35cf65e81dcb.ready.34fcbdd9-cgu.9.rcgu.o" "/opt/rustwide/target/debug/examples/ready-fbbf35cf65e81dcb.2rr3pgdly1tk7a25.rcgu.o" "-Wl,--as-needed" "-L" "/opt/rustwide/target/debug/deps" "-L" "/opt/rustwide/rustup-home/toolchains/beta-2023-04-20-x86_64-unknown-linux-gnu/lib/rustlib/x86_64-unknown-linux-gnu/lib" "-Wl,-Bstatic" "/opt/rustwide/target/debug/deps/libinfluxdb2-778adef764359cd4.rlib" "/opt/rustwide/target/debug/deps/libserde_qs-d2128bc664410840.rlib" "/opt/rustwide/target/debug/deps/libthiserror-e9b6b152acec8984.rlib" "/opt/rustwide/target/debug/deps/libfutures-f528c1fb4808920a.rlib" "/opt/rustwide/target/debug/deps/libfutures_executor-a8c911f1939504ba.rlib" "/opt/rustwide/target/debug/deps/libinfluxdb2_structmap-76da12de2b977485.rlib" "/opt/rustwide/target/debug/deps/libordered_float-99d6f6e88a030edc.rlib" "/opt/rustwide/target/debug/deps/libgo_parse_duration-14cd68e7b58448d3.rlib" "/opt/rustwide/target/debug/deps/libfallible_iterator-313401c930e15855.rlib" "/opt/rustwide/target/debug/deps/libcsv-aff2b403bb347fb1.rlib" "/opt/rustwide/target/debug/deps/libcsv_core-b6bb68d7211279ff.rlib" "/opt/rustwide/target/debug/deps/libbstr-178edf61e0b8ca0f.rlib" "/opt/rustwide/target/debug/deps/libregex_automata-2f9edfead0c05b8d.rlib" "/opt/rustwide/target/debug/deps/libregex_syntax-fd0c3ba7c22fa1f4.rlib" "/opt/rustwide/target/debug/deps/libchrono-a7e67dd27a5f9ff8.rlib" "/opt/rustwide/target/debug/deps/libnum_integer-57b45061736d0386.rlib" "/opt/rustwide/target/debug/deps/libnum_traits-74a1d878d49b7d01.rlib" "/opt/rustwide/target/debug/deps/libtime-04001297736592a6.rlib" "/opt/rustwide/target/debug/deps/libsnafu-b84766525fd9d455.rlib" "/opt/rustwide/target/debug/deps/libdoc_comment-505248eb9c35e533.rlib" "/opt/rustwide/target/debug/deps/libreqwest-5ef1e7536e8e8f8e.rlib" "/opt/rustwide/target/debug/deps/libhyper_tls-ca55082e99b1daf7.rlib" "/opt/rustwide/target/debug/deps/libserde_urlencoded-20cb17b2cbf314b4.rlib" "/opt/rustwide/target/debug/deps/libipnet-a4a4d5377d91ef9a.rlib" "/opt/rustwide/target/debug/deps/libtokio_native_tls-e8e46e15af0511c0.rlib" "/opt/rustwide/target/debug/deps/libmime-6adaefd5c465bdcc.rlib" "/opt/rustwide/target/debug/deps/libencoding_rs-0501ad1acc8b51f9.rlib" "/opt/rustwide/target/debug/deps/libserde_json-0a59cc021aa758b9.rlib" "/opt/rustwide/target/debug/deps/libryu-15f00219fd9c669a.rlib" "/opt/rustwide/target/debug/deps/libserde-e67ce55dc2827397.rlib" "/opt/rustwide/target/debug/deps/libbase64-bff61f2d1660603b.rlib" "/opt/rustwide/target/debug/deps/libnative_tls-836b4e8f4230b4e6.rlib" "/opt/rustwide/target/debug/deps/libopenssl_probe-938265d742ce645e.rlib" "/opt/rustwide/target/debug/deps/libopenssl-13bba9a35fd58bec.rlib" "/opt/rustwide/target/debug/deps/libonce_cell-619c38fcb2368fb6.rlib" "/opt/rustwide/target/debug/deps/libparking_lot-8a417a46f48e6ec9.rlib" "/opt/rustwide/target/debug/deps/libparking_lot_core-a0ef22fa3d8a62a4.rlib" "/opt/rustwide/target/debug/deps/libsmallvec-0e12401d3f654579.rlib" "/opt/rustwide/target/debug/deps/liblock_api-5c55c1618ea60523.rlib" "/opt/rustwide/target/debug/deps/libscopeguard-54ff2283d814f48f.rlib" "/opt/rustwide/target/debug/deps/libinstant-0a905b6cdc18bc82.rlib" "/opt/rustwide/target/debug/deps/libbitflags-610a73087f46ba3b.rlib" "/opt/rustwide/target/debug/deps/libforeign_types-3138d685ddde873e.rlib" "/opt/rustwide/target/debug/deps/libforeign_types_shared-1df85ef0ce08cbc3.rlib" "/opt/rustwide/target/debug/deps/libopenssl_sys-e7c2437d402daff9.rlib" "/opt/rustwide/target/debug/deps/libhyper-fa06ce863cbee84c.rlib" "/opt/rustwide/target/debug/deps/libwant-df6403e11563ec16.rlib" "/opt/rustwide/target/debug/deps/libtry_lock-9f7beed53871ae63.rlib" "/opt/rustwide/target/debug/deps/libsocket2-4b904ba47a90aadd.rlib" "/opt/rustwide/target/debug/deps/libh2-d59cce4ace94f4d1.rlib" "/opt/rustwide/target/debug/deps/libindexmap-483386bccb891018.rlib" "/opt/rustwide/target/debug/deps/libhashbrown-743e8c262a81811e.rlib" "/opt/rustwide/target/debug/deps/libtokio_util-b23ac3c6070060c6.rlib" "/opt/rustwide/target/debug/deps/libhttparse-da35b595c2703bc3.rlib" "/opt/rustwide/target/debug/deps/libtower_service-6f9cbeafd8b373de.rlib" "/opt/rustwide/target/debug/deps/libtracing-028d20afa465c1ea.rlib" "/opt/rustwide/target/debug/deps/libtracing_core-c565e26fc36566d2.rlib" "/opt/rustwide/target/debug/deps/libfutures_util-ddcb42f38a21cbe5.rlib" "/opt/rustwide/target/debug/deps/libfutures_io-c8cb5716cd1cc058.rlib" "/opt/rustwide/target/debug/deps/libslab-0fb1f137d136c8f3.rlib" "/opt/rustwide/target/debug/deps/libfutures_channel-12d53e65f8efc294.rlib" "/opt/rustwide/target/debug/deps/libfutures_sink-c6ed88b131c2fcce.rlib" "/opt/rustwide/target/debug/deps/libfutures_task-5dd813998f392e49.rlib" "/opt/rustwide/target/debug/deps/libpin_utils-501725f4e360d46d.rlib" "/opt/rustwide/target/debug/deps/libhttp_body-f8241173ae717fcc.rlib" "/opt/rustwide/target/debug/deps/libfutures_core-6f015712c691cbef.rlib" "/opt/rustwide/target/debug/deps/liblazy_static-86422d76b8bd90ed.rlib" "/opt/rustwide/target/debug/deps/liburl-173623fcea0d26ec.rlib" "/opt/rustwide/target/debug/deps/libidna-519415f4e46e5ea6.rlib" "/opt/rustwide/target/debug/deps/libunicode_normalization-3d7ff4a85260c816.rlib" "/opt/rustwide/target/debug/deps/libtinyvec-36b7f0a3f56e0a30.rlib" "/opt/rustwide/target/debug/deps/libtinyvec_macros-c8728763a1cfbcab.rlib" "/opt/rustwide/target/debug/deps/libunicode_bidi-e6dc4d1ccdb8d7d2.rlib" "/opt/rustwide/target/debug/deps/libform_urlencoded-a5e98da7c1c4a0eb.rlib" "/opt/rustwide/target/debug/deps/libpercent_encoding-8c83310236959ef9.rlib" "/opt/rustwide/target/debug/deps/libmatches-bfb4602457f1458f.rlib" "/opt/rustwide/target/debug/deps/libhttp-d95d268fff00d4d9.rlib" "/opt/rustwide/target/debug/deps/libitoa-233da835b39c05ce.rlib" "/opt/rustwide/target/debug/deps/libfnv-bb690c336855f248.rlib" "/opt/rustwide/target/debug/deps/libtokio-8a97bd9170558c49.rlib" "/opt/rustwide/target/debug/deps/libnum_cpus-43a350e247b6239e.rlib" "/opt/rustwide/target/debug/deps/libmemchr-59863dd316d0aea8.rlib" "/opt/rustwide/target/debug/deps/libbytes-5cd672cac86e9454.rlib" "/opt/rustwide/target/debug/deps/libpin_project_lite-cd107537ca905c26.rlib" "/opt/rustwide/target/debug/deps/libmio-f1af2379d1a1832f.rlib" "/opt/rustwide/target/debug/deps/liblibc-323f827be4c80e1a.rlib" "/opt/rustwide/target/debug/deps/liblog-7aea33968596191a.rlib" "/opt/rustwide/target/debug/deps/libcfg_if-97437e183f3ae6e4.rlib" "/opt/rustwide/rustup-home/toolchains/beta-2023-04-20-x86_64-unknown-linux-gnu/lib/rustlib/x86_64-unknown-linux-gnu/lib/libstd-0e29cc23c5e02021.rlib" "/opt/rustwide/rustup-home/toolchains/beta-2023-04-20-x86_64-unknown-linux-gnu/lib/rustlib/x86_64-unknown-linux-gnu/lib/libpanic_unwind-d903621768a861d9.rlib" "/opt/rustwide/rustup-home/toolchains/beta-2023-04-20-x86_64-unknown-linux-gnu/lib/rustlib/x86_64-unknown-linux-gnu/lib/libobject-6d0225e655f31c13.rlib" "/opt/rustwide/rustup-home/toolchains/beta-2023-04-20-x86_64-unknown-linux-gnu/lib/rustlib/x86_64-unknown-linux-gnu/lib/libmemchr-9dbaf4eac7eaa079.rlib" "/opt/rustwide/rustup-home/toolchains/beta-2023-04-20-x86_64-unknown-linux-gnu/lib/rustlib/x86_64-unknown-linux-gnu/lib/libaddr2line-27f05b3d42a66dd0.rlib" "/opt/rustwide/rustup-home/toolchains/beta-2023-04-20-x86_64-unknown-linux-gnu/lib/rustlib/x86_64-unknown-linux-gnu/lib/libgimli-4d73f1030321c9a2.rlib" "/opt/rustwide/rustup-home/toolchains/beta-2023-04-20-x86_64-unknown-linux-gnu/lib/rustlib/x86_64-unknown-linux-gnu/lib/librustc_demangle-2846c9e58abd0acb.rlib" "/opt/rustwide/rustup-home/toolchains/beta-2023-04-20-x86_64-unknown-linux-gnu/lib/rustlib/x86_64-unknown-linux-gnu/lib/libstd_detect-a53d0f50415947be.rlib" "/opt/rustwide/rustup-home/toolchains/beta-2023-04-20-x86_64-unknown-linux-gnu/lib/rustlib/x86_64-unknown-linux-gnu/lib/libhashbrown-d48e4b6abc25b9dc.rlib" "/opt/rustwide/rustup-home/toolchains/beta-2023-04-20-x86_64-unknown-linux-gnu/lib/rustlib/x86_64-unknown-linux-gnu/lib/libminiz_oxide-2991859439ef1207.rlib" "/opt/rustwide/rustup-home/toolchains/beta-2023-04-20-x86_64-unknown-linux-gnu/lib/rustlib/x86_64-unknown-linux-gnu/lib/libadler-8a687517e4221bae.rlib" "/opt/rustwide/rustup-home/toolchains/beta-2023-04-20-x86_64-unknown-linux-gnu/lib/rustlib/x86_64-unknown-linux-gnu/lib/librustc_std_workspace_alloc-e07b554f6a67f5b3.rlib" "/opt/rustwide/rustup-home/toolchains/beta-2023-04-20-x86_64-unknown-linux-gnu/lib/rustlib/x86_64-unknown-linux-gnu/lib/libunwind-b68238b7c3c619dd.rlib" "/opt/rustwide/rustup-home/toolchains/beta-2023-04-20-x86_64-unknown-linux-gnu/lib/rustlib/x86_64-unknown-linux-gnu/lib/libcfg_if-d5e213e896c017e4.rlib" "/opt/rustwide/rustup-home/toolchains/beta-2023-04-20-x86_64-unknown-linux-gnu/lib/rustlib/x86_64-unknown-linux-gnu/lib/liblibc-0211a3b2e61d8689.rlib" "/opt/rustwide/rustup-home/toolchains/beta-2023-04-20-x86_64-unknown-linux-gnu/lib/rustlib/x86_64-unknown-linux-gnu/lib/liballoc-b371f055239ba51f.rlib" "/opt/rustwide/rustup-home/toolchains/beta-2023-04-20-x86_64-unknown-linux-gnu/lib/rustlib/x86_64-unknown-linux-gnu/lib/librustc_std_workspace_core-e60518d2760eb01e.rlib" "/opt/rustwide/rustup-home/toolchains/beta-2023-04-20-x86_64-unknown-linux-gnu/lib/rustlib/x86_64-unknown-linux-gnu/lib/libcore-1ad943f92a4b1081.rlib" "/opt/rustwide/rustup-home/toolchains/beta-2023-04-20-x86_64-unknown-linux-gnu/lib/rustlib/x86_64-unknown-linux-gnu/lib/libcompiler_builtins-f0d6e4d0fc1e80b4.rlib" "-Wl,-Bdynamic" "-lssl" "-lcrypto" "-lgcc_s" "-lutil" "-lrt" "-lpthread" "-lm" "-ldl" "-lc" "-Wl,--eh-frame-hdr" "-Wl,-z,noexecstack" "-L" "/opt/rustwide/rustup-home/toolchains/beta-2023-04-20-x86_64-unknown-linux-gnu/lib/rustlib/x86_64-unknown-linux-gnu/lib" "-o" "/opt/rustwide/target/debug/examples/ready-fbbf35cf65e81dcb" "-Wl,--gc-sections" "-pie" "-Wl,-z,relro,-z,now" "-nodefaultlibs"
[INFO] [stdout]   = note: collect2: fatal error: ld terminated with signal 9 [Killed]
[INFO] [stdout]           compilation terminated.
[INFO] [stdout]           
[INFO] [stdout] 
[INFO] [stdout] 
[INFO] [stdout] error: aborting due to previous error
[INFO] [stdout] 
[INFO] [stdout] 
[INFO] [stderr] error: could not compile `influxdb2` (example "ready") due to 2 previous errors
[INFO] running `Command { std: "docker" "inspect" "bee5b2b18640ec328d30871ed1fd70e75d96ccb3603e1ed97ec33b5e23de5c93", kill_on_drop: false }`
[INFO] running `Command { std: "docker" "rm" "-f" "bee5b2b18640ec328d30871ed1fd70e75d96ccb3603e1ed97ec33b5e23de5c93", kill_on_drop: false }`
[INFO] [stdout] bee5b2b18640ec328d30871ed1fd70e75d96ccb3603e1ed97ec33b5e23de5c93
