[INFO] fetching crate influxdb2-derive 0.1.1...
[INFO] testing influxdb2-derive-0.1.1 against 1.69.0 for beta-1.70-1
[INFO] extracting crate influxdb2-derive 0.1.1 into /workspace/builds/worker-7-tc1/source
[INFO] validating manifest of crates.io crate influxdb2-derive 0.1.1 on toolchain 1.69.0
[INFO] running `Command { std: CARGO_HOME="/workspace/cargo-home" RUSTUP_HOME="/workspace/rustup-home" "/workspace/cargo-home/bin/cargo" "+1.69.0" "metadata" "--manifest-path" "Cargo.toml" "--no-deps", kill_on_drop: false }`
[INFO] started tweaking crates.io crate influxdb2-derive 0.1.1
[INFO] finished tweaking crates.io crate influxdb2-derive 0.1.1
[INFO] tweaked toml for crates.io crate influxdb2-derive 0.1.1 written to /workspace/builds/worker-7-tc1/source/Cargo.toml
[INFO] running `Command { std: CARGO_HOME="/workspace/cargo-home" RUSTUP_HOME="/workspace/rustup-home" __CARGO_TEST_CHANNEL_OVERRIDE_DO_NOT_USE_THIS="nightly" "/workspace/cargo-home/bin/cargo" "+1.69.0" "generate-lockfile" "--manifest-path" "Cargo.toml" "-Zno-index-update", kill_on_drop: false }`
[INFO] running `Command { std: CARGO_HOME="/workspace/cargo-home" RUSTUP_HOME="/workspace/rustup-home" "/workspace/cargo-home/bin/cargo" "+1.69.0" "fetch" "--manifest-path" "Cargo.toml", kill_on_drop: false }`
[INFO] [stderr]     Blocking waiting for file lock on package cache
[INFO] running `Command { std: "docker" "create" "-v" "/var/lib/crater-agent-workspace/builds/worker-7-tc1/target:/opt/rustwide/target:rw,Z" "-v" "/var/lib/crater-agent-workspace/builds/worker-7-tc1/source:/opt/rustwide/workdir:ro,Z" "-v" "/var/lib/crater-agent-workspace/cargo-home:/opt/rustwide/cargo-home:ro,Z" "-v" "/var/lib/crater-agent-workspace/rustup-home:/opt/rustwide/rustup-home:ro,Z" "-e" "SOURCE_DIR=/opt/rustwide/workdir" "-e" "CARGO_TARGET_DIR=/opt/rustwide/target" "-e" "CARGO_HOME=/opt/rustwide/cargo-home" "-e" "RUSTUP_HOME=/opt/rustwide/rustup-home" "-w" "/opt/rustwide/workdir" "-m" "1610612736" "--user" "0:0" "--network" "none" "ghcr.io/rust-lang/crates-build-env/linux@sha256:5ff2268d62e97bff2cde7d5815dd6ed5b47097566f13b8d0ca110b04b60e07ed" "/opt/rustwide/cargo-home/bin/cargo" "+1.69.0" "metadata" "--no-deps" "--format-version=1", kill_on_drop: false }`
[INFO] [stdout] 83b0a685420483b8021fadeb9e962fc2b86987b3073f804019421db59ff93d79
[INFO] running `Command { std: "docker" "start" "-a" "83b0a685420483b8021fadeb9e962fc2b86987b3073f804019421db59ff93d79", kill_on_drop: false }`
[INFO] running `Command { std: "docker" "inspect" "83b0a685420483b8021fadeb9e962fc2b86987b3073f804019421db59ff93d79", kill_on_drop: false }`
[INFO] running `Command { std: "docker" "rm" "-f" "83b0a685420483b8021fadeb9e962fc2b86987b3073f804019421db59ff93d79", kill_on_drop: false }`
[INFO] [stdout] 83b0a685420483b8021fadeb9e962fc2b86987b3073f804019421db59ff93d79
[INFO] running `Command { std: "docker" "create" "-v" "/var/lib/crater-agent-workspace/builds/worker-7-tc1/target:/opt/rustwide/target:rw,Z" "-v" "/var/lib/crater-agent-workspace/builds/worker-7-tc1/source:/opt/rustwide/workdir:ro,Z" "-v" "/var/lib/crater-agent-workspace/cargo-home:/opt/rustwide/cargo-home:ro,Z" "-v" "/var/lib/crater-agent-workspace/rustup-home:/opt/rustwide/rustup-home:ro,Z" "-e" "SOURCE_DIR=/opt/rustwide/workdir" "-e" "CARGO_TARGET_DIR=/opt/rustwide/target" "-e" "CARGO_INCREMENTAL=0" "-e" "RUST_BACKTRACE=full" "-e" "RUSTFLAGS=--cap-lints=warn" "-e" "RUSTDOCFLAGS=--cap-lints=warn" "-e" "CARGO_HOME=/opt/rustwide/cargo-home" "-e" "RUSTUP_HOME=/opt/rustwide/rustup-home" "-w" "/opt/rustwide/workdir" "-m" "1610612736" "--user" "0:0" "--network" "none" "ghcr.io/rust-lang/crates-build-env/linux@sha256:5ff2268d62e97bff2cde7d5815dd6ed5b47097566f13b8d0ca110b04b60e07ed" "/opt/rustwide/cargo-home/bin/cargo" "+1.69.0" "build" "--frozen" "--message-format=json", kill_on_drop: false }`
[INFO] [stdout] c92edbd9c04a4efe155e5257a783cf61e2091188e58c8200682951c0b625039c
[INFO] running `Command { std: "docker" "start" "-a" "c92edbd9c04a4efe155e5257a783cf61e2091188e58c8200682951c0b625039c", kill_on_drop: false }`
[INFO] [stderr]    Compiling proc-macro2 v1.0.56
[INFO] [stderr]    Compiling syn v1.0.109
[INFO] [stderr]    Compiling either v1.8.1
[INFO] [stderr]    Compiling regex-syntax v0.7.1
[INFO] [stderr]    Compiling memchr v2.5.0
[INFO] [stderr]    Compiling itertools v0.10.5
[INFO] [stderr]    Compiling aho-corasick v1.0.1
[INFO] [stderr]    Compiling quote v1.0.26
[INFO] [stderr]    Compiling regex v1.8.1
[INFO] [stderr]    Compiling influxdb2-derive v0.1.1 (/opt/rustwide/workdir)
[INFO] [stderr]     Finished dev [unoptimized + debuginfo] target(s) in 6.88s
[INFO] running `Command { std: "docker" "inspect" "c92edbd9c04a4efe155e5257a783cf61e2091188e58c8200682951c0b625039c", kill_on_drop: false }`
[INFO] running `Command { std: "docker" "rm" "-f" "c92edbd9c04a4efe155e5257a783cf61e2091188e58c8200682951c0b625039c", kill_on_drop: false }`
[INFO] [stdout] c92edbd9c04a4efe155e5257a783cf61e2091188e58c8200682951c0b625039c
[INFO] running `Command { std: "docker" "create" "-v" "/var/lib/crater-agent-workspace/builds/worker-7-tc1/target:/opt/rustwide/target:rw,Z" "-v" "/var/lib/crater-agent-workspace/builds/worker-7-tc1/source:/opt/rustwide/workdir:ro,Z" "-v" "/var/lib/crater-agent-workspace/cargo-home:/opt/rustwide/cargo-home:ro,Z" "-v" "/var/lib/crater-agent-workspace/rustup-home:/opt/rustwide/rustup-home:ro,Z" "-e" "SOURCE_DIR=/opt/rustwide/workdir" "-e" "CARGO_TARGET_DIR=/opt/rustwide/target" "-e" "CARGO_INCREMENTAL=0" "-e" "RUST_BACKTRACE=full" "-e" "RUSTFLAGS=--cap-lints=warn" "-e" "RUSTDOCFLAGS=--cap-lints=warn" "-e" "CARGO_HOME=/opt/rustwide/cargo-home" "-e" "RUSTUP_HOME=/opt/rustwide/rustup-home" "-w" "/opt/rustwide/workdir" "-m" "1610612736" "--user" "0:0" "--network" "none" "ghcr.io/rust-lang/crates-build-env/linux@sha256:5ff2268d62e97bff2cde7d5815dd6ed5b47097566f13b8d0ca110b04b60e07ed" "/opt/rustwide/cargo-home/bin/cargo" "+1.69.0" "test" "--frozen" "--no-run" "--message-format=json", kill_on_drop: false }`
[INFO] [stdout] 1d97d03c1bcd3b06da98acf89cada87dfb090bc84ab19a773a1f78c34153976a
[INFO] running `Command { std: "docker" "start" "-a" "1d97d03c1bcd3b06da98acf89cada87dfb090bc84ab19a773a1f78c34153976a", kill_on_drop: false }`
[INFO] [stderr]    Compiling proc-macro2 v1.0.56
[INFO] [stderr]    Compiling autocfg v1.1.0
[INFO] [stderr]    Compiling unicode-ident v1.0.8
[INFO] [stderr]    Compiling serde v1.0.160
[INFO] [stderr]    Compiling libc v0.2.142
[INFO] [stderr]    Compiling serde_json v1.0.96
[INFO] [stderr]    Compiling trybuild v1.0.80
[INFO] [stderr]    Compiling either v1.8.1
[INFO] [stderr]    Compiling quote v1.0.26
[INFO] [stderr]    Compiling syn v1.0.109
[INFO] [stderr]    Compiling iana-time-zone v0.1.56
[INFO] [stderr]    Compiling glob v0.3.1
[INFO] [stderr]    Compiling termcolor v1.2.0
[INFO] [stderr]    Compiling itertools v0.10.5
[INFO] [stderr]    Compiling num-traits v0.2.15
[INFO] [stderr]    Compiling num-integer v0.1.45
[INFO] [stderr]    Compiling syn v2.0.15
[INFO] [stderr]    Compiling time v0.1.45
[INFO] [stderr]    Compiling chrono v0.4.24
[INFO] [stderr]    Compiling basic-toml v0.1.2
[INFO] [stderr]    Compiling serde_derive v1.0.160
[INFO] [stderr]    Compiling influxdb2-derive v0.1.1 (/opt/rustwide/workdir)
[INFO] [stdout] error[E0433]: failed to resolve: use of undeclared crate or module `influxdb2_structmap`
[INFO] [stdout]  --> tests/struct.rs:3:10
[INFO] [stdout]   |
[INFO] [stdout] 3 | #[derive(FromDataPoint)]
[INFO] [stdout]   |          ^^^^^^^^^^^^^ use of undeclared crate or module `influxdb2_structmap`
[INFO] [stdout]   |
[INFO] [stdout]   = note: this error originates in the derive macro `FromDataPoint` (in Nightly builds, run with -Z macro-backtrace for more info)
[INFO] [stdout] 
[INFO] [stdout] 
[INFO] [stdout] error[E0433]: failed to resolve: use of undeclared crate or module `influxdb2`
[INFO] [stdout]   --> tests/writable.rs:32:9
[INFO] [stdout]    |
[INFO] [stdout] 32 |     use influxdb2::models::WriteDataPoint;
[INFO] [stdout]    |         ^^^^^^^^^ use of undeclared crate or module `influxdb2`
[INFO] [stdout] 
[INFO] [stdout] 
[INFO] [stdout] error[E0433]: failed to resolve: could not find `influxdb2` in the list of imported crates
[INFO] [stdout]  --> tests/writable.rs:3:10
[INFO] [stdout]   |
[INFO] [stdout] 3 | #[derive(WriteDataPoint)]
[INFO] [stdout]   |          ^^^^^^^^^^^^^^ could not find `influxdb2` in the list of imported crates
[INFO] [stdout]   |
[INFO] [stdout]   = note: this error originates in the derive macro `WriteDataPoint` (in Nightly builds, run with -Z macro-backtrace for more info)
[INFO] [stdout] 
[INFO] [stdout] 
[INFO] [stdout] error[E0433]: failed to resolve: could not find `influxdb2` in the list of imported crates
[INFO] [stdout]   --> tests/writable.rs:18:10
[INFO] [stdout]    |
[INFO] [stdout] 18 | #[derive(WriteDataPoint)]
[INFO] [stdout]    |          ^^^^^^^^^^^^^^ could not find `influxdb2` in the list of imported crates
[INFO] [stdout]    |
[INFO] [stdout]    = note: this error originates in the derive macro `WriteDataPoint` (in Nightly builds, run with -Z macro-backtrace for more info)
[INFO] [stdout] 
[INFO] [stdout] 
[INFO] [stdout] error: aborting due to 3 previous errors
[INFO] [stdout] 
[INFO] [stdout] 
[INFO] [stdout] error: aborting due to previous error
[INFO] [stdout] 
[INFO] [stdout] 
[INFO] [stdout] error[E0433]: failed to resolve: use of undeclared crate or module `influxdb2_structmap`
[INFO] [stdout]  --> tests/multistruct.rs:3:10
[INFO] [stdout]   |
[INFO] [stdout] 3 | #[derive(FromDataPoint)]
[INFO] [stdout]   |          ^^^^^^^^^^^^^ use of undeclared crate or module `influxdb2_structmap`
[INFO] [stdout]   |
[INFO] [stdout]   = note: this error originates in the derive macro `FromDataPoint` (in Nightly builds, run with -Z macro-backtrace for more info)
[INFO] [stdout] 
[INFO] [stdout] 
[INFO] [stdout] For more information about this error, try `rustc --explain E0433`.
[INFO] [stdout] 
[INFO] [stderr] error: could not compile `influxdb2-derive` due to 4 previous errors
[INFO] [stdout] For more information about this error, try `rustc --explain E0433`.
[INFO] [stdout] 
[INFO] [stderr] warning: build failed, waiting for other jobs to finish...
[INFO] [stderr] error: could not compile `influxdb2-derive` due to 2 previous errors
[INFO] [stdout] error[E0433]: failed to resolve: use of undeclared crate or module `influxdb2_structmap`
[INFO] [stdout]   --> tests/multistruct.rs:20:10
[INFO] [stdout]    |
[INFO] [stdout] 20 | #[derive(FromDataPoint)]
[INFO] [stdout]    |          ^^^^^^^^^^^^^ use of undeclared crate or module `influxdb2_structmap`
[INFO] [stdout]    |
[INFO] [stdout]    = note: this error originates in the derive macro `FromDataPoint` (in Nightly builds, run with -Z macro-backtrace for more info)
[INFO] [stdout] 
[INFO] [stdout] 
[INFO] [stdout] error: aborting due to 2 previous errors
[INFO] [stdout] 
[INFO] [stdout] 
[INFO] [stdout] For more information about this error, try `rustc --explain E0433`.
[INFO] [stdout] 
[INFO] [stderr] error: could not compile `influxdb2-derive` due to 3 previous errors
[INFO] running `Command { std: "docker" "inspect" "1d97d03c1bcd3b06da98acf89cada87dfb090bc84ab19a773a1f78c34153976a", kill_on_drop: false }`
[INFO] running `Command { std: "docker" "rm" "-f" "1d97d03c1bcd3b06da98acf89cada87dfb090bc84ab19a773a1f78c34153976a", kill_on_drop: false }`
[INFO] [stdout] 1d97d03c1bcd3b06da98acf89cada87dfb090bc84ab19a773a1f78c34153976a
