[INFO] fetching crate indicator 0.4.0-beta.0...
[INFO] testing indicator-0.4.0-beta.0 against 1.69.0 for beta-1.70-1
[INFO] extracting crate indicator 0.4.0-beta.0 into /workspace/builds/worker-2-tc1/source
[INFO] validating manifest of crates.io crate indicator 0.4.0-beta.0 on toolchain 1.69.0
[INFO] running `Command { std: CARGO_HOME="/workspace/cargo-home" RUSTUP_HOME="/workspace/rustup-home" "/workspace/cargo-home/bin/cargo" "+1.69.0" "metadata" "--manifest-path" "Cargo.toml" "--no-deps", kill_on_drop: false }`
[INFO] started tweaking crates.io crate indicator 0.4.0-beta.0
[INFO] finished tweaking crates.io crate indicator 0.4.0-beta.0
[INFO] tweaked toml for crates.io crate indicator 0.4.0-beta.0 written to /workspace/builds/worker-2-tc1/source/Cargo.toml
[INFO] crate crates.io crate indicator 0.4.0-beta.0 already has a lockfile, it will not be regenerated
[INFO] running `Command { std: CARGO_HOME="/workspace/cargo-home" RUSTUP_HOME="/workspace/rustup-home" "/workspace/cargo-home/bin/cargo" "+1.69.0" "fetch" "--manifest-path" "Cargo.toml", kill_on_drop: false }`
[INFO] running `Command { std: "docker" "create" "-v" "/var/lib/crater-agent-workspace/builds/worker-2-tc1/target:/opt/rustwide/target:rw,Z" "-v" "/var/lib/crater-agent-workspace/builds/worker-2-tc1/source:/opt/rustwide/workdir:ro,Z" "-v" "/var/lib/crater-agent-workspace/cargo-home:/opt/rustwide/cargo-home:ro,Z" "-v" "/var/lib/crater-agent-workspace/rustup-home:/opt/rustwide/rustup-home:ro,Z" "-e" "SOURCE_DIR=/opt/rustwide/workdir" "-e" "CARGO_TARGET_DIR=/opt/rustwide/target" "-e" "CARGO_HOME=/opt/rustwide/cargo-home" "-e" "RUSTUP_HOME=/opt/rustwide/rustup-home" "-w" "/opt/rustwide/workdir" "-m" "1610612736" "--user" "0:0" "--network" "none" "ghcr.io/rust-lang/crates-build-env/linux@sha256:5ff2268d62e97bff2cde7d5815dd6ed5b47097566f13b8d0ca110b04b60e07ed" "/opt/rustwide/cargo-home/bin/cargo" "+1.69.0" "metadata" "--no-deps" "--format-version=1", kill_on_drop: false }`
[INFO] [stdout] 566dd1307da08b7c156155760369d570d323a4b6b9b8f11d287b9afb179cc0bf
[INFO] running `Command { std: "docker" "start" "-a" "566dd1307da08b7c156155760369d570d323a4b6b9b8f11d287b9afb179cc0bf", kill_on_drop: false }`
[INFO] running `Command { std: "docker" "inspect" "566dd1307da08b7c156155760369d570d323a4b6b9b8f11d287b9afb179cc0bf", kill_on_drop: false }`
[INFO] running `Command { std: "docker" "rm" "-f" "566dd1307da08b7c156155760369d570d323a4b6b9b8f11d287b9afb179cc0bf", kill_on_drop: false }`
[INFO] [stdout] 566dd1307da08b7c156155760369d570d323a4b6b9b8f11d287b9afb179cc0bf
[INFO] running `Command { std: "docker" "create" "-v" "/var/lib/crater-agent-workspace/builds/worker-2-tc1/target:/opt/rustwide/target:rw,Z" "-v" "/var/lib/crater-agent-workspace/builds/worker-2-tc1/source:/opt/rustwide/workdir:ro,Z" "-v" "/var/lib/crater-agent-workspace/cargo-home:/opt/rustwide/cargo-home:ro,Z" "-v" "/var/lib/crater-agent-workspace/rustup-home:/opt/rustwide/rustup-home:ro,Z" "-e" "SOURCE_DIR=/opt/rustwide/workdir" "-e" "CARGO_TARGET_DIR=/opt/rustwide/target" "-e" "CARGO_INCREMENTAL=0" "-e" "RUST_BACKTRACE=full" "-e" "RUSTFLAGS=--cap-lints=warn" "-e" "RUSTDOCFLAGS=--cap-lints=warn" "-e" "CARGO_HOME=/opt/rustwide/cargo-home" "-e" "RUSTUP_HOME=/opt/rustwide/rustup-home" "-w" "/opt/rustwide/workdir" "-m" "1610612736" "--user" "0:0" "--network" "none" "ghcr.io/rust-lang/crates-build-env/linux@sha256:5ff2268d62e97bff2cde7d5815dd6ed5b47097566f13b8d0ca110b04b60e07ed" "/opt/rustwide/cargo-home/bin/cargo" "+1.69.0" "build" "--frozen" "--message-format=json", kill_on_drop: false }`
[INFO] [stdout] 9721620157ba4e9be9329cd2873f6911c2f4d092da43fc2f9d8eae17ded53559
[INFO] running `Command { std: "docker" "start" "-a" "9721620157ba4e9be9329cd2873f6911c2f4d092da43fc2f9d8eae17ded53559", kill_on_drop: false }`
[INFO] [stderr]    Compiling futures-util v0.3.28
[INFO] [stderr]    Compiling syn v2.0.15
[INFO] [stderr]    Compiling tinyvec v1.6.0
[INFO] [stderr]    Compiling arrayvec v0.7.2
[INFO] [stderr]    Compiling thiserror-impl v1.0.40
[INFO] [stderr]    Compiling futures v0.3.28
[INFO] [stderr]    Compiling thiserror v1.0.40
[INFO] [stderr]    Compiling indicator v0.4.0-beta.0 (/opt/rustwide/workdir)
[INFO] [stderr]     Finished dev [unoptimized + debuginfo] target(s) in 4.51s
[INFO] running `Command { std: "docker" "inspect" "9721620157ba4e9be9329cd2873f6911c2f4d092da43fc2f9d8eae17ded53559", kill_on_drop: false }`
[INFO] running `Command { std: "docker" "rm" "-f" "9721620157ba4e9be9329cd2873f6911c2f4d092da43fc2f9d8eae17ded53559", kill_on_drop: false }`
[INFO] [stdout] 9721620157ba4e9be9329cd2873f6911c2f4d092da43fc2f9d8eae17ded53559
[INFO] running `Command { std: "docker" "create" "-v" "/var/lib/crater-agent-workspace/builds/worker-2-tc1/target:/opt/rustwide/target:rw,Z" "-v" "/var/lib/crater-agent-workspace/builds/worker-2-tc1/source:/opt/rustwide/workdir:ro,Z" "-v" "/var/lib/crater-agent-workspace/cargo-home:/opt/rustwide/cargo-home:ro,Z" "-v" "/var/lib/crater-agent-workspace/rustup-home:/opt/rustwide/rustup-home:ro,Z" "-e" "SOURCE_DIR=/opt/rustwide/workdir" "-e" "CARGO_TARGET_DIR=/opt/rustwide/target" "-e" "CARGO_INCREMENTAL=0" "-e" "RUST_BACKTRACE=full" "-e" "RUSTFLAGS=--cap-lints=warn" "-e" "RUSTDOCFLAGS=--cap-lints=warn" "-e" "CARGO_HOME=/opt/rustwide/cargo-home" "-e" "RUSTUP_HOME=/opt/rustwide/rustup-home" "-w" "/opt/rustwide/workdir" "-m" "1610612736" "--user" "0:0" "--network" "none" "ghcr.io/rust-lang/crates-build-env/linux@sha256:5ff2268d62e97bff2cde7d5815dd6ed5b47097566f13b8d0ca110b04b60e07ed" "/opt/rustwide/cargo-home/bin/cargo" "+1.69.0" "test" "--frozen" "--no-run" "--message-format=json", kill_on_drop: false }`
[INFO] [stdout] a3c97c93ea7f2665c96b56339035fc5a3c97240884ee7aaf991eee0334099ef1
[INFO] running `Command { std: "docker" "start" "-a" "a3c97c93ea7f2665c96b56339035fc5a3c97240884ee7aaf991eee0334099ef1", kill_on_drop: false }`
[INFO] [stderr]    Compiling serde v1.0.160
[INFO] [stderr]    Compiling parking_lot_core v0.9.7
[INFO] [stderr]    Compiling tracing-core v0.1.30
[INFO] [stderr]    Compiling rust_decimal v1.29.1
[INFO] [stderr]    Compiling regex-syntax v0.6.29
[INFO] [stderr]    Compiling time-macros v0.2.8
[INFO] [stderr]    Compiling tokio v1.28.0
[INFO] [stderr]    Compiling arrayvec v0.7.2
[INFO] [stderr]    Compiling anyhow v1.0.70
[INFO] [stderr]    Compiling regex-syntax v0.7.1
[INFO] [stderr]    Compiling overload v0.1.1
[INFO] [stderr]    Compiling nu-ansi-term v0.46.0
[INFO] [stderr]    Compiling time v0.3.20
[INFO] [stderr]    Compiling tracing v0.1.38
[INFO] [stderr]    Compiling tracing-log v0.1.3
[INFO] [stderr]    Compiling parking_lot v0.12.1
[INFO] [stderr]    Compiling sharded-slab v0.1.4
[INFO] [stderr]    Compiling mio v0.8.6
[INFO] [stderr]    Compiling thread_local v1.1.7
[INFO] [stderr]    Compiling signal-hook-registry v1.4.1
[INFO] [stderr]    Compiling regex-automata v0.1.10
[INFO] [stderr]    Compiling rust_decimal_macros v1.29.1
[INFO] [stderr]    Compiling regex v1.8.1
[INFO] [stderr]    Compiling matchers v0.1.0
[INFO] [stderr]    Compiling indicator v0.4.0-beta.0 (/opt/rustwide/workdir)
[INFO] [stderr]    Compiling tracing-subscriber v0.3.17
[INFO] [stderr]    Compiling serde_json v1.0.96
[INFO] [stdout] error[E0432]: unresolved import `indicator::async_operator`
[INFO] [stdout]  --> examples/async_ohlc.rs:4:5
[INFO] [stdout]   |
[INFO] [stdout] 4 |     async_operator::AsyncOperatorExt, facet_t, map, map_t, tumbling, IndicatorStreamExt, Operator,
[INFO] [stdout]   |     ^^^^^^^^^^^^^^ could not find `async_operator` in `indicator`
[INFO] [stdout] 
[INFO] [stdout] 
[INFO] [stdout] warning: unused import: `IndicatorStreamExt`
[INFO] [stdout]  --> examples/async_ohlc.rs:4:70
[INFO] [stdout]   |
[INFO] [stdout] 4 |     async_operator::AsyncOperatorExt, facet_t, map, map_t, tumbling, IndicatorStreamExt, Operator,
[INFO] [stdout]   |                                                                      ^^^^^^^^^^^^^^^^^^
[INFO] [stdout]   |
[INFO] [stdout]   = note: `#[warn(unused_imports)]` on by default
[INFO] [stdout] 
[INFO] [stdout] 
[INFO] [stdout] error[E0599]: no method named `async_indicator` found for struct `futures::stream::Iter` in the current scope
[INFO] [stdout]   --> examples/async_ohlc.rs:56:6
[INFO] [stdout]    |
[INFO] [stdout] 52 |       let mut stream = iter(
[INFO] [stdout]    |  ______________________-
[INFO] [stdout] 53 | |         data.into_iter()
[INFO] [stdout] 54 | |             .map(|(ts, value)| TickValue::new(ts, value)),
[INFO] [stdout] 55 | |     )
[INFO] [stdout] 56 | |     .async_indicator(
[INFO] [stdout]    | |     -^^^^^^^^^^^^^^^ method not found in `Iter<Map<IntoIter<(OffsetDateTime, Decimal)>, [closure@async_ohlc.rs:54:18]>>`
[INFO] [stdout]    | |_____|
[INFO] [stdout]    | 
[INFO] [stdout] 
[INFO] [stdout] 
[INFO] [stdout] error[E0599]: no method named `into_async_operator` found for opaque type `impl Operator<TickValue<Decimal>, Output = (Decimal, Decimal)>` in the current scope
[INFO] [stdout]   --> examples/async_ohlc.rs:57:12
[INFO] [stdout]    |
[INFO] [stdout] 57 |         op.into_async_operator()
[INFO] [stdout]    |            ^^^^^^^^^^^^^^^^^^^ method not found in `impl Operator<TickValue<Decimal>, Output = (Decimal, Decimal)>`
[INFO] [stdout] 
[INFO] [stdout] 
[INFO] [stdout] error[E0599]: no method named `into_async_operator` found for struct `indicator::operator::Map` in the current scope
[INFO] [stdout]   --> examples/async_ohlc.rs:58:78
[INFO] [stdout]    |
[INFO] [stdout] 58 |             .and_then(map(|(hl2, ohlc4): (Decimal, Decimal)| hl2.max(ohlc4)).into_async_operator())
[INFO] [stdout]    |                                                                              ^^^^^^^^^^^^^^^^^^^ method not found in `Map<[closure@async_ohlc.rs:58:27]>`
[INFO] [stdout] 
[INFO] [stdout] 
[INFO] [stdout] warning: unused import: `StreamExt`
[INFO] [stdout]  --> examples/async_ohlc.rs:2:29
[INFO] [stdout]   |
[INFO] [stdout] 2 | use futures::{stream::iter, StreamExt};
[INFO] [stdout]   |                             ^^^^^^^^^
[INFO] [stdout] 
[INFO] [stdout] 
[INFO] [stdout] error: aborting due to 4 previous errors; 2 warnings emitted
[INFO] [stdout] 
[INFO] [stdout] 
[INFO] [stdout] Some errors have detailed explanations: E0432, E0599.
[INFO] [stdout] 
[INFO] [stdout] For more information about an error, try `rustc --explain E0432`.
[INFO] [stdout] 
[INFO] [stderr] error: could not compile `indicator` due to 5 previous errors; 2 warnings emitted
[INFO] [stderr] warning: build failed, waiting for other jobs to finish...
[INFO] running `Command { std: "docker" "inspect" "a3c97c93ea7f2665c96b56339035fc5a3c97240884ee7aaf991eee0334099ef1", kill_on_drop: false }`
[INFO] running `Command { std: "docker" "rm" "-f" "a3c97c93ea7f2665c96b56339035fc5a3c97240884ee7aaf991eee0334099ef1", kill_on_drop: false }`
[INFO] [stdout] a3c97c93ea7f2665c96b56339035fc5a3c97240884ee7aaf991eee0334099ef1
