[INFO] fetching crate imgui-d3d12-renderer 0.8.5...
[INFO] testing imgui-d3d12-renderer-0.8.5 against 1.69.0 for beta-1.70-1
[INFO] extracting crate imgui-d3d12-renderer 0.8.5 into /workspace/builds/worker-4-tc1/source
[INFO] validating manifest of crates.io crate imgui-d3d12-renderer 0.8.5 on toolchain 1.69.0
[INFO] running `Command { std: CARGO_HOME="/workspace/cargo-home" RUSTUP_HOME="/workspace/rustup-home" "/workspace/cargo-home/bin/cargo" "+1.69.0" "metadata" "--manifest-path" "Cargo.toml" "--no-deps", kill_on_drop: false }`
[INFO] started tweaking crates.io crate imgui-d3d12-renderer 0.8.5
[INFO] finished tweaking crates.io crate imgui-d3d12-renderer 0.8.5
[INFO] tweaked toml for crates.io crate imgui-d3d12-renderer 0.8.5 written to /workspace/builds/worker-4-tc1/source/Cargo.toml
[INFO] crate crates.io crate imgui-d3d12-renderer 0.8.5 already has a lockfile, it will not be regenerated
[INFO] running `Command { std: CARGO_HOME="/workspace/cargo-home" RUSTUP_HOME="/workspace/rustup-home" "/workspace/cargo-home/bin/cargo" "+1.69.0" "fetch" "--manifest-path" "Cargo.toml", kill_on_drop: false }`
[INFO] [stderr]  Downloading crates ...
[INFO] [stderr]   Downloaded ab_glyph_rasterizer v0.1.5
[INFO] [stderr]   Downloaded x11-dl v2.19.1
[INFO] [stderr]   Downloaded libloading v0.7.1
[INFO] [stderr]   Downloaded libc v0.2.106
[INFO] [stderr]   Downloaded cexpr v0.5.0
[INFO] [stderr]   Downloaded bindgen v0.59.1
[INFO] [stderr]   Downloaded num_enum_derive v0.5.4
[INFO] [stderr]   Downloaded clang-sys v1.2.2
[INFO] [stderr]   Downloaded chlorine v1.0.7
[INFO] [stderr]   Downloaded regex v1.4.6
[INFO] [stderr]   Downloaded num_enum v0.5.4
[INFO] [stderr]   Downloaded simple_logger v1.13.0
[INFO] [stderr]   Downloaded xdg v2.4.0
[INFO] [stderr]   Downloaded minimal-lexical v0.1.4
[INFO] [stderr]   Downloaded nom v7.0.0
[INFO] [stderr]   Downloaded cc v1.0.71
[INFO] [stderr]   Downloaded hassle-rs v0.3.0
[INFO] [stderr]   Downloaded imgui-winit-support v0.8.0
[INFO] [stderr]   Downloaded imgui v0.8.0
[INFO] [stderr]   Downloaded rusty-d3d12 v0.5.1
[INFO] [stderr]   Downloaded imgui-sys v0.8.0
[INFO] running `Command { std: "docker" "create" "-v" "/var/lib/crater-agent-workspace/builds/worker-4-tc1/target:/opt/rustwide/target:rw,Z" "-v" "/var/lib/crater-agent-workspace/builds/worker-4-tc1/source:/opt/rustwide/workdir:ro,Z" "-v" "/var/lib/crater-agent-workspace/cargo-home:/opt/rustwide/cargo-home:ro,Z" "-v" "/var/lib/crater-agent-workspace/rustup-home:/opt/rustwide/rustup-home:ro,Z" "-e" "SOURCE_DIR=/opt/rustwide/workdir" "-e" "CARGO_TARGET_DIR=/opt/rustwide/target" "-e" "CARGO_HOME=/opt/rustwide/cargo-home" "-e" "RUSTUP_HOME=/opt/rustwide/rustup-home" "-w" "/opt/rustwide/workdir" "-m" "1610612736" "--user" "0:0" "--network" "none" "ghcr.io/rust-lang/crates-build-env/linux@sha256:5ff2268d62e97bff2cde7d5815dd6ed5b47097566f13b8d0ca110b04b60e07ed" "/opt/rustwide/cargo-home/bin/cargo" "+1.69.0" "metadata" "--no-deps" "--format-version=1", kill_on_drop: false }`
[INFO] [stdout] 1826dc3c7b5816f266336c07f7a515340bf1daf98aafadfc1aab4df07f39c3d0
[INFO] running `Command { std: "docker" "start" "-a" "1826dc3c7b5816f266336c07f7a515340bf1daf98aafadfc1aab4df07f39c3d0", kill_on_drop: false }`
[INFO] running `Command { std: "docker" "inspect" "1826dc3c7b5816f266336c07f7a515340bf1daf98aafadfc1aab4df07f39c3d0", kill_on_drop: false }`
[INFO] running `Command { std: "docker" "rm" "-f" "1826dc3c7b5816f266336c07f7a515340bf1daf98aafadfc1aab4df07f39c3d0", kill_on_drop: false }`
[INFO] [stdout] 1826dc3c7b5816f266336c07f7a515340bf1daf98aafadfc1aab4df07f39c3d0
[INFO] running `Command { std: "docker" "create" "-v" "/var/lib/crater-agent-workspace/builds/worker-4-tc1/target:/opt/rustwide/target:rw,Z" "-v" "/var/lib/crater-agent-workspace/builds/worker-4-tc1/source:/opt/rustwide/workdir:ro,Z" "-v" "/var/lib/crater-agent-workspace/cargo-home:/opt/rustwide/cargo-home:ro,Z" "-v" "/var/lib/crater-agent-workspace/rustup-home:/opt/rustwide/rustup-home:ro,Z" "-e" "SOURCE_DIR=/opt/rustwide/workdir" "-e" "CARGO_TARGET_DIR=/opt/rustwide/target" "-e" "CARGO_INCREMENTAL=0" "-e" "RUST_BACKTRACE=full" "-e" "RUSTFLAGS=--cap-lints=warn" "-e" "RUSTDOCFLAGS=--cap-lints=warn" "-e" "CARGO_HOME=/opt/rustwide/cargo-home" "-e" "RUSTUP_HOME=/opt/rustwide/rustup-home" "-w" "/opt/rustwide/workdir" "-m" "1610612736" "--user" "0:0" "--network" "none" "ghcr.io/rust-lang/crates-build-env/linux@sha256:5ff2268d62e97bff2cde7d5815dd6ed5b47097566f13b8d0ca110b04b60e07ed" "/opt/rustwide/cargo-home/bin/cargo" "+1.69.0" "build" "--frozen" "--message-format=json", kill_on_drop: false }`
[INFO] [stdout] c790094c501fe6032d83db51178341317cc99c75bf10a82f58cf6db51362c12c
[INFO] running `Command { std: "docker" "start" "-a" "c790094c501fe6032d83db51178341317cc99c75bf10a82f58cf6db51362c12c", kill_on_drop: false }`
[INFO] [stderr]     Blocking waiting for file lock on package cache
[INFO] [stderr]    Compiling libc v0.2.106
[INFO] [stderr]    Compiling cfg-if v1.0.0
[INFO] [stderr]    Compiling cc v1.0.71
[INFO] [stderr]    Compiling memchr v2.3.4
[INFO] [stderr]    Compiling proc-macro2 v1.0.32
[INFO] [stderr]    Compiling unicode-xid v0.2.2
[INFO] [stderr]    Compiling radium v0.5.3
[INFO] [stderr]    Compiling version_check v0.9.3
[INFO] [stderr]    Compiling glob v0.3.0
[INFO] [stderr]    Compiling tap v1.0.1
[INFO] [stderr]    Compiling funty v1.1.0
[INFO] [stderr]    Compiling nom v6.2.1
[INFO] [stderr]    Compiling bitflags v1.3.2
[INFO] [stderr]    Compiling clang-sys v1.2.2
[INFO] [stderr]    Compiling wyz v0.2.0
[INFO] [stderr]    Compiling log v0.4.14
[INFO] [stderr]    Compiling regex-syntax v0.6.25
[INFO] [stderr]    Compiling bitvec v0.19.5
[INFO] [stderr]    Compiling atty v0.2.14
[INFO] [stderr]    Compiling aho-corasick v0.7.15
[INFO] [stderr]    Compiling quote v1.0.10
[INFO] [stderr]    Compiling unicode-width v0.1.9
[INFO] [stderr]    Compiling textwrap v0.11.0
[INFO] [stderr]    Compiling libloading v0.7.1
[INFO] [stderr]    Compiling ansi_term v0.11.0
[INFO] [stderr]    Compiling bindgen v0.59.1
[INFO] [stderr]    Compiling syn v1.0.81
[INFO] [stderr]    Compiling vec_map v0.8.2
[INFO] [stderr]    Compiling strsim v0.8.0
[INFO] [stderr]    Compiling humantime v2.1.0
[INFO] [stderr]    Compiling termcolor v1.1.2
[INFO] [stderr]    Compiling clap v2.33.3
[INFO] [stderr]    Compiling libloading v0.5.2
[INFO] [stderr]    Compiling which v3.1.1
[INFO] [stderr]    Compiling lazycell v1.3.0
[INFO] [stderr]    Compiling com-rs v0.2.1
[INFO] [stderr]    Compiling shlex v1.1.0
[INFO] [stderr]    Compiling parking_lot_core v0.8.5
[INFO] [stderr]    Compiling lazy_static v1.4.0
[INFO] [stderr]    Compiling peeking_take_while v0.1.2
[INFO] [stderr]    Compiling winapi v0.3.9
[INFO] [stderr]    Compiling rustc-hash v1.1.0
[INFO] [stderr]    Compiling imgui-sys v0.8.0
[INFO] [stderr]    Compiling instant v0.1.12
[INFO] [stderr]    Compiling regex v1.4.6
[INFO] [stderr]    Compiling scopeguard v1.1.0
[INFO] [stderr]    Compiling smallvec v1.7.0
[INFO] [stderr]    Compiling autocfg v1.0.1
[INFO] [stderr]    Compiling env_logger v0.8.4
[INFO] [stderr]    Compiling memoffset v0.5.6
[INFO] [stderr]    Compiling lock_api v0.4.5
[INFO] [stderr]    Compiling chlorine v1.0.7
[INFO] [stderr]    Compiling hassle-rs v0.3.0
[INFO] [stderr]    Compiling parking_lot v0.11.2
[INFO] [stdout] error[E0433]: failed to resolve: could not find `shared` in `winapi`
[INFO] [stdout]  --> /opt/rustwide/cargo-home/registry/src/github.com-1ecc6299db9ec823/hassle-rs-0.3.0/src/ffi.rs:6:13
[INFO] [stdout]   |
[INFO] [stdout] 6 | use winapi::shared::ntdef::{LPCWSTR, LPWSTR};
[INFO] [stdout]   |             ^^^^^^ could not find `shared` in `winapi`
[INFO] [stdout] 
[INFO] [stdout] 
[INFO] [stdout] error[E0433]: failed to resolve: could not find `shared` in `winapi`
[INFO] [stdout]  --> /opt/rustwide/cargo-home/registry/src/github.com-1ecc6299db9ec823/hassle-rs-0.3.0/src/ffi.rs:7:13
[INFO] [stdout]   |
[INFO] [stdout] 7 | use winapi::shared::winerror::HRESULT;
[INFO] [stdout]   |             ^^^^^^ could not find `shared` in `winapi`
[INFO] [stdout] 
[INFO] [stdout] 
[INFO] [stdout] error[E0433]: failed to resolve: could not find `shared` in `winapi`
[INFO] [stdout]  --> /opt/rustwide/cargo-home/registry/src/github.com-1ecc6299db9ec823/hassle-rs-0.3.0/src/utils.rs:3:13
[INFO] [stdout]   |
[INFO] [stdout] 3 | use winapi::shared::ntdef::LPSTR;
[INFO] [stdout]   |             ^^^^^^ could not find `shared` in `winapi`
[INFO] [stdout] 
[INFO] [stdout] 
[INFO] [stdout] error[E0433]: failed to resolve: could not find `shared` in `winapi`
[INFO] [stdout]  --> /opt/rustwide/cargo-home/registry/src/github.com-1ecc6299db9ec823/hassle-rs-0.3.0/src/utils.rs:4:13
[INFO] [stdout]   |
[INFO] [stdout] 4 | use winapi::shared::ntdef::LPWSTR;
[INFO] [stdout]   |             ^^^^^^ could not find `shared` in `winapi`
[INFO] [stdout] 
[INFO] [stdout] 
[INFO] [stdout] error[E0433]: failed to resolve: could not find `shared` in `winapi`
[INFO] [stdout]  --> /opt/rustwide/cargo-home/registry/src/github.com-1ecc6299db9ec823/hassle-rs-0.3.0/src/utils.rs:5:13
[INFO] [stdout]   |
[INFO] [stdout] 5 | use winapi::shared::wtypes::BSTR;
[INFO] [stdout]   |             ^^^^^^ could not find `shared` in `winapi`
[INFO] [stdout] 
[INFO] [stdout] 
[INFO] [stdout] error[E0433]: failed to resolve: could not find `um` in `winapi`
[INFO] [stdout]  --> /opt/rustwide/cargo-home/registry/src/github.com-1ecc6299db9ec823/hassle-rs-0.3.0/src/utils.rs:6:13
[INFO] [stdout]   |
[INFO] [stdout] 6 | use winapi::um::oleauto::{SysFreeString, SysStringLen};
[INFO] [stdout]   |             ^^ could not find `um` in `winapi`
[INFO] [stdout] 
[INFO] [stdout] 
[INFO] [stdout] error[E0433]: failed to resolve: could not find `windows` in `os`
[INFO] [stdout]   --> /opt/rustwide/cargo-home/registry/src/github.com-1ecc6299db9ec823/hassle-rs-0.3.0/src/utils.rs:11:18
[INFO] [stdout]    |
[INFO] [stdout] 11 |     use std::os::windows::ffi::OsStrExt;
[INFO] [stdout]    |                  ^^^^^^^ could not find `windows` in `os`
[INFO] [stdout] 
[INFO] [stdout] 
[INFO] [stdout] error[E0433]: failed to resolve: could not find `windows` in `os`
[INFO] [stdout]   --> /opt/rustwide/cargo-home/registry/src/github.com-1ecc6299db9ec823/hassle-rs-0.3.0/src/utils.rs:19:18
[INFO] [stdout]    |
[INFO] [stdout] 19 |     use std::os::windows::ffi::OsStringExt;
[INFO] [stdout]    |                  ^^^^^^^ could not find `windows` in `os`
[INFO] [stdout] 
[INFO] [stdout] 
[INFO] [stdout] error[E0433]: failed to resolve: could not find `shared` in `winapi`
[INFO] [stdout]  --> /opt/rustwide/cargo-home/registry/src/github.com-1ecc6299db9ec823/hassle-rs-0.3.0/src/wrapper.rs:8:13
[INFO] [stdout]   |
[INFO] [stdout] 8 | use winapi::shared::ntdef::{LPCWSTR, LPWSTR};
[INFO] [stdout]   |             ^^^^^^ could not find `shared` in `winapi`
[INFO] [stdout] 
[INFO] [stdout] 
[INFO] [stdout] error[E0433]: failed to resolve: could not find `shared` in `winapi`
[INFO] [stdout]  --> /opt/rustwide/cargo-home/registry/src/github.com-1ecc6299db9ec823/hassle-rs-0.3.0/src/wrapper.rs:9:13
[INFO] [stdout]   |
[INFO] [stdout] 9 | use winapi::shared::winerror::HRESULT;
[INFO] [stdout]   |             ^^^^^^ could not find `shared` in `winapi`
[INFO] [stdout] 
[INFO] [stdout] 
[INFO] [stdout] error[E0433]: failed to resolve: could not find `shared` in `winapi`
[INFO] [stdout]  --> /opt/rustwide/cargo-home/registry/src/github.com-1ecc6299db9ec823/hassle-rs-0.3.0/src/intellisense/ffi.rs:2:13
[INFO] [stdout]   |
[INFO] [stdout] 2 | use winapi::shared::ntdef::{LPCSTR, LPSTR};
[INFO] [stdout]   |             ^^^^^^ could not find `shared` in `winapi`
[INFO] [stdout] 
[INFO] [stdout] 
[INFO] [stdout] error[E0433]: failed to resolve: could not find `shared` in `winapi`
[INFO] [stdout]  --> /opt/rustwide/cargo-home/registry/src/github.com-1ecc6299db9ec823/hassle-rs-0.3.0/src/intellisense/ffi.rs:3:13
[INFO] [stdout]   |
[INFO] [stdout] 3 | use winapi::shared::winerror::HRESULT;
[INFO] [stdout]   |             ^^^^^^ could not find `shared` in `winapi`
[INFO] [stdout] 
[INFO] [stdout] 
[INFO] [stdout] error[E0433]: failed to resolve: could not find `shared` in `winapi`
[INFO] [stdout]  --> /opt/rustwide/cargo-home/registry/src/github.com-1ecc6299db9ec823/hassle-rs-0.3.0/src/intellisense/ffi.rs:4:13
[INFO] [stdout]   |
[INFO] [stdout] 4 | use winapi::shared::wtypes::BSTR;
[INFO] [stdout]   |             ^^^^^^ could not find `shared` in `winapi`
[INFO] [stdout] 
[INFO] [stdout] 
[INFO] [stdout] error[E0433]: failed to resolve: could not find `shared` in `winapi`
[INFO] [stdout]  --> /opt/rustwide/cargo-home/registry/src/github.com-1ecc6299db9ec823/hassle-rs-0.3.0/src/intellisense/wrapper.rs:5:13
[INFO] [stdout]   |
[INFO] [stdout] 5 | use winapi::shared::ntdef::LPSTR;
[INFO] [stdout]   |             ^^^^^^ could not find `shared` in `winapi`
[INFO] [stdout] 
[INFO] [stdout] 
[INFO] [stdout] error[E0433]: failed to resolve: could not find `shared` in `winapi`
[INFO] [stdout]  --> /opt/rustwide/cargo-home/registry/src/github.com-1ecc6299db9ec823/hassle-rs-0.3.0/src/intellisense/wrapper.rs:6:13
[INFO] [stdout]   |
[INFO] [stdout] 6 | use winapi::shared::winerror::HRESULT;
[INFO] [stdout]   |             ^^^^^^ could not find `shared` in `winapi`
[INFO] [stdout] 
[INFO] [stdout] 
[INFO] [stdout] error[E0433]: failed to resolve: could not find `shared` in `winapi`
[INFO] [stdout]  --> /opt/rustwide/cargo-home/registry/src/github.com-1ecc6299db9ec823/hassle-rs-0.3.0/src/intellisense/wrapper.rs:7:13
[INFO] [stdout]   |
[INFO] [stdout] 7 | use winapi::shared::wtypes::BSTR;
[INFO] [stdout]   |             ^^^^^^ could not find `shared` in `winapi`
[INFO] [stdout] 
[INFO] [stdout] 
[INFO] [stdout] error[E0599]: no method named `encode_wide` found for reference `&OsStr` in the current scope
[INFO] [stdout]   --> /opt/rustwide/cargo-home/registry/src/github.com-1ecc6299db9ec823/hassle-rs-0.3.0/src/utils.rs:13:42
[INFO] [stdout]    |
[INFO] [stdout] 13 |     let wide: Vec<u16> = OsStr::new(msg).encode_wide().chain(once(0)).collect();
[INFO] [stdout]    |                                          ^^^^^^^^^^^ method not found in `&OsStr`
[INFO] [stdout] 
[INFO] [stdout] 
[INFO] [stdout] error[E0599]: no function or associated item named `from_wide` found for struct `OsString` in the current scope
[INFO] [stdout]   --> /opt/rustwide/cargo-home/registry/src/github.com-1ecc6299db9ec823/hassle-rs-0.3.0/src/utils.rs:23:15
[INFO] [stdout]    |
[INFO] [stdout] 23 |     OsString::from_wide(unsafe { std::slice::from_raw_parts(wide, len) })
[INFO] [stdout]    |               ^^^^^^^^^ function or associated item not found in `OsString`
[INFO] [stdout] 
[INFO] [stdout] 
[INFO] [stdout] error: aborting due to 18 previous errors
[INFO] [stdout] 
[INFO] [stdout] 
[INFO] [stdout] Some errors have detailed explanations: E0433, E0599.
[INFO] [stdout] 
[INFO] [stdout] For more information about an error, try `rustc --explain E0433`.
[INFO] [stdout] 
[INFO] [stderr] error: could not compile `hassle-rs` due to 19 previous errors
[INFO] [stderr] warning: build failed, waiting for other jobs to finish...
[INFO] running `Command { std: "docker" "inspect" "c790094c501fe6032d83db51178341317cc99c75bf10a82f58cf6db51362c12c", kill_on_drop: false }`
[INFO] running `Command { std: "docker" "rm" "-f" "c790094c501fe6032d83db51178341317cc99c75bf10a82f58cf6db51362c12c", kill_on_drop: false }`
[INFO] [stdout] c790094c501fe6032d83db51178341317cc99c75bf10a82f58cf6db51362c12c
