[INFO] fetching crate image-capture-core 0.1.5...
[INFO] testing image-capture-core-0.1.5 against 1.69.0 for beta-1.70-1
[INFO] extracting crate image-capture-core 0.1.5 into /workspace/builds/worker-0-tc1/source
[INFO] validating manifest of crates.io crate image-capture-core 0.1.5 on toolchain 1.69.0
[INFO] running `Command { std: CARGO_HOME="/workspace/cargo-home" RUSTUP_HOME="/workspace/rustup-home" "/workspace/cargo-home/bin/cargo" "+1.69.0" "metadata" "--manifest-path" "Cargo.toml" "--no-deps", kill_on_drop: false }`
[INFO] started tweaking crates.io crate image-capture-core 0.1.5
[INFO] finished tweaking crates.io crate image-capture-core 0.1.5
[INFO] tweaked toml for crates.io crate image-capture-core 0.1.5 written to /workspace/builds/worker-0-tc1/source/Cargo.toml
[INFO] crate crates.io crate image-capture-core 0.1.5 already has a lockfile, it will not be regenerated
[INFO] running `Command { std: CARGO_HOME="/workspace/cargo-home" RUSTUP_HOME="/workspace/rustup-home" "/workspace/cargo-home/bin/cargo" "+1.69.0" "fetch" "--manifest-path" "Cargo.toml", kill_on_drop: false }`
[INFO] [stderr]  Downloading crates ...
[INFO] [stderr]   Downloaded objc v0.2.6
[INFO] [stderr]   Downloaded cocoa v0.19.0
[INFO] running `Command { std: "docker" "create" "-v" "/var/lib/crater-agent-workspace/builds/worker-0-tc1/target:/opt/rustwide/target:rw,Z" "-v" "/var/lib/crater-agent-workspace/builds/worker-0-tc1/source:/opt/rustwide/workdir:ro,Z" "-v" "/var/lib/crater-agent-workspace/cargo-home:/opt/rustwide/cargo-home:ro,Z" "-v" "/var/lib/crater-agent-workspace/rustup-home:/opt/rustwide/rustup-home:ro,Z" "-e" "SOURCE_DIR=/opt/rustwide/workdir" "-e" "CARGO_TARGET_DIR=/opt/rustwide/target" "-e" "CARGO_HOME=/opt/rustwide/cargo-home" "-e" "RUSTUP_HOME=/opt/rustwide/rustup-home" "-w" "/opt/rustwide/workdir" "-m" "1610612736" "--user" "0:0" "--network" "none" "ghcr.io/rust-lang/crates-build-env/linux@sha256:5ff2268d62e97bff2cde7d5815dd6ed5b47097566f13b8d0ca110b04b60e07ed" "/opt/rustwide/cargo-home/bin/cargo" "+1.69.0" "metadata" "--no-deps" "--format-version=1", kill_on_drop: false }`
[INFO] [stdout] 2b7dfa04c79b3aa20a65eb5150bc22c0b82f30baea860df1bbee3d8c0b7920b1
[INFO] running `Command { std: "docker" "start" "-a" "2b7dfa04c79b3aa20a65eb5150bc22c0b82f30baea860df1bbee3d8c0b7920b1", kill_on_drop: false }`
[INFO] running `Command { std: "docker" "inspect" "2b7dfa04c79b3aa20a65eb5150bc22c0b82f30baea860df1bbee3d8c0b7920b1", kill_on_drop: false }`
[INFO] running `Command { std: "docker" "rm" "-f" "2b7dfa04c79b3aa20a65eb5150bc22c0b82f30baea860df1bbee3d8c0b7920b1", kill_on_drop: false }`
[INFO] [stdout] 2b7dfa04c79b3aa20a65eb5150bc22c0b82f30baea860df1bbee3d8c0b7920b1
[INFO] running `Command { std: "docker" "create" "-v" "/var/lib/crater-agent-workspace/builds/worker-0-tc1/target:/opt/rustwide/target:rw,Z" "-v" "/var/lib/crater-agent-workspace/builds/worker-0-tc1/source:/opt/rustwide/workdir:ro,Z" "-v" "/var/lib/crater-agent-workspace/cargo-home:/opt/rustwide/cargo-home:ro,Z" "-v" "/var/lib/crater-agent-workspace/rustup-home:/opt/rustwide/rustup-home:ro,Z" "-e" "SOURCE_DIR=/opt/rustwide/workdir" "-e" "CARGO_TARGET_DIR=/opt/rustwide/target" "-e" "CARGO_INCREMENTAL=0" "-e" "RUST_BACKTRACE=full" "-e" "RUSTFLAGS=--cap-lints=warn" "-e" "RUSTDOCFLAGS=--cap-lints=warn" "-e" "CARGO_HOME=/opt/rustwide/cargo-home" "-e" "RUSTUP_HOME=/opt/rustwide/rustup-home" "-w" "/opt/rustwide/workdir" "-m" "1610612736" "--user" "0:0" "--network" "none" "ghcr.io/rust-lang/crates-build-env/linux@sha256:5ff2268d62e97bff2cde7d5815dd6ed5b47097566f13b8d0ca110b04b60e07ed" "/opt/rustwide/cargo-home/bin/cargo" "+1.69.0" "build" "--frozen" "--message-format=json", kill_on_drop: false }`
[INFO] [stdout] fce5ebc417993dfbead02e92841536df1d39edd1c3558fd33f2c7de888f16242
[INFO] running `Command { std: "docker" "start" "-a" "fce5ebc417993dfbead02e92841536df1d39edd1c3558fd33f2c7de888f16242", kill_on_drop: false }`
[INFO] [stderr]    Compiling libc v0.2.62
[INFO] [stderr]    Compiling bitflags v1.1.0
[INFO] [stderr]    Compiling malloc_buf v0.0.6
[INFO] [stderr]    Compiling objc v0.2.6
[INFO] [stderr]    Compiling image-capture-core v0.1.5 (/opt/rustwide/workdir)
[INFO] [stderr]     Finished dev [unoptimized + debuginfo] target(s) in 1.99s
[INFO] running `Command { std: "docker" "inspect" "fce5ebc417993dfbead02e92841536df1d39edd1c3558fd33f2c7de888f16242", kill_on_drop: false }`
[INFO] running `Command { std: "docker" "rm" "-f" "fce5ebc417993dfbead02e92841536df1d39edd1c3558fd33f2c7de888f16242", kill_on_drop: false }`
[INFO] [stdout] fce5ebc417993dfbead02e92841536df1d39edd1c3558fd33f2c7de888f16242
[INFO] running `Command { std: "docker" "create" "-v" "/var/lib/crater-agent-workspace/builds/worker-0-tc1/target:/opt/rustwide/target:rw,Z" "-v" "/var/lib/crater-agent-workspace/builds/worker-0-tc1/source:/opt/rustwide/workdir:ro,Z" "-v" "/var/lib/crater-agent-workspace/cargo-home:/opt/rustwide/cargo-home:ro,Z" "-v" "/var/lib/crater-agent-workspace/rustup-home:/opt/rustwide/rustup-home:ro,Z" "-e" "SOURCE_DIR=/opt/rustwide/workdir" "-e" "CARGO_TARGET_DIR=/opt/rustwide/target" "-e" "CARGO_INCREMENTAL=0" "-e" "RUST_BACKTRACE=full" "-e" "RUSTFLAGS=--cap-lints=warn" "-e" "RUSTDOCFLAGS=--cap-lints=warn" "-e" "CARGO_HOME=/opt/rustwide/cargo-home" "-e" "RUSTUP_HOME=/opt/rustwide/rustup-home" "-w" "/opt/rustwide/workdir" "-m" "1610612736" "--user" "0:0" "--network" "none" "ghcr.io/rust-lang/crates-build-env/linux@sha256:5ff2268d62e97bff2cde7d5815dd6ed5b47097566f13b8d0ca110b04b60e07ed" "/opt/rustwide/cargo-home/bin/cargo" "+1.69.0" "test" "--frozen" "--no-run" "--message-format=json", kill_on_drop: false }`
[INFO] [stdout] 305181f89e0ad24fdbf5e4062778baafcb8c95cd1b26fb460e3af1f34891422f
[INFO] running `Command { std: "docker" "start" "-a" "305181f89e0ad24fdbf5e4062778baafcb8c95cd1b26fb460e3af1f34891422f", kill_on_drop: false }`
[INFO] [stderr]    Compiling image-capture-core v0.1.5 (/opt/rustwide/workdir)
[INFO] [stdout] error[E0463]: can't find crate for `cocoa`
[INFO] [stdout]  --> examples/list_devices.rs:1:1
[INFO] [stdout]   |
[INFO] [stdout] 1 | extern crate cocoa;
[INFO] [stdout]   | ^^^^^^^^^^^^^^^^^^^ can't find crate
[INFO] [stdout] 
[INFO] [stdout] 
[INFO] [stdout] error[E0432]: unresolved import `image_capture_core::device`
[INFO] [stdout]   --> examples/list_devices.rs:13:25
[INFO] [stdout]    |
[INFO] [stdout] 13 | use image_capture_core::device::{ICDevice, ICDeviceLocationTypeMask, ICDeviceTypeMask};
[INFO] [stdout]    |                         ^^^^^^ could not find `device` in `image_capture_core`
[INFO] [stdout] 
[INFO] [stdout] 
[INFO] [stdout] error[E0432]: unresolved import `image_capture_core::device_browser`
[INFO] [stdout]   --> examples/list_devices.rs:14:25
[INFO] [stdout]    |
[INFO] [stdout] 14 | use image_capture_core::device_browser::ICDeviceBrowser;
[INFO] [stdout]    |                         ^^^^^^^^^^^^^^ could not find `device_browser` in `image_capture_core`
[INFO] [stdout] 
[INFO] [stdout] 
[INFO] [stdout] error: aborting due to 3 previous errors
[INFO] [stdout] 
[INFO] [stdout] 
[INFO] [stdout] Some errors have detailed explanations: E0432, E0463.
[INFO] [stdout] 
[INFO] [stdout] For more information about an error, try `rustc --explain E0432`.
[INFO] [stdout] 
[INFO] [stderr] error: could not compile `image-capture-core` due to 4 previous errors
[INFO] [stderr] warning: build failed, waiting for other jobs to finish...
[INFO] running `Command { std: "docker" "inspect" "305181f89e0ad24fdbf5e4062778baafcb8c95cd1b26fb460e3af1f34891422f", kill_on_drop: false }`
[INFO] running `Command { std: "docker" "rm" "-f" "305181f89e0ad24fdbf5e4062778baafcb8c95cd1b26fb460e3af1f34891422f", kill_on_drop: false }`
[INFO] [stdout] 305181f89e0ad24fdbf5e4062778baafcb8c95cd1b26fb460e3af1f34891422f
