[INFO] fetching crate imag 0.10.1...
[INFO] testing imag-0.10.1 against 1.69.0 for beta-1.70-1
[INFO] extracting crate imag 0.10.1 into /workspace/builds/worker-5-tc1/source
[INFO] validating manifest of crates.io crate imag 0.10.1 on toolchain 1.69.0
[INFO] running `Command { std: CARGO_HOME="/workspace/cargo-home" RUSTUP_HOME="/workspace/rustup-home" "/workspace/cargo-home/bin/cargo" "+1.69.0" "metadata" "--manifest-path" "Cargo.toml" "--no-deps", kill_on_drop: false }`
[INFO] started tweaking crates.io crate imag 0.10.1
[INFO] finished tweaking crates.io crate imag 0.10.1
[INFO] tweaked toml for crates.io crate imag 0.10.1 written to /workspace/builds/worker-5-tc1/source/Cargo.toml
[INFO] crate crates.io crate imag 0.10.1 already has a lockfile, it will not be regenerated
[INFO] running `Command { std: CARGO_HOME="/workspace/cargo-home" RUSTUP_HOME="/workspace/rustup-home" "/workspace/cargo-home/bin/cargo" "+1.69.0" "fetch" "--manifest-path" "Cargo.toml", kill_on_drop: false }`
[INFO] [stderr]  Downloading crates ...
[INFO] [stderr]   Downloaded indoc v0.3.4
[INFO] [stderr]   Downloaded version v3.0.0
[INFO] [stderr]   Downloaded indoc-impl v0.3.4
[INFO] [stderr]   Downloaded charset v0.1.2
[INFO] [stderr]   Downloaded indicatif v0.12.0
[INFO] [stderr]   Downloaded darling v0.8.6
[INFO] [stderr]   Downloaded blake2b_simd v0.5.10
[INFO] [stderr]   Downloaded clicolors-control v1.0.1
[INFO] [stderr]   Downloaded console v0.9.2
[INFO] [stderr]   Downloaded plist v0.4.2
[INFO] [stderr]   Downloaded bincode v1.2.1
[INFO] [stderr]   Downloaded imag-create v0.10.1
[INFO] [stderr]   Downloaded gethostname v0.2.1
[INFO] [stderr]   Downloaded unindent v0.1.5
[INFO] [stderr]   Downloaded proc-macro-hack v0.5.11
[INFO] [stderr]   Downloaded regex-automata v0.1.8
[INFO] [stderr]   Downloaded prettytable-rs v0.8.0
[INFO] [stderr]   Downloaded miniz_oxide v0.3.6
[INFO] [stderr]   Downloaded onig v5.0.0
[INFO] [stderr]   Downloaded smallvec v0.6.13
[INFO] [stderr]   Downloaded redox_users v0.3.4
[INFO] [stderr]   Downloaded rust-argon2 v0.7.0
[INFO] [stderr]   Downloaded publicsuffix v1.5.4
[INFO] [stderr]   Downloaded libimagcalendar v0.10.1
[INFO] [stderr]   Downloaded chrono v0.4.10
[INFO] [stderr]   Downloaded futures v0.1.29
[INFO] [stderr]   Downloaded lock_api v0.3.3
[INFO] [stderr]   Downloaded failure v0.1.6
[INFO] [stderr]   Downloaded onig_sys v69.2.0
[INFO] [stderr]   Downloaded libimagentrydatetime v0.10.1
[INFO] [stderr]   Downloaded bstr v0.2.11
[INFO] [stderr]   Downloaded imag-gps v0.10.1
[INFO] [stderr]   Downloaded imag-id-in-collection v0.10.1
[INFO] [stderr]   Downloaded imag-init v0.10.1
[INFO] [stderr]   Downloaded toml-query_derive v0.9.2
[INFO] [stderr]   Downloaded filters v0.3.0
[INFO] [stderr]   Downloaded flate2 v1.0.13
[INFO] [stderr]   Downloaded libimagbookmark v0.10.1
[INFO] [stderr]   Downloaded imag-calendar v0.10.1
[INFO] [stderr]   Downloaded libimagentryannotation v0.10.1
[INFO] [stderr]   Downloaded libimagnotes v0.10.1
[INFO] [stderr]   Downloaded syntect v3.3.0
[INFO] [stderr]   Downloaded libimagcontact v0.10.1
[INFO] [stderr]   Downloaded libimagtodo v0.10.1
[INFO] [stderr]   Downloaded imag-ref v0.10.1
[INFO] [stderr]   Downloaded libimagentrymarkdown v0.10.1
[INFO] [stderr]   Downloaded interactor v0.1.1
[INFO] [stderr]   Downloaded imag-annotate v0.10.1
[INFO] [stderr]   Downloaded libimagtimeui v0.10.1
[INFO] [stderr]   Downloaded imag-link v0.10.1
[INFO] [stderr]   Downloaded option-inspect v0.1.0
[INFO] [stderr]   Downloaded libimagentryedit v0.10.1
[INFO] [stderr]   Downloaded libimagentrylink v0.10.1
[INFO] [stderr]   Downloaded libimagentryurl v0.10.1
[INFO] [stderr]   Downloaded imag-wiki v0.10.1
[INFO] [stderr]   Downloaded imag-grep v0.10.1
[INFO] [stderr]   Downloaded vobject v0.7.0
[INFO] [stderr]   Downloaded kairos v0.3.0
[INFO] [stderr]   Downloaded imag-diagnostics v0.10.1
[INFO] [stderr]   Downloaded libimaglog v0.10.1
[INFO] [stderr]   Downloaded imag-habit v0.10.1
[INFO] [stderr]   Downloaded imag-contact v0.10.1
[INFO] [stderr]   Downloaded iso8601 v0.2.0
[INFO] [stderr]   Downloaded imag-diary v0.10.1
[INFO] [stderr]   Downloaded libimaghabit v0.10.1
[INFO] [stderr]   Downloaded imag-todo v0.10.1
[INFO] [stderr]   Downloaded libimagstore v0.10.1
[INFO] [stderr]   Downloaded imag-view v0.10.1
[INFO] [stderr]   Downloaded imag-log v0.10.1
[INFO] [stderr]   Downloaded imag-ids v0.10.1
[INFO] [stderr]   Downloaded xdg-basedir v1.0.0
[INFO] [stderr]   Downloaded mailparse v0.8.2
[INFO] [stderr]   Downloaded libimagmail v0.10.1
[INFO] [stderr]   Downloaded imag-notes v0.10.1
[INFO] [stderr]   Downloaded libimagentryref v0.10.1
[INFO] [stderr]   Downloaded libimagentryview v0.10.1
[INFO] [stderr]   Downloaded libimagdiary v0.10.1
[INFO] [stderr]   Downloaded libimagerror v0.10.1
[INFO] [stderr]   Downloaded libimagwiki v0.10.1
[INFO] [stderr]   Downloaded imag-tag v0.10.1
[INFO] [stderr]   Downloaded imag-timetrack v0.10.1
[INFO] [stderr]   Downloaded libimaginteraction v0.10.1
[INFO] [stderr]   Downloaded imag-store v0.10.1
[INFO] [stderr]   Downloaded libimagrt v0.10.1
[INFO] [stderr]   Downloaded libimagentrytag v0.10.1
[INFO] [stderr]   Downloaded imag-mv v0.10.1
[INFO] [stderr]   Downloaded libimagtimetrack v0.10.1
[INFO] [stderr]   Downloaded libimagentryutil v0.10.1
[INFO] [stderr]   Downloaded libimagutil v0.10.1
[INFO] [stderr]   Downloaded toml-query v0.9.2
[INFO] [stderr]   Downloaded result-inspect v0.1.0
[INFO] [stderr]   Downloaded imag-mail v0.10.1
[INFO] [stderr]   Downloaded imag-edit v0.10.1
[INFO] [stderr]   Downloaded immeta v0.4.0
[INFO] [stderr]   Downloaded imag-bookmark v0.10.1
[INFO] [stderr]   Downloaded libimagentrygps v0.10.1
[INFO] [stderr]   Downloaded pulldown-cmark v0.4.1
[INFO] [stderr]   Downloaded reqwest v0.9.24
[INFO] [stderr]   Downloaded mdcat v0.13.0
[INFO] [stderr]   Downloaded memoffset v0.5.3
[INFO] [stderr]   Downloaded synstructure v0.12.3
[INFO] [stderr]   Downloaded hex v0.4.2
[INFO] [stderr]   Downloaded termios v0.3.1
[INFO] [stderr]   Downloaded failure_derive v0.1.6
[INFO] [stderr]   Downloaded hoedown v6.0.0
[INFO] [stderr]   Downloaded resiter v0.4.0
[INFO] [stderr]   Downloaded hashbrown v0.5.0
[INFO] [stderr]   Downloaded darling_macro v0.8.6
[INFO] [stderr]   Downloaded is-match v0.1.0
[INFO] [stderr]   Downloaded hyper v0.12.35
[INFO] [stderr]   Downloaded bindgen v0.50.1
[INFO] [stderr]   Downloaded error-chain v0.12.2
[INFO] [stderr]   Downloaded term_size v0.3.1
[INFO] [stderr]   Downloaded ucd-trie v0.1.2
[INFO] [stderr]   Downloaded pest_generator v2.1.2
[INFO] [stderr]   Downloaded number_prefix v0.3.0
[INFO] [stderr]   Downloaded handlebars v2.0.4
[INFO] [stderr]   Downloaded backtrace v0.3.44
[INFO] [stderr]   Downloaded quoted_printable v0.4.2
[INFO] [stderr]   Downloaded darling_core v0.8.6
[INFO] [stderr]   Downloaded aho-corasick v0.7.9
[INFO] [stderr]   Downloaded winapi-util v0.1.3
[INFO] running `Command { std: "docker" "create" "-v" "/var/lib/crater-agent-workspace/builds/worker-5-tc1/target:/opt/rustwide/target:rw,Z" "-v" "/var/lib/crater-agent-workspace/builds/worker-5-tc1/source:/opt/rustwide/workdir:ro,Z" "-v" "/var/lib/crater-agent-workspace/cargo-home:/opt/rustwide/cargo-home:ro,Z" "-v" "/var/lib/crater-agent-workspace/rustup-home:/opt/rustwide/rustup-home:ro,Z" "-e" "SOURCE_DIR=/opt/rustwide/workdir" "-e" "CARGO_TARGET_DIR=/opt/rustwide/target" "-e" "CARGO_HOME=/opt/rustwide/cargo-home" "-e" "RUSTUP_HOME=/opt/rustwide/rustup-home" "-w" "/opt/rustwide/workdir" "-m" "1610612736" "--user" "0:0" "--network" "none" "ghcr.io/rust-lang/crates-build-env/linux@sha256:5ff2268d62e97bff2cde7d5815dd6ed5b47097566f13b8d0ca110b04b60e07ed" "/opt/rustwide/cargo-home/bin/cargo" "+1.69.0" "metadata" "--no-deps" "--format-version=1", kill_on_drop: false }`
[INFO] [stdout] d02a447d26c04b7f3b7ec8873969e0d4ee6f8b1183a053312da332951a8181b3
[INFO] running `Command { std: "docker" "start" "-a" "d02a447d26c04b7f3b7ec8873969e0d4ee6f8b1183a053312da332951a8181b3", kill_on_drop: false }`
[INFO] running `Command { std: "docker" "inspect" "d02a447d26c04b7f3b7ec8873969e0d4ee6f8b1183a053312da332951a8181b3", kill_on_drop: false }`
[INFO] running `Command { std: "docker" "rm" "-f" "d02a447d26c04b7f3b7ec8873969e0d4ee6f8b1183a053312da332951a8181b3", kill_on_drop: false }`
[INFO] [stdout] d02a447d26c04b7f3b7ec8873969e0d4ee6f8b1183a053312da332951a8181b3
[INFO] running `Command { std: "docker" "create" "-v" "/var/lib/crater-agent-workspace/builds/worker-5-tc1/target:/opt/rustwide/target:rw,Z" "-v" "/var/lib/crater-agent-workspace/builds/worker-5-tc1/source:/opt/rustwide/workdir:ro,Z" "-v" "/var/lib/crater-agent-workspace/cargo-home:/opt/rustwide/cargo-home:ro,Z" "-v" "/var/lib/crater-agent-workspace/rustup-home:/opt/rustwide/rustup-home:ro,Z" "-e" "SOURCE_DIR=/opt/rustwide/workdir" "-e" "CARGO_TARGET_DIR=/opt/rustwide/target" "-e" "CARGO_INCREMENTAL=0" "-e" "RUST_BACKTRACE=full" "-e" "RUSTFLAGS=--cap-lints=warn" "-e" "RUSTDOCFLAGS=--cap-lints=warn" "-e" "CARGO_HOME=/opt/rustwide/cargo-home" "-e" "RUSTUP_HOME=/opt/rustwide/rustup-home" "-w" "/opt/rustwide/workdir" "-m" "1610612736" "--user" "0:0" "--network" "none" "ghcr.io/rust-lang/crates-build-env/linux@sha256:5ff2268d62e97bff2cde7d5815dd6ed5b47097566f13b8d0ca110b04b60e07ed" "/opt/rustwide/cargo-home/bin/cargo" "+1.69.0" "build" "--frozen" "--message-format=json", kill_on_drop: false }`
[INFO] [stdout] a226cabd79b8395bac07fd2b98a6f63654d7901057a43ac67a0ae71f803d4a93
[INFO] running `Command { std: "docker" "start" "-a" "a226cabd79b8395bac07fd2b98a6f63654d7901057a43ac67a0ae71f803d4a93", kill_on_drop: false }`
[INFO] [stderr]     Blocking waiting for file lock on package cache
[INFO] [stderr]    Compiling libc v0.2.67
[INFO] [stderr]    Compiling proc-macro2 v1.0.9
[INFO] [stderr]    Compiling syn v1.0.16
[INFO] [stderr]    Compiling autocfg v1.0.0
[INFO] [stderr]    Compiling serde v1.0.104
[INFO] [stderr]    Compiling cc v1.0.50
[INFO] [stderr]    Compiling log v0.4.8
[INFO] [stderr]    Compiling memchr v2.3.3
[INFO] [stderr]    Compiling semver-parser v0.7.0
[INFO] [stderr]    Compiling semver v0.9.0
[INFO] [stderr]    Compiling thread_local v1.0.1
[INFO] [stderr]    Compiling regex-syntax v0.6.14
[INFO] [stderr]    Compiling aho-corasick v0.7.9
[INFO] [stderr]    Compiling fnv v1.0.6
[INFO] [stderr]    Compiling failure_derive v0.1.6
[INFO] [stderr]    Compiling byteorder v1.3.4
[INFO] [stderr]    Compiling itoa v0.4.5
[INFO] [stderr]    Compiling smallvec v1.2.0
[INFO] [stderr]    Compiling quote v1.0.2
[INFO] [stderr]    Compiling backtrace-sys v0.1.32
[INFO] [stderr]    Compiling matches v0.1.8
[INFO] [stderr]    Compiling unicode-normalization v0.1.12
[INFO] [stderr]    Compiling unicode-bidi v0.3.4
[INFO] [stderr]    Compiling glob v0.3.0
[INFO] [stderr]    Compiling time v0.1.42
[INFO] [stderr]    Compiling either v1.5.3
[INFO] [stderr]    Compiling ryu v1.0.2
[INFO] [stderr]    Compiling num-traits v0.2.11
[INFO] [stderr]    Compiling syn v0.15.44
[INFO] [stderr]    Compiling getrandom v0.1.14
[INFO] [stderr]    Compiling backtrace v0.3.44
[INFO] [stderr]    Compiling idna v0.2.0
[INFO] [stderr]    Compiling num-integer v0.1.42
[INFO] [stderr]    Compiling regex v1.3.4
[INFO] [stderr]    Compiling url v2.1.1
[INFO] [stderr]    Compiling ident_case v1.0.1
[INFO] [stderr]    Compiling rand_core v0.5.1
[INFO] [stderr]    Compiling synstructure v0.12.3
[INFO] [stderr]    Compiling unicode-width v0.1.7
[INFO] [stderr]    Compiling same-file v1.0.6
[INFO] [stderr]    Compiling walkdir v2.3.1
[INFO] [stderr]    Compiling rand_chacha v0.2.1
[INFO] [stderr]    Compiling atty v0.2.14
[INFO] [stderr]    Compiling rand v0.7.3
[INFO] [stderr]    Compiling term_size v0.3.1
[INFO] [stderr]    Compiling quick-error v1.2.3
[INFO] [stderr]    Compiling boolinator v2.4.0
[INFO] [stderr]    Compiling is-match v0.1.0
[INFO] [stderr]    Compiling textwrap v0.11.0
[INFO] [stderr]    Compiling humantime v1.3.0
[INFO] [stderr]    Compiling termcolor v1.1.0
[INFO] [stderr]    Compiling clap v2.33.0
[INFO] [stderr]    Compiling itertools v0.8.2
[INFO] [stderr]    Compiling serde_derive v1.0.104
[INFO] [stderr]    Compiling tempfile v3.1.0
[INFO] [stderr]    Compiling ucd-trie v0.1.2
[INFO] [stderr]    Compiling pest v2.1.3
[INFO] [stderr]    Compiling maplit v1.0.2
[INFO] [stderr]    Compiling darling_core v0.8.6
[INFO] [stderr]    Compiling failure v0.1.6
[INFO] [stderr]    Compiling termios v0.3.1
[INFO] [stderr]    Compiling pest_meta v2.1.3
[INFO] [stderr]    Compiling interactor v0.1.1
[INFO] [stderr]    Compiling xdg-basedir v1.0.0
[INFO] [stderr]    Compiling rustc_version v0.2.3
[INFO] [stderr]    Compiling version_check v0.9.1
[INFO] [stderr]    Compiling filters v0.3.0
[INFO] [stderr]    Compiling crossbeam-utils v0.7.2
[INFO] [stderr]    Compiling pest_generator v2.1.2
[INFO] [stderr]    Compiling rand_core v0.4.2
[INFO] [stderr]    Compiling generic-array v0.12.3
[INFO] [stderr]    Compiling byte-tools v0.3.1
[INFO] [stderr]    Compiling futures v0.1.29
[INFO] [stderr]    Compiling block-padding v0.1.5
[INFO] [stderr]    Compiling maybe-uninit v2.0.0
[INFO] [stderr]    Compiling block-buffer v0.7.3
[INFO] [stderr]    Compiling digest v0.8.1
[INFO] [stderr]    Compiling pest_derive v2.1.0
[INFO] [stderr]    Compiling error-chain v0.12.2
[INFO] [stderr]    Compiling opaque-debug v0.2.3
[INFO] [stderr]    Compiling rand_core v0.3.1
[INFO] [stderr]    Compiling sha-1 v0.8.2
[INFO] [stderr]    Compiling iovec v0.1.4
[INFO] [stderr]    Compiling pkg-config v0.3.17
[INFO] [stderr]    Compiling scopeguard v1.1.0
[INFO] [stderr]    Compiling bytes v0.4.12
[INFO] [stderr]    Compiling rand_chacha v0.1.1
[INFO] [stderr]    Compiling rand_pcg v0.1.2
[INFO] [stderr]    Compiling memoffset v0.5.3
[INFO] [stderr]    Compiling resiter v0.4.0
[INFO] [stderr]    Compiling darling_macro v0.8.6
[INFO] [stderr]    Compiling rand v0.6.5
[INFO] [stderr]    Compiling num_cpus v1.12.0
[INFO] [stderr]    Compiling crossbeam-epoch v0.8.2
[INFO] [stderr]    Compiling rand_isaac v0.1.1
[INFO] [stderr]    Compiling rand_xorshift v0.1.1
[INFO] [stderr]    Compiling rand_hc v0.1.0
[INFO] [stderr]    Compiling rand_os v0.1.3
[INFO] [stderr]    Compiling rand_jitter v0.1.4
[INFO] [stderr]    Compiling slab v0.4.2
[INFO] [stderr]    Compiling version_check v0.1.5
[INFO] [stderr]    Compiling tokio-executor v0.1.10
[INFO] [stderr]    Compiling darling v0.8.6
[INFO] [stderr]    Compiling parking_lot_core v0.6.2
[INFO] [stderr]    Compiling toml-query_derive v0.9.2
[INFO] [stderr]    Compiling nom v4.2.3
[INFO] [stderr]    Compiling clang-sys v0.28.1
[INFO] [stderr]    Compiling libloading v0.5.2
[INFO] [stderr]    Compiling crossbeam-deque v0.7.3
[INFO] [stderr]    Compiling openssl-sys v0.9.54
[INFO] [stderr]    Compiling crossbeam-queue v0.2.1
[INFO] [stderr]    Compiling smallvec v0.6.13
[INFO] [stderr]    Compiling parking_lot v0.9.0
[INFO] [stderr]    Compiling hex v0.4.2
[INFO] [stderr]    Compiling lock_api v0.3.3
[INFO] [stderr]    Compiling unicase v2.6.0
[INFO] [stderr]    Compiling base64 v0.10.1
[INFO] [stderr] The following warnings were emitted during compilation:
[INFO] [stderr] 
[INFO] [stderr] warning: build/expando.c:4:24: error: pasting "RUST_VERSION_OPENSSL_" and "(" does not give a valid preprocessing token
[INFO] [stderr] warning:     4 | #define VERSION2(n, v) RUST_VERSION_##n##_##v
[INFO] [stderr] warning:       |                        ^~~~~~~~~~~~~
[INFO] [stderr] warning: build/expando.c:5:23: note: in expansion of macro 'VERSION2'
[INFO] [stderr] warning:     5 | #define VERSION(n, v) VERSION2(n, v)
[INFO] [stderr] warning:       |                       ^~~~~~~~
[INFO] [stderr] warning: build/expando.c:10:1: note: in expansion of macro 'VERSION'
[INFO] [stderr] warning:    10 | VERSION(OPENSSL, OPENSSL_VERSION_NUMBER)
[INFO] [stderr] warning:       | ^~~~~~~
[INFO] [stderr] 
[INFO] [stderr] error: failed to run custom build command for `openssl-sys v0.9.54`
[INFO] [stderr] note: To improve backtraces for build dependencies, set the CARGO_PROFILE_DEV_BUILD_OVERRIDE_DEBUG=true environment variable to enable debug information generation.
[INFO] [stderr] 
[INFO] [stderr] Caused by:
[INFO] [stderr]   process didn't exit successfully: `/opt/rustwide/target/debug/build/openssl-sys-073bf52b1b9e023a/build-script-main` (exit status: 101)
[INFO] [stderr]   --- stdout
[INFO] [stderr]   cargo:rustc-cfg=const_fn
[INFO] [stderr]   cargo:rerun-if-env-changed=X86_64_UNKNOWN_LINUX_GNU_OPENSSL_LIB_DIR
[INFO] [stderr]   X86_64_UNKNOWN_LINUX_GNU_OPENSSL_LIB_DIR unset
[INFO] [stderr]   cargo:rerun-if-env-changed=OPENSSL_LIB_DIR
[INFO] [stderr]   OPENSSL_LIB_DIR unset
[INFO] [stderr]   cargo:rerun-if-env-changed=X86_64_UNKNOWN_LINUX_GNU_OPENSSL_INCLUDE_DIR
[INFO] [stderr]   X86_64_UNKNOWN_LINUX_GNU_OPENSSL_INCLUDE_DIR unset
[INFO] [stderr]   cargo:rerun-if-env-changed=OPENSSL_INCLUDE_DIR
[INFO] [stderr]   OPENSSL_INCLUDE_DIR unset
[INFO] [stderr]   cargo:rerun-if-env-changed=X86_64_UNKNOWN_LINUX_GNU_OPENSSL_DIR
[INFO] [stderr]   X86_64_UNKNOWN_LINUX_GNU_OPENSSL_DIR unset
[INFO] [stderr]   cargo:rerun-if-env-changed=OPENSSL_DIR
[INFO] [stderr]   OPENSSL_DIR unset
[INFO] [stderr]   cargo:rustc-link-lib=ssl
[INFO] [stderr]   cargo:rustc-link-lib=crypto
[INFO] [stderr]   OPT_LEVEL = Some("0")
[INFO] [stderr]   TARGET = Some("x86_64-unknown-linux-gnu")
[INFO] [stderr]   HOST = Some("x86_64-unknown-linux-gnu")
[INFO] [stderr]   CC_x86_64-unknown-linux-gnu = None
[INFO] [stderr]   CC_x86_64_unknown_linux_gnu = None
[INFO] [stderr]   HOST_CC = None
[INFO] [stderr]   CC = None
[INFO] [stderr]   CFLAGS_x86_64-unknown-linux-gnu = None
[INFO] [stderr]   CFLAGS_x86_64_unknown_linux_gnu = None
[INFO] [stderr]   HOST_CFLAGS = None
[INFO] [stderr]   CFLAGS = None
[INFO] [stderr]   CRATE_CC_NO_DEFAULTS = None
[INFO] [stderr]   DEBUG = Some("false")
[INFO] [stderr]   CARGO_CFG_TARGET_FEATURE = Some("fxsr,sse,sse2")
[INFO] [stderr]   running: "cc" "-O0" "-ffunction-sections" "-fdata-sections" "-fPIC" "-m64" "-I" "/usr/include" "-Wall" "-Wextra" "-E" "build/expando.c"
[INFO] [stderr]   cargo:warning=build/expando.c:4:24: error: pasting "RUST_VERSION_OPENSSL_" and "(" does not give a valid preprocessing token
[INFO] [stderr]   cargo:warning=    4 | #define VERSION2(n, v) RUST_VERSION_##n##_##v
[INFO] [stderr]   cargo:warning=      |                        ^~~~~~~~~~~~~
[INFO] [stderr]   cargo:warning=build/expando.c:5:23: note: in expansion of macro 'VERSION2'
[INFO] [stderr]   cargo:warning=    5 | #define VERSION(n, v) VERSION2(n, v)
[INFO] [stderr]   cargo:warning=      |                       ^~~~~~~~
[INFO] [stderr]   cargo:warning=build/expando.c:10:1: note: in expansion of macro 'VERSION'
[INFO] [stderr]   cargo:warning=   10 | VERSION(OPENSSL, OPENSSL_VERSION_NUMBER)
[INFO] [stderr]   cargo:warning=      | ^~~~~~~
[INFO] [stderr]   exit status: 1
[INFO] [stderr] 
[INFO] [stderr]   --- stderr
[INFO] [stderr]   thread 'main' panicked at '
[INFO] [stderr]   Header expansion error:
[INFO] [stderr]   Error { kind: ToolExecError, message: "Command \"cc\" \"-O0\" \"-ffunction-sections\" \"-fdata-sections\" \"-fPIC\" \"-m64\" \"-I\" \"/usr/include\" \"-Wall\" \"-Wextra\" \"-E\" \"build/expando.c\" with args \"cc\" did not execute successfully (status code exit status: 1)." }
[INFO] [stderr] 
[INFO] [stderr]   Failed to find OpenSSL development headers.
[INFO] [stderr] 
[INFO] [stderr]   You can try fixing this setting the `OPENSSL_DIR` environment variable
[INFO] [stderr]   pointing to your OpenSSL installation or installing OpenSSL headers package
[INFO] [stderr]   specific to your distribution:
[INFO] [stderr] 
[INFO] [stderr]       # On Ubuntu
[INFO] [stderr]       sudo apt-get install libssl-dev
[INFO] [stderr]       # On Arch Linux
[INFO] [stderr]       sudo pacman -S openssl
[INFO] [stderr]       # On Fedora
[INFO] [stderr]       sudo dnf install openssl-devel
[INFO] [stderr] 
[INFO] [stderr]   See rust-openssl README for more information:
[INFO] [stderr] 
[INFO] [stderr]       https://github.com/sfackler/rust-openssl#linux
[INFO] [stderr]   ', /opt/rustwide/cargo-home/registry/src/github.com-1ecc6299db9ec823/openssl-sys-0.9.54/build/main.rs:126:13
[INFO] [stderr]   stack backtrace:
[INFO] [stderr]      0:     0x55c3c7d3996a - std::backtrace_rs::backtrace::libunwind::trace::ha9053a9a07ca49cb
[INFO] [stderr]                                  at /rustc/84c898d65adf2f39a5a98507f1fe0ce10a2b8dbc/library/std/src/../../backtrace/src/backtrace/libunwind.rs:93:5
[INFO] [stderr]      1:     0x55c3c7d3996a - std::backtrace_rs::backtrace::trace_unsynchronized::h9c2852a457ad564e
[INFO] [stderr]                                  at /rustc/84c898d65adf2f39a5a98507f1fe0ce10a2b8dbc/library/std/src/../../backtrace/src/backtrace/mod.rs:66:5
[INFO] [stderr]      2:     0x55c3c7d3996a - std::sys_common::backtrace::_print_fmt::h457936fbfaa0070f
[INFO] [stderr]                                  at /rustc/84c898d65adf2f39a5a98507f1fe0ce10a2b8dbc/library/std/src/sys_common/backtrace.rs:65:5
[INFO] [stderr]      3:     0x55c3c7d3996a - <std::sys_common::backtrace::_print::DisplayBacktrace as core::fmt::Display>::fmt::h5779d7bf7f70cb0c
[INFO] [stderr]                                  at /rustc/84c898d65adf2f39a5a98507f1fe0ce10a2b8dbc/library/std/src/sys_common/backtrace.rs:44:22
[INFO] [stderr]      4:     0x55c3c7d59abe - core::fmt::write::h5a4baaff1bcd3eb5
[INFO] [stderr]                                  at /rustc/84c898d65adf2f39a5a98507f1fe0ce10a2b8dbc/library/core/src/fmt/mod.rs:1232:17
[INFO] [stderr]      5:     0x55c3c7d36e55 - std::io::Write::write_fmt::h4bc1f301cb9e9cce
[INFO] [stderr]                                  at /rustc/84c898d65adf2f39a5a98507f1fe0ce10a2b8dbc/library/std/src/io/mod.rs:1684:15
[INFO] [stderr]      6:     0x55c3c7d39735 - std::sys_common::backtrace::_print::h5fcdc36060f177e8
[INFO] [stderr]                                  at /rustc/84c898d65adf2f39a5a98507f1fe0ce10a2b8dbc/library/std/src/sys_common/backtrace.rs:47:5
[INFO] [stderr]      7:     0x55c3c7d39735 - std::sys_common::backtrace::print::h54ca9458b876c8bf
[INFO] [stderr]                                  at /rustc/84c898d65adf2f39a5a98507f1fe0ce10a2b8dbc/library/std/src/sys_common/backtrace.rs:34:9
[INFO] [stderr]      8:     0x55c3c7d3b10f - std::panicking::default_hook::{{closure}}::hbe471161c7664ed6
[INFO] [stderr]                                  at /rustc/84c898d65adf2f39a5a98507f1fe0ce10a2b8dbc/library/std/src/panicking.rs:271:22
[INFO] [stderr]      9:     0x55c3c7d3ae4b - std::panicking::default_hook::ha3500da57aa4ac4f
[INFO] [stderr]                                  at /rustc/84c898d65adf2f39a5a98507f1fe0ce10a2b8dbc/library/std/src/panicking.rs:290:9
[INFO] [stderr]     10:     0x55c3c7d3b6b8 - std::panicking::rust_panic_with_hook::h50c09d000dc561d2
[INFO] [stderr]                                  at /rustc/84c898d65adf2f39a5a98507f1fe0ce10a2b8dbc/library/std/src/panicking.rs:692:13
[INFO] [stderr]     11:     0x55c3c7d3b5b9 - std::panicking::begin_panic_handler::{{closure}}::h9e2b2176e00e0d9c
[INFO] [stderr]                                  at /rustc/84c898d65adf2f39a5a98507f1fe0ce10a2b8dbc/library/std/src/panicking.rs:583:13
[INFO] [stderr]     12:     0x55c3c7d39dd6 - std::sys_common::backtrace::__rust_end_short_backtrace::h5739b8e512c09d02
[INFO] [stderr]                                  at /rustc/84c898d65adf2f39a5a98507f1fe0ce10a2b8dbc/library/std/src/sys_common/backtrace.rs:150:18
[INFO] [stderr]     13:     0x55c3c7d3b2c2 - rust_begin_unwind
[INFO] [stderr]                                  at /rustc/84c898d65adf2f39a5a98507f1fe0ce10a2b8dbc/library/std/src/panicking.rs:579:5
[INFO] [stderr]     14:     0x55c3c7ca57c3 - core::panicking::panic_fmt::hf33a1475b4dc5c3e
[INFO] [stderr]                                  at /rustc/84c898d65adf2f39a5a98507f1fe0ce10a2b8dbc/library/core/src/panicking.rs:64:14
[INFO] [stderr]     15:     0x55c3c7cacb18 - build_script_main::validate_headers::h9cf78d19c809f744
[INFO] [stderr]     16:     0x55c3c7cb1eb6 - build_script_main::find::try_pkg_config::h142811efe803aa74
[INFO] [stderr]     17:     0x55c3c7cb0c56 - build_script_main::find::find_openssl_dir::he55dc16aa298ad3f
[INFO] [stderr]     18:     0x55c3c7cb0aa2 - build_script_main::find::get_openssl::{{closure}}::hddd594d52c316956
[INFO] [stderr]     19:     0x55c3c7caf59a - core::option::Option<T>::unwrap_or_else::hdcdee239b65fb569
[INFO] [stderr]     20:     0x55c3c7cb07a0 - build_script_main::find::get_openssl::hf8f6675859911104
[INFO] [stderr]     21:     0x55c3c7cab975 - build_script_main::main::h2ce5866053984e9b
[INFO] [stderr]     22:     0x55c3c7cb27d3 - core::ops::function::FnOnce::call_once::hac3e2fca89e3bb27
[INFO] [stderr]     23:     0x55c3c7ca8f99 - std::sys_common::backtrace::__rust_begin_short_backtrace::hf0e04ded0f1d3bfa
[INFO] [stderr]     24:     0x55c3c7caf2e9 - std::rt::lang_start::{{closure}}::hfd2fb9fabd8cd9e2
[INFO] [stderr]     25:     0x55c3c7d3377c - core::ops::function::impls::<impl core::ops::function::FnOnce<A> for &F>::call_once::hd6efcd3bec896f2c
[INFO] [stderr]                                  at /rustc/84c898d65adf2f39a5a98507f1fe0ce10a2b8dbc/library/core/src/ops/function.rs:287:13
[INFO] [stderr]     26:     0x55c3c7d3377c - std::panicking::try::do_call::hce04e543bb1f4cbb
[INFO] [stderr]                                  at /rustc/84c898d65adf2f39a5a98507f1fe0ce10a2b8dbc/library/std/src/panicking.rs:487:40
[INFO] [stderr]     27:     0x55c3c7d3377c - std::panicking::try::h3342dd4e1f680968
[INFO] [stderr]                                  at /rustc/84c898d65adf2f39a5a98507f1fe0ce10a2b8dbc/library/std/src/panicking.rs:451:19
[INFO] [stderr]     28:     0x55c3c7d3377c - std::panic::catch_unwind::h148ce1e59ac0cee7
[INFO] [stderr]                                  at /rustc/84c898d65adf2f39a5a98507f1fe0ce10a2b8dbc/library/std/src/panic.rs:140:14
[INFO] [stderr]     29:     0x55c3c7d3377c - std::rt::lang_start_internal::{{closure}}::h25f9dda2057a67fe
[INFO] [stderr]                                  at /rustc/84c898d65adf2f39a5a98507f1fe0ce10a2b8dbc/library/std/src/rt.rs:148:48
[INFO] [stderr]     30:     0x55c3c7d3377c - std::panicking::try::do_call::h7caaaeaf9401650b
[INFO] [stderr]                                  at /rustc/84c898d65adf2f39a5a98507f1fe0ce10a2b8dbc/library/std/src/panicking.rs:487:40
[INFO] [stderr]     31:     0x55c3c7d3377c - std::panicking::try::he7d15285746cbbc2
[INFO] [stderr]                                  at /rustc/84c898d65adf2f39a5a98507f1fe0ce10a2b8dbc/library/std/src/panicking.rs:451:19
[INFO] [stderr]     32:     0x55c3c7d3377c - std::panic::catch_unwind::h89fb4f50c0301fe0
[INFO] [stderr]                                  at /rustc/84c898d65adf2f39a5a98507f1fe0ce10a2b8dbc/library/std/src/panic.rs:140:14
[INFO] [stderr]     33:     0x55c3c7d3377c - std::rt::lang_start_internal::h078acd489417d3c1
[INFO] [stderr]                                  at /rustc/84c898d65adf2f39a5a98507f1fe0ce10a2b8dbc/library/std/src/rt.rs:148:20
[INFO] [stderr]     34:     0x55c3c7caf2c7 - std::rt::lang_start::ha719aaf1bb489298
[INFO] [stderr]     35:     0x55c3c7cae935 - main
[INFO] [stderr]     36:     0x7f1dc41f8d90 - <unknown>
[INFO] [stderr]     37:     0x7f1dc41f8e40 - __libc_start_main
[INFO] [stderr]     38:     0x55c3c7ca5d45 - _start
[INFO] [stderr]     39:                0x0 - <unknown>
[INFO] [stderr] warning: build failed, waiting for other jobs to finish...
[INFO] running `Command { std: "docker" "inspect" "a226cabd79b8395bac07fd2b98a6f63654d7901057a43ac67a0ae71f803d4a93", kill_on_drop: false }`
[INFO] running `Command { std: "docker" "rm" "-f" "a226cabd79b8395bac07fd2b98a6f63654d7901057a43ac67a0ae71f803d4a93", kill_on_drop: false }`
[INFO] [stdout] a226cabd79b8395bac07fd2b98a6f63654d7901057a43ac67a0ae71f803d4a93
