[INFO] fetching crate id3 1.7.0...
[INFO] testing id3-1.7.0 against beta-2023-04-20 for beta-1.70-1
[INFO] extracting crate id3 1.7.0 into /workspace/builds/worker-3-tc2/source
[INFO] validating manifest of crates.io crate id3 1.7.0 on toolchain beta-2023-04-20
[INFO] running `Command { std: CARGO_HOME="/workspace/cargo-home" RUSTUP_HOME="/workspace/rustup-home" "/workspace/cargo-home/bin/cargo" "+beta-2023-04-20" "metadata" "--manifest-path" "Cargo.toml" "--no-deps", kill_on_drop: false }`
[INFO] started tweaking crates.io crate id3 1.7.0
[INFO] finished tweaking crates.io crate id3 1.7.0
[INFO] tweaked toml for crates.io crate id3 1.7.0 written to /workspace/builds/worker-3-tc2/source/Cargo.toml
[INFO] running `Command { std: CARGO_HOME="/workspace/cargo-home" RUSTUP_HOME="/workspace/rustup-home" __CARGO_TEST_CHANNEL_OVERRIDE_DO_NOT_USE_THIS="nightly" "/workspace/cargo-home/bin/cargo" "+beta-2023-04-20" "generate-lockfile" "--manifest-path" "Cargo.toml" "-Zno-index-update", kill_on_drop: false }`
[INFO] running `Command { std: CARGO_HOME="/workspace/cargo-home" RUSTUP_HOME="/workspace/rustup-home" "/workspace/cargo-home/bin/cargo" "+beta-2023-04-20" "fetch" "--manifest-path" "Cargo.toml", kill_on_drop: false }`
[INFO] [stderr]  Downloading crates ...
[INFO] [stderr]   Downloaded bitflags v2.2.1
[INFO] running `Command { std: "docker" "create" "-v" "/var/lib/crater-agent-workspace/builds/worker-3-tc2/target:/opt/rustwide/target:rw,Z" "-v" "/var/lib/crater-agent-workspace/builds/worker-3-tc2/source:/opt/rustwide/workdir:ro,Z" "-v" "/var/lib/crater-agent-workspace/cargo-home:/opt/rustwide/cargo-home:ro,Z" "-v" "/var/lib/crater-agent-workspace/rustup-home:/opt/rustwide/rustup-home:ro,Z" "-e" "SOURCE_DIR=/opt/rustwide/workdir" "-e" "CARGO_TARGET_DIR=/opt/rustwide/target" "-e" "CARGO_HOME=/opt/rustwide/cargo-home" "-e" "RUSTUP_HOME=/opt/rustwide/rustup-home" "-w" "/opt/rustwide/workdir" "-m" "1610612736" "--user" "0:0" "--network" "none" "ghcr.io/rust-lang/crates-build-env/linux@sha256:5ff2268d62e97bff2cde7d5815dd6ed5b47097566f13b8d0ca110b04b60e07ed" "/opt/rustwide/cargo-home/bin/cargo" "+beta-2023-04-20" "metadata" "--no-deps" "--format-version=1", kill_on_drop: false }`
[INFO] [stdout] 60e3aa723933515ed59bc10c1ff297ce8625d3e217bbf6add8ae82fc99b22a49
[INFO] running `Command { std: "docker" "start" "-a" "60e3aa723933515ed59bc10c1ff297ce8625d3e217bbf6add8ae82fc99b22a49", kill_on_drop: false }`
[INFO] running `Command { std: "docker" "inspect" "60e3aa723933515ed59bc10c1ff297ce8625d3e217bbf6add8ae82fc99b22a49", kill_on_drop: false }`
[INFO] running `Command { std: "docker" "rm" "-f" "60e3aa723933515ed59bc10c1ff297ce8625d3e217bbf6add8ae82fc99b22a49", kill_on_drop: false }`
[INFO] [stdout] 60e3aa723933515ed59bc10c1ff297ce8625d3e217bbf6add8ae82fc99b22a49
[INFO] running `Command { std: "docker" "create" "-v" "/var/lib/crater-agent-workspace/builds/worker-3-tc2/target:/opt/rustwide/target:rw,Z" "-v" "/var/lib/crater-agent-workspace/builds/worker-3-tc2/source:/opt/rustwide/workdir:ro,Z" "-v" "/var/lib/crater-agent-workspace/cargo-home:/opt/rustwide/cargo-home:ro,Z" "-v" "/var/lib/crater-agent-workspace/rustup-home:/opt/rustwide/rustup-home:ro,Z" "-e" "SOURCE_DIR=/opt/rustwide/workdir" "-e" "CARGO_TARGET_DIR=/opt/rustwide/target" "-e" "CARGO_INCREMENTAL=0" "-e" "RUST_BACKTRACE=full" "-e" "RUSTFLAGS=--cap-lints=warn" "-e" "RUSTDOCFLAGS=--cap-lints=warn" "-e" "CARGO_HOME=/opt/rustwide/cargo-home" "-e" "RUSTUP_HOME=/opt/rustwide/rustup-home" "-w" "/opt/rustwide/workdir" "-m" "1610612736" "--user" "0:0" "--network" "none" "ghcr.io/rust-lang/crates-build-env/linux@sha256:5ff2268d62e97bff2cde7d5815dd6ed5b47097566f13b8d0ca110b04b60e07ed" "/opt/rustwide/cargo-home/bin/cargo" "+beta-2023-04-20" "build" "--frozen" "--message-format=json", kill_on_drop: false }`
[INFO] [stdout] dead4afdbb869d192e3f9be87205234079dbeb825e24b30c07a1474eebdd75eb
[INFO] running `Command { std: "docker" "start" "-a" "dead4afdbb869d192e3f9be87205234079dbeb825e24b30c07a1474eebdd75eb", kill_on_drop: false }`
[INFO] [stderr]    Compiling crc32fast v1.3.2
[INFO] [stderr]    Compiling adler v1.0.2
[INFO] [stderr]    Compiling cfg-if v1.0.0
[INFO] [stderr]    Compiling byteorder v1.4.3
[INFO] [stderr]    Compiling bitflags v2.2.1
[INFO] [stderr]    Compiling miniz_oxide v0.7.1
[INFO] [stderr]    Compiling flate2 v1.0.26
[INFO] [stderr]    Compiling id3 v1.7.0 (/opt/rustwide/workdir)
[INFO] [stderr]     Finished dev [unoptimized + debuginfo] target(s) in 2.08s
[INFO] running `Command { std: "docker" "inspect" "dead4afdbb869d192e3f9be87205234079dbeb825e24b30c07a1474eebdd75eb", kill_on_drop: false }`
[INFO] running `Command { std: "docker" "rm" "-f" "dead4afdbb869d192e3f9be87205234079dbeb825e24b30c07a1474eebdd75eb", kill_on_drop: false }`
[INFO] [stdout] dead4afdbb869d192e3f9be87205234079dbeb825e24b30c07a1474eebdd75eb
[INFO] running `Command { std: "docker" "create" "-v" "/var/lib/crater-agent-workspace/builds/worker-3-tc2/target:/opt/rustwide/target:rw,Z" "-v" "/var/lib/crater-agent-workspace/builds/worker-3-tc2/source:/opt/rustwide/workdir:ro,Z" "-v" "/var/lib/crater-agent-workspace/cargo-home:/opt/rustwide/cargo-home:ro,Z" "-v" "/var/lib/crater-agent-workspace/rustup-home:/opt/rustwide/rustup-home:ro,Z" "-e" "SOURCE_DIR=/opt/rustwide/workdir" "-e" "CARGO_TARGET_DIR=/opt/rustwide/target" "-e" "CARGO_INCREMENTAL=0" "-e" "RUST_BACKTRACE=full" "-e" "RUSTFLAGS=--cap-lints=warn" "-e" "RUSTDOCFLAGS=--cap-lints=warn" "-e" "CARGO_HOME=/opt/rustwide/cargo-home" "-e" "RUSTUP_HOME=/opt/rustwide/rustup-home" "-w" "/opt/rustwide/workdir" "-m" "1610612736" "--user" "0:0" "--network" "none" "ghcr.io/rust-lang/crates-build-env/linux@sha256:5ff2268d62e97bff2cde7d5815dd6ed5b47097566f13b8d0ca110b04b60e07ed" "/opt/rustwide/cargo-home/bin/cargo" "+beta-2023-04-20" "test" "--frozen" "--no-run" "--message-format=json", kill_on_drop: false }`
[INFO] [stdout] 14246fa1e0ff8d584a5d72325ba020121a3c1018cc730555676bf07910bb1258
[INFO] running `Command { std: "docker" "start" "-a" "14246fa1e0ff8d584a5d72325ba020121a3c1018cc730555676bf07910bb1258", kill_on_drop: false }`
[INFO] [stderr]    Compiling libc v0.2.142
[INFO] [stderr]    Compiling io-lifetimes v1.0.10
[INFO] [stderr]    Compiling rustix v0.37.18
[INFO] [stderr]    Compiling linux-raw-sys v0.3.6
[INFO] [stderr]    Compiling bitflags v1.3.2
[INFO] [stderr]    Compiling fastrand v1.9.0
[INFO] [stderr]    Compiling tempfile v3.5.0
[INFO] [stderr]    Compiling id3 v1.7.0 (/opt/rustwide/workdir)
[INFO] [stdout] error[E0433]: failed to resolve: use of undeclared crate or module `tokio`
[INFO] [stdout]    --> src/stream/tag.rs:115:13
[INFO] [stdout]     |
[INFO] [stdout] 115 |         use tokio::io::AsyncReadExt;
[INFO] [stdout]     |             ^^^^^ use of undeclared crate or module `tokio`
[INFO] [stdout] 
[INFO] [stdout] 
[INFO] [stdout] error[E0433]: failed to resolve: use of undeclared crate or module `tokio`
[INFO] [stdout]    --> src/stream/tag.rs:214:13
[INFO] [stdout]     |
[INFO] [stdout] 214 |         use tokio::io::AsyncReadExt;
[INFO] [stdout]     |             ^^^^^ use of undeclared crate or module `tokio`
[INFO] [stdout] 
[INFO] [stdout] 
[INFO] [stdout] error[E0433]: failed to resolve: use of undeclared crate or module `tokio`
[INFO] [stdout]    --> src/stream/tag.rs:574:7
[INFO] [stdout]     |
[INFO] [stdout] 574 |     #[tokio::test]
[INFO] [stdout]     |       ^^^^^ use of undeclared crate or module `tokio`
[INFO] [stdout] 
[INFO] [stdout] 
[INFO] [stdout] error[E0433]: failed to resolve: use of undeclared crate or module `tokio`
[INFO] [stdout]    --> src/stream/tag.rs:609:7
[INFO] [stdout]     |
[INFO] [stdout] 609 |     #[tokio::test]
[INFO] [stdout]     |       ^^^^^ use of undeclared crate or module `tokio`
[INFO] [stdout] 
[INFO] [stdout] 
[INFO] [stdout] error[E0433]: failed to resolve: use of undeclared crate or module `tokio`
[INFO] [stdout]    --> src/stream/tag.rs:724:7
[INFO] [stdout]     |
[INFO] [stdout] 724 |     #[tokio::test]
[INFO] [stdout]     |       ^^^^^ use of undeclared crate or module `tokio`
[INFO] [stdout] 
[INFO] [stdout] 
[INFO] [stdout] error[E0433]: failed to resolve: use of undeclared crate or module `tokio`
[INFO] [stdout]    --> src/stream/tag.rs:113:26
[INFO] [stdout]     |
[INFO] [stdout] 113 |         mut reader: impl tokio::io::AsyncRead + std::marker::Unpin,
[INFO] [stdout]     |                          ^^^^^ use of undeclared crate or module `tokio`
[INFO] [stdout] 
[INFO] [stdout] 
[INFO] [stdout] error[E0433]: failed to resolve: use of undeclared crate or module `tokio`
[INFO] [stdout]    --> src/stream/tag.rs:209:22
[INFO] [stdout]     |
[INFO] [stdout] 209 |     mut reader: impl tokio::io::AsyncRead + std::marker::Unpin,
[INFO] [stdout]     |                      ^^^^^ use of undeclared crate or module `tokio`
[INFO] [stdout] 
[INFO] [stdout] 
[INFO] [stdout] error[E0433]: failed to resolve: use of undeclared crate or module `tokio`
[INFO] [stdout]    --> src/stream/tag.rs:576:24
[INFO] [stdout]     |
[INFO] [stdout] 576 |         let mut file = tokio::fs::File::open("testdata/id3v22.id3").await.unwrap();
[INFO] [stdout]     |                        ^^^^^ use of undeclared crate or module `tokio`
[INFO] [stdout]     |
[INFO] [stdout] help: consider importing one of these items
[INFO] [stdout]     |
[INFO] [stdout] 469 +     use crate::stream::tag::fs::File;
[INFO] [stdout]     |
[INFO] [stdout] 469 +     use std::fs::File;
[INFO] [stdout]     |
[INFO] [stdout] help: if you import `File`, refer to it directly
[INFO] [stdout]     |
[INFO] [stdout] 576 -         let mut file = tokio::fs::File::open("testdata/id3v22.id3").await.unwrap();
[INFO] [stdout] 576 +         let mut file = File::open("testdata/id3v22.id3").await.unwrap();
[INFO] [stdout]     |
[INFO] [stdout] 
[INFO] [stdout] 
[INFO] [stdout] error[E0433]: failed to resolve: use of undeclared crate or module `tokio`
[INFO] [stdout]    --> src/stream/tag.rs:611:24
[INFO] [stdout]     |
[INFO] [stdout] 611 |         let mut file = tokio::fs::File::open("testdata/id3v23.id3").await.unwrap();
[INFO] [stdout]     |                        ^^^^^ use of undeclared crate or module `tokio`
[INFO] [stdout]     |
[INFO] [stdout] help: consider importing one of these items
[INFO] [stdout]     |
[INFO] [stdout] 469 +     use crate::stream::tag::fs::File;
[INFO] [stdout]     |
[INFO] [stdout] 469 +     use std::fs::File;
[INFO] [stdout]     |
[INFO] [stdout] help: if you import `File`, refer to it directly
[INFO] [stdout]     |
[INFO] [stdout] 611 -         let mut file = tokio::fs::File::open("testdata/id3v23.id3").await.unwrap();
[INFO] [stdout] 611 +         let mut file = File::open("testdata/id3v23.id3").await.unwrap();
[INFO] [stdout]     |
[INFO] [stdout] 
[INFO] [stdout] 
[INFO] [stdout] error[E0433]: failed to resolve: use of undeclared crate or module `tokio`
[INFO] [stdout]    --> src/stream/tag.rs:726:24
[INFO] [stdout]     |
[INFO] [stdout] 726 |         let mut file = tokio::fs::File::open("testdata/id3v24_ext.id3")
[INFO] [stdout]     |                        ^^^^^ use of undeclared crate or module `tokio`
[INFO] [stdout]     |
[INFO] [stdout] help: consider importing one of these items
[INFO] [stdout]     |
[INFO] [stdout] 469 +     use crate::stream::tag::fs::File;
[INFO] [stdout]     |
[INFO] [stdout] 469 +     use std::fs::File;
[INFO] [stdout]     |
[INFO] [stdout] help: if you import `File`, refer to it directly
[INFO] [stdout]     |
[INFO] [stdout] 726 -         let mut file = tokio::fs::File::open("testdata/id3v24_ext.id3")
[INFO] [stdout] 726 +         let mut file = File::open("testdata/id3v24_ext.id3")
[INFO] [stdout]     |
[INFO] [stdout] 
[INFO] [stdout] 
[INFO] [stdout] error: aborting due to 10 previous errors
[INFO] [stdout] 
[INFO] [stdout] 
[INFO] [stdout] For more information about this error, try `rustc --explain E0433`.
[INFO] [stdout] 
[INFO] [stderr] error: could not compile `id3` (lib test) due to 11 previous errors
[INFO] running `Command { std: "docker" "inspect" "14246fa1e0ff8d584a5d72325ba020121a3c1018cc730555676bf07910bb1258", kill_on_drop: false }`
[INFO] running `Command { std: "docker" "rm" "-f" "14246fa1e0ff8d584a5d72325ba020121a3c1018cc730555676bf07910bb1258", kill_on_drop: false }`
[INFO] [stdout] 14246fa1e0ff8d584a5d72325ba020121a3c1018cc730555676bf07910bb1258
