[INFO] fetching crate icu_datagen 1.2.5...
[INFO] testing icu_datagen-1.2.5 against beta-2023-04-20 for beta-1.70-1
[INFO] extracting crate icu_datagen 1.2.5 into /workspace/builds/worker-1-tc2/source
[INFO] validating manifest of crates.io crate icu_datagen 1.2.5 on toolchain beta-2023-04-20
[INFO] running `Command { std: CARGO_HOME="/workspace/cargo-home" RUSTUP_HOME="/workspace/rustup-home" "/workspace/cargo-home/bin/cargo" "+beta-2023-04-20" "metadata" "--manifest-path" "Cargo.toml" "--no-deps", kill_on_drop: false }`
[INFO] started tweaking crates.io crate icu_datagen 1.2.5
[INFO] removed 0 missing tests
[INFO] finished tweaking crates.io crate icu_datagen 1.2.5
[INFO] tweaked toml for crates.io crate icu_datagen 1.2.5 written to /workspace/builds/worker-1-tc2/source/Cargo.toml
[INFO] crate crates.io crate icu_datagen 1.2.5 already has a lockfile, it will not be regenerated
[INFO] running `Command { std: CARGO_HOME="/workspace/cargo-home" RUSTUP_HOME="/workspace/rustup-home" "/workspace/cargo-home/bin/cargo" "+beta-2023-04-20" "fetch" "--manifest-path" "Cargo.toml", kill_on_drop: false }`
[INFO] [stderr]     Updating crates.io index
[INFO] [stderr]  Downloading crates ...
[INFO] [stderr]   Downloaded yoke-derive v0.7.1
[INFO] [stderr]   Downloaded cobs v0.2.3
[INFO] [stderr]   Downloaded icu_provider_fs v1.2.1
[INFO] [stderr]   Downloaded postcard v1.0.4
[INFO] [stderr]   Downloaded icu_collections v1.2.0
[INFO] [stderr]   Downloaded icu_plurals v1.2.0
[INFO] [stderr]   Downloaded icu_timezone v1.2.0
[INFO] [stderr]   Downloaded darling_macro v0.14.4
[INFO] [stderr]   Downloaded icu_list v1.2.0
[INFO] [stderr]   Downloaded wasmer-types v2.3.0
[INFO] [stderr]   Downloaded windows_x86_64_msvc v0.33.0
[INFO] [stderr]   Downloaded icu_properties v1.2.0
[INFO] [stderr]   Downloaded crlify v1.0.2
[INFO] [stderr]   Downloaded rkyv v0.7.41
[INFO] [stderr]   Downloaded databake-derive v0.1.5
[INFO] [stderr]   Downloaded ptr_meta_derive v0.1.4
[INFO] [stderr]   Downloaded rend v0.4.0
[INFO] [stderr]   Downloaded zerovec-derive v0.9.4
[INFO] [stderr]   Downloaded more-asserts v0.2.2
[INFO] [stderr]   Downloaded serde v1.0.156
[INFO] [stderr]   Downloaded wasmer-engine-universal v2.3.0
[INFO] [stderr]   Downloaded wasmer-vfs v2.3.0
[INFO] [stderr]   Downloaded zerovec v0.9.4
[INFO] [stderr]   Downloaded wasmparser v0.83.0
[INFO] [stderr]   Downloaded wasmer v2.3.0
[INFO] [stderr]   Downloaded write16 v1.0.0
[INFO] [stderr]   Downloaded icu_codepointtrie_builder v0.3.5
[INFO] [stderr]   Downloaded tinystr v0.7.1
[INFO] [stderr]   Downloaded wasmer-wasi v2.3.0
[INFO] [stderr]   Downloaded icu_provider_adapters v1.2.0
[INFO] [stderr]   Downloaded enum-iterator v0.7.0
[INFO] [stderr]   Downloaded dynasmrt v1.2.3
[INFO] [stderr]   Downloaded mintex v0.1.2
[INFO] [stderr]   Downloaded openssl-sys v0.9.85
[INFO] [stderr]   Downloaded icu_casemapping v0.7.2
[INFO] [stderr]   Downloaded wasmer-vm v2.3.0
[INFO] [stderr]   Downloaded filetime v0.2.21
[INFO] [stderr]   Downloaded sys-info v0.9.1
[INFO] [stderr]   Downloaded generational-arena v0.2.8
[INFO] [stderr]   Downloaded cached-path v0.6.1
[INFO] [stderr]   Downloaded h2 v0.3.17
[INFO] [stderr]   Downloaded openssl v0.10.50
[INFO] [stderr]   Downloaded dhat v0.3.2
[INFO] [stderr]   Downloaded object v0.28.4
[INFO] [stderr]   Downloaded icu_datetime v1.2.1
[INFO] [stderr]   Downloaded corosensei v0.1.3
[INFO] [stderr]   Downloaded icu_provider v1.2.0
[INFO] [stderr]   Downloaded litemap v0.7.0
[INFO] [stderr]   Downloaded dynasm v1.2.3
[INFO] [stderr]   Downloaded wasmer-engine v2.3.0
[INFO] [stderr]   Downloaded windows_i686_gnu v0.33.0
[INFO] [stderr]   Downloaded wasmer-engine-universal-artifact v2.3.0
[INFO] [stderr]   Downloaded region v3.0.0
[INFO] [stderr]   Downloaded enum-iterator-derive v0.7.0
[INFO] [stderr]   Downloaded loupe-derive v0.1.3
[INFO] [stderr]   Downloaded ptr_meta v0.1.4
[INFO] [stderr]   Downloaded rkyv_derive v0.7.41
[INFO] [stderr]   Downloaded icu_compactdecimal v0.2.0
[INFO] [stderr]   Downloaded serde-json-core v0.4.0
[INFO] [stderr]   Downloaded icu_provider_macros v1.2.0
[INFO] [stderr]   Downloaded databake v0.1.5
[INFO] [stderr]   Downloaded wasmer-compiler-singlepass v2.3.0
[INFO] [stderr]   Downloaded wasmer-derive v2.3.0
[INFO] [stderr]   Downloaded loupe v0.1.3
[INFO] [stderr]   Downloaded bytecheck_derive v0.6.10
[INFO] [stderr]   Downloaded icu_calendar v1.2.0
[INFO] [stderr]   Downloaded icu_collator v1.2.0
[INFO] [stderr]   Downloaded wasmer-compiler v2.3.0
[INFO] [stderr]   Downloaded windows_aarch64_msvc v0.33.0
[INFO] [stderr]   Downloaded windows_i686_msvc v0.33.0
[INFO] [stderr]   Downloaded zstd-sys v2.0.8+zstd.1.5.5
[INFO] [stderr]   Downloaded windows_x86_64_gnu v0.33.0
[INFO] [stderr]   Downloaded icu_locid v1.2.0
[INFO] [stderr]   Downloaded wasmer-engine-dylib v2.3.0
[INFO] [stderr]   Downloaded darling_core v0.14.4
[INFO] [stderr]   Downloaded icu_displaynames v0.10.0
[INFO] [stderr]   Downloaded icu_provider_blob v1.2.0
[INFO] [stderr]   Downloaded icu_decimal v1.2.0
[INFO] [stderr]   Downloaded fixed_decimal v0.5.3
[INFO] [stderr]   Downloaded simple_logger v4.1.0
[INFO] [stderr]   Downloaded yoke v0.7.1
[INFO] [stderr]   Downloaded zerofrom-derive v0.1.2
[INFO] [stderr]   Downloaded elsa v1.8.1
[INFO] [stderr]   Downloaded darling v0.14.4
[INFO] [stderr]   Downloaded simdutf8 v0.1.4
[INFO] [stderr]   Downloaded bytecheck v0.6.10
[INFO] [stderr]   Downloaded wasmer-wasi-types v2.3.0
[INFO] [stderr]   Downloaded regex-automata v0.2.0
[INFO] [stderr]   Downloaded icu_locid_transform v1.2.1
[INFO] [stderr]   Downloaded writeable v0.5.2
[INFO] [stderr]   Downloaded wasmer-object v2.3.0
[INFO] [stderr]   Downloaded wasmer-artifact v2.3.0
[INFO] [stderr]   Downloaded icu_relativetime v0.1.1
[INFO] [stderr]   Downloaded utf8_iter v1.0.3
[INFO] [stderr]   Downloaded serde-aux v4.2.0
[INFO] [stderr]   Downloaded displaydoc v0.2.3
[INFO] [stderr]   Downloaded zerofrom v0.1.2
[INFO] [stderr]   Downloaded bzip2 v0.4.4
[INFO] [stderr]   Downloaded deduplicating_array v0.1.4
[INFO] [stderr]   Downloaded utf16_iter v1.0.4
[INFO] [stderr]   Downloaded icu_normalizer v1.2.0
[INFO] [stderr]   Downloaded windows-sys v0.33.0
[INFO] [stderr]   Downloaded icu_segmenter v1.2.1
[INFO] running `Command { std: "docker" "create" "-v" "/var/lib/crater-agent-workspace/builds/worker-1-tc2/target:/opt/rustwide/target:rw,Z" "-v" "/var/lib/crater-agent-workspace/builds/worker-1-tc2/source:/opt/rustwide/workdir:ro,Z" "-v" "/var/lib/crater-agent-workspace/cargo-home:/opt/rustwide/cargo-home:ro,Z" "-v" "/var/lib/crater-agent-workspace/rustup-home:/opt/rustwide/rustup-home:ro,Z" "-e" "SOURCE_DIR=/opt/rustwide/workdir" "-e" "CARGO_TARGET_DIR=/opt/rustwide/target" "-e" "CARGO_HOME=/opt/rustwide/cargo-home" "-e" "RUSTUP_HOME=/opt/rustwide/rustup-home" "-w" "/opt/rustwide/workdir" "-m" "1610612736" "--user" "0:0" "--network" "none" "ghcr.io/rust-lang/crates-build-env/linux@sha256:5ff2268d62e97bff2cde7d5815dd6ed5b47097566f13b8d0ca110b04b60e07ed" "/opt/rustwide/cargo-home/bin/cargo" "+beta-2023-04-20" "metadata" "--no-deps" "--format-version=1", kill_on_drop: false }`
[INFO] [stdout] 02d25bb10deccefd60f9a6bbea1b1982e406dcd280b1488131cf962acfa5f810
[INFO] running `Command { std: "docker" "start" "-a" "02d25bb10deccefd60f9a6bbea1b1982e406dcd280b1488131cf962acfa5f810", kill_on_drop: false }`
[INFO] running `Command { std: "docker" "inspect" "02d25bb10deccefd60f9a6bbea1b1982e406dcd280b1488131cf962acfa5f810", kill_on_drop: false }`
[INFO] running `Command { std: "docker" "rm" "-f" "02d25bb10deccefd60f9a6bbea1b1982e406dcd280b1488131cf962acfa5f810", kill_on_drop: false }`
[INFO] [stdout] 02d25bb10deccefd60f9a6bbea1b1982e406dcd280b1488131cf962acfa5f810
[INFO] running `Command { std: "docker" "create" "-v" "/var/lib/crater-agent-workspace/builds/worker-1-tc2/target:/opt/rustwide/target:rw,Z" "-v" "/var/lib/crater-agent-workspace/builds/worker-1-tc2/source:/opt/rustwide/workdir:ro,Z" "-v" "/var/lib/crater-agent-workspace/cargo-home:/opt/rustwide/cargo-home:ro,Z" "-v" "/var/lib/crater-agent-workspace/rustup-home:/opt/rustwide/rustup-home:ro,Z" "-e" "SOURCE_DIR=/opt/rustwide/workdir" "-e" "CARGO_TARGET_DIR=/opt/rustwide/target" "-e" "CARGO_INCREMENTAL=0" "-e" "RUST_BACKTRACE=full" "-e" "RUSTFLAGS=--cap-lints=warn" "-e" "RUSTDOCFLAGS=--cap-lints=warn" "-e" "CARGO_HOME=/opt/rustwide/cargo-home" "-e" "RUSTUP_HOME=/opt/rustwide/rustup-home" "-w" "/opt/rustwide/workdir" "-m" "1610612736" "--user" "0:0" "--network" "none" "ghcr.io/rust-lang/crates-build-env/linux@sha256:5ff2268d62e97bff2cde7d5815dd6ed5b47097566f13b8d0ca110b04b60e07ed" "/opt/rustwide/cargo-home/bin/cargo" "+beta-2023-04-20" "build" "--frozen" "--message-format=json", kill_on_drop: false }`
[INFO] [stdout] 1015aabff5cddb486f6f8b0cdb85d7b28400c23db5b126f601881848182012ba
[INFO] running `Command { std: "docker" "start" "-a" "1015aabff5cddb486f6f8b0cdb85d7b28400c23db5b126f601881848182012ba", kill_on_drop: false }`
[INFO] [stderr]     Blocking waiting for file lock on package cache
[INFO] [stderr]     Blocking waiting for file lock on package cache
[INFO] [stderr]     Blocking waiting for file lock on package cache
[INFO] [stderr]    Compiling proc-macro2 v1.0.56
[INFO] [stderr]    Compiling unicode-ident v1.0.8
[INFO] [stderr]    Compiling quote v1.0.26
[INFO] [stderr]    Compiling syn v1.0.109
[INFO] [stderr]    Compiling libc v0.2.141
[INFO] [stderr]    Compiling version_check v0.9.4
[INFO] [stderr]    Compiling serde_derive v1.0.156
[INFO] [stderr]    Compiling serde v1.0.156
[INFO] [stderr]    Compiling once_cell v1.17.1
[INFO] [stderr]    Compiling unicode-xid v0.2.4
[INFO] [stderr]    Compiling stable_deref_trait v1.2.0
[INFO] [stderr]    Compiling itoa v1.0.6
[INFO] [stderr]    Compiling ryu v1.0.13
[INFO] [stderr]    Compiling indexmap v1.9.3
[INFO] [stderr]    Compiling serde_json v1.0.96
[INFO] [stderr]    Compiling writeable v0.5.2
[INFO] [stderr]    Compiling erased-serde v0.3.25
[INFO] [stderr]    Compiling cobs v0.2.3
[INFO] [stderr]    Compiling miniz_oxide v0.6.2
[INFO] [stderr]    Compiling thiserror v1.0.40
[INFO] [stderr]    Compiling bytecheck v0.6.10
[INFO] [stderr]    Compiling rend v0.4.0
[INFO] [stderr]    Compiling ahash v0.7.6
[INFO] [stderr]    Compiling simdutf8 v0.1.4
[INFO] [stderr]    Compiling rustversion v1.0.12
[INFO] [stderr]    Compiling gimli v0.27.2
[INFO] [stderr]    Compiling pin-project-lite v0.2.9
[INFO] [stderr]    Compiling rkyv v0.7.41
[INFO] [stderr]    Compiling object v0.30.3
[INFO] [stderr]    Compiling rustc-demangle v0.1.22
[INFO] [stderr]    Compiling typenum v1.16.0
[INFO] [stderr]    Compiling target-lexicon v0.12.6
[INFO] [stderr]    Compiling more-asserts v0.2.2
[INFO] [stderr]    Compiling generic-array v0.14.7
[INFO] [stderr]    Compiling scopeguard v1.1.0
[INFO] [stderr]    Compiling proc-macro-error-attr v1.0.4
[INFO] [stderr]    Compiling tracing-core v0.1.30
[INFO] [stderr]    Compiling wasmparser v0.83.0
[INFO] [stderr]    Compiling proc-macro-error v1.0.4
[INFO] [stderr]    Compiling slab v0.4.8
[INFO] [stderr]    Compiling io-lifetimes v1.0.10
[INFO] [stderr]    Compiling syn v2.0.15
[INFO] [stderr]    Compiling jobserver v0.1.26
[INFO] [stderr]    Compiling crc32fast v1.3.2
[INFO] [stderr]    Compiling crossbeam-utils v0.8.15
[INFO] [stderr]    Compiling cc v1.0.79
[INFO] [stderr]    Compiling memoffset v0.8.0
[INFO] [stderr]    Compiling futures-core v0.3.28
[INFO] [stderr]    Compiling bytes v1.4.0
[INFO] [stderr]    Compiling rustix v0.37.11
[INFO] [stderr]    Compiling getrandom v0.2.9
[INFO] [stderr]    Compiling num_cpus v1.15.0
[INFO] [stderr]    Compiling corosensei v0.1.3
[INFO] [stderr]    Compiling crossbeam-epoch v0.9.14
[INFO] [stderr]    Compiling hashbrown v0.12.3
[INFO] [stderr]    Compiling tokio v1.27.0
[INFO] [stderr]    Compiling memoffset v0.6.5
[INFO] [stderr]    Compiling linux-raw-sys v0.3.1
[INFO] [stderr]    Compiling either v1.8.1
[INFO] [stderr]    Compiling backtrace v0.3.67
[INFO] [stderr]    Compiling addr2line v0.19.0
[INFO] [stderr]    Compiling openssl-sys v0.9.85
[INFO] [stderr]    Compiling memmap2 v0.5.10
[INFO] [stderr]    Compiling mio v0.8.6
[INFO] [stderr]    Compiling socket2 v0.4.9
[INFO] [stderr]    Compiling standback v0.2.17
[INFO] [stderr]    Compiling futures-task v0.3.28
[INFO] [stderr]    Compiling proc-macro-hack v0.5.20+deprecated
[INFO] [stderr]    Compiling subtle v2.4.1
[INFO] [stderr]    Compiling block-buffer v0.10.4
[INFO] [stderr]    Compiling crypto-common v0.1.6
[INFO] [stderr]    Compiling zstd-sys v2.0.8+zstd.1.5.5
[INFO] [stderr]    Compiling region v3.0.0
[INFO] [stderr]    Compiling futures-util v0.3.28
[INFO] [stderr]    Compiling libm v0.2.6
[INFO] [stderr]    Compiling openssl v0.10.50
[INFO] [stderr]    Compiling foreign-types-shared v0.1.1
[INFO] [stderr]    Compiling rayon-core v1.11.0
[INFO] [stderr]    Compiling foreign-types v0.3.2
[INFO] [stderr]    Compiling digest v0.10.6
[INFO] [stderr]    Compiling crossbeam-deque v0.8.3
[INFO] [stderr]    Compiling crossbeam-channel v0.5.8
[INFO] [stderr]    Compiling hashbrown v0.11.2
[INFO] [stderr]    Compiling http v0.2.9
[INFO] [stderr]    Compiling rand_core v0.6.4
[INFO] [stderr]    Compiling num-traits v0.2.15
[INFO] [stderr]    Compiling futures-io v0.3.28
[INFO] [stderr]    Compiling futures-sink v0.3.28
[INFO] [stderr]    Compiling fastrand v1.9.0
[INFO] [stderr]    Compiling const_fn v0.4.9
[INFO] [stderr]    Compiling futures-channel v0.3.28
[INFO] [stderr]    Compiling tinyvec_macros v0.1.1
[INFO] [stderr]    Compiling cpufeatures v0.2.6
[INFO] [stderr]    Compiling tinyvec v1.6.0
[INFO] [stderr]    Compiling native-tls v0.2.11
[INFO] [stderr]    Compiling bzip2-sys v0.1.11+1.0.8
[INFO] [stderr]    Compiling time v0.2.27
[INFO] [stderr]    Compiling zstd-safe v5.0.2+zstd.1.5.2
[INFO] [stderr]    Compiling synstructure v0.12.6
[INFO] [stderr]    Compiling darling_core v0.14.4
[INFO] [stderr]    Compiling tempfile v3.5.0
[INFO] [stderr]    Compiling regex-syntax v0.6.29
[INFO] [stderr]    Compiling leb128 v0.2.5
[INFO] [stderr]    Compiling fallible-iterator v0.2.0
[INFO] [stderr]    Compiling percent-encoding v2.2.0
[INFO] [stderr]    Compiling try-lock v0.2.4
[INFO] [stderr]    Compiling unicode-normalization v0.1.22
[INFO] [stderr]    Compiling thiserror-impl v1.0.40
[INFO] [stderr]    Compiling openssl-macros v0.1.1
[INFO] [stderr]    Compiling want v0.3.0
[INFO] [stderr]    Compiling form_urlencoded v1.1.0
[INFO] [stderr]    Compiling rayon v1.7.0
[INFO] [stderr]    Compiling http-body v0.4.5
[INFO] [stderr]    Compiling which v4.4.0
[INFO] [stderr]    Compiling libloading v0.7.4
[INFO] [stderr]    Compiling unicode-bidi v0.3.13
[INFO] [stderr]    Compiling tower-service v0.3.2
[INFO] [stderr]    Compiling base64ct v1.6.0
[INFO] [stderr]    Compiling sha2 v0.10.6
[INFO] [stderr]    Compiling hmac v0.12.1
[INFO] [stderr]    Compiling cipher v0.3.0
[INFO] [stderr]    Compiling num-integer v0.1.45
[INFO] [stderr]    Compiling utf8_iter v1.0.3
[INFO] [stderr]    Compiling time-core v0.1.0
[INFO] [stderr]    Compiling password-hash v0.4.2
[INFO] [stderr]    Compiling opaque-debug v0.3.0
[INFO] [stderr]    Compiling rand_chacha v0.3.1
[INFO] [stderr]    Compiling idna v0.3.0
[INFO] [stderr]    Compiling aes v0.7.5
[INFO] [stderr]    Compiling time v0.3.17
[INFO] [stderr]    Compiling pbkdf2 v0.11.0
[INFO] [stderr]    Compiling generational-arena v0.2.8
[INFO] [stderr]    Compiling sha1 v0.10.5
[INFO] [stderr]    Compiling flate2 v1.0.25
[INFO] [stderr]    Compiling console v0.15.5
[INFO] [stderr]    Compiling url v2.3.1
[INFO] [stderr]    Compiling filetime v0.2.21
[INFO] [stderr]    Compiling xattr v0.2.3
[INFO] [stderr]    Compiling encoding_rs v0.8.32
[INFO] [stderr]    Compiling regex v1.7.3
[INFO] [stderr]    Compiling base64 v0.21.0
[INFO] [stderr]    Compiling mime v0.3.17
[INFO] [stderr]    Compiling write16 v1.0.0
[INFO] [stderr]    Compiling eyre v0.6.8
[INFO] [stderr]    Compiling utf16_iter v1.0.4
[INFO] [stderr]    Compiling number_prefix v0.4.0
[INFO] [stderr]    Compiling os_str_bytes v6.5.0
[INFO] [stderr]    Compiling constant_time_eq v0.1.5
[INFO] [stderr]    Compiling rawpointer v0.2.1
[INFO] [stderr]    Compiling ipnet v2.7.2
[INFO] [stderr]    Compiling matrixmultiply v0.3.2
[INFO] [stderr]    Compiling regex-automata v0.2.0
[INFO] [stderr]    Compiling clap_lex v0.3.0
[INFO] [stderr]    Compiling tar v0.4.38
[INFO] [stderr]    Compiling rand v0.8.5
[INFO] [stderr]    Compiling num-complex v0.4.3
[INFO] [stderr]    Compiling is-terminal v0.4.7
[INFO] [stderr]    Compiling zerofrom-derive v0.1.2
[INFO] [stderr]    Compiling databake-derive v0.1.5
[INFO] [stderr]    Compiling yoke-derive v0.7.1
[INFO] [stderr]    Compiling displaydoc v0.2.3
[INFO] [stderr]    Compiling zerovec-derive v0.9.4
[INFO] [stderr]    Compiling icu_provider_macros v1.2.0
[INFO] [stderr]    Compiling ptr_meta_derive v0.1.4
[INFO] [stderr]    Compiling bytecheck_derive v0.6.10
[INFO] [stderr]    Compiling darling_macro v0.14.4
[INFO] [stderr]    Compiling databake v0.1.5
[INFO] [stderr]    Compiling enum-iterator-derive v0.7.0
[INFO] [stderr]    Compiling loupe-derive v0.1.3
[INFO] [stderr]    Compiling rkyv_derive v0.7.41
[INFO] [stderr]    Compiling tracing-attributes v0.1.23
[INFO] [stderr]    Compiling dynasm v1.2.3
[INFO] [stderr]    Compiling time-macros-impl v0.1.2
[INFO] [stderr]    Compiling ptr_meta v0.1.4
[INFO] [stderr]    Compiling darling v0.14.4
[INFO] [stderr]    Compiling enumset_derive v0.6.1
[INFO] [stderr]    Compiling enum-iterator v0.7.0
[INFO] [stderr]    Compiling tokio-native-tls v0.3.1
[INFO] [stderr]    Compiling wasmer-derive v2.3.0
[INFO] [stderr]    Compiling indicatif v0.16.2
[INFO] [stderr]    Compiling clap_derive v4.0.21
[INFO] [stderr]    Compiling fs2 v0.4.3
[INFO] [stderr]    Compiling time-macros v0.1.1
[INFO] [stderr]    Compiling strsim v0.10.0
[INFO] [stderr]    Compiling termcolor v1.2.0
[INFO] [stderr]    Compiling glob v0.3.1
[INFO] [stderr]    Compiling indenter v0.3.3
[INFO] [stderr]    Compiling zerofrom v0.1.2
[INFO] [stderr]    Compiling crlify v1.0.2
[INFO] [stderr]    Compiling ndarray v0.15.6
[INFO] [stderr]    Compiling enumset v1.0.12
[INFO] [stderr]    Compiling itertools v0.10.5
[INFO] [stderr]    Compiling elsa v1.8.1
[INFO] [stderr]    Compiling simple_logger v4.1.0
[INFO] [stderr]    Compiling tracing v0.1.37
[INFO] [stderr]    Compiling tokio-util v0.7.7
[INFO] [stderr]    Compiling wasmer-vfs v2.3.0
[INFO] [stderr]    Compiling bzip2 v0.4.4
[INFO] [stderr]    Compiling clap v4.0.32
[INFO] [stderr]    Compiling zstd v0.11.2+zstd.1.5.2
[INFO] [stderr]    Compiling yoke v0.7.1
[INFO] [stderr]    Compiling smallvec v1.10.0
[INFO] [stderr]    Compiling litemap v0.7.0
[INFO] [stderr]    Compiling bincode v1.3.3
[INFO] [stderr]    Compiling postcard v1.0.4
[INFO] [stderr]    Compiling serde_bytes v0.11.9
[INFO] [stderr]    Compiling dynasmrt v1.2.3
[INFO] [stderr]    Compiling serde_urlencoded v0.7.1
[INFO] [stderr]    Compiling zip v0.6.4
[INFO] [stderr]    Compiling zerovec v0.9.4
[INFO] [stderr]    Compiling fixed_decimal v0.5.3
[INFO] [stderr]    Compiling deduplicating_array v0.1.4
[INFO] [stderr]    Compiling serde-json-core v0.4.0
[INFO] [stderr]    Compiling toml v0.5.11
[INFO] [stderr]    Compiling loupe v0.1.3
[INFO] [stderr]    Compiling object v0.28.4
[INFO] [stderr]    Compiling h2 v0.3.17
[INFO] [stderr]    Compiling gimli v0.26.2
[INFO] [stderr]    Compiling wasmer-types v2.3.0
[INFO] [stderr]    Compiling serde-aux v4.2.0
[INFO] [stderr]    Compiling tinystr v0.7.1
[INFO] [stderr]    Compiling icu_collections v1.2.0
[INFO] [stderr]    Compiling icu_locid v1.2.0
[INFO] [stderr]    Compiling icu_provider v1.2.0
[INFO] [stderr]    Compiling wasmer-compiler v2.3.0
[INFO] [stderr]    Compiling icu_decimal v1.2.0
[INFO] [stderr]    Compiling icu_plurals v1.2.0
[INFO] [stderr]    Compiling wasmer-wasi-types v2.3.0
[INFO] [stderr]    Compiling icu_calendar v1.2.0
[INFO] [stderr]    Compiling icu_properties v1.2.0
[INFO] [stderr]    Compiling icu_list v1.2.0
[INFO] [stderr]    Compiling icu_provider_blob v1.2.0
[INFO] [stderr]    Compiling icu_provider_adapters v1.2.0
[INFO] [stderr]    Compiling icu_locid_transform v1.2.1
[INFO] [stderr]    Compiling icu_casemapping v0.7.2
[INFO] [stderr]    Compiling icu_provider_fs v1.2.1
[INFO] [stderr]    Compiling icu_segmenter v1.2.1
[INFO] [stderr]    Compiling icu_displaynames v0.10.0
[INFO] [stderr]    Compiling icu_compactdecimal v0.2.0
[INFO] [stderr]    Compiling icu_timezone v1.2.0
[INFO] [stderr]    Compiling wasmer-artifact v2.3.0
[INFO] [stderr]    Compiling wasmer-object v2.3.0
[INFO] [stderr]    Compiling icu_datetime v1.2.1
[INFO] [stderr]    Compiling wasmer-vm v2.3.0
[INFO] [stderr]    Compiling wasmer-engine-universal-artifact v2.3.0
[INFO] [stderr]    Compiling wasmer-compiler-singlepass v2.3.0
[INFO] [stderr]    Compiling icu_relativetime v0.1.1
[INFO] [stderr]    Compiling icu_normalizer v1.2.0
[INFO] [stderr]    Compiling hyper v0.14.26
[INFO] [stderr]    Compiling wasmer-engine v2.3.0
[INFO] [stderr]    Compiling icu_collator v1.2.0
[INFO] [stderr]    Compiling wasmer-engine-dylib v2.3.0
[INFO] [stderr]    Compiling wasmer-engine-universal v2.3.0
[INFO] [stderr]    Compiling hyper-tls v0.5.0
[INFO] [stderr]    Compiling reqwest v0.11.16
[INFO] [stderr]    Compiling cached-path v0.6.1
[INFO] [stderr]    Compiling wasmer v2.3.0
[INFO] [stderr]    Compiling wasmer-wasi v2.3.0
[INFO] [stderr]    Compiling icu_codepointtrie_builder v0.3.5
[INFO] [stderr]    Compiling icu_datagen v1.2.5 (/opt/rustwide/workdir)
[INFO] [stderr]     Finished dev [unoptimized + debuginfo] target(s) in 1m 54s
[INFO] running `Command { std: "docker" "inspect" "1015aabff5cddb486f6f8b0cdb85d7b28400c23db5b126f601881848182012ba", kill_on_drop: false }`
[INFO] running `Command { std: "docker" "rm" "-f" "1015aabff5cddb486f6f8b0cdb85d7b28400c23db5b126f601881848182012ba", kill_on_drop: false }`
[INFO] [stdout] 1015aabff5cddb486f6f8b0cdb85d7b28400c23db5b126f601881848182012ba
[INFO] running `Command { std: "docker" "create" "-v" "/var/lib/crater-agent-workspace/builds/worker-1-tc2/target:/opt/rustwide/target:rw,Z" "-v" "/var/lib/crater-agent-workspace/builds/worker-1-tc2/source:/opt/rustwide/workdir:ro,Z" "-v" "/var/lib/crater-agent-workspace/cargo-home:/opt/rustwide/cargo-home:ro,Z" "-v" "/var/lib/crater-agent-workspace/rustup-home:/opt/rustwide/rustup-home:ro,Z" "-e" "SOURCE_DIR=/opt/rustwide/workdir" "-e" "CARGO_TARGET_DIR=/opt/rustwide/target" "-e" "CARGO_INCREMENTAL=0" "-e" "RUST_BACKTRACE=full" "-e" "RUSTFLAGS=--cap-lints=warn" "-e" "RUSTDOCFLAGS=--cap-lints=warn" "-e" "CARGO_HOME=/opt/rustwide/cargo-home" "-e" "RUSTUP_HOME=/opt/rustwide/rustup-home" "-w" "/opt/rustwide/workdir" "-m" "1610612736" "--user" "0:0" "--network" "none" "ghcr.io/rust-lang/crates-build-env/linux@sha256:5ff2268d62e97bff2cde7d5815dd6ed5b47097566f13b8d0ca110b04b60e07ed" "/opt/rustwide/cargo-home/bin/cargo" "+beta-2023-04-20" "test" "--frozen" "--no-run" "--message-format=json", kill_on_drop: false }`
[INFO] [stdout] 50a6fcbc2aad7e2af8c894497589eb23ac08cdbc2f7d88991f2c7d32af0fe639
[INFO] running `Command { std: "docker" "start" "-a" "50a6fcbc2aad7e2af8c894497589eb23ac08cdbc2f7d88991f2c7d32af0fe639", kill_on_drop: false }`
[INFO] [stderr]     Blocking waiting for file lock on package cache
[INFO] [stderr]    Compiling sys-info v0.9.1
[INFO] [stderr]    Compiling lock_api v0.4.9
[INFO] [stderr]    Compiling parking_lot_core v0.9.7
[INFO] [stderr]    Compiling thousands v0.2.0
[INFO] [stderr]    Compiling rustc-hash v1.1.0
[INFO] [stderr]    Compiling parking_lot v0.12.1
[INFO] [stderr]    Compiling mintex v0.1.2
[INFO] [stderr]    Compiling dhat v0.3.2
[INFO] [stderr]    Compiling icu_datagen v1.2.5 (/opt/rustwide/workdir)
[INFO] [stdout] error[E0433]: failed to resolve: use of undeclared crate or module `repodata`
[INFO] [stdout]   --> tests/verify-zero-copy.rs:54:28
[INFO] [stdout]    |
[INFO] [stdout] 54 |                 .with_cldr(repodata::paths::cldr(), Default::default())
[INFO] [stdout]    |                            ^^^^^^^^ use of undeclared crate or module `repodata`
[INFO] [stdout] 
[INFO] [stdout] 
[INFO] [stdout] error[E0433]: failed to resolve: use of undeclared crate or module `repodata`
[INFO] [stdout]   --> tests/verify-zero-copy.rs:56:33
[INFO] [stdout]    |
[INFO] [stdout] 56 |                 .with_icuexport(repodata::paths::icuexport())
[INFO] [stdout]    |                                 ^^^^^^^^ use of undeclared crate or module `repodata`
[INFO] [stdout] 
[INFO] [stdout] 
[INFO] [stdout] error[E0433]: failed to resolve: use of undeclared crate or module `icu_testdata`
[INFO] [stdout]   --> tests/verify-zero-copy.rs:49:32
[INFO] [stdout]    |
[INFO] [stdout] 49 |         let selected_locales = icu_testdata::locales();
[INFO] [stdout]    |                                ^^^^^^^^^^^^ use of undeclared crate or module `icu_testdata`
[INFO] [stdout] 
[INFO] [stdout] 
[INFO] [stdout] error[E0433]: failed to resolve: use of undeclared crate or module `icu_testdata`
[INFO] [stdout]   --> tests/verify-zero-copy.rs:62:33
[INFO] [stdout]    |
[INFO] [stdout] 62 |         let postcard_provider = icu_testdata::buffer_no_fallback();
[INFO] [stdout]    |                                 ^^^^^^^^^^^^ use of undeclared crate or module `icu_testdata`
[INFO] [stdout] 
[INFO] [stdout] 
[INFO] [stdout] error: aborting due to 4 previous errors
[INFO] [stdout] 
[INFO] [stdout] 
[INFO] [stdout] For more information about this error, try `rustc --explain E0433`.
[INFO] [stdout] 
[INFO] [stderr] error: could not compile `icu_datagen` (test "icu4x-verify-zero-copy") due to 5 previous errors
[INFO] [stderr] warning: build failed, waiting for other jobs to finish...
[INFO] [stdout] error[E0433]: failed to resolve: use of undeclared crate or module `repodata`
[INFO] [stdout]   --> src/source.rs:72:24
[INFO] [stdout]    |
[INFO] [stdout] 72 |             .with_cldr(repodata::paths::cldr(), Default::default())
[INFO] [stdout]    |                        ^^^^^^^^ use of undeclared crate or module `repodata`
[INFO] [stdout] 
[INFO] [stdout] 
[INFO] [stdout] error[E0433]: failed to resolve: use of undeclared crate or module `repodata`
[INFO] [stdout]   --> src/source.rs:74:29
[INFO] [stdout]    |
[INFO] [stdout] 74 |             .with_icuexport(repodata::paths::icuexport())
[INFO] [stdout]    |                             ^^^^^^^^ use of undeclared crate or module `repodata`
[INFO] [stdout] 
[INFO] [stdout] 
[INFO] [stdout] error: aborting due to 2 previous errors
[INFO] [stdout] 
[INFO] [stdout] 
[INFO] [stdout] For more information about this error, try `rustc --explain E0433`.
[INFO] [stdout] 
[INFO] [stderr] error: could not compile `icu_datagen` (lib test) due to 3 previous errors
[INFO] running `Command { std: "docker" "inspect" "50a6fcbc2aad7e2af8c894497589eb23ac08cdbc2f7d88991f2c7d32af0fe639", kill_on_drop: false }`
[INFO] running `Command { std: "docker" "rm" "-f" "50a6fcbc2aad7e2af8c894497589eb23ac08cdbc2f7d88991f2c7d32af0fe639", kill_on_drop: false }`
[INFO] [stdout] 50a6fcbc2aad7e2af8c894497589eb23ac08cdbc2f7d88991f2c7d32af0fe639
