[INFO] fetching crate iced-x86 1.18.0...
[INFO] testing iced-x86-1.18.0 against beta-2023-04-20 for beta-1.70-1
[INFO] extracting crate iced-x86 1.18.0 into /workspace/builds/worker-0-tc2/source
[INFO] validating manifest of crates.io crate iced-x86 1.18.0 on toolchain beta-2023-04-20
[INFO] running `Command { std: CARGO_HOME="/workspace/cargo-home" RUSTUP_HOME="/workspace/rustup-home" "/workspace/cargo-home/bin/cargo" "+beta-2023-04-20" "metadata" "--manifest-path" "Cargo.toml" "--no-deps", kill_on_drop: false }`
[INFO] started tweaking crates.io crate iced-x86 1.18.0
[INFO] finished tweaking crates.io crate iced-x86 1.18.0
[INFO] tweaked toml for crates.io crate iced-x86 1.18.0 written to /workspace/builds/worker-0-tc2/source/Cargo.toml
[INFO] running `Command { std: CARGO_HOME="/workspace/cargo-home" RUSTUP_HOME="/workspace/rustup-home" __CARGO_TEST_CHANNEL_OVERRIDE_DO_NOT_USE_THIS="nightly" "/workspace/cargo-home/bin/cargo" "+beta-2023-04-20" "generate-lockfile" "--manifest-path" "Cargo.toml" "-Zno-index-update", kill_on_drop: false }`
[INFO] running `Command { std: CARGO_HOME="/workspace/cargo-home" RUSTUP_HOME="/workspace/rustup-home" "/workspace/cargo-home/bin/cargo" "+beta-2023-04-20" "fetch" "--manifest-path" "Cargo.toml", kill_on_drop: false }`
[INFO] running `Command { std: "docker" "create" "-v" "/var/lib/crater-agent-workspace/builds/worker-0-tc2/target:/opt/rustwide/target:rw,Z" "-v" "/var/lib/crater-agent-workspace/builds/worker-0-tc2/source:/opt/rustwide/workdir:ro,Z" "-v" "/var/lib/crater-agent-workspace/cargo-home:/opt/rustwide/cargo-home:ro,Z" "-v" "/var/lib/crater-agent-workspace/rustup-home:/opt/rustwide/rustup-home:ro,Z" "-e" "SOURCE_DIR=/opt/rustwide/workdir" "-e" "CARGO_TARGET_DIR=/opt/rustwide/target" "-e" "CARGO_HOME=/opt/rustwide/cargo-home" "-e" "RUSTUP_HOME=/opt/rustwide/rustup-home" "-w" "/opt/rustwide/workdir" "-m" "1610612736" "--user" "0:0" "--network" "none" "ghcr.io/rust-lang/crates-build-env/linux@sha256:5ff2268d62e97bff2cde7d5815dd6ed5b47097566f13b8d0ca110b04b60e07ed" "/opt/rustwide/cargo-home/bin/cargo" "+beta-2023-04-20" "metadata" "--no-deps" "--format-version=1", kill_on_drop: false }`
[INFO] [stdout] f79e5aaeee82454816ceeb73da4f5e72bf463d89d15d29c944da3320af3852bd
[INFO] running `Command { std: "docker" "start" "-a" "f79e5aaeee82454816ceeb73da4f5e72bf463d89d15d29c944da3320af3852bd", kill_on_drop: false }`
[INFO] running `Command { std: "docker" "inspect" "f79e5aaeee82454816ceeb73da4f5e72bf463d89d15d29c944da3320af3852bd", kill_on_drop: false }`
[INFO] running `Command { std: "docker" "rm" "-f" "f79e5aaeee82454816ceeb73da4f5e72bf463d89d15d29c944da3320af3852bd", kill_on_drop: false }`
[INFO] [stdout] f79e5aaeee82454816ceeb73da4f5e72bf463d89d15d29c944da3320af3852bd
[INFO] running `Command { std: "docker" "create" "-v" "/var/lib/crater-agent-workspace/builds/worker-0-tc2/target:/opt/rustwide/target:rw,Z" "-v" "/var/lib/crater-agent-workspace/builds/worker-0-tc2/source:/opt/rustwide/workdir:ro,Z" "-v" "/var/lib/crater-agent-workspace/cargo-home:/opt/rustwide/cargo-home:ro,Z" "-v" "/var/lib/crater-agent-workspace/rustup-home:/opt/rustwide/rustup-home:ro,Z" "-e" "SOURCE_DIR=/opt/rustwide/workdir" "-e" "CARGO_TARGET_DIR=/opt/rustwide/target" "-e" "CARGO_INCREMENTAL=0" "-e" "RUST_BACKTRACE=full" "-e" "RUSTFLAGS=--cap-lints=warn" "-e" "RUSTDOCFLAGS=--cap-lints=warn" "-e" "CARGO_HOME=/opt/rustwide/cargo-home" "-e" "RUSTUP_HOME=/opt/rustwide/rustup-home" "-w" "/opt/rustwide/workdir" "-m" "1610612736" "--user" "0:0" "--network" "none" "ghcr.io/rust-lang/crates-build-env/linux@sha256:5ff2268d62e97bff2cde7d5815dd6ed5b47097566f13b8d0ca110b04b60e07ed" "/opt/rustwide/cargo-home/bin/cargo" "+beta-2023-04-20" "build" "--frozen" "--message-format=json", kill_on_drop: false }`
[INFO] [stdout] dee68f05181a9f0820f889be67273565e73ab5fee3ac49d4d45dca1e1033a702
[INFO] running `Command { std: "docker" "start" "-a" "dee68f05181a9f0820f889be67273565e73ab5fee3ac49d4d45dca1e1033a702", kill_on_drop: false }`
[INFO] [stderr]    Compiling iced-x86 v1.18.0 (/opt/rustwide/workdir)
[INFO] [stderr]     Finished dev [unoptimized + debuginfo] target(s) in 12.30s
[INFO] running `Command { std: "docker" "inspect" "dee68f05181a9f0820f889be67273565e73ab5fee3ac49d4d45dca1e1033a702", kill_on_drop: false }`
[INFO] running `Command { std: "docker" "rm" "-f" "dee68f05181a9f0820f889be67273565e73ab5fee3ac49d4d45dca1e1033a702", kill_on_drop: false }`
[INFO] [stdout] dee68f05181a9f0820f889be67273565e73ab5fee3ac49d4d45dca1e1033a702
[INFO] running `Command { std: "docker" "create" "-v" "/var/lib/crater-agent-workspace/builds/worker-0-tc2/target:/opt/rustwide/target:rw,Z" "-v" "/var/lib/crater-agent-workspace/builds/worker-0-tc2/source:/opt/rustwide/workdir:ro,Z" "-v" "/var/lib/crater-agent-workspace/cargo-home:/opt/rustwide/cargo-home:ro,Z" "-v" "/var/lib/crater-agent-workspace/rustup-home:/opt/rustwide/rustup-home:ro,Z" "-e" "SOURCE_DIR=/opt/rustwide/workdir" "-e" "CARGO_TARGET_DIR=/opt/rustwide/target" "-e" "CARGO_INCREMENTAL=0" "-e" "RUST_BACKTRACE=full" "-e" "RUSTFLAGS=--cap-lints=warn" "-e" "RUSTDOCFLAGS=--cap-lints=warn" "-e" "CARGO_HOME=/opt/rustwide/cargo-home" "-e" "RUSTUP_HOME=/opt/rustwide/rustup-home" "-w" "/opt/rustwide/workdir" "-m" "1610612736" "--user" "0:0" "--network" "none" "ghcr.io/rust-lang/crates-build-env/linux@sha256:5ff2268d62e97bff2cde7d5815dd6ed5b47097566f13b8d0ca110b04b60e07ed" "/opt/rustwide/cargo-home/bin/cargo" "+beta-2023-04-20" "test" "--frozen" "--no-run" "--message-format=json", kill_on_drop: false }`
[INFO] [stdout] 9d4b280ca602ca31f27ce9231bc79fa5c3ca4ad278ba21d5a2c9069e9a594468
[INFO] running `Command { std: "docker" "start" "-a" "9d4b280ca602ca31f27ce9231bc79fa5c3ca4ad278ba21d5a2c9069e9a594468", kill_on_drop: false }`
[INFO] [stderr]    Compiling bincode v1.3.3
[INFO] [stderr]    Compiling iced-x86 v1.18.0 (/opt/rustwide/workdir)
[INFO] [stdout] error[E0583]: file not found for module `tests`
[INFO] [stdout]  --> src/block_enc.rs:8:1
[INFO] [stdout]   |
[INFO] [stdout] 8 | mod tests;
[INFO] [stdout]   | ^^^^^^^^^^
[INFO] [stdout]   |
[INFO] [stdout]   = help: to create the module `tests`, create file "src/block_enc/tests.rs" or "src/block_enc/tests/mod.rs"
[INFO] [stdout] 
[INFO] [stdout] 
[INFO] [stdout] error[E0583]: file not found for module `tests`
[INFO] [stdout]   --> src/decoder.rs:94:1
[INFO] [stdout]    |
[INFO] [stdout] 94 | pub(crate) mod tests;
[INFO] [stdout]    | ^^^^^^^^^^^^^^^^^^^^^
[INFO] [stdout]    |
[INFO] [stdout]    = help: to create the module `tests`, create file "src/decoder/tests.rs" or "src/decoder/tests/mod.rs"
[INFO] [stdout] 
[INFO] [stdout] 
[INFO] [stdout] error[E0583]: file not found for module `tests`
[INFO] [stdout]   --> src/encoder.rs:26:1
[INFO] [stdout]    |
[INFO] [stdout] 26 | pub(crate) mod tests;
[INFO] [stdout]    | ^^^^^^^^^^^^^^^^^^^^^
[INFO] [stdout]    |
[INFO] [stdout]    = help: to create the module `tests`, create file "src/encoder/tests.rs" or "src/encoder/tests/mod.rs"
[INFO] [stdout] 
[INFO] [stdout] 
[INFO] [stdout] error[E0583]: file not found for module `tests`
[INFO] [stdout]   --> src/formatter/fast.rs:12:1
[INFO] [stdout]    |
[INFO] [stdout] 12 | mod tests;
[INFO] [stdout]    | ^^^^^^^^^^
[INFO] [stdout]    |
[INFO] [stdout]    = help: to create the module `tests`, create file "src/formatter/fast/tests.rs" or "src/formatter/fast/tests/mod.rs"
[INFO] [stdout] 
[INFO] [stdout] 
[INFO] [stdout] error[E0583]: file not found for module `tests`
[INFO] [stdout]   --> src/formatter/gas.rs:11:1
[INFO] [stdout]    |
[INFO] [stdout] 11 | mod tests;
[INFO] [stdout]    | ^^^^^^^^^^
[INFO] [stdout]    |
[INFO] [stdout]    = help: to create the module `tests`, create file "src/formatter/gas/tests.rs" or "src/formatter/gas/tests/mod.rs"
[INFO] [stdout] 
[INFO] [stdout] 
[INFO] [stdout] error[E0583]: file not found for module `tests`
[INFO] [stdout]   --> src/formatter/intel.rs:10:1
[INFO] [stdout]    |
[INFO] [stdout] 10 | mod tests;
[INFO] [stdout]    | ^^^^^^^^^^
[INFO] [stdout]    |
[INFO] [stdout]    = help: to create the module `tests`, create file "src/formatter/intel/tests.rs" or "src/formatter/intel/tests/mod.rs"
[INFO] [stdout] 
[INFO] [stdout] 
[INFO] [stdout] error[E0583]: file not found for module `tests`
[INFO] [stdout]   --> src/formatter/masm.rs:10:1
[INFO] [stdout]    |
[INFO] [stdout] 10 | mod tests;
[INFO] [stdout]    | ^^^^^^^^^^
[INFO] [stdout]    |
[INFO] [stdout]    = help: to create the module `tests`, create file "src/formatter/masm/tests.rs" or "src/formatter/masm/tests/mod.rs"
[INFO] [stdout] 
[INFO] [stdout] 
[INFO] [stdout] error[E0583]: file not found for module `tests`
[INFO] [stdout]   --> src/formatter/nasm.rs:11:1
[INFO] [stdout]    |
[INFO] [stdout] 11 | mod tests;
[INFO] [stdout]    | ^^^^^^^^^^
[INFO] [stdout]    |
[INFO] [stdout]    = help: to create the module `tests`, create file "src/formatter/nasm/tests.rs" or "src/formatter/nasm/tests/mod.rs"
[INFO] [stdout] 
[INFO] [stdout] 
[INFO] [stdout] error[E0583]: file not found for module `tests`
[INFO] [stdout]   --> src/formatter/mod.rs:43:1
[INFO] [stdout]    |
[INFO] [stdout] 43 | pub(crate) mod tests;
[INFO] [stdout]    | ^^^^^^^^^^^^^^^^^^^^^
[INFO] [stdout]    |
[INFO] [stdout]    = help: to create the module `tests`, create file "src/formatter/tests.rs" or "src/formatter/tests/mod.rs"
[INFO] [stdout] 
[INFO] [stdout] 
[INFO] [stdout] error[E0583]: file not found for module `tests`
[INFO] [stdout]   --> src/info/mod.rs:10:1
[INFO] [stdout]    |
[INFO] [stdout] 10 | mod tests;
[INFO] [stdout]    | ^^^^^^^^^^
[INFO] [stdout]    |
[INFO] [stdout]    = help: to create the module `tests`, create file "src/info/tests.rs" or "src/info/tests/mod.rs"
[INFO] [stdout] 
[INFO] [stdout] 
[INFO] [stdout] error[E0583]: file not found for module `test`
[INFO] [stdout]    --> src/lib.rs:160:1
[INFO] [stdout]     |
[INFO] [stdout] 160 | pub(crate) mod test;
[INFO] [stdout]     | ^^^^^^^^^^^^^^^^^^^^
[INFO] [stdout]     |
[INFO] [stdout]     = help: to create the module `test`, create file "src/test.rs" or "src/test/mod.rs"
[INFO] [stdout] 
[INFO] [stdout] 
[INFO] [stdout] error[E0583]: file not found for module `test_utils`
[INFO] [stdout]    --> src/lib.rs:162:1
[INFO] [stdout]     |
[INFO] [stdout] 162 | pub(crate) mod test_utils;
[INFO] [stdout]     | ^^^^^^^^^^^^^^^^^^^^^^^^^^
[INFO] [stdout]     |
[INFO] [stdout]     = help: to create the module `test_utils`, create file "src/test_utils.rs" or "src/test_utils/mod.rs"
[INFO] [stdout] 
[INFO] [stdout] 
[INFO] [stdout] error: aborting due to 12 previous errors
[INFO] [stdout] 
[INFO] [stdout] 
[INFO] [stdout] For more information about this error, try `rustc --explain E0583`.
[INFO] [stdout] 
[INFO] [stderr] error: could not compile `iced-x86` (lib test) due to 13 previous errors
[INFO] running `Command { std: "docker" "inspect" "9d4b280ca602ca31f27ce9231bc79fa5c3ca4ad278ba21d5a2c9069e9a594468", kill_on_drop: false }`
[INFO] running `Command { std: "docker" "rm" "-f" "9d4b280ca602ca31f27ce9231bc79fa5c3ca4ad278ba21d5a2c9069e9a594468", kill_on_drop: false }`
[INFO] [stdout] 9d4b280ca602ca31f27ce9231bc79fa5c3ca4ad278ba21d5a2c9069e9a594468
