[INFO] fetching crate icalendar 0.15.4...
[INFO] testing icalendar-0.15.4 against 1.69.0 for beta-1.70-1
[INFO] extracting crate icalendar 0.15.4 into /workspace/builds/worker-5-tc1/source
[INFO] validating manifest of crates.io crate icalendar 0.15.4 on toolchain 1.69.0
[INFO] running `Command { std: CARGO_HOME="/workspace/cargo-home" RUSTUP_HOME="/workspace/rustup-home" "/workspace/cargo-home/bin/cargo" "+1.69.0" "metadata" "--manifest-path" "Cargo.toml" "--no-deps", kill_on_drop: false }`
[INFO] started tweaking crates.io crate icalendar 0.15.4
[INFO] removed 0 missing examples
[INFO] finished tweaking crates.io crate icalendar 0.15.4
[INFO] tweaked toml for crates.io crate icalendar 0.15.4 written to /workspace/builds/worker-5-tc1/source/Cargo.toml
[INFO] crate crates.io crate icalendar 0.15.4 already has a lockfile, it will not be regenerated
[INFO] running `Command { std: CARGO_HOME="/workspace/cargo-home" RUSTUP_HOME="/workspace/rustup-home" "/workspace/cargo-home/bin/cargo" "+1.69.0" "fetch" "--manifest-path" "Cargo.toml", kill_on_drop: false }`
[INFO] [stderr]     Blocking waiting for file lock on package cache
[INFO] [stderr]     Blocking waiting for file lock on package cache
[INFO] [stderr]  Downloading crates ...
[INFO] [stderr]   Downloaded iso8601 v0.6.1
[INFO] [stderr]   Downloaded syn v1.0.77
[INFO] [stderr]   Downloaded chrono-tz v0.8.1
[INFO] running `Command { std: "docker" "create" "-v" "/var/lib/crater-agent-workspace/builds/worker-5-tc1/target:/opt/rustwide/target:rw,Z" "-v" "/var/lib/crater-agent-workspace/builds/worker-5-tc1/source:/opt/rustwide/workdir:ro,Z" "-v" "/var/lib/crater-agent-workspace/cargo-home:/opt/rustwide/cargo-home:ro,Z" "-v" "/var/lib/crater-agent-workspace/rustup-home:/opt/rustwide/rustup-home:ro,Z" "-e" "SOURCE_DIR=/opt/rustwide/workdir" "-e" "CARGO_TARGET_DIR=/opt/rustwide/target" "-e" "CARGO_HOME=/opt/rustwide/cargo-home" "-e" "RUSTUP_HOME=/opt/rustwide/rustup-home" "-w" "/opt/rustwide/workdir" "-m" "1610612736" "--user" "0:0" "--network" "none" "ghcr.io/rust-lang/crates-build-env/linux@sha256:5ff2268d62e97bff2cde7d5815dd6ed5b47097566f13b8d0ca110b04b60e07ed" "/opt/rustwide/cargo-home/bin/cargo" "+1.69.0" "metadata" "--no-deps" "--format-version=1", kill_on_drop: false }`
[INFO] [stdout] 1c38ae73aaa44a1c542d999b947bd72b971816a9433414db0a30da83c4a05686
[INFO] running `Command { std: "docker" "start" "-a" "1c38ae73aaa44a1c542d999b947bd72b971816a9433414db0a30da83c4a05686", kill_on_drop: false }`
[INFO] running `Command { std: "docker" "inspect" "1c38ae73aaa44a1c542d999b947bd72b971816a9433414db0a30da83c4a05686", kill_on_drop: false }`
[INFO] running `Command { std: "docker" "rm" "-f" "1c38ae73aaa44a1c542d999b947bd72b971816a9433414db0a30da83c4a05686", kill_on_drop: false }`
[INFO] [stdout] 1c38ae73aaa44a1c542d999b947bd72b971816a9433414db0a30da83c4a05686
[INFO] running `Command { std: "docker" "create" "-v" "/var/lib/crater-agent-workspace/builds/worker-5-tc1/target:/opt/rustwide/target:rw,Z" "-v" "/var/lib/crater-agent-workspace/builds/worker-5-tc1/source:/opt/rustwide/workdir:ro,Z" "-v" "/var/lib/crater-agent-workspace/cargo-home:/opt/rustwide/cargo-home:ro,Z" "-v" "/var/lib/crater-agent-workspace/rustup-home:/opt/rustwide/rustup-home:ro,Z" "-e" "SOURCE_DIR=/opt/rustwide/workdir" "-e" "CARGO_TARGET_DIR=/opt/rustwide/target" "-e" "CARGO_INCREMENTAL=0" "-e" "RUST_BACKTRACE=full" "-e" "RUSTFLAGS=--cap-lints=warn" "-e" "RUSTDOCFLAGS=--cap-lints=warn" "-e" "CARGO_HOME=/opt/rustwide/cargo-home" "-e" "RUSTUP_HOME=/opt/rustwide/rustup-home" "-w" "/opt/rustwide/workdir" "-m" "1610612736" "--user" "0:0" "--network" "none" "ghcr.io/rust-lang/crates-build-env/linux@sha256:5ff2268d62e97bff2cde7d5815dd6ed5b47097566f13b8d0ca110b04b60e07ed" "/opt/rustwide/cargo-home/bin/cargo" "+1.69.0" "build" "--frozen" "--message-format=json", kill_on_drop: false }`
[INFO] [stdout] e81f201d4facb025baa1917b6d7a7e1e2522240211a9fec0c45e7037fd9f5250
[INFO] running `Command { std: "docker" "start" "-a" "e81f201d4facb025baa1917b6d7a7e1e2522240211a9fec0c45e7037fd9f5250", kill_on_drop: false }`
[INFO] [stderr]    Compiling autocfg v1.0.1
[INFO] [stderr]    Compiling libc v0.2.103
[INFO] [stderr]    Compiling memchr v2.5.0
[INFO] [stderr]    Compiling minimal-lexical v0.2.1
[INFO] [stderr]    Compiling num-traits v0.2.14
[INFO] [stderr]    Compiling num-integer v0.1.44
[INFO] [stderr]    Compiling nom v7.1.3
[INFO] [stderr]    Compiling getrandom v0.2.3
[INFO] [stderr]    Compiling uuid v1.3.0
[INFO] [stderr]    Compiling chrono v0.4.19
[INFO] [stderr]    Compiling iso8601 v0.6.1
[INFO] [stderr]    Compiling icalendar v0.15.4 (/opt/rustwide/workdir)
[INFO] [stderr]     Finished dev [unoptimized + debuginfo] target(s) in 5.84s
[INFO] running `Command { std: "docker" "inspect" "e81f201d4facb025baa1917b6d7a7e1e2522240211a9fec0c45e7037fd9f5250", kill_on_drop: false }`
[INFO] running `Command { std: "docker" "rm" "-f" "e81f201d4facb025baa1917b6d7a7e1e2522240211a9fec0c45e7037fd9f5250", kill_on_drop: false }`
[INFO] [stdout] e81f201d4facb025baa1917b6d7a7e1e2522240211a9fec0c45e7037fd9f5250
[INFO] running `Command { std: "docker" "create" "-v" "/var/lib/crater-agent-workspace/builds/worker-5-tc1/target:/opt/rustwide/target:rw,Z" "-v" "/var/lib/crater-agent-workspace/builds/worker-5-tc1/source:/opt/rustwide/workdir:ro,Z" "-v" "/var/lib/crater-agent-workspace/cargo-home:/opt/rustwide/cargo-home:ro,Z" "-v" "/var/lib/crater-agent-workspace/rustup-home:/opt/rustwide/rustup-home:ro,Z" "-e" "SOURCE_DIR=/opt/rustwide/workdir" "-e" "CARGO_TARGET_DIR=/opt/rustwide/target" "-e" "CARGO_INCREMENTAL=0" "-e" "RUST_BACKTRACE=full" "-e" "RUSTFLAGS=--cap-lints=warn" "-e" "RUSTDOCFLAGS=--cap-lints=warn" "-e" "CARGO_HOME=/opt/rustwide/cargo-home" "-e" "RUSTUP_HOME=/opt/rustwide/rustup-home" "-w" "/opt/rustwide/workdir" "-m" "1610612736" "--user" "0:0" "--network" "none" "ghcr.io/rust-lang/crates-build-env/linux@sha256:5ff2268d62e97bff2cde7d5815dd6ed5b47097566f13b8d0ca110b04b60e07ed" "/opt/rustwide/cargo-home/bin/cargo" "+1.69.0" "test" "--frozen" "--no-run" "--message-format=json", kill_on_drop: false }`
[INFO] [stdout] 793258349e37e0107513c097fef5e34805395fdecef6915d5507030506410383
[INFO] running `Command { std: "docker" "start" "-a" "793258349e37e0107513c097fef5e34805395fdecef6915d5507030506410383", kill_on_drop: false }`
[INFO] [stderr]    Compiling yansi v0.5.1
[INFO] [stderr]    Compiling diff v0.1.13
[INFO] [stderr]    Compiling pretty_assertions v1.3.0
[INFO] [stderr]    Compiling icalendar v0.15.4 (/opt/rustwide/workdir)
[INFO] [stdout] error[E0599]: no method named `with_ymd_and_hms` found for struct `chrono::Utc` in the current scope
[INFO] [stdout]   --> tests/alarm.rs:39:21
[INFO] [stdout]    |
[INFO] [stdout] 39 |         .starts(Utc.with_ymd_and_hms(1998, 1, 30, 13, 45, 0).unwrap())
[INFO] [stdout]    |                     ^^^^^^^^^^^^^^^^ method not found in `Utc`
[INFO] [stdout] 
[INFO] [stdout] 
[INFO] [stdout] error[E0599]: no method named `with_ymd_and_hms` found for struct `chrono::Utc` in the current scope
[INFO] [stdout]   --> tests/alarm.rs:49:30
[INFO] [stdout]    |
[INFO] [stdout] 49 |             Alarm::audio(Utc.with_ymd_and_hms(1998, 4, 3, 12, 0, 0).unwrap())
[INFO] [stdout]    |                              ^^^^^^^^^^^^^^^^ method not found in `Utc`
[INFO] [stdout] 
[INFO] [stdout] 
[INFO] [stdout] error: aborting due to 2 previous errors
[INFO] [stdout] 
[INFO] [stdout] 
[INFO] [stdout] For more information about this error, try `rustc --explain E0599`.
[INFO] [stdout] 
[INFO] [stderr] error: could not compile `icalendar` due to 3 previous errors
[INFO] [stderr] warning: build failed, waiting for other jobs to finish...
[INFO] [stdout] error[E0599]: no method named `with_ymd_and_hms` found for struct `chrono::FixedOffset` in the current scope
[INFO] [stdout]   --> tests/calendar.rs:38:10
[INFO] [stdout]    |
[INFO] [stdout] 36 |       let cest_date = FixedOffset::east_opt(2 * 3600)
[INFO] [stdout]    |  _____________________-
[INFO] [stdout] 37 | |         .unwrap()
[INFO] [stdout] 38 | |         .with_ymd_and_hms(2014, 7, 8, 9, 10, 11)
[INFO] [stdout]    | |         -^^^^^^^^^^^^^^^^ method not found in `FixedOffset`
[INFO] [stdout]    | |_________|
[INFO] [stdout]    | 
[INFO] [stdout] 
[INFO] [stdout] 
[INFO] [stdout] error[E0599]: no method named `with_ymd_and_hms` found for struct `chrono::Utc` in the current scope
[INFO] [stdout]   --> tests/calendar.rs:40:24
[INFO] [stdout]    |
[INFO] [stdout] 40 |     let utc_date = Utc.with_ymd_and_hms(2014, 7, 9, 9, 10, 11).unwrap();
[INFO] [stdout]    |                        ^^^^^^^^^^^^^^^^ method not found in `Utc`
[INFO] [stdout] 
[INFO] [stdout] 
[INFO] [stdout] error: aborting due to 2 previous errors
[INFO] [stdout] 
[INFO] [stdout] 
[INFO] [stdout] For more information about this error, try `rustc --explain E0599`.
[INFO] [stdout] 
[INFO] [stderr] error: could not compile `icalendar` due to 3 previous errors
[INFO] [stdout] error[E0599]: no method named `with_ymd_and_hms` found for struct `chrono::Utc` in the current scope
[INFO] [stdout]    --> src/components/todo.rs:100:29
[INFO] [stdout]     |
[INFO] [stdout] 100 |         let completed = Utc.with_ymd_and_hms(2001, 3, 13, 14, 15, 16).unwrap();
[INFO] [stdout]     |                             ^^^^^^^^^^^^^^^^ method not found in `Utc`
[INFO] [stdout] 
[INFO] [stdout] 
[INFO] [stdout] error[E0599]: no method named `with_ymd_and_hms` found for struct `chrono::Utc` in the current scope
[INFO] [stdout]    --> src/components/todo.rs:123:33
[INFO] [stdout]     |
[INFO] [stdout] 123 |         let utc_date_time = Utc.with_ymd_and_hms(2001, 3, 13, 14, 15, 16).unwrap();
[INFO] [stdout]     |                                 ^^^^^^^^^^^^^^^^ method not found in `Utc`
[INFO] [stdout] 
[INFO] [stdout] 
[INFO] [stdout] error[E0599]: no method named `with_ymd_and_hms` found for struct `chrono::Utc` in the current scope
[INFO] [stdout]    --> src/components.rs:468:33
[INFO] [stdout]     |
[INFO] [stdout] 468 |         let utc_date_time = Utc.with_ymd_and_hms(2001, 3, 13, 14, 15, 16).unwrap();
[INFO] [stdout]     |                                 ^^^^^^^^^^^^^^^^ method not found in `Utc`
[INFO] [stdout] 
[INFO] [stdout] 
[INFO] [stdout] warning: unused import: `chrono::TimeZone`
[INFO] [stdout]    --> src/components.rs:415:9
[INFO] [stdout]     |
[INFO] [stdout] 415 |     use chrono::TimeZone;
[INFO] [stdout]     |         ^^^^^^^^^^^^^^^^
[INFO] [stdout]     |
[INFO] [stdout]     = note: `#[warn(unused_imports)]` on by default
[INFO] [stdout] 
[INFO] [stdout] 
[INFO] [stdout] error: aborting due to 3 previous errors; 1 warning emitted
[INFO] [stdout] 
[INFO] [stdout] 
[INFO] [stdout] For more information about this error, try `rustc --explain E0599`.
[INFO] [stdout] 
[INFO] [stderr] error: could not compile `icalendar` due to 4 previous errors; 1 warning emitted
[INFO] running `Command { std: "docker" "inspect" "793258349e37e0107513c097fef5e34805395fdecef6915d5507030506410383", kill_on_drop: false }`
[INFO] running `Command { std: "docker" "rm" "-f" "793258349e37e0107513c097fef5e34805395fdecef6915d5507030506410383", kill_on_drop: false }`
[INFO] [stdout] 793258349e37e0107513c097fef5e34805395fdecef6915d5507030506410383
