[INFO] fetching crate httpz 0.0.4...
[INFO] testing httpz-0.0.4 against 1.69.0 for beta-1.70-1
[INFO] extracting crate httpz 0.0.4 into /workspace/builds/worker-0-tc1/source
[INFO] validating manifest of crates.io crate httpz 0.0.4 on toolchain 1.69.0
[INFO] running `Command { std: CARGO_HOME="/workspace/cargo-home" RUSTUP_HOME="/workspace/rustup-home" "/workspace/cargo-home/bin/cargo" "+1.69.0" "metadata" "--manifest-path" "Cargo.toml" "--no-deps", kill_on_drop: false }`
[INFO] started tweaking crates.io crate httpz 0.0.4
[INFO] removed 0 missing examples
[INFO] finished tweaking crates.io crate httpz 0.0.4
[INFO] tweaked toml for crates.io crate httpz 0.0.4 written to /workspace/builds/worker-0-tc1/source/Cargo.toml
[INFO] crate crates.io crate httpz 0.0.4 already has a lockfile, it will not be regenerated
[INFO] running `Command { std: CARGO_HOME="/workspace/cargo-home" RUSTUP_HOME="/workspace/rustup-home" "/workspace/cargo-home/bin/cargo" "+1.69.0" "fetch" "--manifest-path" "Cargo.toml", kill_on_drop: false }`
[INFO] [stderr]     Blocking waiting for file lock on package cache
[INFO] [stderr]  Downloading crates ...
[INFO] [stderr]   Downloaded lambda_runtime_api_client v0.7.0
[INFO] [stderr]   Downloaded aws_lambda_events v0.7.3
[INFO] [stderr]   Downloaded async-tungstenite v0.19.0
[INFO] [stderr]   Downloaded serde_path_to_error v0.1.10
[INFO] [stderr]   Downloaded zstd-safe v6.0.4+zstd.1.5.4
[INFO] [stderr]   Downloaded worker-macros v0.0.6
[INFO] [stderr]   Downloaded unicode-ident v1.0.7
[INFO] [stderr]   Downloaded warp v0.3.3
[INFO] [stderr]   Downloaded tauri v1.2.4
[INFO] [stderr]   Downloaded json-patch v0.2.7
[INFO] [stderr]   Downloaded rfc7239 v0.1.0
[INFO] [stderr]   Downloaded axum v0.6.7
[INFO] [stderr]   Downloaded http-serde v1.1.2
[INFO] [stderr]   Downloaded lambda_http v0.7.3
[INFO] [stderr]   Downloaded poem v1.3.55
[INFO] [stderr]   Downloaded actix-web v4.3.1
[INFO] [stderr]   Downloaded figment v0.10.8
[INFO] [stderr]   Downloaded lambda_runtime v0.7.3
[INFO] [stderr]   Downloaded poem-derive v1.3.55
[INFO] [stderr]   Downloaded actix-router v0.5.1
[INFO] [stderr]   Downloaded gdkx11-sys v0.15.1
[INFO] [stderr]   Downloaded actix-web-codegen v4.2.0
[INFO] [stderr]   Downloaded webview2-com-macros v0.6.0
[INFO] [stderr]   Downloaded pear v0.2.3
[INFO] [stderr]   Downloaded devise_codegen v0.3.1
[INFO] [stderr]   Downloaded binascii v0.1.4
[INFO] [stderr]   Downloaded aead v0.5.1
[INFO] [stderr]   Downloaded rocket_http v0.5.0-rc.2
[INFO] [stderr]   Downloaded local-waker v0.1.3
[INFO] [stderr]   Downloaded multer v2.0.4
[INFO] [stderr]   Downloaded rocket_codegen v0.5.0-rc.2
[INFO] [stderr]   Downloaded aes-gcm v0.10.1
[INFO] [stderr]   Downloaded webkit2gtk-sys v0.18.0
[INFO] [stderr]   Downloaded futures-macro v0.3.26
[INFO] [stderr]   Downloaded actix-rt v2.8.0
[INFO] [stderr]   Downloaded actix-service v2.0.2
[INFO] [stderr]   Downloaded soup2 v0.2.1
[INFO] [stderr]   Downloaded actix-codec v0.5.0
[INFO] [stderr]   Downloaded actix-server v2.2.0
[INFO] [stderr]   Downloaded actix-utils v3.0.1
[INFO] [stderr]   Downloaded local-channel v0.1.3
[INFO] [stderr]   Downloaded actix-macros v0.2.3
[INFO] [stderr]   Downloaded bstr v1.3.0
[INFO] [stderr]   Downloaded spin v0.9.5
[INFO] [stderr]   Downloaded bytestring v1.3.0
[INFO] [stderr]   Downloaded gtk v0.15.5
[INFO] [stderr]   Downloaded zstd-sys v2.0.7+zstd.1.5.4
[INFO] [stderr]   Downloaded pear_codegen v0.2.3
[INFO] [stderr]   Downloaded actix-http v3.3.1
[INFO] [stderr]   Downloaded soup2-sys v0.2.0
[INFO] [stderr]   Downloaded tao v0.15.8
[INFO] [stderr]   Downloaded wry v0.23.4
[INFO] [stderr]   Downloaded rocket v0.5.0-rc.2
[INFO] [stderr]   Downloaded ctr v0.9.2
[INFO] [stderr]   Downloaded devise v0.3.1
[INFO] [stderr]   Downloaded inlinable_string v0.1.15
[INFO] [stderr]   Downloaded webkit2gtk v0.18.2
[INFO] [stderr]   Downloaded stable-pattern v0.1.0
[INFO] [stderr]   Downloaded serde_repr v0.1.10
[INFO] [stderr]   Downloaded treediff v3.0.2
[INFO] [stderr]   Downloaded windows-bindgen v0.39.0
[INFO] [stderr]   Downloaded webview2-com v0.19.1
[INFO] [stderr]   Downloaded windows-tokens v0.39.0
[INFO] [stderr]   Downloaded windows-implement v0.39.0
[INFO] [stderr]   Downloaded ref-cast-impl v1.0.15
[INFO] [stderr]   Downloaded plist v1.4.1
[INFO] [stderr]   Downloaded devise_core v0.3.1
[INFO] [stderr]   Downloaded cipher v0.4.3
[INFO] [stderr]   Downloaded polyval v0.6.0
[INFO] [stderr]   Downloaded ghash v0.5.0
[INFO] [stderr]   Downloaded ref-cast v1.0.15
[INFO] [stderr]   Downloaded embed_plist v1.2.2
[INFO] [stderr]   Downloaded serialize-to-javascript-impl v0.1.1
[INFO] [stderr]   Downloaded serialize-to-javascript v0.1.1
[INFO] [stderr]   Downloaded generator v0.7.3
[INFO] [stderr]   Downloaded ico v0.2.0
[INFO] [stderr]   Downloaded tauri-codegen v1.2.1
[INFO] [stderr]   Downloaded tauri-macros v1.2.1
[INFO] [stderr]   Downloaded tauri-runtime v0.12.1
[INFO] [stderr]   Downloaded worker-sys v0.0.6
[INFO] [stderr]   Downloaded worker-kv v0.5.1
[INFO] [stderr]   Downloaded worker v0.0.12
[INFO] [stderr]   Downloaded windows-metadata v0.39.0
[INFO] [stderr]   Downloaded tauri-runtime-wry v0.12.2
[INFO] [stderr]   Downloaded webview2-com-sys v0.19.0
[INFO] [stderr]   Downloaded cfb v0.6.1
[INFO] [stderr]   Downloaded infer v0.7.0
[INFO] [stderr]   Downloaded string_cache v0.8.6
[INFO] [stderr]   Downloaded kuchiki v0.8.1
[INFO] [stderr]   Downloaded tauri-utils v1.2.1
[INFO] [stderr]   Downloaded winnow v0.3.4
[INFO] [stderr]   Downloaded matchit v0.4.6
[INFO] [stderr]   Downloaded async-trait v0.1.65
[INFO] [stderr]   Downloaded query_map v0.6.0
[INFO] running `Command { std: "docker" "create" "-v" "/var/lib/crater-agent-workspace/builds/worker-0-tc1/target:/opt/rustwide/target:rw,Z" "-v" "/var/lib/crater-agent-workspace/builds/worker-0-tc1/source:/opt/rustwide/workdir:ro,Z" "-v" "/var/lib/crater-agent-workspace/cargo-home:/opt/rustwide/cargo-home:ro,Z" "-v" "/var/lib/crater-agent-workspace/rustup-home:/opt/rustwide/rustup-home:ro,Z" "-e" "SOURCE_DIR=/opt/rustwide/workdir" "-e" "CARGO_TARGET_DIR=/opt/rustwide/target" "-e" "CARGO_HOME=/opt/rustwide/cargo-home" "-e" "RUSTUP_HOME=/opt/rustwide/rustup-home" "-w" "/opt/rustwide/workdir" "-m" "1610612736" "--user" "0:0" "--network" "none" "ghcr.io/rust-lang/crates-build-env/linux@sha256:5ff2268d62e97bff2cde7d5815dd6ed5b47097566f13b8d0ca110b04b60e07ed" "/opt/rustwide/cargo-home/bin/cargo" "+1.69.0" "metadata" "--no-deps" "--format-version=1", kill_on_drop: false }`
[INFO] [stdout] 8fe09f779b7f4eeac49a484810aa36fb9c8ab47a0dc68fcaebe3feb3ff2fe4c7
[INFO] running `Command { std: "docker" "start" "-a" "8fe09f779b7f4eeac49a484810aa36fb9c8ab47a0dc68fcaebe3feb3ff2fe4c7", kill_on_drop: false }`
[INFO] running `Command { std: "docker" "inspect" "8fe09f779b7f4eeac49a484810aa36fb9c8ab47a0dc68fcaebe3feb3ff2fe4c7", kill_on_drop: false }`
[INFO] running `Command { std: "docker" "rm" "-f" "8fe09f779b7f4eeac49a484810aa36fb9c8ab47a0dc68fcaebe3feb3ff2fe4c7", kill_on_drop: false }`
[INFO] [stdout] 8fe09f779b7f4eeac49a484810aa36fb9c8ab47a0dc68fcaebe3feb3ff2fe4c7
[INFO] running `Command { std: "docker" "create" "-v" "/var/lib/crater-agent-workspace/builds/worker-0-tc1/target:/opt/rustwide/target:rw,Z" "-v" "/var/lib/crater-agent-workspace/builds/worker-0-tc1/source:/opt/rustwide/workdir:ro,Z" "-v" "/var/lib/crater-agent-workspace/cargo-home:/opt/rustwide/cargo-home:ro,Z" "-v" "/var/lib/crater-agent-workspace/rustup-home:/opt/rustwide/rustup-home:ro,Z" "-e" "SOURCE_DIR=/opt/rustwide/workdir" "-e" "CARGO_TARGET_DIR=/opt/rustwide/target" "-e" "CARGO_INCREMENTAL=0" "-e" "RUST_BACKTRACE=full" "-e" "RUSTFLAGS=--cap-lints=warn" "-e" "RUSTDOCFLAGS=--cap-lints=warn" "-e" "CARGO_HOME=/opt/rustwide/cargo-home" "-e" "RUSTUP_HOME=/opt/rustwide/rustup-home" "-w" "/opt/rustwide/workdir" "-m" "1610612736" "--user" "0:0" "--network" "none" "ghcr.io/rust-lang/crates-build-env/linux@sha256:5ff2268d62e97bff2cde7d5815dd6ed5b47097566f13b8d0ca110b04b60e07ed" "/opt/rustwide/cargo-home/bin/cargo" "+1.69.0" "build" "--frozen" "--message-format=json", kill_on_drop: false }`
[INFO] [stdout] f981e72262d0704df1fa79b68d59843e708657ddd946ef0d9e1c823c529a94ba
[INFO] running `Command { std: "docker" "start" "-a" "f981e72262d0704df1fa79b68d59843e708657ddd946ef0d9e1c823c529a94ba", kill_on_drop: false }`
[INFO] [stderr]    Compiling proc-macro2 v1.0.51
[INFO] [stderr]    Compiling quote v1.0.23
[INFO] [stderr]    Compiling unicode-ident v1.0.7
[INFO] [stderr]    Compiling futures-core v0.3.26
[INFO] [stderr]    Compiling futures-channel v0.3.26
[INFO] [stderr]    Compiling futures-task v0.3.26
[INFO] [stderr]    Compiling futures-util v0.3.26
[INFO] [stderr]    Compiling futures-sink v0.3.26
[INFO] [stderr]    Compiling futures-io v0.3.26
[INFO] [stderr]    Compiling tokio v1.26.0
[INFO] [stderr]    Compiling thiserror v1.0.38
[INFO] [stderr]    Compiling want v0.3.0
[INFO] [stderr]    Compiling syn v1.0.109
[INFO] [stderr]    Compiling futures-macro v0.3.26
[INFO] [stderr]    Compiling thiserror-impl v1.0.38
[INFO] [stderr]    Compiling futures-executor v0.3.26
[INFO] [stderr]    Compiling hyper v0.14.24
[INFO] [stderr]    Compiling futures v0.3.26
[INFO] [stderr]    Compiling httpz v0.0.4 (/opt/rustwide/workdir)
[INFO] [stderr]     Finished dev [unoptimized + debuginfo] target(s) in 20.29s
[INFO] running `Command { std: "docker" "inspect" "f981e72262d0704df1fa79b68d59843e708657ddd946ef0d9e1c823c529a94ba", kill_on_drop: false }`
[INFO] running `Command { std: "docker" "rm" "-f" "f981e72262d0704df1fa79b68d59843e708657ddd946ef0d9e1c823c529a94ba", kill_on_drop: false }`
[INFO] [stdout] f981e72262d0704df1fa79b68d59843e708657ddd946ef0d9e1c823c529a94ba
[INFO] running `Command { std: "docker" "create" "-v" "/var/lib/crater-agent-workspace/builds/worker-0-tc1/target:/opt/rustwide/target:rw,Z" "-v" "/var/lib/crater-agent-workspace/builds/worker-0-tc1/source:/opt/rustwide/workdir:ro,Z" "-v" "/var/lib/crater-agent-workspace/cargo-home:/opt/rustwide/cargo-home:ro,Z" "-v" "/var/lib/crater-agent-workspace/rustup-home:/opt/rustwide/rustup-home:ro,Z" "-e" "SOURCE_DIR=/opt/rustwide/workdir" "-e" "CARGO_TARGET_DIR=/opt/rustwide/target" "-e" "CARGO_INCREMENTAL=0" "-e" "RUST_BACKTRACE=full" "-e" "RUSTFLAGS=--cap-lints=warn" "-e" "RUSTDOCFLAGS=--cap-lints=warn" "-e" "CARGO_HOME=/opt/rustwide/cargo-home" "-e" "RUSTUP_HOME=/opt/rustwide/rustup-home" "-w" "/opt/rustwide/workdir" "-m" "1610612736" "--user" "0:0" "--network" "none" "ghcr.io/rust-lang/crates-build-env/linux@sha256:5ff2268d62e97bff2cde7d5815dd6ed5b47097566f13b8d0ca110b04b60e07ed" "/opt/rustwide/cargo-home/bin/cargo" "+1.69.0" "test" "--frozen" "--no-run" "--message-format=json", kill_on_drop: false }`
[INFO] [stdout] dcbe45954da9767e616a4bf51b26edd0f391eb1e2990add4cf436d4f769e0956
[INFO] running `Command { std: "docker" "start" "-a" "dcbe45954da9767e616a4bf51b26edd0f391eb1e2990add4cf436d4f769e0956", kill_on_drop: false }`
[INFO] [stderr]    Compiling libc v0.2.139
[INFO] [stderr]    Compiling syn v1.0.109
[INFO] [stderr]    Compiling futures-core v0.3.26
[INFO] [stderr]    Compiling futures-sink v0.3.26
[INFO] [stderr]    Compiling once_cell v1.17.1
[INFO] [stderr]    Compiling tokio v1.26.0
[INFO] [stderr]    Compiling serde v1.0.152
[INFO] [stderr]    Compiling generic-array v0.14.6
[INFO] [stderr]    Compiling rustversion v1.0.11
[INFO] [stderr]    Compiling tracing-core v0.1.30
[INFO] [stderr]    Compiling paste v1.0.11
[INFO] [stderr]    Compiling futures-channel v0.3.26
[INFO] [stderr]    Compiling aho-corasick v0.7.20
[INFO] [stderr]    Compiling tracing v0.1.37
[INFO] [stderr]    Compiling bytestring v1.3.0
[INFO] [stderr]    Compiling indexmap v1.9.2
[INFO] [stderr]    Compiling crc32fast v1.3.2
[INFO] [stderr]    Compiling alloc-no-stdlib v2.0.4
[INFO] [stderr]    Compiling regex-syntax v0.6.28
[INFO] [stderr]    Compiling parking_lot_core v0.9.7
[INFO] [stderr]    Compiling num_cpus v1.15.0
[INFO] [stderr]    Compiling signal-hook-registry v1.4.1
[INFO] [stderr]    Compiling mio v0.8.6
[INFO] [stderr]    Compiling parking_lot v0.12.1
[INFO] [stderr]    Compiling socket2 v0.4.9
[INFO] [stderr]    Compiling jobserver v0.1.26
[INFO] [stderr]    Compiling cc v1.0.79
[INFO] [stderr]    Compiling getrandom v0.2.8
[INFO] [stderr]    Compiling local-waker v0.1.3
[INFO] [stderr]    Compiling zstd-safe v6.0.4+zstd.1.5.4
[INFO] [stderr]    Compiling rand_core v0.6.4
[INFO] [stderr]    Compiling alloc-stdlib v0.2.2
[INFO] [stderr]    Compiling block-buffer v0.10.3
[INFO] [stderr]    Compiling crypto-common v0.1.6
[INFO] [stderr]    Compiling ahash v0.8.3
[INFO] [stderr]    Compiling serde_json v1.0.93
[INFO] [stderr]    Compiling async-trait v0.1.65
[INFO] [stderr]    Compiling mime v0.3.16
[INFO] [stderr]    Compiling zstd-sys v2.0.7+zstd.1.5.4
[INFO] [stderr]    Compiling tower-layer v0.3.2
[INFO] [stderr]    Compiling time-core v0.1.0
[INFO] [stderr]    Compiling rand_chacha v0.3.1
[INFO] [stderr]    Compiling time-macros v0.2.8
[INFO] [stderr]    Compiling regex v1.7.1
[INFO] [stderr]    Compiling actix-service v2.0.2
[INFO] [stderr]    Compiling miniz_oxide v0.6.2
[INFO] [stderr]    Compiling digest v0.10.6
[INFO] [stderr]    Compiling brotli-decompressor v2.3.4
[INFO] [stderr]    Compiling actix-utils v3.0.1
[INFO] [stderr]    Compiling axum-core v0.3.3
[INFO] [stderr]    Compiling cookie v0.16.2
[INFO] [stderr]    Compiling ahash v0.7.6
[INFO] [stderr]    Compiling unicode-bidi v0.3.10
[INFO] [stderr]    Compiling cpufeatures v0.2.5
[INFO] [stderr]    Compiling convert_case v0.4.0
[INFO] [stderr]    Compiling sha1 v0.10.5
[INFO] [stderr]    Compiling idna v0.3.0
[INFO] [stderr]    Compiling time v0.3.20
[INFO] [stderr]    Compiling flate2 v1.0.25
[INFO] [stderr]    Compiling brotli v3.3.4
[INFO] [stderr]    Compiling actix-router v0.5.1
[INFO] [stderr]    Compiling rand v0.8.5
[INFO] [stderr]    Compiling serde_urlencoded v0.7.1
[INFO] [stderr]    Compiling axum v0.6.7
[INFO] [stderr]    Compiling language-tags v0.3.2
[INFO] [stderr]    Compiling http-range-header v0.3.0
[INFO] [stderr]    Compiling url v2.3.1
[INFO] [stderr]    Compiling futures-macro v0.3.26
[INFO] [stderr]    Compiling tokio-macros v1.8.2
[INFO] [stderr]    Compiling pin-project-internal v1.0.12
[INFO] [stderr]    Compiling derive_more v0.99.17
[INFO] [stderr]    Compiling thiserror-impl v1.0.38
[INFO] [stderr]    Compiling actix-web-codegen v4.2.0
[INFO] [stderr]    Compiling futures-util v0.3.26
[INFO] [stderr]    Compiling pin-project v1.0.12
[INFO] [stderr]    Compiling actix-macros v0.2.3
[INFO] [stderr]    Compiling thiserror v1.0.38
[INFO] [stderr]    Compiling serde_path_to_error v0.1.10
[INFO] [stderr]    Compiling sync_wrapper v0.1.2
[INFO] [stderr]    Compiling matchit v0.7.0
[INFO] [stderr]    Compiling local-channel v0.1.3
[INFO] [stderr]    Compiling futures-executor v0.3.26
[INFO] [stderr]    Compiling futures v0.3.26
[INFO] [stderr]    Compiling tokio-util v0.7.7
[INFO] [stderr]    Compiling actix-rt v2.8.0
[INFO] [stderr]    Compiling tower v0.4.13
[INFO] [stderr]    Compiling hyper v0.14.24
[INFO] [stderr]    Compiling actix-server v2.2.0
[INFO] [stderr]    Compiling tower-http v0.3.5
[INFO] [stderr]    Compiling actix-codec v0.5.0
[INFO] [stderr]    Compiling h2 v0.3.16
[INFO] [stderr]    Compiling zstd v0.12.3+zstd.1.5.2
[INFO] [stderr]    Compiling httpz v0.0.4 (/opt/rustwide/workdir)
[INFO] [stderr]    Compiling actix-http v3.3.1
[INFO] [stderr]    Compiling actix-web v4.3.1
[INFO] [stdout] warning: unused imports: `GenericEndpoint`, `Method`, `Request`, `Response`, `StatusCode`
[INFO] [stdout]  --> examples/cookies.rs:2:12
[INFO] [stdout]   |
[INFO] [stdout] 2 |     http::{Method, Response, StatusCode},
[INFO] [stdout]   |            ^^^^^^  ^^^^^^^^  ^^^^^^^^^^
[INFO] [stdout] 3 |     GenericEndpoint, Request,
[INFO] [stdout]   |     ^^^^^^^^^^^^^^^  ^^^^^^^
[INFO] [stdout]   |
[INFO] [stdout]   = note: `#[warn(unused_imports)]` on by default
[INFO] [stdout] 
[INFO] [stdout] 
[INFO] [stdout] error[E0601]: `main` function not found in crate `cookies`
[INFO] [stdout]   --> examples/cookies.rs:42:2
[INFO] [stdout]    |
[INFO] [stdout] 42 | }
[INFO] [stdout]    |  ^ consider adding a `main` function to `examples/cookies.rs`
[INFO] [stdout] 
[INFO] [stdout] 
[INFO] [stdout] error: aborting due to previous error; 1 warning emitted
[INFO] [stdout] 
[INFO] [stdout] 
[INFO] [stdout] For more information about this error, try `rustc --explain E0601`.
[INFO] [stdout] 
[INFO] [stderr] error: could not compile `httpz` due to 2 previous errors; 1 warning emitted
[INFO] [stderr] warning: build failed, waiting for other jobs to finish...
[INFO] [stdout] error[E0601]: `main` function not found in crate `websocket`
[INFO] [stdout]   --> examples/websocket.rs:49:2
[INFO] [stdout]    |
[INFO] [stdout] 49 | }
[INFO] [stdout]    |  ^ consider adding a `main` function to `examples/websocket.rs`
[INFO] [stdout] 
[INFO] [stdout] 
[INFO] [stdout] error: aborting due to previous error
[INFO] [stdout] 
[INFO] [stdout] 
[INFO] [stdout] For more information about this error, try `rustc --explain E0601`.
[INFO] [stdout] 
[INFO] [stderr] error: could not compile `httpz` due to 2 previous errors
[INFO] [stdout] warning: unused imports: `Extension`, `RequestPartsExt`, `extract::State`, `response::IntoResponse`
[INFO] [stdout]  --> examples/axum_with_state.rs:1:12
[INFO] [stdout]   |
[INFO] [stdout] 1 | use axum::{extract::State, response::IntoResponse, Extension, RequestPartsExt};
[INFO] [stdout]   |            ^^^^^^^^^^^^^^  ^^^^^^^^^^^^^^^^^^^^^^  ^^^^^^^^^  ^^^^^^^^^^^^^^^
[INFO] [stdout]   |
[INFO] [stdout]   = note: `#[warn(unused_imports)]` on by default
[INFO] [stdout] 
[INFO] [stdout] 
[INFO] [stdout] warning: unused imports: `GenericEndpoint`, `Method`, `Request`, `Response`, `StatusCode`
[INFO] [stdout]  --> examples/axum_with_state.rs:3:12
[INFO] [stdout]   |
[INFO] [stdout] 3 |     http::{Method, Response, StatusCode},
[INFO] [stdout]   |            ^^^^^^  ^^^^^^^^  ^^^^^^^^^^
[INFO] [stdout] 4 |     GenericEndpoint, Request,
[INFO] [stdout]   |     ^^^^^^^^^^^^^^^  ^^^^^^^
[INFO] [stdout] 
[INFO] [stdout] 
[INFO] [stdout] error[E0601]: `main` function not found in crate `axum_with_state`
[INFO] [stdout]   --> examples/axum_with_state.rs:39:2
[INFO] [stdout]    |
[INFO] [stdout] 39 | }
[INFO] [stdout]    |  ^ consider adding a `main` function to `examples/axum_with_state.rs`
[INFO] [stdout] 
[INFO] [stdout] 
[INFO] [stdout] error: aborting due to previous error; 2 warnings emitted
[INFO] [stdout] 
[INFO] [stdout] 
[INFO] [stdout] For more information about this error, try `rustc --explain E0601`.
[INFO] [stdout] 
[INFO] [stderr] error: could not compile `httpz` due to 2 previous errors; 2 warnings emitted
[INFO] running `Command { std: "docker" "inspect" "dcbe45954da9767e616a4bf51b26edd0f391eb1e2990add4cf436d4f769e0956", kill_on_drop: false }`
[INFO] running `Command { std: "docker" "rm" "-f" "dcbe45954da9767e616a4bf51b26edd0f391eb1e2990add4cf436d4f769e0956", kill_on_drop: false }`
[INFO] [stdout] dcbe45954da9767e616a4bf51b26edd0f391eb1e2990add4cf436d4f769e0956
