[INFO] fetching crate http_req_wasi 0.10.2...
[INFO] testing http_req_wasi-0.10.2 against beta-2023-04-20 for beta-1.70-1
[INFO] extracting crate http_req_wasi 0.10.2 into /workspace/builds/worker-6-tc2/source
[INFO] validating manifest of crates.io crate http_req_wasi 0.10.2 on toolchain beta-2023-04-20
[INFO] running `Command { std: CARGO_HOME="/workspace/cargo-home" RUSTUP_HOME="/workspace/rustup-home" "/workspace/cargo-home/bin/cargo" "+beta-2023-04-20" "metadata" "--manifest-path" "Cargo.toml" "--no-deps", kill_on_drop: false }`
[INFO] removed /workspace/builds/worker-6-tc2/source/.cargo/config.toml
[INFO] started tweaking crates.io crate http_req_wasi 0.10.2
[INFO] finished tweaking crates.io crate http_req_wasi 0.10.2
[INFO] tweaked toml for crates.io crate http_req_wasi 0.10.2 written to /workspace/builds/worker-6-tc2/source/Cargo.toml
[INFO] crate crates.io crate http_req_wasi 0.10.2 already has a lockfile, it will not be regenerated
[INFO] running `Command { std: CARGO_HOME="/workspace/cargo-home" RUSTUP_HOME="/workspace/rustup-home" "/workspace/cargo-home/bin/cargo" "+beta-2023-04-20" "fetch" "--manifest-path" "Cargo.toml", kill_on_drop: false }`
[INFO] [stderr]     Updating crates.io index
[INFO] [stderr]  Downloading crates ...
[INFO] [stderr]   Downloaded wasmedge_wasi_socket v0.4.2
[INFO] running `Command { std: "docker" "create" "-v" "/var/lib/crater-agent-workspace/builds/worker-6-tc2/target:/opt/rustwide/target:rw,Z" "-v" "/var/lib/crater-agent-workspace/builds/worker-6-tc2/source:/opt/rustwide/workdir:ro,Z" "-v" "/var/lib/crater-agent-workspace/cargo-home:/opt/rustwide/cargo-home:ro,Z" "-v" "/var/lib/crater-agent-workspace/rustup-home:/opt/rustwide/rustup-home:ro,Z" "-e" "SOURCE_DIR=/opt/rustwide/workdir" "-e" "CARGO_TARGET_DIR=/opt/rustwide/target" "-e" "CARGO_HOME=/opt/rustwide/cargo-home" "-e" "RUSTUP_HOME=/opt/rustwide/rustup-home" "-w" "/opt/rustwide/workdir" "-m" "1610612736" "--user" "0:0" "--network" "none" "ghcr.io/rust-lang/crates-build-env/linux@sha256:5ff2268d62e97bff2cde7d5815dd6ed5b47097566f13b8d0ca110b04b60e07ed" "/opt/rustwide/cargo-home/bin/cargo" "+beta-2023-04-20" "metadata" "--no-deps" "--format-version=1", kill_on_drop: false }`
[INFO] [stdout] 2666797ee748dc463c6bf8a004b09185dc3bfa8b569810d3b2d8e6a747e8a9e6
[INFO] running `Command { std: "docker" "start" "-a" "2666797ee748dc463c6bf8a004b09185dc3bfa8b569810d3b2d8e6a747e8a9e6", kill_on_drop: false }`
[INFO] running `Command { std: "docker" "inspect" "2666797ee748dc463c6bf8a004b09185dc3bfa8b569810d3b2d8e6a747e8a9e6", kill_on_drop: false }`
[INFO] running `Command { std: "docker" "rm" "-f" "2666797ee748dc463c6bf8a004b09185dc3bfa8b569810d3b2d8e6a747e8a9e6", kill_on_drop: false }`
[INFO] [stdout] 2666797ee748dc463c6bf8a004b09185dc3bfa8b569810d3b2d8e6a747e8a9e6
[INFO] running `Command { std: "docker" "create" "-v" "/var/lib/crater-agent-workspace/builds/worker-6-tc2/target:/opt/rustwide/target:rw,Z" "-v" "/var/lib/crater-agent-workspace/builds/worker-6-tc2/source:/opt/rustwide/workdir:ro,Z" "-v" "/var/lib/crater-agent-workspace/cargo-home:/opt/rustwide/cargo-home:ro,Z" "-v" "/var/lib/crater-agent-workspace/rustup-home:/opt/rustwide/rustup-home:ro,Z" "-e" "SOURCE_DIR=/opt/rustwide/workdir" "-e" "CARGO_TARGET_DIR=/opt/rustwide/target" "-e" "CARGO_INCREMENTAL=0" "-e" "RUST_BACKTRACE=full" "-e" "RUSTFLAGS=--cap-lints=warn" "-e" "RUSTDOCFLAGS=--cap-lints=warn" "-e" "CARGO_HOME=/opt/rustwide/cargo-home" "-e" "RUSTUP_HOME=/opt/rustwide/rustup-home" "-w" "/opt/rustwide/workdir" "-m" "1610612736" "--user" "0:0" "--network" "none" "ghcr.io/rust-lang/crates-build-env/linux@sha256:5ff2268d62e97bff2cde7d5815dd6ed5b47097566f13b8d0ca110b04b60e07ed" "/opt/rustwide/cargo-home/bin/cargo" "+beta-2023-04-20" "build" "--frozen" "--message-format=json", kill_on_drop: false }`
[INFO] [stdout] 6ec313ff3d82dac7fd793c914ee6220854ba7bc2dece0f76cef5f8f149a08d87
[INFO] running `Command { std: "docker" "start" "-a" "6ec313ff3d82dac7fd793c914ee6220854ba7bc2dece0f76cef5f8f149a08d87", kill_on_drop: false }`
[INFO] [stderr]    Compiling libc v0.2.139
[INFO] [stderr]    Compiling unicase v2.6.0
[INFO] [stderr]    Compiling wasmedge_wasi_socket v0.4.2
[INFO] [stdout] error[E0433]: failed to resolve: could not find `wasi` in `os`
[INFO] [stdout]  --> /opt/rustwide/cargo-home/registry/src/index.crates.io-6f17d22bba15001f/wasmedge_wasi_socket-0.4.2/src/poll.rs:2:14
[INFO] [stdout]   |
[INFO] [stdout] 2 | use std::os::wasi::prelude::*;
[INFO] [stdout]   |              ^^^^ could not find `wasi` in `os`
[INFO] [stdout] 
[INFO] [stdout] 
[INFO] [stdout] error[E0433]: failed to resolve: could not find `wasi` in `os`
[INFO] [stdout]  --> /opt/rustwide/cargo-home/registry/src/index.crates.io-6f17d22bba15001f/wasmedge_wasi_socket-0.4.2/src/socket.rs:3:14
[INFO] [stdout]   |
[INFO] [stdout] 3 | use std::os::wasi::prelude::{AsRawFd, FromRawFd, IntoRawFd, RawFd};
[INFO] [stdout]   |              ^^^^ could not find `wasi` in `os`
[INFO] [stdout] 
[INFO] [stdout] 
[INFO] [stdout] error[E0433]: failed to resolve: could not find `wasi` in `os`
[INFO] [stdout]   --> /opt/rustwide/cargo-home/registry/src/index.crates.io-6f17d22bba15001f/wasmedge_wasi_socket-0.4.2/src/lib.rs:12:9
[INFO] [stdout]    |
[INFO] [stdout] 12 |     os::wasi::prelude::{AsRawFd, FromRawFd, IntoRawFd},
[INFO] [stdout]    |         ^^^^ could not find `wasi` in `os`
[INFO] [stdout] 
[INFO] [stdout] 
[INFO] [stdout] error[E0433]: failed to resolve: could not find `wasi` in `os`
[INFO] [stdout]   --> /opt/rustwide/cargo-home/registry/src/index.crates.io-6f17d22bba15001f/wasmedge_wasi_socket-0.4.2/src/lib.rs:81:37
[INFO] [stdout]    |
[INFO] [stdout] 81 |     fn as_raw_fd(&self) -> std::os::wasi::prelude::RawFd {
[INFO] [stdout]    |                                     ^^^^ could not find `wasi` in `os`
[INFO] [stdout] 
[INFO] [stdout] 
[INFO] [stdout] error[E0433]: failed to resolve: could not find `wasi` in `os`
[INFO] [stdout]   --> /opt/rustwide/cargo-home/registry/src/index.crates.io-6f17d22bba15001f/wasmedge_wasi_socket-0.4.2/src/lib.rs:87:38
[INFO] [stdout]    |
[INFO] [stdout] 87 |     fn into_raw_fd(self) -> std::os::wasi::prelude::RawFd {
[INFO] [stdout]    |                                      ^^^^ could not find `wasi` in `os`
[INFO] [stdout] 
[INFO] [stdout] 
[INFO] [stdout] error[E0433]: failed to resolve: could not find `wasi` in `os`
[INFO] [stdout]   --> /opt/rustwide/cargo-home/registry/src/index.crates.io-6f17d22bba15001f/wasmedge_wasi_socket-0.4.2/src/lib.rs:93:40
[INFO] [stdout]    |
[INFO] [stdout] 93 |     unsafe fn from_raw_fd(fd: std::os::wasi::prelude::RawFd) -> Self {
[INFO] [stdout]    |                                        ^^^^ could not find `wasi` in `os`
[INFO] [stdout] 
[INFO] [stdout] 
[INFO] [stdout] error[E0433]: failed to resolve: could not find `wasi` in `os`
[INFO] [stdout]    --> /opt/rustwide/cargo-home/registry/src/index.crates.io-6f17d22bba15001f/wasmedge_wasi_socket-0.4.2/src/lib.rs:194:37
[INFO] [stdout]     |
[INFO] [stdout] 194 |     fn as_raw_fd(&self) -> std::os::wasi::prelude::RawFd {
[INFO] [stdout]     |                                     ^^^^ could not find `wasi` in `os`
[INFO] [stdout] 
[INFO] [stdout] 
[INFO] [stdout] error[E0433]: failed to resolve: could not find `wasi` in `os`
[INFO] [stdout]    --> /opt/rustwide/cargo-home/registry/src/index.crates.io-6f17d22bba15001f/wasmedge_wasi_socket-0.4.2/src/lib.rs:200:38
[INFO] [stdout]     |
[INFO] [stdout] 200 |     fn into_raw_fd(self) -> std::os::wasi::prelude::RawFd {
[INFO] [stdout]     |                                      ^^^^ could not find `wasi` in `os`
[INFO] [stdout] 
[INFO] [stdout] 
[INFO] [stdout] error[E0433]: failed to resolve: could not find `wasi` in `os`
[INFO] [stdout]    --> /opt/rustwide/cargo-home/registry/src/index.crates.io-6f17d22bba15001f/wasmedge_wasi_socket-0.4.2/src/lib.rs:206:40
[INFO] [stdout]     |
[INFO] [stdout] 206 |     unsafe fn from_raw_fd(fd: std::os::wasi::prelude::RawFd) -> Self {
[INFO] [stdout]     |                                        ^^^^ could not find `wasi` in `os`
[INFO] [stdout] 
[INFO] [stdout] 
[INFO] [stdout] error[E0433]: failed to resolve: could not find `wasi` in `os`
[INFO] [stdout]    --> /opt/rustwide/cargo-home/registry/src/index.crates.io-6f17d22bba15001f/wasmedge_wasi_socket-0.4.2/src/lib.rs:281:37
[INFO] [stdout]     |
[INFO] [stdout] 281 |     fn as_raw_fd(&self) -> std::os::wasi::prelude::RawFd {
[INFO] [stdout]     |                                     ^^^^ could not find `wasi` in `os`
[INFO] [stdout] 
[INFO] [stdout] 
[INFO] [stdout] error[E0412]: cannot find type `RawFd` in this scope
[INFO] [stdout]   --> /opt/rustwide/cargo-home/registry/src/index.crates.io-6f17d22bba15001f/wasmedge_wasi_socket-0.4.2/src/poll.rs:12:13
[INFO] [stdout]    |
[INFO] [stdout] 12 |         fd: RawFd,
[INFO] [stdout]    |             ^^^^^ not found in this scope
[INFO] [stdout]    |
[INFO] [stdout] help: consider importing this type alias
[INFO] [stdout]    |
[INFO] [stdout] 1  + use std::os::fd::RawFd;
[INFO] [stdout]    |
[INFO] [stdout] 
[INFO] [stdout] 
[INFO] [stdout] error[E0412]: cannot find type `RawFd` in this scope
[INFO] [stdout]   --> /opt/rustwide/cargo-home/registry/src/index.crates.io-6f17d22bba15001f/wasmedge_wasi_socket-0.4.2/src/poll.rs:18:13
[INFO] [stdout]    |
[INFO] [stdout] 18 |         fd: RawFd,
[INFO] [stdout]    |             ^^^^^ not found in this scope
[INFO] [stdout]    |
[INFO] [stdout] help: consider importing this type alias
[INFO] [stdout]    |
[INFO] [stdout] 1  + use std::os::fd::RawFd;
[INFO] [stdout]    |
[INFO] [stdout] 
[INFO] [stdout] 
[INFO] [stdout] error[E0405]: cannot find trait `AsRawFd` in this scope
[INFO] [stdout]   --> /opt/rustwide/cargo-home/registry/src/index.crates.io-6f17d22bba15001f/wasmedge_wasi_socket-0.4.2/src/poll.rs:29:18
[INFO] [stdout]    |
[INFO] [stdout] 29 |     pub fn io<F: AsRawFd>(
[INFO] [stdout]    |                  ^^^^^^^ not found in this scope
[INFO] [stdout]    |
[INFO] [stdout] help: consider importing this trait
[INFO] [stdout]    |
[INFO] [stdout] 1  + use std::os::fd::AsRawFd;
[INFO] [stdout]    |
[INFO] [stdout] 
[INFO] [stdout] 
[INFO] [stdout] error: aborting due to 13 previous errors
[INFO] [stdout] 
[INFO] [stdout] 
[INFO] [stdout] Some errors have detailed explanations: E0405, E0412, E0433.
[INFO] [stdout] 
[INFO] [stdout] For more information about an error, try `rustc --explain E0405`.
[INFO] [stdout] 
[INFO] [stderr] error: could not compile `wasmedge_wasi_socket` (lib) due to 14 previous errors
[INFO] running `Command { std: "docker" "inspect" "6ec313ff3d82dac7fd793c914ee6220854ba7bc2dece0f76cef5f8f149a08d87", kill_on_drop: false }`
[INFO] running `Command { std: "docker" "rm" "-f" "6ec313ff3d82dac7fd793c914ee6220854ba7bc2dece0f76cef5f8f149a08d87", kill_on_drop: false }`
[INFO] [stdout] 6ec313ff3d82dac7fd793c914ee6220854ba7bc2dece0f76cef5f8f149a08d87
