[INFO] fetching crate holodex 0.3.1...
[INFO] testing holodex-0.3.1 against beta-2023-04-20 for beta-1.70-1
[INFO] extracting crate holodex 0.3.1 into /workspace/builds/worker-5-tc2/source
[INFO] validating manifest of crates.io crate holodex 0.3.1 on toolchain beta-2023-04-20
[INFO] running `Command { std: CARGO_HOME="/workspace/cargo-home" RUSTUP_HOME="/workspace/rustup-home" "/workspace/cargo-home/bin/cargo" "+beta-2023-04-20" "metadata" "--manifest-path" "Cargo.toml" "--no-deps", kill_on_drop: false }`
[INFO] started tweaking crates.io crate holodex 0.3.1
[INFO] finished tweaking crates.io crate holodex 0.3.1
[INFO] tweaked toml for crates.io crate holodex 0.3.1 written to /workspace/builds/worker-5-tc2/source/Cargo.toml
[INFO] running `Command { std: CARGO_HOME="/workspace/cargo-home" RUSTUP_HOME="/workspace/rustup-home" __CARGO_TEST_CHANNEL_OVERRIDE_DO_NOT_USE_THIS="nightly" "/workspace/cargo-home/bin/cargo" "+beta-2023-04-20" "generate-lockfile" "--manifest-path" "Cargo.toml" "-Zno-index-update", kill_on_drop: false }`
[INFO] running `Command { std: CARGO_HOME="/workspace/cargo-home" RUSTUP_HOME="/workspace/rustup-home" "/workspace/cargo-home/bin/cargo" "+beta-2023-04-20" "fetch" "--manifest-path" "Cargo.toml", kill_on_drop: false }`
[INFO] [stderr]  Downloading crates ...
[INFO] [stderr]   Downloaded smartstring v0.2.10
[INFO] running `Command { std: "docker" "create" "-v" "/var/lib/crater-agent-workspace/builds/worker-5-tc2/target:/opt/rustwide/target:rw,Z" "-v" "/var/lib/crater-agent-workspace/builds/worker-5-tc2/source:/opt/rustwide/workdir:ro,Z" "-v" "/var/lib/crater-agent-workspace/cargo-home:/opt/rustwide/cargo-home:ro,Z" "-v" "/var/lib/crater-agent-workspace/rustup-home:/opt/rustwide/rustup-home:ro,Z" "-e" "SOURCE_DIR=/opt/rustwide/workdir" "-e" "CARGO_TARGET_DIR=/opt/rustwide/target" "-e" "CARGO_HOME=/opt/rustwide/cargo-home" "-e" "RUSTUP_HOME=/opt/rustwide/rustup-home" "-w" "/opt/rustwide/workdir" "-m" "1610612736" "--user" "0:0" "--network" "none" "ghcr.io/rust-lang/crates-build-env/linux@sha256:5ff2268d62e97bff2cde7d5815dd6ed5b47097566f13b8d0ca110b04b60e07ed" "/opt/rustwide/cargo-home/bin/cargo" "+beta-2023-04-20" "metadata" "--no-deps" "--format-version=1", kill_on_drop: false }`
[INFO] [stdout] a867dd1cf35e8534e2a189cf91f4797388c76b5835668f356844cdeb635a963d
[INFO] running `Command { std: "docker" "start" "-a" "a867dd1cf35e8534e2a189cf91f4797388c76b5835668f356844cdeb635a963d", kill_on_drop: false }`
[INFO] running `Command { std: "docker" "inspect" "a867dd1cf35e8534e2a189cf91f4797388c76b5835668f356844cdeb635a963d", kill_on_drop: false }`
[INFO] running `Command { std: "docker" "rm" "-f" "a867dd1cf35e8534e2a189cf91f4797388c76b5835668f356844cdeb635a963d", kill_on_drop: false }`
[INFO] [stdout] a867dd1cf35e8534e2a189cf91f4797388c76b5835668f356844cdeb635a963d
[INFO] running `Command { std: "docker" "create" "-v" "/var/lib/crater-agent-workspace/builds/worker-5-tc2/target:/opt/rustwide/target:rw,Z" "-v" "/var/lib/crater-agent-workspace/builds/worker-5-tc2/source:/opt/rustwide/workdir:ro,Z" "-v" "/var/lib/crater-agent-workspace/cargo-home:/opt/rustwide/cargo-home:ro,Z" "-v" "/var/lib/crater-agent-workspace/rustup-home:/opt/rustwide/rustup-home:ro,Z" "-e" "SOURCE_DIR=/opt/rustwide/workdir" "-e" "CARGO_TARGET_DIR=/opt/rustwide/target" "-e" "CARGO_INCREMENTAL=0" "-e" "RUST_BACKTRACE=full" "-e" "RUSTFLAGS=--cap-lints=warn" "-e" "RUSTDOCFLAGS=--cap-lints=warn" "-e" "CARGO_HOME=/opt/rustwide/cargo-home" "-e" "RUSTUP_HOME=/opt/rustwide/rustup-home" "-w" "/opt/rustwide/workdir" "-m" "1610612736" "--user" "0:0" "--network" "none" "ghcr.io/rust-lang/crates-build-env/linux@sha256:5ff2268d62e97bff2cde7d5815dd6ed5b47097566f13b8d0ca110b04b60e07ed" "/opt/rustwide/cargo-home/bin/cargo" "+beta-2023-04-20" "build" "--frozen" "--message-format=json", kill_on_drop: false }`
[INFO] [stdout] ca5e8d09398c3a622f7e4e3faaec1c2df7327e2e65e09a67e1ba2284ebc9a7c5
[INFO] running `Command { std: "docker" "start" "-a" "ca5e8d09398c3a622f7e4e3faaec1c2df7327e2e65e09a67e1ba2284ebc9a7c5", kill_on_drop: false }`
[INFO] [stderr]    Compiling cc v1.0.79
[INFO] [stderr]    Compiling libc v0.2.142
[INFO] [stderr]    Compiling untrusted v0.7.1
[INFO] [stderr]    Compiling spin v0.5.2
[INFO] [stderr]    Compiling tinyvec_macros v0.1.1
[INFO] [stderr]    Compiling percent-encoding v2.2.0
[INFO] [stderr]    Compiling crc32fast v1.3.2
[INFO] [stderr]    Compiling log v0.4.17
[INFO] [stderr]    Compiling rustls v0.20.8
[INFO] [stderr]    Compiling adler v1.0.2
[INFO] [stderr]    Compiling unicode-bidi v0.3.13
[INFO] [stderr]    Compiling futures-core v0.3.28
[INFO] [stderr]    Compiling syn v2.0.15
[INFO] [stderr]    Compiling static_assertions v1.1.0
[INFO] [stderr]    Compiling base64 v0.13.1
[INFO] [stderr]    Compiling regex-syntax v0.7.1
[INFO] [stderr]    Compiling tinyvec v1.6.0
[INFO] [stderr]    Compiling form_urlencoded v1.1.0
[INFO] [stderr]    Compiling miniz_oxide v0.7.1
[INFO] [stderr]    Compiling pin-project-lite v0.2.9
[INFO] [stderr]    Compiling quick-error v2.0.1
[INFO] [stderr]    Compiling flate2 v1.0.26
[INFO] [stderr]    Compiling ring v0.16.20
[INFO] [stderr]    Compiling unicode-normalization v0.1.22
[INFO] [stderr]    Compiling regex v1.8.1
[INFO] [stderr]    Compiling idna v0.3.0
[INFO] [stderr]    Compiling url v2.3.1
[INFO] [stderr]    Compiling serde_derive v1.0.160
[INFO] [stderr]    Compiling async-stream-impl v0.3.5
[INFO] [stderr]    Compiling async-stream v0.3.5
[INFO] [stderr]    Compiling webpki v0.22.0
[INFO] [stderr]    Compiling sct v0.7.0
[INFO] [stderr]    Compiling webpki-roots v0.22.6
[INFO] [stderr]    Compiling serde v1.0.160
[INFO] [stderr]    Compiling chrono v0.4.24
[INFO] [stderr]    Compiling serde_json v1.0.96
[INFO] [stderr]    Compiling serde_urlencoded v0.7.1
[INFO] [stderr]    Compiling smartstring v0.2.10
[INFO] [stderr]    Compiling ureq v2.6.2
[INFO] [stderr]    Compiling serde_with v1.14.0
[INFO] [stderr]    Compiling holodex v0.3.1 (/opt/rustwide/workdir)
[INFO] [stdout] error[E0433]: failed to resolve: could not find `AsyncStream` in `async_stream`
[INFO] [stdout]    --> src/model/id.rs:432:23
[INFO] [stdout]     |
[INFO] [stdout] 432 |         async_stream::AsyncStream::new(async_receiver, async move {
[INFO] [stdout]     |                       ^^^^^^^^^^^ could not find `AsyncStream` in `async_stream`
[INFO] [stdout]     |
[INFO] [stdout] help: consider importing this struct
[INFO] [stdout]     |
[INFO] [stdout] 4   + use async_stream::__private::AsyncStream;
[INFO] [stdout]     |
[INFO] [stdout] help: if you import `AsyncStream`, refer to it directly
[INFO] [stdout]     |
[INFO] [stdout] 432 -         async_stream::AsyncStream::new(async_receiver, async move {
[INFO] [stdout] 432 +         AsyncStream::new(async_receiver, async move {
[INFO] [stdout]     |
[INFO] [stdout] 
[INFO] [stdout] 
[INFO] [stdout] error[E0433]: failed to resolve: could not find `AsyncStream` in `async_stream`
[INFO] [stdout]    --> src/client.rs:731:27
[INFO] [stdout]     |
[INFO] [stdout] 731 |             async_stream::AsyncStream::new(async_receiver, async move {
[INFO] [stdout]     |                           ^^^^^^^^^^^ could not find `AsyncStream` in `async_stream`
[INFO] [stdout]     |
[INFO] [stdout] help: consider importing this struct
[INFO] [stdout]     |
[INFO] [stdout] 1   + use async_stream::__private::AsyncStream;
[INFO] [stdout]     |
[INFO] [stdout] help: if you import `AsyncStream`, refer to it directly
[INFO] [stdout]     |
[INFO] [stdout] 731 -             async_stream::AsyncStream::new(async_receiver, async move {
[INFO] [stdout] 731 +             AsyncStream::new(async_receiver, async move {
[INFO] [stdout]     |
[INFO] [stdout] 
[INFO] [stdout] 
[INFO] [stdout] error[E0603]: module `yielder` is private
[INFO] [stdout]    --> src/model/id.rs:430:64
[INFO] [stdout]     |
[INFO] [stdout] 430 |         let (mut async_sender, async_receiver) = async_stream::yielder::pair();
[INFO] [stdout]     |                                                                ^^^^^^^ private module
[INFO] [stdout]     |
[INFO] [stdout] note: the module `yielder` is defined here
[INFO] [stdout]    --> /opt/rustwide/cargo-home/registry/src/index.crates.io-6f17d22bba15001f/async-stream-0.3.5/src/lib.rs:161:1
[INFO] [stdout]     |
[INFO] [stdout] 161 | mod yielder;
[INFO] [stdout]     | ^^^^^^^^^^^
[INFO] [stdout] 
[INFO] [stdout] 
[INFO] [stdout] error[E0603]: module `yielder` is private
[INFO] [stdout]    --> src/client.rs:729:68
[INFO] [stdout]     |
[INFO] [stdout] 729 |             let (mut async_sender, async_receiver) = async_stream::yielder::pair();
[INFO] [stdout]     |                                                                    ^^^^^^^ private module
[INFO] [stdout]     |
[INFO] [stdout] note: the module `yielder` is defined here
[INFO] [stdout]    --> /opt/rustwide/cargo-home/registry/src/index.crates.io-6f17d22bba15001f/async-stream-0.3.5/src/lib.rs:161:1
[INFO] [stdout]     |
[INFO] [stdout] 161 | mod yielder;
[INFO] [stdout]     | ^^^^^^^^^^^
[INFO] [stdout] 
[INFO] [stdout] 
[INFO] [stdout] warning: unnecessary qualification
[INFO] [stdout]    --> src/model/serializers.rs:156:45
[INFO] [stdout]     |
[INFO] [stdout] 156 |         let value = match <OrgDeUntagged as serde::Deserialize>::deserialize(deserializer)? {
[INFO] [stdout]     |                                             ^^^^^^^^^^^^^^^^^^
[INFO] [stdout]     |
[INFO] [stdout] note: the lint level is defined here
[INFO] [stdout]    --> src/lib.rs:11:5
[INFO] [stdout]     |
[INFO] [stdout] 11  |     unused_qualifications
[INFO] [stdout]     |     ^^^^^^^^^^^^^^^^^^^^^
[INFO] [stdout] 
[INFO] [stdout] 
[INFO] [stdout] warning: use of deprecated function `ureq::serde_to_value`: use ureq::serde_json::to_value instead
[INFO] [stdout]    --> src/client.rs:583:23
[INFO] [stdout]     |
[INFO] [stdout] 583 |                 ureq::serde_to_value(search_parameters)
[INFO] [stdout]     |                       ^^^^^^^^^^^^^^
[INFO] [stdout]     |
[INFO] [stdout]     = note: `#[warn(deprecated)]` on by default
[INFO] [stdout] 
[INFO] [stdout] 
[INFO] [stdout] warning: use of deprecated function `ureq::serde_to_value`: use ureq::serde_json::to_value instead
[INFO] [stdout]    --> src/client.rs:641:23
[INFO] [stdout]     |
[INFO] [stdout] 641 |                 ureq::serde_to_value(search_parameters)
[INFO] [stdout]     |                       ^^^^^^^^^^^^^^
[INFO] [stdout] 
[INFO] [stdout] 
[INFO] [stdout] error: aborting due to 4 previous errors; 3 warnings emitted
[INFO] [stdout] 
[INFO] [stdout] 
[INFO] [stdout] Some errors have detailed explanations: E0433, E0603.
[INFO] [stdout] 
[INFO] [stdout] For more information about an error, try `rustc --explain E0433`.
[INFO] [stdout] 
[INFO] [stderr] error: could not compile `holodex` (lib) due to 5 previous errors; 3 warnings emitted
[INFO] running `Command { std: "docker" "inspect" "ca5e8d09398c3a622f7e4e3faaec1c2df7327e2e65e09a67e1ba2284ebc9a7c5", kill_on_drop: false }`
[INFO] running `Command { std: "docker" "rm" "-f" "ca5e8d09398c3a622f7e4e3faaec1c2df7327e2e65e09a67e1ba2284ebc9a7c5", kill_on_drop: false }`
[INFO] [stdout] ca5e8d09398c3a622f7e4e3faaec1c2df7327e2e65e09a67e1ba2284ebc9a7c5
