[INFO] fetching crate hocon-linked 0.5.3-dev...
[INFO] testing hocon-linked-0.5.3-dev against beta-2023-04-20 for beta-1.70-1
[INFO] extracting crate hocon-linked 0.5.3-dev into /workspace/builds/worker-5-tc2/source
[INFO] validating manifest of crates.io crate hocon-linked 0.5.3-dev on toolchain beta-2023-04-20
[INFO] running `Command { std: CARGO_HOME="/workspace/cargo-home" RUSTUP_HOME="/workspace/rustup-home" "/workspace/cargo-home/bin/cargo" "+beta-2023-04-20" "metadata" "--manifest-path" "Cargo.toml" "--no-deps", kill_on_drop: false }`
[INFO] started tweaking crates.io crate hocon-linked 0.5.3-dev
[INFO] finished tweaking crates.io crate hocon-linked 0.5.3-dev
[INFO] tweaked toml for crates.io crate hocon-linked 0.5.3-dev written to /workspace/builds/worker-5-tc2/source/Cargo.toml
[INFO] crate crates.io crate hocon-linked 0.5.3-dev already has a lockfile, it will not be regenerated
[INFO] running `Command { std: CARGO_HOME="/workspace/cargo-home" RUSTUP_HOME="/workspace/rustup-home" "/workspace/cargo-home/bin/cargo" "+beta-2023-04-20" "fetch" "--manifest-path" "Cargo.toml", kill_on_drop: false }`
[INFO] [stderr]     Updating crates.io index
[INFO] [stderr]  Downloading crates ...
[INFO] [stderr]   Downloaded java-properties v1.4.0
[INFO] [stderr]   Downloaded serde_path_to_error v0.1.5
[INFO] [stderr]   Downloaded test-generator v0.3.0
[INFO] running `Command { std: "docker" "create" "-v" "/var/lib/crater-agent-workspace/builds/worker-5-tc2/target:/opt/rustwide/target:rw,Z" "-v" "/var/lib/crater-agent-workspace/builds/worker-5-tc2/source:/opt/rustwide/workdir:ro,Z" "-v" "/var/lib/crater-agent-workspace/cargo-home:/opt/rustwide/cargo-home:ro,Z" "-v" "/var/lib/crater-agent-workspace/rustup-home:/opt/rustwide/rustup-home:ro,Z" "-e" "SOURCE_DIR=/opt/rustwide/workdir" "-e" "CARGO_TARGET_DIR=/opt/rustwide/target" "-e" "CARGO_HOME=/opt/rustwide/cargo-home" "-e" "RUSTUP_HOME=/opt/rustwide/rustup-home" "-w" "/opt/rustwide/workdir" "-m" "1610612736" "--user" "0:0" "--network" "none" "ghcr.io/rust-lang/crates-build-env/linux@sha256:5ff2268d62e97bff2cde7d5815dd6ed5b47097566f13b8d0ca110b04b60e07ed" "/opt/rustwide/cargo-home/bin/cargo" "+beta-2023-04-20" "metadata" "--no-deps" "--format-version=1", kill_on_drop: false }`
[INFO] [stdout] c83b8dafe0124575974d76854967e2f0fbad8eb1e322dd7abd776ad5a412516b
[INFO] running `Command { std: "docker" "start" "-a" "c83b8dafe0124575974d76854967e2f0fbad8eb1e322dd7abd776ad5a412516b", kill_on_drop: false }`
[INFO] running `Command { std: "docker" "inspect" "c83b8dafe0124575974d76854967e2f0fbad8eb1e322dd7abd776ad5a412516b", kill_on_drop: false }`
[INFO] running `Command { std: "docker" "rm" "-f" "c83b8dafe0124575974d76854967e2f0fbad8eb1e322dd7abd776ad5a412516b", kill_on_drop: false }`
[INFO] [stdout] c83b8dafe0124575974d76854967e2f0fbad8eb1e322dd7abd776ad5a412516b
[INFO] running `Command { std: "docker" "create" "-v" "/var/lib/crater-agent-workspace/builds/worker-5-tc2/target:/opt/rustwide/target:rw,Z" "-v" "/var/lib/crater-agent-workspace/builds/worker-5-tc2/source:/opt/rustwide/workdir:ro,Z" "-v" "/var/lib/crater-agent-workspace/cargo-home:/opt/rustwide/cargo-home:ro,Z" "-v" "/var/lib/crater-agent-workspace/rustup-home:/opt/rustwide/rustup-home:ro,Z" "-e" "SOURCE_DIR=/opt/rustwide/workdir" "-e" "CARGO_TARGET_DIR=/opt/rustwide/target" "-e" "CARGO_INCREMENTAL=0" "-e" "RUST_BACKTRACE=full" "-e" "RUSTFLAGS=--cap-lints=warn" "-e" "RUSTDOCFLAGS=--cap-lints=warn" "-e" "CARGO_HOME=/opt/rustwide/cargo-home" "-e" "RUSTUP_HOME=/opt/rustwide/rustup-home" "-w" "/opt/rustwide/workdir" "-m" "1610612736" "--user" "0:0" "--network" "none" "ghcr.io/rust-lang/crates-build-env/linux@sha256:5ff2268d62e97bff2cde7d5815dd6ed5b47097566f13b8d0ca110b04b60e07ed" "/opt/rustwide/cargo-home/bin/cargo" "+beta-2023-04-20" "build" "--frozen" "--message-format=json", kill_on_drop: false }`
[INFO] [stdout] 29f49278c602e8ea8c9f34fffd2a5818f267df3c9141949089642bb6685689fc
[INFO] running `Command { std: "docker" "start" "-a" "29f49278c602e8ea8c9f34fffd2a5818f267df3c9141949089642bb6685689fc", kill_on_drop: false }`
[INFO] [stderr]     Blocking waiting for file lock on package cache
[INFO] [stderr]    Compiling libc v0.2.106
[INFO] [stderr]    Compiling autocfg v1.0.1
[INFO] [stderr]    Compiling proc-macro2 v1.0.32
[INFO] [stderr]    Compiling memchr v2.4.1
[INFO] [stderr]    Compiling syn v1.0.81
[INFO] [stderr]    Compiling log v0.4.14
[INFO] [stderr]    Compiling cc v1.0.71
[INFO] [stderr]    Compiling pin-project-lite v0.2.7
[INFO] [stderr]    Compiling futures-core v0.3.17
[INFO] [stderr]    Compiling once_cell v1.8.0
[INFO] [stderr]    Compiling proc-macro-hack v0.5.19
[INFO] [stderr]    Compiling futures-task v0.3.17
[INFO] [stderr]    Compiling encoding_index_tests v0.1.4
[INFO] [stderr]    Compiling proc-macro-nested v0.1.7
[INFO] [stderr]    Compiling serde_derive v1.0.130
[INFO] [stderr]    Compiling http v0.2.5
[INFO] [stderr]    Compiling tracing-core v0.1.21
[INFO] [stderr]    Compiling slab v0.4.5
[INFO] [stderr]    Compiling futures-io v0.3.17
[INFO] [stderr]    Compiling httparse v1.5.1
[INFO] [stderr]    Compiling futures-channel v0.3.17
[INFO] [stderr]    Compiling futures-sink v0.3.17
[INFO] [stderr]    Compiling serde v1.0.130
[INFO] [stderr]    Compiling tokio v1.13.0
[INFO] [stderr]    Compiling futures-macro v0.3.17
[INFO] [stderr]    Compiling indexmap v1.7.0
[INFO] [stderr]    Compiling futures-util v0.3.17
[INFO] [stderr]    Compiling hashbrown v0.11.2
[INFO] [stderr]    Compiling tracing v0.1.29
[INFO] [stderr]    Compiling tinyvec v1.5.0
[INFO] [stderr]    Compiling ryu v1.0.5
[INFO] [stderr]    Compiling want v0.3.0
[INFO] [stderr]    Compiling mio v0.7.14
[INFO] [stderr]    Compiling num_cpus v1.13.0
[INFO] [stderr]    Compiling socket2 v0.4.2
[INFO] [stderr]    Compiling httpdate v1.0.1
[INFO] [stderr]    Compiling quote v1.0.10
[INFO] [stderr]    Compiling unicode-bidi v0.3.7
[INFO] [stderr]    Compiling ring v0.16.20
[INFO] [stderr]    Compiling version_check v0.1.5
[INFO] [stderr]    Compiling tower-service v0.3.1
[INFO] [stderr]    Compiling encoding_rs v0.8.29
[INFO] [stderr]    Compiling aho-corasick v0.7.18
[INFO] [stderr]    Compiling unicode-normalization v0.1.19
[INFO] [stderr]    Compiling encoding-index-tradchinese v1.20141219.5
[INFO] [stderr]    Compiling encoding-index-singlebyte v1.20141219.5
[INFO] [stderr]    Compiling nom v4.2.3
[INFO] [stderr]    Compiling encoding-index-simpchinese v1.20141219.5
[INFO] [stderr]    Compiling encoding-index-japanese v1.20141219.5
[INFO] [stderr]    Compiling encoding-index-korean v1.20141219.5
[INFO] [stderr]    Compiling openssl-probe v0.1.4
[INFO] [stderr]    Compiling regex-syntax v0.6.25
[INFO] [stderr]    Compiling getrandom v0.2.3
[INFO] [stderr]    Compiling ipnet v2.3.1
[INFO] [stderr]    Compiling http-body v0.4.4
[INFO] [stderr]    Compiling encoding v0.2.33
[INFO] [stderr]    Compiling linked-hash-map v0.5.4
[INFO] [stderr]    Compiling uuid v0.8.2
[INFO] [stderr]    Compiling idna v0.2.3
[INFO] [stderr]    Compiling url v2.2.2
[INFO] [stderr]    Compiling regex v1.5.4
[INFO] [stderr]    Compiling webpki v0.21.4
[INFO] [stderr]    Compiling sct v0.6.1
[INFO] [stderr]    Compiling tokio-util v0.6.9
[INFO] [stderr]    Compiling java-properties v1.4.0
[INFO] [stderr]    Compiling rustls v0.19.1
[INFO] [stderr]    Compiling thiserror-impl v1.0.30
[INFO] [stderr]    Compiling thiserror v1.0.30
[INFO] [stderr]    Compiling tokio-rustls v0.22.0
[INFO] [stderr]    Compiling rustls-native-certs v0.5.0
[INFO] [stderr]    Compiling h2 v0.3.7
[INFO] [stderr]    Compiling hyper v0.14.14
[INFO] [stderr]    Compiling serde_urlencoded v0.7.0
[INFO] [stderr]    Compiling serde_path_to_error v0.1.5
[INFO] [stderr]    Compiling hyper-rustls v0.22.1
[INFO] [stderr]    Compiling reqwest v0.11.6
[INFO] [stderr]    Compiling hocon-linked v0.5.3-dev (/opt/rustwide/workdir)
[INFO] [stderr]     Finished dev [unoptimized + debuginfo] target(s) in 26.89s
[INFO] [stderr] warning: the following packages contain code that will be rejected by a future version of Rust: nom v4.2.3
[INFO] [stderr] note: to see what the problems were, use the option `--future-incompat-report`, or run `cargo report future-incompatibilities --id 1`
[INFO] running `Command { std: "docker" "inspect" "29f49278c602e8ea8c9f34fffd2a5818f267df3c9141949089642bb6685689fc", kill_on_drop: false }`
[INFO] running `Command { std: "docker" "rm" "-f" "29f49278c602e8ea8c9f34fffd2a5818f267df3c9141949089642bb6685689fc", kill_on_drop: false }`
[INFO] [stdout] 29f49278c602e8ea8c9f34fffd2a5818f267df3c9141949089642bb6685689fc
[INFO] running `Command { std: "docker" "create" "-v" "/var/lib/crater-agent-workspace/builds/worker-5-tc2/target:/opt/rustwide/target:rw,Z" "-v" "/var/lib/crater-agent-workspace/builds/worker-5-tc2/source:/opt/rustwide/workdir:ro,Z" "-v" "/var/lib/crater-agent-workspace/cargo-home:/opt/rustwide/cargo-home:ro,Z" "-v" "/var/lib/crater-agent-workspace/rustup-home:/opt/rustwide/rustup-home:ro,Z" "-e" "SOURCE_DIR=/opt/rustwide/workdir" "-e" "CARGO_TARGET_DIR=/opt/rustwide/target" "-e" "CARGO_INCREMENTAL=0" "-e" "RUST_BACKTRACE=full" "-e" "RUSTFLAGS=--cap-lints=warn" "-e" "RUSTDOCFLAGS=--cap-lints=warn" "-e" "CARGO_HOME=/opt/rustwide/cargo-home" "-e" "RUSTUP_HOME=/opt/rustwide/rustup-home" "-w" "/opt/rustwide/workdir" "-m" "1610612736" "--user" "0:0" "--network" "none" "ghcr.io/rust-lang/crates-build-env/linux@sha256:5ff2268d62e97bff2cde7d5815dd6ed5b47097566f13b8d0ca110b04b60e07ed" "/opt/rustwide/cargo-home/bin/cargo" "+beta-2023-04-20" "test" "--frozen" "--no-run" "--message-format=json", kill_on_drop: false }`
[INFO] [stdout] 7213e28a4be3fbe346857b91b135adae5672358934bdc10f8af2046b0c590cca
[INFO] running `Command { std: "docker" "start" "-a" "7213e28a4be3fbe346857b91b135adae5672358934bdc10f8af2046b0c590cca", kill_on_drop: false }`
[INFO] [stderr]    Compiling crossbeam-utils v0.8.5
[INFO] [stderr]    Compiling semver v1.0.4
[INFO] [stderr]    Compiling memoffset v0.6.4
[INFO] [stderr]    Compiling crossbeam-epoch v0.9.5
[INFO] [stderr]    Compiling scopeguard v1.1.0
[INFO] [stderr]    Compiling rayon-core v1.9.1
[INFO] [stderr]    Compiling serde_json v1.0.68
[INFO] [stderr]    Compiling proc-macro2 v0.4.30
[INFO] [stderr]    Compiling num-traits v0.2.14
[INFO] [stderr]    Compiling unicode-xid v0.1.0
[INFO] [stderr]    Compiling either v1.6.1
[INFO] [stderr]    Compiling rayon v1.5.1
[INFO] [stderr]    Compiling syn v0.15.44
[INFO] [stderr]    Compiling plotters-backend v0.3.2
[INFO] [stderr]    Compiling bstr v0.2.17
[INFO] [stderr]    Compiling yaml-rust v0.4.5
[INFO] [stderr]    Compiling rand_core v0.6.3
[INFO] [stderr]    Compiling itertools v0.10.1
[INFO] [stderr]    Compiling csv-core v0.1.10
[INFO] [stderr]    Compiling terminal_size v0.1.17
[INFO] [stderr]    Compiling plotters-svg v0.3.1
[INFO] [stderr]    Compiling half v1.8.2
[INFO] [stderr]    Compiling ppv-lite86 v0.2.15
[INFO] [stderr]    Compiling dtoa v0.4.8
[INFO] [stderr]    Compiling cargo-husky v1.5.0
[INFO] [stderr]    Compiling clap v2.33.3
[INFO] [stderr]    Compiling crossbeam-channel v0.5.1
[INFO] [stderr]    Compiling walkdir v2.3.2
[INFO] [stderr]    Compiling serde_yaml v0.8.21
[INFO] [stderr]    Compiling rustc_version v0.4.0
[INFO] [stderr]    Compiling crossbeam-deque v0.8.1
[INFO] [stderr]    Compiling rand_chacha v0.3.1
[INFO] [stderr]    Compiling csv v1.1.6
[INFO] [stderr]    Compiling serde_cbor v0.11.2
[INFO] [stderr]    Compiling quote v0.6.13
[INFO] [stderr]    Compiling console v0.14.1
[INFO] [stderr]    Compiling atty v0.2.14
[INFO] [stderr]    Compiling glob v0.3.0
[INFO] [stderr]    Compiling cast v0.2.7
[INFO] [stderr]    Compiling plotters v0.3.1
[INFO] [stderr]    Compiling tinytemplate v1.2.1
[INFO] [stderr]    Compiling similar v1.3.0
[INFO] [stderr]    Compiling oorandom v11.1.3
[INFO] [stderr]    Compiling rand v0.8.4
[INFO] [stderr]    Compiling criterion-plot v0.4.4
[INFO] [stderr]    Compiling insta v1.8.0
[INFO] [stderr]    Compiling criterion v0.3.5
[INFO] [stderr]    Compiling test-generator v0.3.0
[INFO] [stderr]    Compiling hocon-linked v0.5.3-dev (/opt/rustwide/workdir)
[INFO] [stdout] error[E0432]: unresolved import `hocon`
[INFO] [stdout]  --> tests/snapshot.rs:8:13
[INFO] [stdout]   |
[INFO] [stdout] 8 | use hocon::{self, Hocon};
[INFO] [stdout]   |             ^^^^ no external crate `hocon`
[INFO] [stdout] 
[INFO] [stdout] 
[INFO] [stdout] error[E0433]: failed to resolve: use of undeclared crate or module `hocon`
[INFO] [stdout]    --> tests/deserialize.rs:110:9
[INFO] [stdout]     |
[INFO] [stdout] 110 |     use hocon::de::wrappers::Serde;
[INFO] [stdout]     |         ^^^^^ use of undeclared crate or module `hocon`
[INFO] [stdout] 
[INFO] [stdout] 
[INFO] [stdout] error[E0433]: failed to resolve: use of undeclared crate or module `hocon`
[INFO] [stdout]    --> tests/deserialize.rs:127:9
[INFO] [stdout]     |
[INFO] [stdout] 127 |     use hocon::de::wrappers::Serde;
[INFO] [stdout]     |         ^^^^^ use of undeclared crate or module `hocon`
[INFO] [stdout] 
[INFO] [stdout] 
[INFO] [stdout] error[E0432]: unresolved import `hocon`
[INFO] [stdout]  --> tests/deserialize.rs:5:5
[INFO] [stdout]   |
[INFO] [stdout] 5 | use hocon::HoconLoader;
[INFO] [stdout]   |     ^^^^^ use of undeclared crate or module `hocon`
[INFO] [stdout] 
[INFO] [stdout] 
[INFO] [stdout] error[E0432]: unresolved import `hocon`
[INFO] [stdout]  --> examples/hocon2json.rs:5:5
[INFO] [stdout]   |
[INFO] [stdout] 5 | use hocon::{Error, Hocon, HoconLoader};
[INFO] [stdout]   |     ^^^^^ use of undeclared crate or module `hocon`
[INFO] [stdout] 
[INFO] [stdout] 
[INFO] [stdout] error[E0433]: failed to resolve: use of undeclared crate or module `hocon`
[INFO] [stdout]   --> tests/deserialize.rs:15:26
[INFO] [stdout]    |
[INFO] [stdout] 15 |     let doc: Test = dbg!(hocon::de::from_str(s)).expect("during test");
[INFO] [stdout]    |                          ^^^^^ use of undeclared crate or module `hocon`
[INFO] [stdout] 
[INFO] [stdout] 
[INFO] [stdout] error[E0433]: failed to resolve: use of undeclared crate or module `hocon`
[INFO] [stdout]  --> tests/load.rs:7:15
[INFO] [stdout]   |
[INFO] [stdout] 7 |     let doc = hocon::HoconLoader::new()
[INFO] [stdout]   |               ^^^^^ use of undeclared crate or module `hocon`
[INFO] [stdout]   |
[INFO] [stdout] help: consider importing this struct
[INFO] [stdout]   |
[INFO] [stdout] 1 + use hocon_linked::HoconLoader;
[INFO] [stdout]   |
[INFO] [stdout] help: if you import `HoconLoader`, refer to it directly
[INFO] [stdout]   |
[INFO] [stdout] 7 -     let doc = hocon::HoconLoader::new()
[INFO] [stdout] 7 +     let doc = HoconLoader::new()
[INFO] [stdout]   |
[INFO] [stdout] 
[INFO] [stdout] 
[INFO] [stdout] error[E0433]: failed to resolve: use of undeclared crate or module `hocon`
[INFO] [stdout]   --> tests/load.rs:23:15
[INFO] [stdout]    |
[INFO] [stdout] 23 |     let doc = hocon::HoconLoader::new().load_file("some/file.conf");
[INFO] [stdout]    |               ^^^^^ use of undeclared crate or module `hocon`
[INFO] [stdout]    |
[INFO] [stdout] help: consider importing this struct
[INFO] [stdout]    |
[INFO] [stdout] 1  + use hocon_linked::HoconLoader;
[INFO] [stdout]    |
[INFO] [stdout] help: if you import `HoconLoader`, refer to it directly
[INFO] [stdout]    |
[INFO] [stdout] 23 -     let doc = hocon::HoconLoader::new().load_file("some/file.conf");
[INFO] [stdout] 23 +     let doc = HoconLoader::new().load_file("some/file.conf");
[INFO] [stdout]    |
[INFO] [stdout] 
[INFO] [stdout] 
[INFO] [stdout] error[E0433]: failed to resolve: use of undeclared crate or module `hocon`
[INFO] [stdout]    --> tests/deserialize.rs:120:26
[INFO] [stdout]     |
[INFO] [stdout] 120 |     let doc: Test = dbg!(hocon::de::from_str(s)).expect("during test");
[INFO] [stdout]     |                          ^^^^^ use of undeclared crate or module `hocon`
[INFO] [stdout] 
[INFO] [stdout] 
[INFO] [stdout] error[E0433]: failed to resolve: use of undeclared crate or module `hocon`
[INFO] [stdout]    --> tests/deserialize.rs:137:26
[INFO] [stdout]     |
[INFO] [stdout] 137 |     let doc: Test = dbg!(hocon::de::from_str(s)).expect("during test");
[INFO] [stdout]     |                          ^^^^^ use of undeclared crate or module `hocon`
[INFO] [stdout] 
[INFO] [stdout] 
[INFO] [stdout] error[E0432]: unresolved import `hocon`
[INFO] [stdout]  --> tests/parse.rs:4:5
[INFO] [stdout]   |
[INFO] [stdout] 4 | use hocon::{Error, Hocon, HoconLoader};
[INFO] [stdout]   |     ^^^^^ use of undeclared crate or module `hocon`
[INFO] [stdout] 
[INFO] [stdout] 
[INFO] [stdout] error: aborting due to 2 previous errors
[INFO] [stdout] 
[INFO] [stdout] 
[INFO] [stdout] For more information about this error, try `rustc --explain E0433`.
[INFO] [stdout] 
[INFO] [stdout] error[E0433]: failed to resolve: use of undeclared crate or module `hocon`
[INFO] [stdout]    --> tests/parse.rs:939:35
[INFO] [stdout]     |
[INFO] [stdout] 939 |     assert_eq!(loader.err(), Some(hocon::Error::IncludeNotAllowedFromStr))
[INFO] [stdout]     |                                   ^^^^^ use of undeclared crate or module `hocon`
[INFO] [stdout] 
[INFO] [stdout] 
[INFO] [stderr] error: could not compile `hocon-linked` (test "load") due to 3 previous errors
[INFO] [stderr] warning: build failed, waiting for other jobs to finish...
[INFO] [stdout] error: aborting due to previous error
[INFO] [stdout] 
[INFO] [stdout] 
[INFO] [stdout] For more information about this error, try `rustc --explain E0432`.
[INFO] [stdout] 
[INFO] [stderr] error: could not compile `hocon-linked` (example "hocon2json") due to 2 previous errors
[INFO] [stdout] error: aborting due to previous error
[INFO] [stdout] 
[INFO] [stdout] 
[INFO] [stdout] For more information about this error, try `rustc --explain E0432`.
[INFO] [stdout] 
[INFO] [stderr] error: could not compile `hocon-linked` (test "snapshot") due to 2 previous errors
[INFO] [stdout] error: aborting due to 6 previous errors
[INFO] [stdout] 
[INFO] [stdout] 
[INFO] [stdout] Some errors have detailed explanations: E0432, E0433.
[INFO] [stdout] 
[INFO] [stdout] For more information about an error, try `rustc --explain E0432`.
[INFO] [stdout] 
[INFO] [stderr] error: could not compile `hocon-linked` (test "deserialize") due to 7 previous errors
[INFO] [stdout] error: aborting due to 2 previous errors
[INFO] [stdout] 
[INFO] [stdout] 
[INFO] [stdout] Some errors have detailed explanations: E0432, E0433.
[INFO] [stdout] 
[INFO] [stdout] For more information about an error, try `rustc --explain E0432`.
[INFO] [stdout] 
[INFO] [stderr] error: could not compile `hocon-linked` (test "parse") due to 3 previous errors
[INFO] running `Command { std: "docker" "inspect" "7213e28a4be3fbe346857b91b135adae5672358934bdc10f8af2046b0c590cca", kill_on_drop: false }`
[INFO] running `Command { std: "docker" "rm" "-f" "7213e28a4be3fbe346857b91b135adae5672358934bdc10f8af2046b0c590cca", kill_on_drop: false }`
[INFO] [stdout] 7213e28a4be3fbe346857b91b135adae5672358934bdc10f8af2046b0c590cca
