[INFO] fetching crate higher-derive 0.2.0...
[INFO] testing higher-derive-0.2.0 against 1.69.0 for beta-1.70-1
[INFO] extracting crate higher-derive 0.2.0 into /workspace/builds/worker-7-tc1/source
[INFO] validating manifest of crates.io crate higher-derive 0.2.0 on toolchain 1.69.0
[INFO] running `Command { std: CARGO_HOME="/workspace/cargo-home" RUSTUP_HOME="/workspace/rustup-home" "/workspace/cargo-home/bin/cargo" "+1.69.0" "metadata" "--manifest-path" "Cargo.toml" "--no-deps", kill_on_drop: false }`
[INFO] started tweaking crates.io crate higher-derive 0.2.0
[INFO] finished tweaking crates.io crate higher-derive 0.2.0
[INFO] tweaked toml for crates.io crate higher-derive 0.2.0 written to /workspace/builds/worker-7-tc1/source/Cargo.toml
[INFO] running `Command { std: CARGO_HOME="/workspace/cargo-home" RUSTUP_HOME="/workspace/rustup-home" __CARGO_TEST_CHANNEL_OVERRIDE_DO_NOT_USE_THIS="nightly" "/workspace/cargo-home/bin/cargo" "+1.69.0" "generate-lockfile" "--manifest-path" "Cargo.toml" "-Zno-index-update", kill_on_drop: false }`
[INFO] running `Command { std: CARGO_HOME="/workspace/cargo-home" RUSTUP_HOME="/workspace/rustup-home" "/workspace/cargo-home/bin/cargo" "+1.69.0" "fetch" "--manifest-path" "Cargo.toml", kill_on_drop: false }`
[INFO] running `Command { std: "docker" "create" "-v" "/var/lib/crater-agent-workspace/builds/worker-7-tc1/target:/opt/rustwide/target:rw,Z" "-v" "/var/lib/crater-agent-workspace/builds/worker-7-tc1/source:/opt/rustwide/workdir:ro,Z" "-v" "/var/lib/crater-agent-workspace/cargo-home:/opt/rustwide/cargo-home:ro,Z" "-v" "/var/lib/crater-agent-workspace/rustup-home:/opt/rustwide/rustup-home:ro,Z" "-e" "SOURCE_DIR=/opt/rustwide/workdir" "-e" "CARGO_TARGET_DIR=/opt/rustwide/target" "-e" "CARGO_HOME=/opt/rustwide/cargo-home" "-e" "RUSTUP_HOME=/opt/rustwide/rustup-home" "-w" "/opt/rustwide/workdir" "-m" "1610612736" "--user" "0:0" "--network" "none" "ghcr.io/rust-lang/crates-build-env/linux@sha256:5ff2268d62e97bff2cde7d5815dd6ed5b47097566f13b8d0ca110b04b60e07ed" "/opt/rustwide/cargo-home/bin/cargo" "+1.69.0" "metadata" "--no-deps" "--format-version=1", kill_on_drop: false }`
[INFO] [stdout] e37929024ded77cc002fb9f9c4f4970971508e6c81cf5c9e790821e5a4da77f3
[INFO] running `Command { std: "docker" "start" "-a" "e37929024ded77cc002fb9f9c4f4970971508e6c81cf5c9e790821e5a4da77f3", kill_on_drop: false }`
[INFO] running `Command { std: "docker" "inspect" "e37929024ded77cc002fb9f9c4f4970971508e6c81cf5c9e790821e5a4da77f3", kill_on_drop: false }`
[INFO] running `Command { std: "docker" "rm" "-f" "e37929024ded77cc002fb9f9c4f4970971508e6c81cf5c9e790821e5a4da77f3", kill_on_drop: false }`
[INFO] [stdout] e37929024ded77cc002fb9f9c4f4970971508e6c81cf5c9e790821e5a4da77f3
[INFO] running `Command { std: "docker" "create" "-v" "/var/lib/crater-agent-workspace/builds/worker-7-tc1/target:/opt/rustwide/target:rw,Z" "-v" "/var/lib/crater-agent-workspace/builds/worker-7-tc1/source:/opt/rustwide/workdir:ro,Z" "-v" "/var/lib/crater-agent-workspace/cargo-home:/opt/rustwide/cargo-home:ro,Z" "-v" "/var/lib/crater-agent-workspace/rustup-home:/opt/rustwide/rustup-home:ro,Z" "-e" "SOURCE_DIR=/opt/rustwide/workdir" "-e" "CARGO_TARGET_DIR=/opt/rustwide/target" "-e" "CARGO_INCREMENTAL=0" "-e" "RUST_BACKTRACE=full" "-e" "RUSTFLAGS=--cap-lints=warn" "-e" "RUSTDOCFLAGS=--cap-lints=warn" "-e" "CARGO_HOME=/opt/rustwide/cargo-home" "-e" "RUSTUP_HOME=/opt/rustwide/rustup-home" "-w" "/opt/rustwide/workdir" "-m" "1610612736" "--user" "0:0" "--network" "none" "ghcr.io/rust-lang/crates-build-env/linux@sha256:5ff2268d62e97bff2cde7d5815dd6ed5b47097566f13b8d0ca110b04b60e07ed" "/opt/rustwide/cargo-home/bin/cargo" "+1.69.0" "build" "--frozen" "--message-format=json", kill_on_drop: false }`
[INFO] [stdout] fafed3b14ea3374815ee0a05a61bcd811f86460eb981200dd9b13b775f3d1eed
[INFO] running `Command { std: "docker" "start" "-a" "fafed3b14ea3374815ee0a05a61bcd811f86460eb981200dd9b13b775f3d1eed", kill_on_drop: false }`
[INFO] [stderr]    Compiling syn v1.0.109
[INFO] [stderr]    Compiling higher-derive v0.2.0 (/opt/rustwide/workdir)
[INFO] [stderr]     Finished dev [unoptimized + debuginfo] target(s) in 2.60s
[INFO] running `Command { std: "docker" "inspect" "fafed3b14ea3374815ee0a05a61bcd811f86460eb981200dd9b13b775f3d1eed", kill_on_drop: false }`
[INFO] running `Command { std: "docker" "rm" "-f" "fafed3b14ea3374815ee0a05a61bcd811f86460eb981200dd9b13b775f3d1eed", kill_on_drop: false }`
[INFO] [stdout] fafed3b14ea3374815ee0a05a61bcd811f86460eb981200dd9b13b775f3d1eed
[INFO] running `Command { std: "docker" "create" "-v" "/var/lib/crater-agent-workspace/builds/worker-7-tc1/target:/opt/rustwide/target:rw,Z" "-v" "/var/lib/crater-agent-workspace/builds/worker-7-tc1/source:/opt/rustwide/workdir:ro,Z" "-v" "/var/lib/crater-agent-workspace/cargo-home:/opt/rustwide/cargo-home:ro,Z" "-v" "/var/lib/crater-agent-workspace/rustup-home:/opt/rustwide/rustup-home:ro,Z" "-e" "SOURCE_DIR=/opt/rustwide/workdir" "-e" "CARGO_TARGET_DIR=/opt/rustwide/target" "-e" "CARGO_INCREMENTAL=0" "-e" "RUST_BACKTRACE=full" "-e" "RUSTFLAGS=--cap-lints=warn" "-e" "RUSTDOCFLAGS=--cap-lints=warn" "-e" "CARGO_HOME=/opt/rustwide/cargo-home" "-e" "RUSTUP_HOME=/opt/rustwide/rustup-home" "-w" "/opt/rustwide/workdir" "-m" "1610612736" "--user" "0:0" "--network" "none" "ghcr.io/rust-lang/crates-build-env/linux@sha256:5ff2268d62e97bff2cde7d5815dd6ed5b47097566f13b8d0ca110b04b60e07ed" "/opt/rustwide/cargo-home/bin/cargo" "+1.69.0" "test" "--frozen" "--no-run" "--message-format=json", kill_on_drop: false }`
[INFO] [stdout] f171880fe8049950c6f9433632d6544c480181f012c3de90dd91bb817d374c72
[INFO] running `Command { std: "docker" "start" "-a" "f171880fe8049950c6f9433632d6544c480181f012c3de90dd91bb817d374c72", kill_on_drop: false }`
[INFO] [stderr]    Compiling higher-derive v0.2.0 (/opt/rustwide/workdir)
[INFO] [stdout] error[E0432]: unresolved import `higher`
[INFO] [stdout]    --> src/lib.rs:373:9
[INFO] [stdout]     |
[INFO] [stdout] 373 |     use higher::{Bifunctor, Functor};
[INFO] [stdout]     |         ^^^^^^ use of undeclared crate or module `higher`
[INFO] [stdout] 
[INFO] [stdout] 
[INFO] [stdout] error: cannot determine resolution for the derive macro `Functor`
[INFO] [stdout]    --> src/lib.rs:375:36
[INFO] [stdout]     |
[INFO] [stdout] 375 |     #[derive(PartialEq, Eq, Debug, Functor)]
[INFO] [stdout]     |                                    ^^^^^^^
[INFO] [stdout]     |
[INFO] [stdout]     = note: import resolution is stuck, try simplifying macro imports
[INFO] [stdout] 
[INFO] [stdout] 
[INFO] [stdout] error: cannot determine resolution for the derive macro `Functor`
[INFO] [stdout]    --> src/lib.rs:380:36
[INFO] [stdout]     |
[INFO] [stdout] 380 |     #[derive(PartialEq, Eq, Debug, Functor)]
[INFO] [stdout]     |                                    ^^^^^^^
[INFO] [stdout]     |
[INFO] [stdout]     = note: import resolution is stuck, try simplifying macro imports
[INFO] [stdout] 
[INFO] [stdout] 
[INFO] [stdout] error: cannot determine resolution for the derive macro `Functor`
[INFO] [stdout]    --> src/lib.rs:383:36
[INFO] [stdout]     |
[INFO] [stdout] 383 |     #[derive(PartialEq, Eq, Debug, Functor)]
[INFO] [stdout]     |                                    ^^^^^^^
[INFO] [stdout]     |
[INFO] [stdout]     = note: import resolution is stuck, try simplifying macro imports
[INFO] [stdout] 
[INFO] [stdout] 
[INFO] [stdout] error: cannot determine resolution for the derive macro `Bifunctor`
[INFO] [stdout]    --> src/lib.rs:416:36
[INFO] [stdout]     |
[INFO] [stdout] 416 |     #[derive(PartialEq, Eq, Debug, Bifunctor)]
[INFO] [stdout]     |                                    ^^^^^^^^^
[INFO] [stdout]     |
[INFO] [stdout]     = note: import resolution is stuck, try simplifying macro imports
[INFO] [stdout] 
[INFO] [stdout] 
[INFO] [stdout] error: cannot determine resolution for the derive macro `Bifunctor`
[INFO] [stdout]    --> src/lib.rs:422:36
[INFO] [stdout]     |
[INFO] [stdout] 422 |     #[derive(PartialEq, Eq, Debug, Bifunctor)]
[INFO] [stdout]     |                                    ^^^^^^^^^
[INFO] [stdout]     |
[INFO] [stdout]     = note: import resolution is stuck, try simplifying macro imports
[INFO] [stdout] 
[INFO] [stdout] 
[INFO] [stdout] error: cannot determine resolution for the derive macro `Bifunctor`
[INFO] [stdout]    --> src/lib.rs:425:36
[INFO] [stdout]     |
[INFO] [stdout] 425 |     #[derive(PartialEq, Eq, Debug, Bifunctor)]
[INFO] [stdout]     |                                    ^^^^^^^^^
[INFO] [stdout]     |
[INFO] [stdout]     = note: import resolution is stuck, try simplifying macro imports
[INFO] [stdout] 
[INFO] [stdout] 
[INFO] [stdout] error[E0599]: no method named `fmap` found for struct `FunctorNamed` in the current scope
[INFO] [stdout]    --> src/lib.rs:395:44
[INFO] [stdout]     |
[INFO] [stdout] 376 |     struct FunctorNamed<A> {
[INFO] [stdout]     |     ---------------------- method `fmap` not found for this struct
[INFO] [stdout] ...
[INFO] [stdout] 395 |             (FunctorNamed { named: 2u32 }).fmap(|x| x + 3),
[INFO] [stdout]     |                                            ^^^^ method not found in `FunctorNamed<u32>`
[INFO] [stdout] 
[INFO] [stdout] 
[INFO] [stdout] error[E0599]: no method named `fmap` found for struct `FunctorUnnamed` in the current scope
[INFO] [stdout]    --> src/lib.rs:399:41
[INFO] [stdout]     |
[INFO] [stdout] 381 |     struct FunctorUnnamed<A>(A);
[INFO] [stdout]     |     ------------------------ method `fmap` not found for this struct
[INFO] [stdout] ...
[INFO] [stdout] 399 |         assert_eq!(FunctorUnnamed(2u32).fmap(|x| x + 3), FunctorUnnamed(5u32));
[INFO] [stdout]     |                                         ^^^^ method not found in `FunctorUnnamed<u32>`
[INFO] [stdout] 
[INFO] [stdout] 
[INFO] [stdout] error[E0599]: no method named `fmap` found for enum `FunctorEnum` in the current scope
[INFO] [stdout]    --> src/lib.rs:402:37
[INFO] [stdout]     |
[INFO] [stdout] 385 |     enum FunctorEnum<A> {
[INFO] [stdout]     |     ------------------- method `fmap` not found for this enum
[INFO] [stdout] ...
[INFO] [stdout] 402 |             FunctorEnum::Some(2u32).fmap(|x| x + 3),
[INFO] [stdout]     |                                     ^^^^ method not found in `FunctorEnum<u32>`
[INFO] [stdout] 
[INFO] [stdout] 
[INFO] [stdout] error[E0599]: no method named `fmap` found for enum `FunctorEnum` in the current scope
[INFO] [stdout]    --> src/lib.rs:406:47
[INFO] [stdout]     |
[INFO] [stdout] 385 |     enum FunctorEnum<A> {
[INFO] [stdout]     |     ------------------- method `fmap` not found for this enum
[INFO] [stdout] ...
[INFO] [stdout] 406 |             FunctorEnum::<u32>::SomeNumber(2).fmap(|x| x + 3),
[INFO] [stdout]     |                                               ^^^^ method not found in `FunctorEnum<u32>`
[INFO] [stdout] 
[INFO] [stdout] 
[INFO] [stdout] error[E0599]: no method named `fmap` found for enum `FunctorEnum` in the current scope
[INFO] [stdout]    --> src/lib.rs:410:42
[INFO] [stdout]     |
[INFO] [stdout] 385 |     enum FunctorEnum<A> {
[INFO] [stdout]     |     ------------------- method `fmap` not found for this enum
[INFO] [stdout] ...
[INFO] [stdout] 410 |             FunctorEnum::SomeOther(2u32).fmap(|x| x + 3),
[INFO] [stdout]     |                                          ^^^^ method not found in `FunctorEnum<u32>`
[INFO] [stdout] 
[INFO] [stdout] 
[INFO] [stdout] error[E0599]: no method named `fmap` found for enum `FunctorEnum` in the current scope
[INFO] [stdout]    --> src/lib.rs:413:45
[INFO] [stdout]     |
[INFO] [stdout] 385 |     enum FunctorEnum<A> {
[INFO] [stdout]     |     ------------------- method `fmap` not found for this enum
[INFO] [stdout] ...
[INFO] [stdout] 413 |         assert_eq!(FunctorEnum::<u32>::None.fmap(|x| x + 3), FunctorEnum::None);
[INFO] [stdout]     |                                             ^^^^ method not found in `FunctorEnum<u32>`
[INFO] [stdout] 
[INFO] [stdout] 
[INFO] [stdout] error[E0599]: no method named `bimap` found for struct `BifunctorNamed` in the current scope
[INFO] [stdout]    --> src/lib.rs:437:50
[INFO] [stdout]     |
[INFO] [stdout] 417 |     struct BifunctorNamed<A, B> {
[INFO] [stdout]     |     --------------------------- method `bimap` not found for this struct
[INFO] [stdout] ...
[INFO] [stdout] 437 |             (BifunctorNamed { a: 2u32, b: 2u8 }).bimap(|x| x + 3, |x| x + 4),
[INFO] [stdout]     |                                                  ^^^^^ method not found in `BifunctorNamed<u32, u8>`
[INFO] [stdout] 
[INFO] [stdout] 
[INFO] [stdout] error[E0599]: no method named `bimap` found for struct `BifunctorUnnamed` in the current scope
[INFO] [stdout]    --> src/lib.rs:442:41
[INFO] [stdout]     |
[INFO] [stdout] 423 |     struct BifunctorUnnamed<A, B>(A, B);
[INFO] [stdout]     |     ----------------------------- method `bimap` not found for this struct
[INFO] [stdout] ...
[INFO] [stdout] 442 |             BifunctorUnnamed(2u32, 2u8).bimap(|x| x + 3, |x| x + 4),
[INFO] [stdout]     |                                         ^^^^^ method not found in `BifunctorUnnamed<u32, u8>`
[INFO] [stdout] 
[INFO] [stdout] 
[INFO] [stdout] error[E0599]: no method named `bimap` found for enum `BifunctorEnum` in the current scope
[INFO] [stdout]    --> src/lib.rs:447:48
[INFO] [stdout]     |
[INFO] [stdout] 427 |     enum BifunctorEnum<A, B> {
[INFO] [stdout]     |     ------------------------ method `bimap` not found for this enum
[INFO] [stdout] ...
[INFO] [stdout] 447 |             BifunctorEnum::<u32, u8>::Ok(2u32).bimap(|x| x + 3, |x| x + 4),
[INFO] [stdout]     |                                                ^^^^^ method not found in `BifunctorEnum<u32, u8>`
[INFO] [stdout] 
[INFO] [stdout] 
[INFO] [stdout] error[E0599]: no method named `bimap` found for enum `BifunctorEnum` in the current scope
[INFO] [stdout]    --> src/lib.rs:451:48
[INFO] [stdout]     |
[INFO] [stdout] 427 |     enum BifunctorEnum<A, B> {
[INFO] [stdout]     |     ------------------------ method `bimap` not found for this enum
[INFO] [stdout] ...
[INFO] [stdout] 451 |             BifunctorEnum::<u32, u8>::Err(2u8).bimap(|x| x + 3, |x| x + 4),
[INFO] [stdout]     |                                                ^^^^^ method not found in `BifunctorEnum<u32, u8>`
[INFO] [stdout] 
[INFO] [stdout] 
[INFO] [stdout] error[E0599]: no method named `bimap` found for enum `BifunctorEnum` in the current scope
[INFO] [stdout]    --> src/lib.rs:455:49
[INFO] [stdout]     |
[INFO] [stdout] 427 |     enum BifunctorEnum<A, B> {
[INFO] [stdout]     |     ------------------------ method `bimap` not found for this enum
[INFO] [stdout] ...
[INFO] [stdout] 455 |             BifunctorEnum::<u32, u8>::Number(2).bimap(|x| x + 3, |x| x + 4),
[INFO] [stdout]     |                                                 ^^^^^ method not found in `BifunctorEnum<u32, u8>`
[INFO] [stdout] 
[INFO] [stdout] 
[INFO] [stdout] error[E0599]: no method named `bimap` found for enum `BifunctorEnum` in the current scope
[INFO] [stdout]    --> src/lib.rs:459:47
[INFO] [stdout]     |
[INFO] [stdout] 427 |     enum BifunctorEnum<A, B> {
[INFO] [stdout]     |     ------------------------ method `bimap` not found for this enum
[INFO] [stdout] ...
[INFO] [stdout] 459 |             BifunctorEnum::<u32, u8>::Nothing.bimap(|x| x + 3, |x| x + 4),
[INFO] [stdout]     |                                               ^^^^^ method not found in `BifunctorEnum<u32, u8>`
[INFO] [stdout] 
[INFO] [stdout] 
[INFO] [stdout] error: aborting due to 19 previous errors
[INFO] [stdout] 
[INFO] [stdout] 
[INFO] [stdout] Some errors have detailed explanations: E0432, E0599.
[INFO] [stdout] 
[INFO] [stdout] For more information about an error, try `rustc --explain E0432`.
[INFO] [stdout] 
[INFO] [stderr] error: could not compile `higher-derive` due to 20 previous errors
[INFO] [stderr] warning: build failed, waiting for other jobs to finish...
[INFO] running `Command { std: "docker" "inspect" "f171880fe8049950c6f9433632d6544c480181f012c3de90dd91bb817d374c72", kill_on_drop: false }`
[INFO] running `Command { std: "docker" "rm" "-f" "f171880fe8049950c6f9433632d6544c480181f012c3de90dd91bb817d374c72", kill_on_drop: false }`
[INFO] [stdout] f171880fe8049950c6f9433632d6544c480181f012c3de90dd91bb817d374c72
