[INFO] fetching crate hawk-ws 0.1.1...
[INFO] testing hawk-ws-0.1.1 against beta-2023-04-20 for beta-1.70-1
[INFO] extracting crate hawk-ws 0.1.1 into /workspace/builds/worker-6-tc2/source
[INFO] validating manifest of crates.io crate hawk-ws 0.1.1 on toolchain beta-2023-04-20
[INFO] running `Command { std: CARGO_HOME="/workspace/cargo-home" RUSTUP_HOME="/workspace/rustup-home" "/workspace/cargo-home/bin/cargo" "+beta-2023-04-20" "metadata" "--manifest-path" "Cargo.toml" "--no-deps", kill_on_drop: false }`
[INFO] started tweaking crates.io crate hawk-ws 0.1.1
[INFO] finished tweaking crates.io crate hawk-ws 0.1.1
[INFO] tweaked toml for crates.io crate hawk-ws 0.1.1 written to /workspace/builds/worker-6-tc2/source/Cargo.toml
[INFO] running `Command { std: CARGO_HOME="/workspace/cargo-home" RUSTUP_HOME="/workspace/rustup-home" __CARGO_TEST_CHANNEL_OVERRIDE_DO_NOT_USE_THIS="nightly" "/workspace/cargo-home/bin/cargo" "+beta-2023-04-20" "generate-lockfile" "--manifest-path" "Cargo.toml" "-Zno-index-update", kill_on_drop: false }`
[INFO] running `Command { std: CARGO_HOME="/workspace/cargo-home" RUSTUP_HOME="/workspace/rustup-home" "/workspace/cargo-home/bin/cargo" "+beta-2023-04-20" "fetch" "--manifest-path" "Cargo.toml", kill_on_drop: false }`
[INFO] [stderr]  Downloading crates ...
[INFO] [stderr]   Downloaded ucd-util v0.1.10
[INFO] [stderr]   Downloaded utf8-ranges v1.0.5
[INFO] [stderr]   Downloaded openssl v0.9.24
[INFO] [stderr]   Downloaded sha1 v0.2.0
[INFO] [stderr]   Downloaded libz-sys v1.1.9
[INFO] [stderr]   Downloaded slab v0.3.0
[INFO] running `Command { std: "docker" "create" "-v" "/var/lib/crater-agent-workspace/builds/worker-6-tc2/target:/opt/rustwide/target:rw,Z" "-v" "/var/lib/crater-agent-workspace/builds/worker-6-tc2/source:/opt/rustwide/workdir:ro,Z" "-v" "/var/lib/crater-agent-workspace/cargo-home:/opt/rustwide/cargo-home:ro,Z" "-v" "/var/lib/crater-agent-workspace/rustup-home:/opt/rustwide/rustup-home:ro,Z" "-e" "SOURCE_DIR=/opt/rustwide/workdir" "-e" "CARGO_TARGET_DIR=/opt/rustwide/target" "-e" "CARGO_HOME=/opt/rustwide/cargo-home" "-e" "RUSTUP_HOME=/opt/rustwide/rustup-home" "-w" "/opt/rustwide/workdir" "-m" "1610612736" "--user" "0:0" "--network" "none" "ghcr.io/rust-lang/crates-build-env/linux@sha256:5ff2268d62e97bff2cde7d5815dd6ed5b47097566f13b8d0ca110b04b60e07ed" "/opt/rustwide/cargo-home/bin/cargo" "+beta-2023-04-20" "metadata" "--no-deps" "--format-version=1", kill_on_drop: false }`
[INFO] [stdout] f6dfb6d080a55e9a4ac47a4a1ac6f01f38bfe3dd43699c225f2dca1681792feb
[INFO] running `Command { std: "docker" "start" "-a" "f6dfb6d080a55e9a4ac47a4a1ac6f01f38bfe3dd43699c225f2dca1681792feb", kill_on_drop: false }`
[INFO] running `Command { std: "docker" "inspect" "f6dfb6d080a55e9a4ac47a4a1ac6f01f38bfe3dd43699c225f2dca1681792feb", kill_on_drop: false }`
[INFO] running `Command { std: "docker" "rm" "-f" "f6dfb6d080a55e9a4ac47a4a1ac6f01f38bfe3dd43699c225f2dca1681792feb", kill_on_drop: false }`
[INFO] [stdout] f6dfb6d080a55e9a4ac47a4a1ac6f01f38bfe3dd43699c225f2dca1681792feb
[INFO] running `Command { std: "docker" "create" "-v" "/var/lib/crater-agent-workspace/builds/worker-6-tc2/target:/opt/rustwide/target:rw,Z" "-v" "/var/lib/crater-agent-workspace/builds/worker-6-tc2/source:/opt/rustwide/workdir:ro,Z" "-v" "/var/lib/crater-agent-workspace/cargo-home:/opt/rustwide/cargo-home:ro,Z" "-v" "/var/lib/crater-agent-workspace/rustup-home:/opt/rustwide/rustup-home:ro,Z" "-e" "SOURCE_DIR=/opt/rustwide/workdir" "-e" "CARGO_TARGET_DIR=/opt/rustwide/target" "-e" "CARGO_INCREMENTAL=0" "-e" "RUST_BACKTRACE=full" "-e" "RUSTFLAGS=--cap-lints=warn" "-e" "RUSTDOCFLAGS=--cap-lints=warn" "-e" "CARGO_HOME=/opt/rustwide/cargo-home" "-e" "RUSTUP_HOME=/opt/rustwide/rustup-home" "-w" "/opt/rustwide/workdir" "-m" "1610612736" "--user" "0:0" "--network" "none" "ghcr.io/rust-lang/crates-build-env/linux@sha256:5ff2268d62e97bff2cde7d5815dd6ed5b47097566f13b8d0ca110b04b60e07ed" "/opt/rustwide/cargo-home/bin/cargo" "+beta-2023-04-20" "build" "--frozen" "--message-format=json", kill_on_drop: false }`
[INFO] [stdout] 51b149f032a5d7893512ab1e587cf61d144d7a51d95122cfadd42640c1ab687e
[INFO] running `Command { std: "docker" "start" "-a" "51b149f032a5d7893512ab1e587cf61d144d7a51d95122cfadd42640c1ab687e", kill_on_drop: false }`
[INFO] [stderr]    Compiling libc v0.2.142
[INFO] [stderr]    Compiling tinyvec_macros v0.1.1
[INFO] [stderr]    Compiling log v0.4.17
[INFO] [stderr]    Compiling httparse v1.8.0
[INFO] [stderr]    Compiling matches v0.1.10
[INFO] [stderr]    Compiling slab v0.4.8
[INFO] [stderr]    Compiling unicode-bidi v0.3.13
[INFO] [stderr]    Compiling byteorder v1.4.3
[INFO] [stderr]    Compiling tinyvec v1.6.0
[INFO] [stderr]    Compiling slab v0.3.0
[INFO] [stderr]    Compiling sha1 v0.2.0
[INFO] [stderr]    Compiling log v0.3.9
[INFO] [stderr]    Compiling iovec v0.1.4
[INFO] [stderr]    Compiling rand v0.4.6
[INFO] [stderr]    Compiling net2 v0.2.38
[INFO] [stderr]    Compiling unicode-normalization v0.1.22
[INFO] [stderr]    Compiling bytes v0.4.12
[INFO] [stderr]    Compiling mio v0.6.23
[INFO] [stderr]    Compiling rand v0.3.23
[INFO] [stderr]    Compiling idna v0.1.5
[INFO] [stderr]    Compiling url v1.7.2
[INFO] [stderr]    Compiling hawk-ws v0.1.1 (/opt/rustwide/workdir)
[INFO] [stdout] warning: trait objects without an explicit `dyn` are deprecated
[INFO] [stdout]   --> src/result.rs:64:16
[INFO] [stdout]    |
[INFO] [stdout] 64 |     Custom(Box<StdError + Send + Sync>),
[INFO] [stdout]    |                ^^^^^^^^^^^^^^^^^^^^^^
[INFO] [stdout]    |
[INFO] [stdout]    = warning: this is accepted in the current edition (Rust 2015) but is a hard error in Rust 2021!
[INFO] [stdout]    = note: for more information, see <https://doc.rust-lang.org/nightly/edition-guide/rust-2021/warnings-promoted-to-error.html>
[INFO] [stdout]    = note: `#[warn(bare_trait_objects)]` on by default
[INFO] [stdout] help: use `dyn`
[INFO] [stdout]    |
[INFO] [stdout] 64 |     Custom(Box<dyn StdError + Send + Sync>),
[INFO] [stdout]    |                +++
[INFO] [stdout] 
[INFO] [stdout] 
[INFO] [stdout] warning: trait objects without an explicit `dyn` are deprecated
[INFO] [stdout]   --> src/result.rs:84:34
[INFO] [stdout]    |
[INFO] [stdout] 84 |     pub fn into_box(self) -> Box<StdError> {
[INFO] [stdout]    |                                  ^^^^^^^^
[INFO] [stdout]    |
[INFO] [stdout]    = warning: this is accepted in the current edition (Rust 2015) but is a hard error in Rust 2021!
[INFO] [stdout]    = note: for more information, see <https://doc.rust-lang.org/nightly/edition-guide/rust-2021/warnings-promoted-to-error.html>
[INFO] [stdout] help: use `dyn`
[INFO] [stdout]    |
[INFO] [stdout] 84 |     pub fn into_box(self) -> Box<dyn StdError> {
[INFO] [stdout]    |                                  +++
[INFO] [stdout] 
[INFO] [stdout] 
[INFO] [stdout] warning: trait objects without an explicit `dyn` are deprecated
[INFO] [stdout]    --> src/result.rs:131:32
[INFO] [stdout]     |
[INFO] [stdout] 131 |     fn cause(&self) -> Option<&StdError> {
[INFO] [stdout]     |                                ^^^^^^^^
[INFO] [stdout]     |
[INFO] [stdout]     = warning: this is accepted in the current edition (Rust 2015) but is a hard error in Rust 2021!
[INFO] [stdout]     = note: for more information, see <https://doc.rust-lang.org/nightly/edition-guide/rust-2021/warnings-promoted-to-error.html>
[INFO] [stdout] help: use `dyn`
[INFO] [stdout]     |
[INFO] [stdout] 131 |     fn cause(&self) -> Option<&dyn StdError> {
[INFO] [stdout]     |                                +++
[INFO] [stdout] 
[INFO] [stdout] 
[INFO] [stdout] warning: 3 warnings emitted
[INFO] [stdout] 
[INFO] [stdout] 
[INFO] [stderr]     Finished dev [unoptimized + debuginfo] target(s) in 7.29s
[INFO] running `Command { std: "docker" "inspect" "51b149f032a5d7893512ab1e587cf61d144d7a51d95122cfadd42640c1ab687e", kill_on_drop: false }`
[INFO] running `Command { std: "docker" "rm" "-f" "51b149f032a5d7893512ab1e587cf61d144d7a51d95122cfadd42640c1ab687e", kill_on_drop: false }`
[INFO] [stdout] 51b149f032a5d7893512ab1e587cf61d144d7a51d95122cfadd42640c1ab687e
[INFO] running `Command { std: "docker" "create" "-v" "/var/lib/crater-agent-workspace/builds/worker-6-tc2/target:/opt/rustwide/target:rw,Z" "-v" "/var/lib/crater-agent-workspace/builds/worker-6-tc2/source:/opt/rustwide/workdir:ro,Z" "-v" "/var/lib/crater-agent-workspace/cargo-home:/opt/rustwide/cargo-home:ro,Z" "-v" "/var/lib/crater-agent-workspace/rustup-home:/opt/rustwide/rustup-home:ro,Z" "-e" "SOURCE_DIR=/opt/rustwide/workdir" "-e" "CARGO_TARGET_DIR=/opt/rustwide/target" "-e" "CARGO_INCREMENTAL=0" "-e" "RUST_BACKTRACE=full" "-e" "RUSTFLAGS=--cap-lints=warn" "-e" "RUSTDOCFLAGS=--cap-lints=warn" "-e" "CARGO_HOME=/opt/rustwide/cargo-home" "-e" "RUSTUP_HOME=/opt/rustwide/rustup-home" "-w" "/opt/rustwide/workdir" "-m" "1610612736" "--user" "0:0" "--network" "none" "ghcr.io/rust-lang/crates-build-env/linux@sha256:5ff2268d62e97bff2cde7d5815dd6ed5b47097566f13b8d0ca110b04b60e07ed" "/opt/rustwide/cargo-home/bin/cargo" "+beta-2023-04-20" "test" "--frozen" "--no-run" "--message-format=json", kill_on_drop: false }`
[INFO] [stdout] 1756a0e40e783f01ce70c5ae3d0a9faf96cae37f1a1576453df50b22ceba42b8
[INFO] running `Command { std: "docker" "start" "-a" "1756a0e40e783f01ce70c5ae3d0a9faf96cae37f1a1576453df50b22ceba42b8", kill_on_drop: false }`
[INFO] [stderr]    Compiling memchr v2.5.0
[INFO] [stderr]    Compiling ucd-util v0.1.10
[INFO] [stderr]    Compiling regex v0.2.11
[INFO] [stderr]    Compiling thread_local v0.3.6
[INFO] [stderr]    Compiling utf8-ranges v1.0.5
[INFO] [stderr]    Compiling textwrap v0.11.0
[INFO] [stderr]    Compiling atty v0.2.14
[INFO] [stderr]    Compiling time v0.1.45
[INFO] [stderr]    Compiling regex-syntax v0.5.6
[INFO] [stderr]    Compiling clap v2.34.0
[INFO] [stderr]    Compiling term v0.4.6
[INFO] [stdout] warning: trait objects without an explicit `dyn` are deprecated
[INFO] [stdout]   --> src/result.rs:64:16
[INFO] [stdout]    |
[INFO] [stdout] 64 |     Custom(Box<StdError + Send + Sync>),
[INFO] [stdout]    |                ^^^^^^^^^^^^^^^^^^^^^^
[INFO] [stdout]    |
[INFO] [stdout]    = warning: this is accepted in the current edition (Rust 2015) but is a hard error in Rust 2021!
[INFO] [stdout]    = note: for more information, see <https://doc.rust-lang.org/nightly/edition-guide/rust-2021/warnings-promoted-to-error.html>
[INFO] [stdout]    = note: `#[warn(bare_trait_objects)]` on by default
[INFO] [stdout] help: use `dyn`
[INFO] [stdout]    |
[INFO] [stdout] 64 |     Custom(Box<dyn StdError + Send + Sync>),
[INFO] [stdout]    |                +++
[INFO] [stdout] 
[INFO] [stdout] 
[INFO] [stdout] warning: trait objects without an explicit `dyn` are deprecated
[INFO] [stdout]   --> src/result.rs:84:34
[INFO] [stdout]    |
[INFO] [stdout] 84 |     pub fn into_box(self) -> Box<StdError> {
[INFO] [stdout]    |                                  ^^^^^^^^
[INFO] [stdout]    |
[INFO] [stdout]    = warning: this is accepted in the current edition (Rust 2015) but is a hard error in Rust 2021!
[INFO] [stdout]    = note: for more information, see <https://doc.rust-lang.org/nightly/edition-guide/rust-2021/warnings-promoted-to-error.html>
[INFO] [stdout] help: use `dyn`
[INFO] [stdout]    |
[INFO] [stdout] 84 |     pub fn into_box(self) -> Box<dyn StdError> {
[INFO] [stdout]    |                                  +++
[INFO] [stdout] 
[INFO] [stdout] 
[INFO] [stdout] warning: trait objects without an explicit `dyn` are deprecated
[INFO] [stdout]    --> src/result.rs:131:32
[INFO] [stdout]     |
[INFO] [stdout] 131 |     fn cause(&self) -> Option<&StdError> {
[INFO] [stdout]     |                                ^^^^^^^^
[INFO] [stdout]     |
[INFO] [stdout]     = warning: this is accepted in the current edition (Rust 2015) but is a hard error in Rust 2021!
[INFO] [stdout]     = note: for more information, see <https://doc.rust-lang.org/nightly/edition-guide/rust-2021/warnings-promoted-to-error.html>
[INFO] [stdout] help: use `dyn`
[INFO] [stdout]     |
[INFO] [stdout] 131 |     fn cause(&self) -> Option<&dyn StdError> {
[INFO] [stdout]     |                                +++
[INFO] [stdout] 
[INFO] [stdout] 
[INFO] [stdout] warning: 3 warnings emitted
[INFO] [stdout] 
[INFO] [stdout] 
[INFO] [stderr]    Compiling aho-corasick v0.6.10
[INFO] [stderr]    Compiling env_logger v0.4.3
[INFO] [stderr]    Compiling hawk-ws v0.1.1 (/opt/rustwide/workdir)
[INFO] [stdout] error[E0463]: can't find crate for `ws`
[INFO] [stdout]  --> tests/bind.rs:1:1
[INFO] [stdout]   |
[INFO] [stdout] 1 | extern crate ws;
[INFO] [stdout]   | ^^^^^^^^^^^^^^^^ can't find crate
[INFO] [stdout] 
[INFO] [stdout] 
[INFO] [stdout] error[E0463]: can't find crate for `ws`
[INFO] [stdout]  --> examples/unsafe-ssl-client.rs:5:1
[INFO] [stdout]   |
[INFO] [stdout] 5 | extern crate ws;
[INFO] [stdout]   | ^^^^^^^^^^^^^^^^ can't find crate
[INFO] [stdout] 
[INFO] [stdout] 
[INFO] [stdout] error: aborting due to previous error
[INFO] [stdout] 
[INFO] [stdout] 
[INFO] [stdout] For more information about this error, try `rustc --explain E0463`.
[INFO] [stdout] 
[INFO] [stderr] error: could not compile `hawk-ws` (example "unsafe-ssl-client") due to 2 previous errors
[INFO] [stderr] warning: build failed, waiting for other jobs to finish...
[INFO] [stdout] error: aborting due to previous error
[INFO] [stdout] 
[INFO] [stdout] 
[INFO] [stdout] For more information about this error, try `rustc --explain E0463`.
[INFO] [stdout] 
[INFO] [stderr] error: could not compile `hawk-ws` (test "bind") due to 2 previous errors
[INFO] [stdout] error[E0463]: can't find crate for `ws`
[INFO] [stdout]   --> examples/channel.rs:11:1
[INFO] [stdout]    |
[INFO] [stdout] 11 | extern crate ws;
[INFO] [stdout]    | ^^^^^^^^^^^^^^^^ can't find crate
[INFO] [stdout] 
[INFO] [stdout] 
[INFO] [stdout] error: aborting due to previous error
[INFO] [stdout] 
[INFO] [stdout] 
[INFO] [stdout] For more information about this error, try `rustc --explain E0463`.
[INFO] [stdout] 
[INFO] [stderr] error: could not compile `hawk-ws` (example "channel") due to 2 previous errors
[INFO] [stdout] error[E0463]: can't find crate for `ws`
[INFO] [stdout]  --> examples/router.rs:4:1
[INFO] [stdout]   |
[INFO] [stdout] 4 | extern crate ws;
[INFO] [stdout]   | ^^^^^^^^^^^^^^^^ can't find crate
[INFO] [stdout] 
[INFO] [stdout] 
[INFO] [stdout] warning: unnecessary parentheses around type
[INFO] [stdout]   --> examples/router.rs:13:63
[INFO] [stdout]    |
[INFO] [stdout] 13 |     fn on_request(&mut self, req: &ws::Request) -> ws::Result<(ws::Response)> {
[INFO] [stdout]    |                                                               ^            ^
[INFO] [stdout]    |
[INFO] [stdout]    = note: `#[warn(unused_parens)]` on by default
[INFO] [stdout] help: remove these parentheses
[INFO] [stdout]    |
[INFO] [stdout] 13 -     fn on_request(&mut self, req: &ws::Request) -> ws::Result<(ws::Response)> {
[INFO] [stdout] 13 +     fn on_request(&mut self, req: &ws::Request) -> ws::Result<ws::Response> {
[INFO] [stdout]    |
[INFO] [stdout] 
[INFO] [stdout] 
[INFO] [stdout] warning: unnecessary parentheses around type
[INFO] [stdout]   --> examples/router.rs:82:63
[INFO] [stdout]    |
[INFO] [stdout] 82 |     fn on_request(&mut self, req: &ws::Request) -> ws::Result<(ws::Response)> {
[INFO] [stdout]    |                                                               ^            ^
[INFO] [stdout]    |
[INFO] [stdout] help: remove these parentheses
[INFO] [stdout]    |
[INFO] [stdout] 82 -     fn on_request(&mut self, req: &ws::Request) -> ws::Result<(ws::Response)> {
[INFO] [stdout] 82 +     fn on_request(&mut self, req: &ws::Request) -> ws::Result<ws::Response> {
[INFO] [stdout]    |
[INFO] [stdout] 
[INFO] [stdout] 
[INFO] [stdout] warning: use of deprecated macro `try`: use the `?` operator instead
[INFO] [stdout]   --> examples/router.rs:84:23
[INFO] [stdout]    |
[INFO] [stdout] 84 |         let mut res = try!(ws::Response::from_request(req));
[INFO] [stdout]    |                       ^^^
[INFO] [stdout]    |
[INFO] [stdout]    = note: `#[warn(deprecated)]` on by default
[INFO] [stdout] 
[INFO] [stdout] 
[INFO] [stdout] warning: use of deprecated macro `try`: use the `?` operator instead
[INFO] [stdout]    --> examples/router.rs:113:13
[INFO] [stdout]     |
[INFO] [stdout] 113 |             try!(self.ws.send(*msg))
[INFO] [stdout]     |             ^^^
[INFO] [stdout] 
[INFO] [stdout] 
[INFO] [stdout] error[E0463]: can't find crate for `ws`
[INFO] [stdout]  --> examples/bench-server.rs:2:1
[INFO] [stdout]   |
[INFO] [stdout] 2 | extern crate ws;
[INFO] [stdout]   | ^^^^^^^^^^^^^^^^ can't find crate
[INFO] [stdout] 
[INFO] [stdout] 
[INFO] [stderr] error: could not compile `hawk-ws` (example "router") due to 2 previous errors; 4 warnings emitted
[INFO] [stdout] error: aborting due to previous error; 4 warnings emitted
[INFO] [stdout] 
[INFO] [stdout] 
[INFO] [stdout] For more information about this error, try `rustc --explain E0463`.
[INFO] [stdout] 
[INFO] [stdout] error[E0463]: can't find crate for `ws`
[INFO] [stdout]  --> examples/server.rs:4:1
[INFO] [stdout]   |
[INFO] [stdout] 4 | extern crate ws;
[INFO] [stdout]   | ^^^^^^^^^^^^^^^^ can't find crate
[INFO] [stdout] 
[INFO] [stdout] 
[INFO] [stdout] error: aborting due to previous error
[INFO] [stdout] 
[INFO] [stdout] 
[INFO] [stdout] For more information about this error, try `rustc --explain E0463`.
[INFO] [stdout] 
[INFO] [stderr] error: could not compile `hawk-ws` (example "bench-server") due to 2 previous errors
[INFO] [stdout] error: aborting due to previous error
[INFO] [stdout] 
[INFO] [stdout] 
[INFO] [stdout] For more information about this error, try `rustc --explain E0463`.
[INFO] [stdout] 
[INFO] [stdout] error[E0463]: can't find crate for `ws`
[INFO] [stdout]  --> tests/shutdown.rs:1:1
[INFO] [stdout]   |
[INFO] [stdout] 1 | extern crate ws;
[INFO] [stdout]   | ^^^^^^^^^^^^^^^^ can't find crate
[INFO] [stdout] 
[INFO] [stdout] 
[INFO] [stderr] error: could not compile `hawk-ws` (example "server") due to 2 previous errors
[INFO] [stdout] error: aborting due to previous error
[INFO] [stdout] 
[INFO] [stdout] 
[INFO] [stdout] For more information about this error, try `rustc --explain E0463`.
[INFO] [stdout] 
[INFO] [stderr] error: could not compile `hawk-ws` (test "shutdown") due to 2 previous errors
[INFO] [stdout] warning: trait objects without an explicit `dyn` are deprecated
[INFO] [stdout]   --> src/result.rs:64:16
[INFO] [stdout]    |
[INFO] [stdout] 64 |     Custom(Box<StdError + Send + Sync>),
[INFO] [stdout]    |                ^^^^^^^^^^^^^^^^^^^^^^
[INFO] [stdout]    |
[INFO] [stdout]    = warning: this is accepted in the current edition (Rust 2015) but is a hard error in Rust 2021!
[INFO] [stdout]    = note: for more information, see <https://doc.rust-lang.org/nightly/edition-guide/rust-2021/warnings-promoted-to-error.html>
[INFO] [stdout]    = note: `#[warn(bare_trait_objects)]` on by default
[INFO] [stdout] help: use `dyn`
[INFO] [stdout]    |
[INFO] [stdout] 64 |     Custom(Box<dyn StdError + Send + Sync>),
[INFO] [stdout]    |                +++
[INFO] [stdout] 
[INFO] [stdout] 
[INFO] [stdout] warning: trait objects without an explicit `dyn` are deprecated
[INFO] [stdout]   --> src/result.rs:84:34
[INFO] [stdout]    |
[INFO] [stdout] 84 |     pub fn into_box(self) -> Box<StdError> {
[INFO] [stdout]    |                                  ^^^^^^^^
[INFO] [stdout]    |
[INFO] [stdout]    = warning: this is accepted in the current edition (Rust 2015) but is a hard error in Rust 2021!
[INFO] [stdout]    = note: for more information, see <https://doc.rust-lang.org/nightly/edition-guide/rust-2021/warnings-promoted-to-error.html>
[INFO] [stdout] help: use `dyn`
[INFO] [stdout]    |
[INFO] [stdout] 84 |     pub fn into_box(self) -> Box<dyn StdError> {
[INFO] [stdout]    |                                  +++
[INFO] [stdout] 
[INFO] [stdout] 
[INFO] [stdout] warning: trait objects without an explicit `dyn` are deprecated
[INFO] [stdout]    --> src/result.rs:131:32
[INFO] [stdout]     |
[INFO] [stdout] 131 |     fn cause(&self) -> Option<&StdError> {
[INFO] [stdout]     |                                ^^^^^^^^
[INFO] [stdout]     |
[INFO] [stdout]     = warning: this is accepted in the current edition (Rust 2015) but is a hard error in Rust 2021!
[INFO] [stdout]     = note: for more information, see <https://doc.rust-lang.org/nightly/edition-guide/rust-2021/warnings-promoted-to-error.html>
[INFO] [stdout] help: use `dyn`
[INFO] [stdout]     |
[INFO] [stdout] 131 |     fn cause(&self) -> Option<&dyn StdError> {
[INFO] [stdout]     |                                +++
[INFO] [stdout] 
[INFO] [stdout] 
[INFO] [stdout] warning: unused closure that must be used
[INFO] [stdout]   --> src/factory.rs:89:9
[INFO] [stdout]    |
[INFO] [stdout] 89 |         factory.connection_made(Sender::new(mio::Token(0), chn, 0));
[INFO] [stdout]    |         ^^^^^^^^^^^^^^^^^^^^^^^^^^^^^^^^^^^^^^^^^^^^^^^^^^^^^^^^^^^
[INFO] [stdout]    |
[INFO] [stdout]    = note: closures are lazy and do nothing unless called
[INFO] [stdout]    = note: `#[warn(unused_must_use)]` on by default
[INFO] [stdout] 
[INFO] [stdout] 
[INFO] [stdout] warning: 4 warnings emitted
[INFO] [stdout] 
[INFO] [stdout] 
[INFO] running `Command { std: "docker" "inspect" "1756a0e40e783f01ce70c5ae3d0a9faf96cae37f1a1576453df50b22ceba42b8", kill_on_drop: false }`
[INFO] running `Command { std: "docker" "rm" "-f" "1756a0e40e783f01ce70c5ae3d0a9faf96cae37f1a1576453df50b22ceba42b8", kill_on_drop: false }`
[INFO] [stdout] 1756a0e40e783f01ce70c5ae3d0a9faf96cae37f1a1576453df50b22ceba42b8
