[INFO] fetching crate h264_nal_paging 0.1.12...
[INFO] testing h264_nal_paging-0.1.12 against 1.69.0 for beta-1.70-1
[INFO] extracting crate h264_nal_paging 0.1.12 into /workspace/builds/worker-4-tc1/source
[INFO] validating manifest of crates.io crate h264_nal_paging 0.1.12 on toolchain 1.69.0
[INFO] running `Command { std: CARGO_HOME="/workspace/cargo-home" RUSTUP_HOME="/workspace/rustup-home" "/workspace/cargo-home/bin/cargo" "+1.69.0" "metadata" "--manifest-path" "Cargo.toml" "--no-deps", kill_on_drop: false }`
[INFO] started tweaking crates.io crate h264_nal_paging 0.1.12
[INFO] finished tweaking crates.io crate h264_nal_paging 0.1.12
[INFO] tweaked toml for crates.io crate h264_nal_paging 0.1.12 written to /workspace/builds/worker-4-tc1/source/Cargo.toml
[INFO] running `Command { std: CARGO_HOME="/workspace/cargo-home" RUSTUP_HOME="/workspace/rustup-home" __CARGO_TEST_CHANNEL_OVERRIDE_DO_NOT_USE_THIS="nightly" "/workspace/cargo-home/bin/cargo" "+1.69.0" "generate-lockfile" "--manifest-path" "Cargo.toml" "-Zno-index-update", kill_on_drop: false }`
[INFO] running `Command { std: CARGO_HOME="/workspace/cargo-home" RUSTUP_HOME="/workspace/rustup-home" "/workspace/cargo-home/bin/cargo" "+1.69.0" "fetch" "--manifest-path" "Cargo.toml", kill_on_drop: false }`
[INFO] running `Command { std: "docker" "create" "-v" "/var/lib/crater-agent-workspace/builds/worker-4-tc1/target:/opt/rustwide/target:rw,Z" "-v" "/var/lib/crater-agent-workspace/builds/worker-4-tc1/source:/opt/rustwide/workdir:ro,Z" "-v" "/var/lib/crater-agent-workspace/cargo-home:/opt/rustwide/cargo-home:ro,Z" "-v" "/var/lib/crater-agent-workspace/rustup-home:/opt/rustwide/rustup-home:ro,Z" "-e" "SOURCE_DIR=/opt/rustwide/workdir" "-e" "CARGO_TARGET_DIR=/opt/rustwide/target" "-e" "CARGO_HOME=/opt/rustwide/cargo-home" "-e" "RUSTUP_HOME=/opt/rustwide/rustup-home" "-w" "/opt/rustwide/workdir" "-m" "1610612736" "--user" "0:0" "--network" "none" "ghcr.io/rust-lang/crates-build-env/linux@sha256:5ff2268d62e97bff2cde7d5815dd6ed5b47097566f13b8d0ca110b04b60e07ed" "/opt/rustwide/cargo-home/bin/cargo" "+1.69.0" "metadata" "--no-deps" "--format-version=1", kill_on_drop: false }`
[INFO] [stdout] a6a842d3e7022a0d57c19169c1e3613280e6f0b2622043f477e6cdf5b0833dc2
[INFO] running `Command { std: "docker" "start" "-a" "a6a842d3e7022a0d57c19169c1e3613280e6f0b2622043f477e6cdf5b0833dc2", kill_on_drop: false }`
[INFO] running `Command { std: "docker" "inspect" "a6a842d3e7022a0d57c19169c1e3613280e6f0b2622043f477e6cdf5b0833dc2", kill_on_drop: false }`
[INFO] running `Command { std: "docker" "rm" "-f" "a6a842d3e7022a0d57c19169c1e3613280e6f0b2622043f477e6cdf5b0833dc2", kill_on_drop: false }`
[INFO] [stdout] a6a842d3e7022a0d57c19169c1e3613280e6f0b2622043f477e6cdf5b0833dc2
[INFO] running `Command { std: "docker" "create" "-v" "/var/lib/crater-agent-workspace/builds/worker-4-tc1/target:/opt/rustwide/target:rw,Z" "-v" "/var/lib/crater-agent-workspace/builds/worker-4-tc1/source:/opt/rustwide/workdir:ro,Z" "-v" "/var/lib/crater-agent-workspace/cargo-home:/opt/rustwide/cargo-home:ro,Z" "-v" "/var/lib/crater-agent-workspace/rustup-home:/opt/rustwide/rustup-home:ro,Z" "-e" "SOURCE_DIR=/opt/rustwide/workdir" "-e" "CARGO_TARGET_DIR=/opt/rustwide/target" "-e" "CARGO_INCREMENTAL=0" "-e" "RUST_BACKTRACE=full" "-e" "RUSTFLAGS=--cap-lints=warn" "-e" "RUSTDOCFLAGS=--cap-lints=warn" "-e" "CARGO_HOME=/opt/rustwide/cargo-home" "-e" "RUSTUP_HOME=/opt/rustwide/rustup-home" "-w" "/opt/rustwide/workdir" "-m" "1610612736" "--user" "0:0" "--network" "none" "ghcr.io/rust-lang/crates-build-env/linux@sha256:5ff2268d62e97bff2cde7d5815dd6ed5b47097566f13b8d0ca110b04b60e07ed" "/opt/rustwide/cargo-home/bin/cargo" "+1.69.0" "build" "--frozen" "--message-format=json", kill_on_drop: false }`
[INFO] [stdout] 62026bf9e4648a320e7966a885bb4a4f93e59fc1d96113bd36b3c5aa04b5ad90
[INFO] running `Command { std: "docker" "start" "-a" "62026bf9e4648a320e7966a885bb4a4f93e59fc1d96113bd36b3c5aa04b5ad90", kill_on_drop: false }`
[INFO] [stderr]    Compiling tokio v1.28.0
[INFO] [stderr]    Compiling h264_nal_paging v0.1.12 (/opt/rustwide/workdir)
[INFO] [stderr]     Finished dev [unoptimized + debuginfo] target(s) in 2.51s
[INFO] running `Command { std: "docker" "inspect" "62026bf9e4648a320e7966a885bb4a4f93e59fc1d96113bd36b3c5aa04b5ad90", kill_on_drop: false }`
[INFO] running `Command { std: "docker" "rm" "-f" "62026bf9e4648a320e7966a885bb4a4f93e59fc1d96113bd36b3c5aa04b5ad90", kill_on_drop: false }`
[INFO] [stdout] 62026bf9e4648a320e7966a885bb4a4f93e59fc1d96113bd36b3c5aa04b5ad90
[INFO] running `Command { std: "docker" "create" "-v" "/var/lib/crater-agent-workspace/builds/worker-4-tc1/target:/opt/rustwide/target:rw,Z" "-v" "/var/lib/crater-agent-workspace/builds/worker-4-tc1/source:/opt/rustwide/workdir:ro,Z" "-v" "/var/lib/crater-agent-workspace/cargo-home:/opt/rustwide/cargo-home:ro,Z" "-v" "/var/lib/crater-agent-workspace/rustup-home:/opt/rustwide/rustup-home:ro,Z" "-e" "SOURCE_DIR=/opt/rustwide/workdir" "-e" "CARGO_TARGET_DIR=/opt/rustwide/target" "-e" "CARGO_INCREMENTAL=0" "-e" "RUST_BACKTRACE=full" "-e" "RUSTFLAGS=--cap-lints=warn" "-e" "RUSTDOCFLAGS=--cap-lints=warn" "-e" "CARGO_HOME=/opt/rustwide/cargo-home" "-e" "RUSTUP_HOME=/opt/rustwide/rustup-home" "-w" "/opt/rustwide/workdir" "-m" "1610612736" "--user" "0:0" "--network" "none" "ghcr.io/rust-lang/crates-build-env/linux@sha256:5ff2268d62e97bff2cde7d5815dd6ed5b47097566f13b8d0ca110b04b60e07ed" "/opt/rustwide/cargo-home/bin/cargo" "+1.69.0" "test" "--frozen" "--no-run" "--message-format=json", kill_on_drop: false }`
[INFO] [stdout] cab058458c55ffa8ec708ef0d1e42942f50065e97d1364f68586e512003d3f62
[INFO] running `Command { std: "docker" "start" "-a" "cab058458c55ffa8ec708ef0d1e42942f50065e97d1364f68586e512003d3f62", kill_on_drop: false }`
[INFO] [stderr]    Compiling h264_nal_paging v0.1.12 (/opt/rustwide/workdir)
[INFO] [stdout] error[E0432]: unresolved import `tokio::time`
[INFO] [stdout]  --> src/tests.rs:4:12
[INFO] [stdout]   |
[INFO] [stdout] 4 | use tokio::time::interval;
[INFO] [stdout]   |            ^^^^ could not find `time` in `tokio`
[INFO] [stdout] 
[INFO] [stdout] 
[INFO] [stdout] error[E0433]: failed to resolve: could not find `test` in `tokio`
[INFO] [stdout]  --> src/tests.rs:8:10
[INFO] [stdout]   |
[INFO] [stdout] 8 | #[tokio::test]
[INFO] [stdout]   |          ^^^^ could not find `test` in `tokio`
[INFO] [stdout] 
[INFO] [stdout] 
[INFO] [stdout] error[E0425]: cannot find function `spawn` in crate `tokio`
[INFO] [stdout]   --> src/tests.rs:12:20
[INFO] [stdout]    |
[INFO] [stdout] 12 |     let hand = tokio::spawn(async move {
[INFO] [stdout]    |                       ^^^^^ not found in `tokio`
[INFO] [stdout]    |
[INFO] [stdout] help: consider importing this function
[INFO] [stdout]    |
[INFO] [stdout] 1  | use std::thread::spawn;
[INFO] [stdout]    |
[INFO] [stdout] help: if you import `spawn`, refer to it directly
[INFO] [stdout]    |
[INFO] [stdout] 12 -     let hand = tokio::spawn(async move {
[INFO] [stdout] 12 +     let hand = spawn(async move {
[INFO] [stdout]    |
[INFO] [stdout] 
[INFO] [stdout] 
[INFO] [stdout] error[E0433]: failed to resolve: could not find `fs` in `tokio`
[INFO] [stdout]   --> src/tests.rs:13:23
[INFO] [stdout]    |
[INFO] [stdout] 13 |         let stream = tokio::fs::OpenOptions::new()
[INFO] [stdout]    |                             ^^ could not find `fs` in `tokio`
[INFO] [stdout]    |
[INFO] [stdout] help: consider importing this struct
[INFO] [stdout]    |
[INFO] [stdout] 1  | use std::fs::OpenOptions;
[INFO] [stdout]    |
[INFO] [stdout] help: if you import `OpenOptions`, refer to it directly
[INFO] [stdout]    |
[INFO] [stdout] 13 -         let stream = tokio::fs::OpenOptions::new()
[INFO] [stdout] 13 +         let stream = OpenOptions::new()
[INFO] [stdout]    |
[INFO] [stdout] 
[INFO] [stdout] 
[INFO] [stdout] error: aborting due to 4 previous errors
[INFO] [stdout] 
[INFO] [stdout] 
[INFO] [stdout] Some errors have detailed explanations: E0425, E0432, E0433.
[INFO] [stdout] 
[INFO] [stdout] For more information about an error, try `rustc --explain E0425`.
[INFO] [stdout] 
[INFO] [stderr] error: could not compile `h264_nal_paging` due to 5 previous errors
[INFO] running `Command { std: "docker" "inspect" "cab058458c55ffa8ec708ef0d1e42942f50065e97d1364f68586e512003d3f62", kill_on_drop: false }`
[INFO] running `Command { std: "docker" "rm" "-f" "cab058458c55ffa8ec708ef0d1e42942f50065e97d1364f68586e512003d3f62", kill_on_drop: false }`
[INFO] [stdout] cab058458c55ffa8ec708ef0d1e42942f50065e97d1364f68586e512003d3f62
