[INFO] fetching crate gxi-transpiler 0.6.1...
[INFO] testing gxi-transpiler-0.6.1 against 1.69.0 for beta-1.70-1
[INFO] extracting crate gxi-transpiler 0.6.1 into /workspace/builds/worker-1-tc1/source
[INFO] validating manifest of crates.io crate gxi-transpiler 0.6.1 on toolchain 1.69.0
[INFO] running `Command { std: CARGO_HOME="/workspace/cargo-home" RUSTUP_HOME="/workspace/rustup-home" "/workspace/cargo-home/bin/cargo" "+1.69.0" "metadata" "--manifest-path" "Cargo.toml" "--no-deps", kill_on_drop: false }`
[INFO] started tweaking crates.io crate gxi-transpiler 0.6.1
[INFO] finished tweaking crates.io crate gxi-transpiler 0.6.1
[INFO] tweaked toml for crates.io crate gxi-transpiler 0.6.1 written to /workspace/builds/worker-1-tc1/source/Cargo.toml
[INFO] running `Command { std: CARGO_HOME="/workspace/cargo-home" RUSTUP_HOME="/workspace/rustup-home" __CARGO_TEST_CHANNEL_OVERRIDE_DO_NOT_USE_THIS="nightly" "/workspace/cargo-home/bin/cargo" "+1.69.0" "generate-lockfile" "--manifest-path" "Cargo.toml" "-Zno-index-update", kill_on_drop: false }`
[INFO] running `Command { std: CARGO_HOME="/workspace/cargo-home" RUSTUP_HOME="/workspace/rustup-home" "/workspace/cargo-home/bin/cargo" "+1.69.0" "fetch" "--manifest-path" "Cargo.toml", kill_on_drop: false }`
[INFO] running `Command { std: "docker" "create" "-v" "/var/lib/crater-agent-workspace/builds/worker-1-tc1/target:/opt/rustwide/target:rw,Z" "-v" "/var/lib/crater-agent-workspace/builds/worker-1-tc1/source:/opt/rustwide/workdir:ro,Z" "-v" "/var/lib/crater-agent-workspace/cargo-home:/opt/rustwide/cargo-home:ro,Z" "-v" "/var/lib/crater-agent-workspace/rustup-home:/opt/rustwide/rustup-home:ro,Z" "-e" "SOURCE_DIR=/opt/rustwide/workdir" "-e" "CARGO_TARGET_DIR=/opt/rustwide/target" "-e" "CARGO_HOME=/opt/rustwide/cargo-home" "-e" "RUSTUP_HOME=/opt/rustwide/rustup-home" "-w" "/opt/rustwide/workdir" "-m" "1610612736" "--user" "0:0" "--network" "none" "ghcr.io/rust-lang/crates-build-env/linux@sha256:5ff2268d62e97bff2cde7d5815dd6ed5b47097566f13b8d0ca110b04b60e07ed" "/opt/rustwide/cargo-home/bin/cargo" "+1.69.0" "metadata" "--no-deps" "--format-version=1", kill_on_drop: false }`
[INFO] [stdout] 42f5abac46b6c4e137c9906108b2ad6f5c51878b60fd9119259be30b3a4463f8
[INFO] running `Command { std: "docker" "start" "-a" "42f5abac46b6c4e137c9906108b2ad6f5c51878b60fd9119259be30b3a4463f8", kill_on_drop: false }`
[INFO] running `Command { std: "docker" "inspect" "42f5abac46b6c4e137c9906108b2ad6f5c51878b60fd9119259be30b3a4463f8", kill_on_drop: false }`
[INFO] running `Command { std: "docker" "rm" "-f" "42f5abac46b6c4e137c9906108b2ad6f5c51878b60fd9119259be30b3a4463f8", kill_on_drop: false }`
[INFO] [stdout] 42f5abac46b6c4e137c9906108b2ad6f5c51878b60fd9119259be30b3a4463f8
[INFO] running `Command { std: "docker" "create" "-v" "/var/lib/crater-agent-workspace/builds/worker-1-tc1/target:/opt/rustwide/target:rw,Z" "-v" "/var/lib/crater-agent-workspace/builds/worker-1-tc1/source:/opt/rustwide/workdir:ro,Z" "-v" "/var/lib/crater-agent-workspace/cargo-home:/opt/rustwide/cargo-home:ro,Z" "-v" "/var/lib/crater-agent-workspace/rustup-home:/opt/rustwide/rustup-home:ro,Z" "-e" "SOURCE_DIR=/opt/rustwide/workdir" "-e" "CARGO_TARGET_DIR=/opt/rustwide/target" "-e" "CARGO_INCREMENTAL=0" "-e" "RUST_BACKTRACE=full" "-e" "RUSTFLAGS=--cap-lints=warn" "-e" "RUSTDOCFLAGS=--cap-lints=warn" "-e" "CARGO_HOME=/opt/rustwide/cargo-home" "-e" "RUSTUP_HOME=/opt/rustwide/rustup-home" "-w" "/opt/rustwide/workdir" "-m" "1610612736" "--user" "0:0" "--network" "none" "ghcr.io/rust-lang/crates-build-env/linux@sha256:5ff2268d62e97bff2cde7d5815dd6ed5b47097566f13b8d0ca110b04b60e07ed" "/opt/rustwide/cargo-home/bin/cargo" "+1.69.0" "build" "--frozen" "--message-format=json", kill_on_drop: false }`
[INFO] [stdout] 6b59012e84543faa72728e2801f47ff4598844cf9ce5e4a7b85ef5c92358fa52
[INFO] running `Command { std: "docker" "start" "-a" "6b59012e84543faa72728e2801f47ff4598844cf9ce5e4a7b85ef5c92358fa52", kill_on_drop: false }`
[INFO] [stderr]    Compiling proc-macro2 v1.0.56
[INFO] [stderr]    Compiling quote v1.0.26
[INFO] [stderr]    Compiling syn v1.0.109
[INFO] [stderr]    Compiling gxi-transpiler v0.6.1 (/opt/rustwide/workdir)
[INFO] [stdout] error[E0603]: module `group` is private
[INFO] [stdout]    --> src/conditional/if_block.rs:171:63
[INFO] [stdout]     |
[INFO] [stdout] 171 |                 let syn::group::Braces { content, .. } = syn::group::parse_braces(input)?;
[INFO] [stdout]     |                                                               ^^^^^ private module
[INFO] [stdout]     |
[INFO] [stdout] note: the module `group` is defined here
[INFO] [stdout]    --> /opt/rustwide/cargo-home/registry/src/github.com-1ecc6299db9ec823/syn-1.0.109/src/lib.rs:308:1
[INFO] [stdout]     |
[INFO] [stdout] 308 | mod group;
[INFO] [stdout]     | ^^^^^^^^^
[INFO] [stdout] 
[INFO] [stdout] 
[INFO] [stdout] error[E0603]: module `group` is private
[INFO] [stdout]    --> src/conditional/if_block.rs:171:26
[INFO] [stdout]     |
[INFO] [stdout] 171 |                 let syn::group::Braces { content, .. } = syn::group::parse_braces(input)?;
[INFO] [stdout]     |                          ^^^^^ private module
[INFO] [stdout]     |
[INFO] [stdout] note: the module `group` is defined here
[INFO] [stdout]    --> /opt/rustwide/cargo-home/registry/src/github.com-1ecc6299db9ec823/syn-1.0.109/src/lib.rs:308:1
[INFO] [stdout]     |
[INFO] [stdout] 308 | mod group;
[INFO] [stdout]     | ^^^^^^^^^
[INFO] [stdout] 
[INFO] [stdout] 
[INFO] [stdout] error[E0603]: module `group` is private
[INFO] [stdout]    --> src/conditional/if_block.rs:267:67
[INFO] [stdout]     |
[INFO] [stdout] 267 |                     let syn::group::Braces { content, .. } = syn::group::parse_braces(input)?;
[INFO] [stdout]     |                                                                   ^^^^^ private module
[INFO] [stdout]     |
[INFO] [stdout] note: the module `group` is defined here
[INFO] [stdout]    --> /opt/rustwide/cargo-home/registry/src/github.com-1ecc6299db9ec823/syn-1.0.109/src/lib.rs:308:1
[INFO] [stdout]     |
[INFO] [stdout] 308 | mod group;
[INFO] [stdout]     | ^^^^^^^^^
[INFO] [stdout] 
[INFO] [stdout] 
[INFO] [stdout] error[E0603]: module `group` is private
[INFO] [stdout]    --> src/conditional/if_block.rs:267:30
[INFO] [stdout]     |
[INFO] [stdout] 267 |                     let syn::group::Braces { content, .. } = syn::group::parse_braces(input)?;
[INFO] [stdout]     |                              ^^^^^ private module
[INFO] [stdout]     |
[INFO] [stdout] note: the module `group` is defined here
[INFO] [stdout]    --> /opt/rustwide/cargo-home/registry/src/github.com-1ecc6299db9ec823/syn-1.0.109/src/lib.rs:308:1
[INFO] [stdout]     |
[INFO] [stdout] 308 | mod group;
[INFO] [stdout]     | ^^^^^^^^^
[INFO] [stdout] 
[INFO] [stdout] 
[INFO] [stdout] error[E0603]: module `group` is private
[INFO] [stdout]    --> src/node/block.rs:134:74
[INFO] [stdout]     |
[INFO] [stdout] 134 |                     if let Ok(syn::group::Parens { content, .. }) = syn::group::parse_parens(input)
[INFO] [stdout]     |                                                                          ^^^^^ private module
[INFO] [stdout]     |
[INFO] [stdout] note: the module `group` is defined here
[INFO] [stdout]    --> /opt/rustwide/cargo-home/registry/src/github.com-1ecc6299db9ec823/syn-1.0.109/src/lib.rs:308:1
[INFO] [stdout]     |
[INFO] [stdout] 308 | mod group;
[INFO] [stdout]     | ^^^^^^^^^
[INFO] [stdout] 
[INFO] [stdout] 
[INFO] [stdout] error[E0603]: module `group` is private
[INFO] [stdout]    --> src/node/block.rs:134:36
[INFO] [stdout]     |
[INFO] [stdout] 134 |                     if let Ok(syn::group::Parens { content, .. }) = syn::group::parse_parens(input)
[INFO] [stdout]     |                                    ^^^^^ private module
[INFO] [stdout]     |
[INFO] [stdout] note: the module `group` is defined here
[INFO] [stdout]    --> /opt/rustwide/cargo-home/registry/src/github.com-1ecc6299db9ec823/syn-1.0.109/src/lib.rs:308:1
[INFO] [stdout]     |
[INFO] [stdout] 308 | mod group;
[INFO] [stdout]     | ^^^^^^^^^
[INFO] [stdout] 
[INFO] [stdout] 
[INFO] [stdout] error[E0603]: module `group` is private
[INFO] [stdout]    --> src/node/block.rs:172:74
[INFO] [stdout]     |
[INFO] [stdout] 172 |                     if let Ok(syn::group::Parens { content, .. }) = syn::group::parse_parens(input)
[INFO] [stdout]     |                                                                          ^^^^^ private module
[INFO] [stdout]     |
[INFO] [stdout] note: the module `group` is defined here
[INFO] [stdout]    --> /opt/rustwide/cargo-home/registry/src/github.com-1ecc6299db9ec823/syn-1.0.109/src/lib.rs:308:1
[INFO] [stdout]     |
[INFO] [stdout] 308 | mod group;
[INFO] [stdout]     | ^^^^^^^^^
[INFO] [stdout] 
[INFO] [stdout] 
[INFO] [stdout] error[E0603]: module `group` is private
[INFO] [stdout]    --> src/node/block.rs:172:36
[INFO] [stdout]     |
[INFO] [stdout] 172 |                     if let Ok(syn::group::Parens { content, .. }) = syn::group::parse_parens(input)
[INFO] [stdout]     |                                    ^^^^^ private module
[INFO] [stdout]     |
[INFO] [stdout] note: the module `group` is defined here
[INFO] [stdout]    --> /opt/rustwide/cargo-home/registry/src/github.com-1ecc6299db9ec823/syn-1.0.109/src/lib.rs:308:1
[INFO] [stdout]     |
[INFO] [stdout] 308 | mod group;
[INFO] [stdout]     | ^^^^^^^^^
[INFO] [stdout] 
[INFO] [stdout] 
[INFO] [stdout] error[E0603]: module `group` is private
[INFO] [stdout]    --> src/node/block.rs:231:68
[INFO] [stdout]     |
[INFO] [stdout] 231 |             if let Ok(syn::group::Brackets { content, .. }) = syn::group::parse_brackets(input) {
[INFO] [stdout]     |                                                                    ^^^^^ private module
[INFO] [stdout]     |
[INFO] [stdout] note: the module `group` is defined here
[INFO] [stdout]    --> /opt/rustwide/cargo-home/registry/src/github.com-1ecc6299db9ec823/syn-1.0.109/src/lib.rs:308:1
[INFO] [stdout]     |
[INFO] [stdout] 308 | mod group;
[INFO] [stdout]     | ^^^^^^^^^
[INFO] [stdout] 
[INFO] [stdout] 
[INFO] [stdout] error[E0603]: module `group` is private
[INFO] [stdout]    --> src/node/block.rs:231:28
[INFO] [stdout]     |
[INFO] [stdout] 231 |             if let Ok(syn::group::Brackets { content, .. }) = syn::group::parse_brackets(input) {
[INFO] [stdout]     |                            ^^^^^ private module
[INFO] [stdout]     |
[INFO] [stdout] note: the module `group` is defined here
[INFO] [stdout]    --> /opt/rustwide/cargo-home/registry/src/github.com-1ecc6299db9ec823/syn-1.0.109/src/lib.rs:308:1
[INFO] [stdout]     |
[INFO] [stdout] 308 | mod group;
[INFO] [stdout]     | ^^^^^^^^^
[INFO] [stdout] 
[INFO] [stdout] 
[INFO] [stdout] error[E0603]: module `group` is private
[INFO] [stdout]    --> src/node/prop.rs:17:62
[INFO] [stdout]     |
[INFO] [stdout] 17  |         if let Ok(syn::group::Parens { content, .. }) = syn::group::parse_parens(input) {
[INFO] [stdout]     |                                                              ^^^^^ private module
[INFO] [stdout]     |
[INFO] [stdout] note: the module `group` is defined here
[INFO] [stdout]    --> /opt/rustwide/cargo-home/registry/src/github.com-1ecc6299db9ec823/syn-1.0.109/src/lib.rs:308:1
[INFO] [stdout]     |
[INFO] [stdout] 308 | mod group;
[INFO] [stdout]     | ^^^^^^^^^
[INFO] [stdout] 
[INFO] [stdout] 
[INFO] [stdout] error[E0603]: module `group` is private
[INFO] [stdout]    --> src/node/prop.rs:17:24
[INFO] [stdout]     |
[INFO] [stdout] 17  |         if let Ok(syn::group::Parens { content, .. }) = syn::group::parse_parens(input) {
[INFO] [stdout]     |                        ^^^^^ private module
[INFO] [stdout]     |
[INFO] [stdout] note: the module `group` is defined here
[INFO] [stdout]    --> /opt/rustwide/cargo-home/registry/src/github.com-1ecc6299db9ec823/syn-1.0.109/src/lib.rs:308:1
[INFO] [stdout]     |
[INFO] [stdout] 308 | mod group;
[INFO] [stdout]     | ^^^^^^^^^
[INFO] [stdout] 
[INFO] [stdout] 
[INFO] [stdout] error[E0599]: no variant or associated item named `__TestExhaustive` found for enum `syn::Expr` in the current scope
[INFO] [stdout]    --> src/scope.rs:140:39
[INFO] [stdout]     |
[INFO] [stdout] 140 |             Expr::Verbatim(_) | Expr::__TestExhaustive(_) => unreachable!(),
[INFO] [stdout]     |                                       ^^^^^^^^^^^^^^^^ variant or associated item not found in `syn::Expr`
[INFO] [stdout] 
[INFO] [stdout] 
[INFO] [stdout] error: aborting due to 13 previous errors
[INFO] [stdout] 
[INFO] [stdout] 
[INFO] [stdout] Some errors have detailed explanations: E0599, E0603.
[INFO] [stdout] 
[INFO] [stdout] For more information about an error, try `rustc --explain E0599`.
[INFO] [stdout] 
[INFO] [stderr] error: could not compile `gxi-transpiler` due to 14 previous errors
[INFO] running `Command { std: "docker" "inspect" "6b59012e84543faa72728e2801f47ff4598844cf9ce5e4a7b85ef5c92358fa52", kill_on_drop: false }`
[INFO] running `Command { std: "docker" "rm" "-f" "6b59012e84543faa72728e2801f47ff4598844cf9ce5e4a7b85ef5c92358fa52", kill_on_drop: false }`
[INFO] [stdout] 6b59012e84543faa72728e2801f47ff4598844cf9ce5e4a7b85ef5c92358fa52
