[INFO] fetching crate griddb 0.6.0...
[INFO] testing griddb-0.6.0 against beta-2023-04-20 for beta-1.70-1
[INFO] extracting crate griddb 0.6.0 into /workspace/builds/worker-4-tc2/source
[INFO] validating manifest of crates.io crate griddb 0.6.0 on toolchain beta-2023-04-20
[INFO] running `Command { std: CARGO_HOME="/workspace/cargo-home" RUSTUP_HOME="/workspace/rustup-home" "/workspace/cargo-home/bin/cargo" "+beta-2023-04-20" "metadata" "--manifest-path" "Cargo.toml" "--no-deps", kill_on_drop: false }`
[INFO] started tweaking crates.io crate griddb 0.6.0
[INFO] finished tweaking crates.io crate griddb 0.6.0
[INFO] tweaked toml for crates.io crate griddb 0.6.0 written to /workspace/builds/worker-4-tc2/source/Cargo.toml
[INFO] crate crates.io crate griddb 0.6.0 already has a lockfile, it will not be regenerated
[INFO] running `Command { std: CARGO_HOME="/workspace/cargo-home" RUSTUP_HOME="/workspace/rustup-home" "/workspace/cargo-home/bin/cargo" "+beta-2023-04-20" "fetch" "--manifest-path" "Cargo.toml", kill_on_drop: false }`
[INFO] [stderr]     Blocking waiting for file lock on package cache
[INFO] [stderr]     Updating crates.io index
[INFO] [stderr]     Blocking waiting for file lock on package cache
[INFO] [stderr]  Downloading crates ...
[INFO] [stderr]   Downloaded griddbnet-sys v5.0.0
[INFO] [stderr]   Downloaded convert_case v0.3.2
[INFO] running `Command { std: "docker" "create" "-v" "/var/lib/crater-agent-workspace/builds/worker-4-tc2/target:/opt/rustwide/target:rw,Z" "-v" "/var/lib/crater-agent-workspace/builds/worker-4-tc2/source:/opt/rustwide/workdir:ro,Z" "-v" "/var/lib/crater-agent-workspace/cargo-home:/opt/rustwide/cargo-home:ro,Z" "-v" "/var/lib/crater-agent-workspace/rustup-home:/opt/rustwide/rustup-home:ro,Z" "-e" "SOURCE_DIR=/opt/rustwide/workdir" "-e" "CARGO_TARGET_DIR=/opt/rustwide/target" "-e" "CARGO_HOME=/opt/rustwide/cargo-home" "-e" "RUSTUP_HOME=/opt/rustwide/rustup-home" "-w" "/opt/rustwide/workdir" "-m" "1610612736" "--user" "0:0" "--network" "none" "ghcr.io/rust-lang/crates-build-env/linux@sha256:5ff2268d62e97bff2cde7d5815dd6ed5b47097566f13b8d0ca110b04b60e07ed" "/opt/rustwide/cargo-home/bin/cargo" "+beta-2023-04-20" "metadata" "--no-deps" "--format-version=1", kill_on_drop: false }`
[INFO] [stdout] f84ebd3eaa48d489bef411afa3700489bd6e3c653f673b23edd392dfc28d825d
[INFO] running `Command { std: "docker" "start" "-a" "f84ebd3eaa48d489bef411afa3700489bd6e3c653f673b23edd392dfc28d825d", kill_on_drop: false }`
[INFO] running `Command { std: "docker" "inspect" "f84ebd3eaa48d489bef411afa3700489bd6e3c653f673b23edd392dfc28d825d", kill_on_drop: false }`
[INFO] running `Command { std: "docker" "rm" "-f" "f84ebd3eaa48d489bef411afa3700489bd6e3c653f673b23edd392dfc28d825d", kill_on_drop: false }`
[INFO] [stdout] f84ebd3eaa48d489bef411afa3700489bd6e3c653f673b23edd392dfc28d825d
[INFO] running `Command { std: "docker" "create" "-v" "/var/lib/crater-agent-workspace/builds/worker-4-tc2/target:/opt/rustwide/target:rw,Z" "-v" "/var/lib/crater-agent-workspace/builds/worker-4-tc2/source:/opt/rustwide/workdir:ro,Z" "-v" "/var/lib/crater-agent-workspace/cargo-home:/opt/rustwide/cargo-home:ro,Z" "-v" "/var/lib/crater-agent-workspace/rustup-home:/opt/rustwide/rustup-home:ro,Z" "-e" "SOURCE_DIR=/opt/rustwide/workdir" "-e" "CARGO_TARGET_DIR=/opt/rustwide/target" "-e" "CARGO_INCREMENTAL=0" "-e" "RUST_BACKTRACE=full" "-e" "RUSTFLAGS=--cap-lints=warn" "-e" "RUSTDOCFLAGS=--cap-lints=warn" "-e" "CARGO_HOME=/opt/rustwide/cargo-home" "-e" "RUSTUP_HOME=/opt/rustwide/rustup-home" "-w" "/opt/rustwide/workdir" "-m" "1610612736" "--user" "0:0" "--network" "none" "ghcr.io/rust-lang/crates-build-env/linux@sha256:5ff2268d62e97bff2cde7d5815dd6ed5b47097566f13b8d0ca110b04b60e07ed" "/opt/rustwide/cargo-home/bin/cargo" "+beta-2023-04-20" "build" "--frozen" "--message-format=json", kill_on_drop: false }`
[INFO] [stdout] c1ab64a60ce209bee7261a653e9cf8f1b787421d08c9cc4c4d86a3c9ed79cd66
[INFO] running `Command { std: "docker" "start" "-a" "c1ab64a60ce209bee7261a653e9cf8f1b787421d08c9cc4c4d86a3c9ed79cd66", kill_on_drop: false }`
[INFO] [stderr]    Compiling libc v0.2.139
[INFO] [stderr]    Compiling glob v0.3.1
[INFO] [stderr]    Compiling memchr v2.5.0
[INFO] [stderr]    Compiling cfg-if v1.0.0
[INFO] [stderr]    Compiling log v0.4.17
[INFO] [stderr]    Compiling proc-macro2 v1.0.49
[INFO] [stderr]    Compiling unicode-width v0.1.10
[INFO] [stderr]    Compiling regex-syntax v0.6.28
[INFO] [stderr]    Compiling unicode-ident v1.0.6
[INFO] [stderr]    Compiling minimal-lexical v0.2.1
[INFO] [stderr]    Compiling quote v1.0.23
[INFO] [stderr]    Compiling either v1.8.0
[INFO] [stderr]    Compiling vec_map v0.8.2
[INFO] [stderr]    Compiling bindgen v0.59.2
[INFO] [stderr]    Compiling bitflags v1.3.2
[INFO] [stderr]    Compiling ansi_term v0.12.1
[INFO] [stderr]    Compiling textwrap v0.11.0
[INFO] [stderr]    Compiling humantime v2.1.0
[INFO] [stderr]    Compiling libloading v0.7.4
[INFO] [stderr]    Compiling termcolor v1.1.3
[INFO] [stderr]    Compiling strsim v0.8.0
[INFO] [stderr]    Compiling num-traits v0.2.15
[INFO] [stderr]    Compiling lazy_static v1.4.0
[INFO] [stderr]    Compiling lazycell v1.3.0
[INFO] [stderr]    Compiling peeking_take_while v0.1.2
[INFO] [stderr]    Compiling shlex v1.1.0
[INFO] [stderr]    Compiling aho-corasick v0.7.20
[INFO] [stderr]    Compiling nom v7.1.2
[INFO] [stderr]    Compiling rustc-hash v1.1.0
[INFO] [stderr]    Compiling num-integer v0.1.45
[INFO] [stderr]    Compiling iana-time-zone v0.1.53
[INFO] [stderr]    Compiling convert_case v0.3.2
[INFO] [stderr]    Compiling clang-sys v1.4.0
[INFO] [stderr]    Compiling atty v0.2.14
[INFO] [stderr]    Compiling which v4.3.0
[INFO] [stderr]    Compiling time v0.1.45
[INFO] [stderr]    Compiling clap v2.34.0
[INFO] [stderr]    Compiling regex v1.7.1
[INFO] [stderr]    Compiling chrono v0.4.23
[INFO] [stderr]    Compiling cexpr v0.6.0
[INFO] [stderr]    Compiling env_logger v0.9.3
[INFO] [stderr]    Compiling griddbnet-sys v5.0.0
[INFO] [stderr]    Compiling griddb v0.6.0 (/opt/rustwide/workdir)
[INFO] [stderr]     Finished dev [unoptimized + debuginfo] target(s) in 21.60s
[INFO] running `Command { std: "docker" "inspect" "c1ab64a60ce209bee7261a653e9cf8f1b787421d08c9cc4c4d86a3c9ed79cd66", kill_on_drop: false }`
[INFO] running `Command { std: "docker" "rm" "-f" "c1ab64a60ce209bee7261a653e9cf8f1b787421d08c9cc4c4d86a3c9ed79cd66", kill_on_drop: false }`
[INFO] [stdout] c1ab64a60ce209bee7261a653e9cf8f1b787421d08c9cc4c4d86a3c9ed79cd66
[INFO] running `Command { std: "docker" "create" "-v" "/var/lib/crater-agent-workspace/builds/worker-4-tc2/target:/opt/rustwide/target:rw,Z" "-v" "/var/lib/crater-agent-workspace/builds/worker-4-tc2/source:/opt/rustwide/workdir:ro,Z" "-v" "/var/lib/crater-agent-workspace/cargo-home:/opt/rustwide/cargo-home:ro,Z" "-v" "/var/lib/crater-agent-workspace/rustup-home:/opt/rustwide/rustup-home:ro,Z" "-e" "SOURCE_DIR=/opt/rustwide/workdir" "-e" "CARGO_TARGET_DIR=/opt/rustwide/target" "-e" "CARGO_INCREMENTAL=0" "-e" "RUST_BACKTRACE=full" "-e" "RUSTFLAGS=--cap-lints=warn" "-e" "RUSTDOCFLAGS=--cap-lints=warn" "-e" "CARGO_HOME=/opt/rustwide/cargo-home" "-e" "RUSTUP_HOME=/opt/rustwide/rustup-home" "-w" "/opt/rustwide/workdir" "-m" "1610612736" "--user" "0:0" "--network" "none" "ghcr.io/rust-lang/crates-build-env/linux@sha256:5ff2268d62e97bff2cde7d5815dd6ed5b47097566f13b8d0ca110b04b60e07ed" "/opt/rustwide/cargo-home/bin/cargo" "+beta-2023-04-20" "test" "--frozen" "--no-run" "--message-format=json", kill_on_drop: false }`
[INFO] [stdout] f4bda93ec62eb2f865b69739edfc1626875e610cd48c414219d46298b986cd6b
[INFO] running `Command { std: "docker" "start" "-a" "f4bda93ec62eb2f865b69739edfc1626875e610cd48c414219d46298b986cd6b", kill_on_drop: false }`
[INFO] [stderr]    Compiling griddb v0.6.0 (/opt/rustwide/workdir)
[INFO] [stdout] error[E0463]: can't find crate for `griddb_rust`
[INFO] [stdout]  --> examples/sample3.rs:1:1
[INFO] [stdout]   |
[INFO] [stdout] 1 | extern crate griddb_rust;
[INFO] [stdout]   | ^^^^^^^^^^^^^^^^^^^^^^^^^ can't find crate
[INFO] [stdout] 
[INFO] [stdout] 
[INFO] [stdout] error[E0463]: can't find crate for `griddb_rust`
[INFO] [stdout]  --> examples/sample2.rs:1:1
[INFO] [stdout]   |
[INFO] [stdout] 1 | extern crate griddb_rust;
[INFO] [stdout]   | ^^^^^^^^^^^^^^^^^^^^^^^^^ can't find crate
[INFO] [stdout] 
[INFO] [stdout] 
[INFO] [stdout] error: cannot determine resolution for the macro `gsvec`
[INFO] [stdout]   --> examples/sample2.rs:46:13
[INFO] [stdout]    |
[INFO] [stdout] 46 |     con.put(gsvec![timestamp, false, 100.0f64]);
[INFO] [stdout]    |             ^^^^^
[INFO] [stdout]    |
[INFO] [stdout]    = note: import resolution is stuck, try simplifying macro imports
[INFO] [stdout] 
[INFO] [stdout] 
[INFO] [stdout] error: cannot determine resolution for the macro `get_value`
[INFO] [stdout]   --> examples/sample2.rs:62:36
[INFO] [stdout]    |
[INFO] [stdout] 62 |         let timestamp: Timestamp = get_value![row_data[0]];
[INFO] [stdout]    |                                    ^^^^^^^^^
[INFO] [stdout]    |
[INFO] [stdout]    = note: import resolution is stuck, try simplifying macro imports
[INFO] [stdout] 
[INFO] [stdout] 
[INFO] [stdout] error: cannot determine resolution for the macro `get_value`
[INFO] [stdout]   --> examples/sample2.rs:64:28
[INFO] [stdout]    |
[INFO] [stdout] 64 |         let active: bool = get_value![row_data[1]];
[INFO] [stdout]    |                            ^^^^^^^^^
[INFO] [stdout]    |
[INFO] [stdout]    = note: import resolution is stuck, try simplifying macro imports
[INFO] [stdout] 
[INFO] [stdout] 
[INFO] [stdout] error: cannot determine resolution for the macro `get_value`
[INFO] [stdout]   --> examples/sample2.rs:65:24
[INFO] [stdout]    |
[INFO] [stdout] 65 |         let vol: f64 = get_value![row_data[2]];
[INFO] [stdout]    |                        ^^^^^^^^^
[INFO] [stdout]    |
[INFO] [stdout]    = note: import resolution is stuck, try simplifying macro imports
[INFO] [stdout] 
[INFO] [stdout] 
[INFO] [stdout] error: cannot determine resolution for the macro `get_value`
[INFO] [stdout]   --> examples/sample3.rs:44:36
[INFO] [stdout]    |
[INFO] [stdout] 44 |         let timestamp: Timestamp = get_value![row[0]];
[INFO] [stdout]    |                                    ^^^^^^^^^
[INFO] [stdout]    |
[INFO] [stdout]    = note: import resolution is stuck, try simplifying macro imports
[INFO] [stdout] 
[INFO] [stdout] 
[INFO] [stdout] error[E0433]: failed to resolve: use of undeclared type `Type`
[INFO] [stdout]   --> examples/sample2.rs:32:27
[INFO] [stdout]    |
[INFO] [stdout] 32 |             ("timestamp", Type::Timestamp),
[INFO] [stdout]    |                           ^^^^ use of undeclared type `Type`
[INFO] [stdout] 
[INFO] [stdout] 
[INFO] [stdout] error[E0433]: failed to resolve: use of undeclared type `Type`
[INFO] [stdout]   --> examples/sample2.rs:33:24
[INFO] [stdout]    |
[INFO] [stdout] 33 |             ("active", Type::Bool),
[INFO] [stdout]    |                        ^^^^ use of undeclared type `Type`
[INFO] [stdout] 
[INFO] [stdout] 
[INFO] [stdout] error[E0433]: failed to resolve: use of undeclared type `Type`
[INFO] [stdout]   --> examples/sample2.rs:34:25
[INFO] [stdout]    |
[INFO] [stdout] 34 |             ("voltage", Type::Double),
[INFO] [stdout]    |                         ^^^^ use of undeclared type `Type`
[INFO] [stdout] 
[INFO] [stdout] 
[INFO] [stdout] error[E0433]: failed to resolve: use of undeclared type `ContainerType`
[INFO] [stdout]   --> examples/sample2.rs:36:9
[INFO] [stdout]    |
[INFO] [stdout] 36 |         ContainerType::TimeSeries,
[INFO] [stdout]    |         ^^^^^^^^^^^^^ use of undeclared type `ContainerType`
[INFO] [stdout] 
[INFO] [stdout] 
[INFO] [stdout] error[E0433]: failed to resolve: use of undeclared type `StoreFactory`
[INFO] [stdout]   --> examples/sample2.rs:14:19
[INFO] [stdout]    |
[INFO] [stdout] 14 |     let factory = StoreFactory::get_instance();
[INFO] [stdout]    |                   ^^^^^^^^^^^^ use of undeclared type `StoreFactory`
[INFO] [stdout]    |
[INFO] [stdout] help: consider importing this struct
[INFO] [stdout]    |
[INFO] [stdout] 3  + use griddb::griddb::StoreFactory::StoreFactory;
[INFO] [stdout]    |
[INFO] [stdout] 
[INFO] [stdout] 
[INFO] [stdout] error[E0433]: failed to resolve: use of undeclared type `StoreFactory`
[INFO] [stdout]   --> examples/sample3.rs:10:19
[INFO] [stdout]    |
[INFO] [stdout] 10 |     let factory = StoreFactory::get_instance();
[INFO] [stdout]    |                   ^^^^^^^^^^^^ use of undeclared type `StoreFactory`
[INFO] [stdout]    |
[INFO] [stdout] help: consider importing this struct
[INFO] [stdout]    |
[INFO] [stdout] 3  + use griddb::griddb::StoreFactory::StoreFactory;
[INFO] [stdout]    |
[INFO] [stdout] 
[INFO] [stdout] 
[INFO] [stdout] error[E0412]: cannot find type `Timestamp` in this scope
[INFO] [stdout]   --> examples/sample3.rs:44:24
[INFO] [stdout]    |
[INFO] [stdout] 44 |         let timestamp: Timestamp = get_value![row[0]];
[INFO] [stdout]    |                        ^^^^^^^^^ not found in this scope
[INFO] [stdout]    |
[INFO] [stdout] help: consider importing this struct
[INFO] [stdout]    |
[INFO] [stdout] 3  + use griddb::griddb::Value::Timestamp;
[INFO] [stdout]    |
[INFO] [stdout] 
[INFO] [stdout] 
[INFO] [stdout] error[E0433]: failed to resolve: use of undeclared type `ContainerInfo`
[INFO] [stdout]   --> examples/sample2.rs:29:19
[INFO] [stdout]    |
[INFO] [stdout] 29 |     let colinfo = ContainerInfo::ContainerInfo(
[INFO] [stdout]    |                   ^^^^^^^^^^^^^ use of undeclared type `ContainerInfo`
[INFO] [stdout]    |
[INFO] [stdout] help: consider importing this struct
[INFO] [stdout]    |
[INFO] [stdout] 3  + use griddb::griddb::ContainerInfo::ContainerInfo;
[INFO] [stdout]    |
[INFO] [stdout] 
[INFO] [stdout] 
[INFO] [stdout] error[E0412]: cannot find type `Timestamp` in this scope
[INFO] [stdout]   --> examples/sample2.rs:43:20
[INFO] [stdout]    |
[INFO] [stdout] 43 |     let timestamp: Timestamp = Timestamp {
[INFO] [stdout]    |                    ^^^^^^^^^ not found in this scope
[INFO] [stdout]    |
[INFO] [stdout] help: consider importing this struct
[INFO] [stdout]    |
[INFO] [stdout] 3  + use griddb::griddb::Value::Timestamp;
[INFO] [stdout]    |
[INFO] [stdout] 
[INFO] [stdout] 
[INFO] [stdout] error[E0422]: cannot find struct, variant or union type `Timestamp` in this scope
[INFO] [stdout]   --> examples/sample2.rs:43:32
[INFO] [stdout]    |
[INFO] [stdout] 43 |     let timestamp: Timestamp = Timestamp {
[INFO] [stdout]    |                                ^^^^^^^^^ not found in this scope
[INFO] [stdout]    |
[INFO] [stdout] help: consider importing one of these items
[INFO] [stdout]    |
[INFO] [stdout] 3  + use chrono::format::Numeric::Timestamp;
[INFO] [stdout]    |
[INFO] [stdout] 3  + use griddb::griddb::Type::Type::Timestamp;
[INFO] [stdout]    |
[INFO] [stdout] 3  + use griddb::griddb::Value::Timestamp;
[INFO] [stdout]    |
[INFO] [stdout] 3  + use griddb::griddb::Value::Value::Timestamp;
[INFO] [stdout]    |
[INFO] [stdout] 
[INFO] [stdout] 
[INFO] [stdout] error[E0412]: cannot find type `Timestamp` in this scope
[INFO] [stdout]   --> examples/sample2.rs:62:24
[INFO] [stdout]    |
[INFO] [stdout] 62 |         let timestamp: Timestamp = get_value![row_data[0]];
[INFO] [stdout]    |                        ^^^^^^^^^ not found in this scope
[INFO] [stdout]    |
[INFO] [stdout] help: consider importing this struct
[INFO] [stdout]    |
[INFO] [stdout] 3  + use griddb::griddb::Value::Timestamp;
[INFO] [stdout]    |
[INFO] [stdout] 
[INFO] [stdout] 
[INFO] [stdout] error[E0463]: can't find crate for `griddb_rust`
[INFO] [stdout]  --> examples/sample1.rs:1:1
[INFO] [stdout]   |
[INFO] [stdout] 1 | extern crate griddb_rust;
[INFO] [stdout]   | ^^^^^^^^^^^^^^^^^^^^^^^^^ can't find crate
[INFO] [stdout] 
[INFO] [stdout] 
[INFO] [stdout] error: cannot determine resolution for the macro `gsvec`
[INFO] [stdout]   --> examples/sample1.rs:50:13
[INFO] [stdout]    |
[INFO] [stdout] 50 |     con.put(gsvec!["name01".to_string(), false, 100i64, blob1]);
[INFO] [stdout]    |             ^^^^^
[INFO] [stdout]    |
[INFO] [stdout]    = note: import resolution is stuck, try simplifying macro imports
[INFO] [stdout] 
[INFO] [stdout] 
[INFO] [stdout] error: cannot determine resolution for the macro `gsvec`
[INFO] [stdout]   --> examples/sample1.rs:51:13
[INFO] [stdout]    |
[INFO] [stdout] 51 |     con.put(gsvec!["name02".to_string(), false, 100i64, blob2]);
[INFO] [stdout]    |             ^^^^^
[INFO] [stdout]    |
[INFO] [stdout]    = note: import resolution is stuck, try simplifying macro imports
[INFO] [stdout] 
[INFO] [stdout] 
[INFO] [stdout] error: cannot determine resolution for the macro `get_value`
[INFO] [stdout]   --> examples/sample1.rs:75:28
[INFO] [stdout]    |
[INFO] [stdout] 75 |         let name: String = get_value![row_data[0]];
[INFO] [stdout]    |                            ^^^^^^^^^
[INFO] [stdout]    |
[INFO] [stdout]    = note: import resolution is stuck, try simplifying macro imports
[INFO] [stdout] 
[INFO] [stdout] 
[INFO] [stdout] error: cannot determine resolution for the macro `get_value`
[INFO] [stdout]   --> examples/sample1.rs:76:28
[INFO] [stdout]    |
[INFO] [stdout] 76 |         let active: bool = get_value![row_data[1]];
[INFO] [stdout]    |                            ^^^^^^^^^
[INFO] [stdout]    |
[INFO] [stdout]    = note: import resolution is stuck, try simplifying macro imports
[INFO] [stdout] 
[INFO] [stdout] 
[INFO] [stdout] error: cannot determine resolution for the macro `get_value`
[INFO] [stdout]   --> examples/sample1.rs:77:26
[INFO] [stdout]    |
[INFO] [stdout] 77 |         let count: i64 = get_value![row_data[2]];
[INFO] [stdout]    |                          ^^^^^^^^^
[INFO] [stdout]    |
[INFO] [stdout]    = note: import resolution is stuck, try simplifying macro imports
[INFO] [stdout] 
[INFO] [stdout] 
[INFO] [stdout] error: cannot determine resolution for the macro `get_value`
[INFO] [stdout]   --> examples/sample1.rs:78:34
[INFO] [stdout]    |
[INFO] [stdout] 78 |         let blob_data: Vec<u8> = get_value![row_data[3]];
[INFO] [stdout]    |                                  ^^^^^^^^^
[INFO] [stdout]    |
[INFO] [stdout]    = note: import resolution is stuck, try simplifying macro imports
[INFO] [stdout] 
[INFO] [stdout] 
[INFO] [stdout] error[E0433]: failed to resolve: use of undeclared type `Type`
[INFO] [stdout]   --> examples/sample1.rs:31:22
[INFO] [stdout]    |
[INFO] [stdout] 31 |             ("name", Type::String),
[INFO] [stdout]    |                      ^^^^ use of undeclared type `Type`
[INFO] [stdout] 
[INFO] [stdout] 
[INFO] [stdout] error[E0433]: failed to resolve: use of undeclared type `Type`
[INFO] [stdout]   --> examples/sample1.rs:32:24
[INFO] [stdout]    |
[INFO] [stdout] 32 |             ("status", Type::Bool),
[INFO] [stdout]    |                        ^^^^ use of undeclared type `Type`
[INFO] [stdout] 
[INFO] [stdout] 
[INFO] [stdout] error[E0433]: failed to resolve: use of undeclared type `Type`
[INFO] [stdout]   --> examples/sample1.rs:33:23
[INFO] [stdout]    |
[INFO] [stdout] 33 |             ("count", Type::Long),
[INFO] [stdout]    |                       ^^^^ use of undeclared type `Type`
[INFO] [stdout] 
[INFO] [stdout] 
[INFO] [stdout] error[E0433]: failed to resolve: use of undeclared type `Type`
[INFO] [stdout]   --> examples/sample1.rs:34:21
[INFO] [stdout]    |
[INFO] [stdout] 34 |             ("lob", Type::Blob),
[INFO] [stdout]    |                     ^^^^ use of undeclared type `Type`
[INFO] [stdout] 
[INFO] [stdout] 
[INFO] [stdout] error[E0433]: failed to resolve: use of undeclared type `ContainerType`
[INFO] [stdout]   --> examples/sample1.rs:36:9
[INFO] [stdout]    |
[INFO] [stdout] 36 |         ContainerType::Collection,
[INFO] [stdout]    |         ^^^^^^^^^^^^^ use of undeclared type `ContainerType`
[INFO] [stdout] 
[INFO] [stdout] 
[INFO] [stdout] error[E0433]: failed to resolve: use of undeclared type `IndexType`
[INFO] [stdout]   --> examples/sample1.rs:46:30
[INFO] [stdout]    |
[INFO] [stdout] 46 |     con.create_index("name", IndexType::Default);
[INFO] [stdout]    |                              ^^^^^^^^^ use of undeclared type `IndexType`
[INFO] [stdout] 
[INFO] [stdout] 
[INFO] [stdout] error[E0433]: failed to resolve: use of undeclared type `StoreFactory`
[INFO] [stdout]   --> examples/sample1.rs:13:19
[INFO] [stdout]    |
[INFO] [stdout] 13 |     let factory = StoreFactory::get_instance();
[INFO] [stdout]    |                   ^^^^^^^^^^^^ use of undeclared type `StoreFactory`
[INFO] [stdout]    |
[INFO] [stdout] help: consider importing this struct
[INFO] [stdout]    |
[INFO] [stdout] 3  + use griddb::griddb::StoreFactory::StoreFactory;
[INFO] [stdout]    |
[INFO] [stdout] 
[INFO] [stdout] 
[INFO] [stdout] error[E0433]: failed to resolve: use of undeclared type `ContainerInfo`
[INFO] [stdout]   --> examples/sample1.rs:28:19
[INFO] [stdout]    |
[INFO] [stdout] 28 |     let colinfo = ContainerInfo::ContainerInfo(
[INFO] [stdout]    |                   ^^^^^^^^^^^^^ use of undeclared type `ContainerInfo`
[INFO] [stdout]    |
[INFO] [stdout] help: consider importing this struct
[INFO] [stdout]    |
[INFO] [stdout] 3  + use griddb::griddb::ContainerInfo::ContainerInfo;
[INFO] [stdout]    |
[INFO] [stdout] 
[INFO] [stdout] 
[INFO] [stdout] error: aborting due to 4 previous errors
[INFO] [stdout] 
[INFO] [stdout] 
[INFO] [stdout] error: aborting due to 14 previous errors
[INFO] [stdout] 
[INFO] [stdout] 
[INFO] [stdout] Some errors have detailed explanations: E0412, E0422, E0433, E0463.
[INFO] [stdout] 
[INFO] [stdout] For more information about an error, try `rustc --explain E0412`.
[INFO] [stdout] 
[INFO] [stdout] error: aborting due to 15 previous errors
[INFO] [stdout] 
[INFO] [stdout] 
[INFO] [stdout] Some errors have detailed explanations: E0433, E0463.
[INFO] [stdout] 
[INFO] [stdout] For more information about an error, try `rustc --explain E0433`.
[INFO] [stdout] 
[INFO] [stderr] error: could not compile `griddb` (example "sample2") due to 15 previous errors
[INFO] [stdout] Some errors have detailed explanations: E0412, E0433, E0463.
[INFO] [stdout] 
[INFO] [stderr] warning: build failed, waiting for other jobs to finish...
[INFO] [stdout] For more information about an error, try `rustc --explain E0412`.
[INFO] [stdout] 
[INFO] [stderr] error: could not compile `griddb` (example "sample3") due to 5 previous errors
[INFO] [stderr] error: could not compile `griddb` (example "sample1") due to 16 previous errors
[INFO] [stdout] error: linking with `cc` failed: exit status: 1
[INFO] [stdout]   |
[INFO] [stdout]   = note: LC_ALL="C" PATH="/opt/rustwide/rustup-home/toolchains/beta-2023-04-20-x86_64-unknown-linux-gnu/lib/rustlib/x86_64-unknown-linux-gnu/bin:/opt/rustwide/cargo-home/bin:/usr/local/sbin:/usr/local/bin:/usr/sbin:/usr/bin:/sbin:/bin" VSLANG="1033" "cc" "-m64" "/tmp/rustcdt5n2S/symbols.o" "/opt/rustwide/target/debug/deps/griddb-49f6d2f50166cb3e.griddb.fae94705-cgu.0.rcgu.o" "/opt/rustwide/target/debug/deps/griddb-49f6d2f50166cb3e.griddb.fae94705-cgu.1.rcgu.o" "/opt/rustwide/target/debug/deps/griddb-49f6d2f50166cb3e.griddb.fae94705-cgu.2.rcgu.o" "/opt/rustwide/target/debug/deps/griddb-49f6d2f50166cb3e.griddb.fae94705-cgu.3.rcgu.o" "/opt/rustwide/target/debug/deps/griddb-49f6d2f50166cb3e.griddb.fae94705-cgu.4.rcgu.o" "/opt/rustwide/target/debug/deps/griddb-49f6d2f50166cb3e.2h3pgd2lhvdedt99.rcgu.o" "-Wl,--as-needed" "-L" "/opt/rustwide/target/debug/deps" "-L" "/usr/lib/llvm-14/lib" "-L" "/opt/rustwide/rustup-home/toolchains/beta-2023-04-20-x86_64-unknown-linux-gnu/lib/rustlib/x86_64-unknown-linux-gnu/lib" "-Wl,-Bstatic" "/opt/rustwide/rustup-home/toolchains/beta-2023-04-20-x86_64-unknown-linux-gnu/lib/rustlib/x86_64-unknown-linux-gnu/lib/libtest-2bcc87e061734fce.rlib" "/opt/rustwide/rustup-home/toolchains/beta-2023-04-20-x86_64-unknown-linux-gnu/lib/rustlib/x86_64-unknown-linux-gnu/lib/libgetopts-4c2368e8367904c3.rlib" "/opt/rustwide/rustup-home/toolchains/beta-2023-04-20-x86_64-unknown-linux-gnu/lib/rustlib/x86_64-unknown-linux-gnu/lib/libunicode_width-06b9dcb8e6d4191c.rlib" "/opt/rustwide/rustup-home/toolchains/beta-2023-04-20-x86_64-unknown-linux-gnu/lib/rustlib/x86_64-unknown-linux-gnu/lib/librustc_std_workspace_std-23a78788aee51060.rlib" "/opt/rustwide/target/debug/deps/libconvert_case-d45f1838fd0efcb4.rlib" "/opt/rustwide/target/debug/deps/libchrono-25d15ff8190a1b76.rlib" "/opt/rustwide/target/debug/deps/libiana_time_zone-b49c1de53d2717aa.rlib" "/opt/rustwide/target/debug/deps/libnum_integer-3ba3560339fcf9fe.rlib" "/opt/rustwide/target/debug/deps/libnum_traits-368984609aea6d60.rlib" "/opt/rustwide/target/debug/deps/libtime-cd5bd3a4457d77b7.rlib" "/opt/rustwide/target/debug/deps/liblibc-e95620791e8937ab.rlib" "/opt/rustwide/target/debug/deps/libgriddbnet_sys-5a26430a4ea00fe7.rlib" "/opt/rustwide/rustup-home/toolchains/beta-2023-04-20-x86_64-unknown-linux-gnu/lib/rustlib/x86_64-unknown-linux-gnu/lib/libstd-0e29cc23c5e02021.rlib" "/opt/rustwide/rustup-home/toolchains/beta-2023-04-20-x86_64-unknown-linux-gnu/lib/rustlib/x86_64-unknown-linux-gnu/lib/libpanic_unwind-d903621768a861d9.rlib" "/opt/rustwide/rustup-home/toolchains/beta-2023-04-20-x86_64-unknown-linux-gnu/lib/rustlib/x86_64-unknown-linux-gnu/lib/libobject-6d0225e655f31c13.rlib" "/opt/rustwide/rustup-home/toolchains/beta-2023-04-20-x86_64-unknown-linux-gnu/lib/rustlib/x86_64-unknown-linux-gnu/lib/libmemchr-9dbaf4eac7eaa079.rlib" "/opt/rustwide/rustup-home/toolchains/beta-2023-04-20-x86_64-unknown-linux-gnu/lib/rustlib/x86_64-unknown-linux-gnu/lib/libaddr2line-27f05b3d42a66dd0.rlib" "/opt/rustwide/rustup-home/toolchains/beta-2023-04-20-x86_64-unknown-linux-gnu/lib/rustlib/x86_64-unknown-linux-gnu/lib/libgimli-4d73f1030321c9a2.rlib" "/opt/rustwide/rustup-home/toolchains/beta-2023-04-20-x86_64-unknown-linux-gnu/lib/rustlib/x86_64-unknown-linux-gnu/lib/librustc_demangle-2846c9e58abd0acb.rlib" "/opt/rustwide/rustup-home/toolchains/beta-2023-04-20-x86_64-unknown-linux-gnu/lib/rustlib/x86_64-unknown-linux-gnu/lib/libstd_detect-a53d0f50415947be.rlib" "/opt/rustwide/rustup-home/toolchains/beta-2023-04-20-x86_64-unknown-linux-gnu/lib/rustlib/x86_64-unknown-linux-gnu/lib/libhashbrown-d48e4b6abc25b9dc.rlib" "/opt/rustwide/rustup-home/toolchains/beta-2023-04-20-x86_64-unknown-linux-gnu/lib/rustlib/x86_64-unknown-linux-gnu/lib/libminiz_oxide-2991859439ef1207.rlib" "/opt/rustwide/rustup-home/toolchains/beta-2023-04-20-x86_64-unknown-linux-gnu/lib/rustlib/x86_64-unknown-linux-gnu/lib/libadler-8a687517e4221bae.rlib" "/opt/rustwide/rustup-home/toolchains/beta-2023-04-20-x86_64-unknown-linux-gnu/lib/rustlib/x86_64-unknown-linux-gnu/lib/librustc_std_workspace_alloc-e07b554f6a67f5b3.rlib" "/opt/rustwide/rustup-home/toolchains/beta-2023-04-20-x86_64-unknown-linux-gnu/lib/rustlib/x86_64-unknown-linux-gnu/lib/libunwind-b68238b7c3c619dd.rlib" "/opt/rustwide/rustup-home/toolchains/beta-2023-04-20-x86_64-unknown-linux-gnu/lib/rustlib/x86_64-unknown-linux-gnu/lib/libcfg_if-d5e213e896c017e4.rlib" "/opt/rustwide/rustup-home/toolchains/beta-2023-04-20-x86_64-unknown-linux-gnu/lib/rustlib/x86_64-unknown-linux-gnu/lib/liblibc-0211a3b2e61d8689.rlib" "/opt/rustwide/rustup-home/toolchains/beta-2023-04-20-x86_64-unknown-linux-gnu/lib/rustlib/x86_64-unknown-linux-gnu/lib/liballoc-b371f055239ba51f.rlib" "/opt/rustwide/rustup-home/toolchains/beta-2023-04-20-x86_64-unknown-linux-gnu/lib/rustlib/x86_64-unknown-linux-gnu/lib/librustc_std_workspace_core-e60518d2760eb01e.rlib" "/opt/rustwide/rustup-home/toolchains/beta-2023-04-20-x86_64-unknown-linux-gnu/lib/rustlib/x86_64-unknown-linux-gnu/lib/libcore-1ad943f92a4b1081.rlib" "/opt/rustwide/rustup-home/toolchains/beta-2023-04-20-x86_64-unknown-linux-gnu/lib/rustlib/x86_64-unknown-linux-gnu/lib/libcompiler_builtins-f0d6e4d0fc1e80b4.rlib" "-Wl,-Bdynamic" "-lgridstore" "-lgcc_s" "-lutil" "-lrt" "-lpthread" "-lm" "-ldl" "-lc" "-Wl,--eh-frame-hdr" "-Wl,-z,noexecstack" "-L" "/opt/rustwide/rustup-home/toolchains/beta-2023-04-20-x86_64-unknown-linux-gnu/lib/rustlib/x86_64-unknown-linux-gnu/lib" "-o" "/opt/rustwide/target/debug/deps/griddb-49f6d2f50166cb3e" "-Wl,--gc-sections" "-pie" "-Wl,-z,relro,-z,now" "-nodefaultlibs"
[INFO] [stdout]   = note: /usr/bin/ld: cannot find -lgridstore: No such file or directory
[INFO] [stdout]           collect2: error: ld returned 1 exit status
[INFO] [stdout]           
[INFO] [stdout] 
[INFO] [stdout] 
[INFO] [stdout] error: aborting due to previous error
[INFO] [stdout] 
[INFO] [stdout] 
[INFO] [stderr] error: could not compile `griddb` (lib test) due to 2 previous errors
[INFO] running `Command { std: "docker" "inspect" "f4bda93ec62eb2f865b69739edfc1626875e610cd48c414219d46298b986cd6b", kill_on_drop: false }`
[INFO] running `Command { std: "docker" "rm" "-f" "f4bda93ec62eb2f865b69739edfc1626875e610cd48c414219d46298b986cd6b", kill_on_drop: false }`
[INFO] [stdout] f4bda93ec62eb2f865b69739edfc1626875e610cd48c414219d46298b986cd6b
