[INFO] fetching crate gpgpu 0.2.0...
[INFO] testing gpgpu-0.2.0 against 1.69.0 for beta-1.70-1
[INFO] extracting crate gpgpu 0.2.0 into /workspace/builds/worker-0-tc1/source
[INFO] validating manifest of crates.io crate gpgpu 0.2.0 on toolchain 1.69.0
[INFO] running `Command { std: CARGO_HOME="/workspace/cargo-home" RUSTUP_HOME="/workspace/rustup-home" "/workspace/cargo-home/bin/cargo" "+1.69.0" "metadata" "--manifest-path" "Cargo.toml" "--no-deps", kill_on_drop: false }`
[INFO] started tweaking crates.io crate gpgpu 0.2.0
[INFO] removed 6 missing examples
[INFO] finished tweaking crates.io crate gpgpu 0.2.0
[INFO] tweaked toml for crates.io crate gpgpu 0.2.0 written to /workspace/builds/worker-0-tc1/source/Cargo.toml
[INFO] crate crates.io crate gpgpu 0.2.0 already has a lockfile, it will not be regenerated
[INFO] running `Command { std: CARGO_HOME="/workspace/cargo-home" RUSTUP_HOME="/workspace/rustup-home" "/workspace/cargo-home/bin/cargo" "+1.69.0" "fetch" "--manifest-path" "Cargo.toml", kill_on_drop: false }`
[INFO] [stderr]  Downloading crates ...
[INFO] [stderr]   Downloaded fixedbitset v0.4.0
[INFO] [stderr]   Downloaded proc-macro2 v1.0.34
[INFO] [stderr]   Downloaded dunce v1.0.2
[INFO] [stderr]   Downloaded wgpu-core v0.12.0
[INFO] [stderr]   Downloaded v4l2-sys-mit v0.2.0
[INFO] [stderr]   Downloaded paste v1.0.6
[INFO] [stderr]   Downloaded wayland-cursor v0.28.6
[INFO] [stderr]   Downloaded futures-sink v0.3.19
[INFO] [stderr]   Downloaded wayland-commons v0.28.6
[INFO] [stderr]   Downloaded futures-executor v0.3.19
[INFO] [stderr]   Downloaded clang-sys v1.3.0
[INFO] [stderr]   Downloaded wayland-sys v0.28.6
[INFO] [stderr]   Downloaded rgb v0.8.31
[INFO] [stderr]   Downloaded version-compare v0.0.10
[INFO] [stderr]   Downloaded cmake v0.1.46
[INFO] [stderr]   Downloaded v4l v0.12.1
[INFO] [stderr]   Downloaded glow v0.11.1
[INFO] [stderr]   Downloaded futures-task v0.3.19
[INFO] [stderr]   Downloaded wayland-scanner v0.28.6
[INFO] [stderr]   Downloaded fallible_collections v0.4.4
[INFO] [stderr]   Downloaded xkbcommon-sys v0.7.5
[INFO] [stderr]   Downloaded futures-channel v0.3.19
[INFO] [stderr]   Downloaded xkb v0.2.1
[INFO] [stderr]   Downloaded futures v0.3.19
[INFO] [stderr]   Downloaded flume v0.10.9
[INFO] [stderr]   Downloaded unidiff v0.3.3
[INFO] [stderr]   Downloaded nanorand v0.6.1
[INFO] [stderr]   Downloaded spin v0.9.2
[INFO] [stderr]   Downloaded wayland-client v0.28.6
[INFO] [stderr]   Downloaded minifb v0.20.0
[INFO] [stderr]   Downloaded nom v7.1.0
[INFO] [stderr]   Downloaded futures-util v0.3.19
[INFO] [stderr]   Downloaded wayland-protocols v0.28.6
[INFO] [stderr]   Downloaded sdl2 v0.34.5
[INFO] [stderr]   Downloaded nix v0.20.0
[INFO] [stderr]   Downloaded wgpu-hal v0.12.0
[INFO] [stderr]   Downloaded naga v0.8.0
[INFO] [stderr]   Downloaded ash v0.33.3+1.2.191
[INFO] [stderr]   Downloaded sdl2-sys v0.34.5
[INFO] [stderr]   Downloaded nokhwa v0.9.4
[INFO] [stderr]   Downloaded windows_x86_64_msvc v0.28.0
[INFO] [stderr]   Downloaded windows_aarch64_msvc v0.28.0
[INFO] [stderr]   Downloaded windows_x86_64_gnu v0.28.0
[INFO] [stderr]   Downloaded windows_i686_msvc v0.28.0
[INFO] [stderr]   Downloaded windows_i686_gnu v0.28.0
[INFO] [stderr]   Downloaded orbclient v0.3.31
[INFO] [stderr]   Downloaded profiling v1.0.4
[INFO] [stderr]   Downloaded windows-sys v0.28.0
[INFO] [stderr]   Downloaded nasm-rs v0.2.2
[INFO] [stderr]   Downloaded nokhwa-bindings-windows v0.3.4
[INFO] [stderr]   Downloaded windows v0.28.0
[INFO] running `Command { std: "docker" "create" "-v" "/var/lib/crater-agent-workspace/builds/worker-0-tc1/target:/opt/rustwide/target:rw,Z" "-v" "/var/lib/crater-agent-workspace/builds/worker-0-tc1/source:/opt/rustwide/workdir:ro,Z" "-v" "/var/lib/crater-agent-workspace/cargo-home:/opt/rustwide/cargo-home:ro,Z" "-v" "/var/lib/crater-agent-workspace/rustup-home:/opt/rustwide/rustup-home:ro,Z" "-e" "SOURCE_DIR=/opt/rustwide/workdir" "-e" "CARGO_TARGET_DIR=/opt/rustwide/target" "-e" "CARGO_HOME=/opt/rustwide/cargo-home" "-e" "RUSTUP_HOME=/opt/rustwide/rustup-home" "-w" "/opt/rustwide/workdir" "-m" "1610612736" "--user" "0:0" "--network" "none" "ghcr.io/rust-lang/crates-build-env/linux@sha256:5ff2268d62e97bff2cde7d5815dd6ed5b47097566f13b8d0ca110b04b60e07ed" "/opt/rustwide/cargo-home/bin/cargo" "+1.69.0" "metadata" "--no-deps" "--format-version=1", kill_on_drop: false }`
[INFO] [stdout] cdab02e673d37ca5e5248d0fc23be08bd74bb5c83810b783495ff109daefa3af
[INFO] running `Command { std: "docker" "start" "-a" "cdab02e673d37ca5e5248d0fc23be08bd74bb5c83810b783495ff109daefa3af", kill_on_drop: false }`
[INFO] running `Command { std: "docker" "inspect" "cdab02e673d37ca5e5248d0fc23be08bd74bb5c83810b783495ff109daefa3af", kill_on_drop: false }`
[INFO] running `Command { std: "docker" "rm" "-f" "cdab02e673d37ca5e5248d0fc23be08bd74bb5c83810b783495ff109daefa3af", kill_on_drop: false }`
[INFO] [stdout] cdab02e673d37ca5e5248d0fc23be08bd74bb5c83810b783495ff109daefa3af
[INFO] running `Command { std: "docker" "create" "-v" "/var/lib/crater-agent-workspace/builds/worker-0-tc1/target:/opt/rustwide/target:rw,Z" "-v" "/var/lib/crater-agent-workspace/builds/worker-0-tc1/source:/opt/rustwide/workdir:ro,Z" "-v" "/var/lib/crater-agent-workspace/cargo-home:/opt/rustwide/cargo-home:ro,Z" "-v" "/var/lib/crater-agent-workspace/rustup-home:/opt/rustwide/rustup-home:ro,Z" "-e" "SOURCE_DIR=/opt/rustwide/workdir" "-e" "CARGO_TARGET_DIR=/opt/rustwide/target" "-e" "CARGO_INCREMENTAL=0" "-e" "RUST_BACKTRACE=full" "-e" "RUSTFLAGS=--cap-lints=warn" "-e" "RUSTDOCFLAGS=--cap-lints=warn" "-e" "CARGO_HOME=/opt/rustwide/cargo-home" "-e" "RUSTUP_HOME=/opt/rustwide/rustup-home" "-w" "/opt/rustwide/workdir" "-m" "1610612736" "--user" "0:0" "--network" "none" "ghcr.io/rust-lang/crates-build-env/linux@sha256:5ff2268d62e97bff2cde7d5815dd6ed5b47097566f13b8d0ca110b04b60e07ed" "/opt/rustwide/cargo-home/bin/cargo" "+1.69.0" "build" "--frozen" "--message-format=json", kill_on_drop: false }`
[INFO] [stdout] a6c2b77d50a0211ce1c55b1cdcb4f3bd359a593a22034431a37675b415c67569
[INFO] running `Command { std: "docker" "start" "-a" "a6c2b77d50a0211ce1c55b1cdcb4f3bd359a593a22034431a37675b415c67569", kill_on_drop: false }`
[INFO] [stderr]    Compiling libc v0.2.112
[INFO] [stderr]    Compiling autocfg v1.0.1
[INFO] [stderr]    Compiling version_check v0.9.3
[INFO] [stderr]    Compiling proc-macro2 v1.0.34
[INFO] [stderr]    Compiling once_cell v1.9.0
[INFO] [stderr]    Compiling unicode-xid v0.2.2
[INFO] [stderr]    Compiling syn v1.0.82
[INFO] [stderr]    Compiling futures-core v0.3.19
[INFO] [stderr]    Compiling log v0.4.14
[INFO] [stderr]    Compiling parking_lot_core v0.8.5
[INFO] [stderr]    Compiling libloading v0.7.2
[INFO] [stderr]    Compiling num-traits v0.2.14
[INFO] [stderr]    Compiling indexmap v1.7.0
[INFO] [stderr]    Compiling ahash v0.7.6
[INFO] [stderr]    Compiling instant v0.1.12
[INFO] [stderr]    Compiling bit-vec v0.6.3
[INFO] [stderr]    Compiling futures-task v0.3.19
[INFO] [stderr]    Compiling futures-channel v0.3.19
[INFO] [stderr]    Compiling memchr v2.4.1
[INFO] [stderr]    Compiling fixedbitset v0.4.0
[INFO] [stderr]    Compiling termcolor v1.1.2
[INFO] [stderr]    Compiling unicode-width v0.1.9
[INFO] [stderr]    Compiling khronos-egl v4.1.0
[INFO] [stderr]    Compiling smallvec v1.7.0
[INFO] [stderr]    Compiling quote v1.0.10
[INFO] [stderr]    Compiling codespan-reporting v0.11.1
[INFO] [stderr]    Compiling getrandom v0.2.3
[INFO] [stderr]    Compiling bit-set v0.5.2
[INFO] [stderr]    Compiling lock_api v0.4.5
[INFO] [stderr]    Compiling gpu-alloc-types v0.2.0
[INFO] [stderr]    Compiling gpu-descriptor-types v0.1.1
[INFO] [stderr]    Compiling hashbrown v0.11.2
[INFO] [stderr]    Compiling futures-util v0.3.19
[INFO] [stderr]    Compiling futures-sink v0.3.19
[INFO] [stderr]    Compiling cty v0.2.2
[INFO] [stderr]    Compiling hexf-parse v0.2.1
[INFO] [stderr]    Compiling spirv v0.2.0+1.5.4
[INFO] [stderr]    Compiling cfg_aliases v0.1.1
[INFO] [stderr]    Compiling rustc-hash v1.1.0
[INFO] [stderr]    Compiling wgpu-core v0.12.0
[INFO] [stderr]    Compiling raw-window-handle v0.4.2
[INFO] [stderr]    Compiling gpu-alloc v0.5.2
[INFO] [stderr]    Compiling fxhash v0.2.1
[INFO] [stderr]    Compiling parking_lot v0.11.2
[INFO] [stderr]    Compiling gpu-descriptor v0.2.2
[INFO] [stderr]    Compiling ash v0.33.3+1.2.191
[INFO] [stderr]    Compiling wgpu-types v0.12.0
[INFO] [stderr]    Compiling pin-project-lite v0.2.7
[INFO] [stderr]    Compiling renderdoc-sys v0.7.1
[INFO] [stderr]    Compiling petgraph v0.6.0
[INFO] [stderr]    Compiling arrayvec v0.7.2
[INFO] [stderr]    Compiling futures-io v0.3.19
[INFO] [stderr]    Compiling slab v0.4.5
[INFO] [stderr]    Compiling profiling v1.0.4
[INFO] [stderr]    Compiling pin-utils v0.1.0
[INFO] [stderr]    Compiling inplace_it v0.3.3
[INFO] [stderr]    Compiling glow v0.11.1
[INFO] [stderr]    Compiling copyless v0.1.5
[INFO] [stderr]    Compiling bytemuck v1.7.3
[INFO] [stderr]    Compiling thiserror-impl v1.0.30
[INFO] [stderr]    Compiling thiserror v1.0.30
[INFO] [stderr]    Compiling naga v0.8.0
[INFO] [stderr]    Compiling futures-executor v0.3.19
[INFO] [stderr]    Compiling futures v0.3.19
[INFO] [stderr]    Compiling wgpu-hal v0.12.0
[INFO] [stderr]    Compiling wgpu v0.12.0
[INFO] [stderr]    Compiling gpgpu v0.2.0 (/opt/rustwide/workdir)
[INFO] [stderr]     Finished dev [unoptimized + debuginfo] target(s) in 1m 34s
[INFO] running `Command { std: "docker" "inspect" "a6c2b77d50a0211ce1c55b1cdcb4f3bd359a593a22034431a37675b415c67569", kill_on_drop: false }`
[INFO] running `Command { std: "docker" "rm" "-f" "a6c2b77d50a0211ce1c55b1cdcb4f3bd359a593a22034431a37675b415c67569", kill_on_drop: false }`
[INFO] [stdout] a6c2b77d50a0211ce1c55b1cdcb4f3bd359a593a22034431a37675b415c67569
[INFO] running `Command { std: "docker" "create" "-v" "/var/lib/crater-agent-workspace/builds/worker-0-tc1/target:/opt/rustwide/target:rw,Z" "-v" "/var/lib/crater-agent-workspace/builds/worker-0-tc1/source:/opt/rustwide/workdir:ro,Z" "-v" "/var/lib/crater-agent-workspace/cargo-home:/opt/rustwide/cargo-home:ro,Z" "-v" "/var/lib/crater-agent-workspace/rustup-home:/opt/rustwide/rustup-home:ro,Z" "-e" "SOURCE_DIR=/opt/rustwide/workdir" "-e" "CARGO_TARGET_DIR=/opt/rustwide/target" "-e" "CARGO_INCREMENTAL=0" "-e" "RUST_BACKTRACE=full" "-e" "RUSTFLAGS=--cap-lints=warn" "-e" "RUSTDOCFLAGS=--cap-lints=warn" "-e" "CARGO_HOME=/opt/rustwide/cargo-home" "-e" "RUSTUP_HOME=/opt/rustwide/rustup-home" "-w" "/opt/rustwide/workdir" "-m" "1610612736" "--user" "0:0" "--network" "none" "ghcr.io/rust-lang/crates-build-env/linux@sha256:5ff2268d62e97bff2cde7d5815dd6ed5b47097566f13b8d0ca110b04b60e07ed" "/opt/rustwide/cargo-home/bin/cargo" "+1.69.0" "test" "--frozen" "--no-run" "--message-format=json", kill_on_drop: false }`
[INFO] [stdout] aa451897eb2451d67fb0b98266046f07e344160e9783162150dc8abbc6b06892
[INFO] running `Command { std: "docker" "start" "-a" "aa451897eb2451d67fb0b98266046f07e344160e9783162150dc8abbc6b06892", kill_on_drop: false }`
[INFO] [stderr]    Compiling libc v0.2.112
[INFO] [stderr]    Compiling memchr v2.4.1
[INFO] [stderr]    Compiling once_cell v1.9.0
[INFO] [stderr]    Compiling glob v0.3.0
[INFO] [stderr]    Compiling pkg-config v0.3.24
[INFO] [stderr]    Compiling nom v5.1.2
[INFO] [stderr]    Compiling syn v1.0.82
[INFO] [stderr]    Compiling log v0.4.14
[INFO] [stderr]    Compiling num-traits v0.2.14
[INFO] [stderr]    Compiling regex-syntax v0.6.25
[INFO] [stderr]    Compiling clang-sys v1.3.0
[INFO] [stderr]    Compiling crossbeam-utils v0.8.5
[INFO] [stderr]    Compiling atty v0.2.14
[INFO] [stderr]    Compiling aho-corasick v0.7.18
[INFO] [stderr]    Compiling textwrap v0.11.0
[INFO] [stderr]    Compiling memoffset v0.6.5
[INFO] [stderr]    Compiling ansi_term v0.12.1
[INFO] [stderr]    Compiling strsim v0.8.0
[INFO] [stderr]    Compiling bindgen v0.56.0
[INFO] [stderr]    Compiling vec_map v0.8.2
[INFO] [stderr]    Compiling humantime v2.1.0
[INFO] [stderr]    Compiling clap v2.34.0
[INFO] [stderr]    Compiling getrandom v0.2.3
[INFO] [stderr]    Compiling ahash v0.7.6
[INFO] [stderr]    Compiling which v3.1.1
[INFO] [stderr]    Compiling regex v1.5.4
[INFO] [stderr]    Compiling hashbrown v0.11.2
[INFO] [stderr]    Compiling cexpr v0.4.0
[INFO] [stderr]    Compiling peeking_take_while v0.1.2
[INFO] [stderr]    Compiling crossbeam-epoch v0.9.5
[INFO] [stderr]    Compiling shlex v0.1.1
[INFO] [stderr]    Compiling lazycell v1.3.0
[INFO] [stderr]    Compiling rayon-core v1.9.1
[INFO] [stderr]    Compiling jobserver v0.1.24
[INFO] [stderr]    Compiling xml-rs v0.8.4
[INFO] [stderr]    Compiling env_logger v0.8.4
[INFO] [stderr]    Compiling cc v1.0.72
[INFO] [stderr]    Compiling wayland-scanner v0.28.6
[INFO] [stderr]    Compiling crossbeam-deque v0.8.1
[INFO] [stderr]    Compiling crossbeam-channel v0.5.1
[INFO] [stderr]    Compiling num_cpus v1.13.1
[INFO] [stderr]    Compiling rayon v1.5.1
[INFO] [stderr]    Compiling wayland-sys v0.28.6
[INFO] [stderr]    Compiling either v1.6.1
[INFO] [stderr]    Compiling indexmap v1.7.0
[INFO] [stderr]    Compiling num-integer v0.1.44
[INFO] [stderr]    Compiling parking_lot_core v0.8.5
[INFO] [stderr]    Compiling wayland-client v0.28.6
[INFO] [stderr]    Compiling spirv v0.2.0+1.5.4
[INFO] [stderr]    Compiling petgraph v0.6.0
[INFO] [stderr]    Compiling nix v0.20.0
[INFO] [stderr]    Compiling nom v7.1.0
[INFO] [stderr]    Compiling dunce v1.0.2
[INFO] [stderr]    Compiling adler32 v1.2.0
[INFO] [stderr]    Compiling crc32fast v1.3.0
[INFO] [stderr]    Compiling thiserror-impl v1.0.30
[INFO] [stderr]    Compiling gpu-descriptor v0.2.2
[INFO] [stderr]    Compiling parking_lot v0.11.2
[INFO] [stderr]    Compiling khronos-egl v4.1.0
[INFO] [stderr]    Compiling rand_core v0.6.3
[INFO] [stderr]    Compiling num-iter v0.1.42
[INFO] [stderr]    Compiling num-rational v0.3.2
[INFO] [stderr]    Compiling ppv-lite86 v0.2.15
[INFO] [stderr]    Compiling nasm-rs v0.2.2
[INFO] [stderr]    Compiling downcast-rs v1.2.0
[INFO] [stderr]    Compiling rand_chacha v0.3.1
[INFO] [stderr]    Compiling deflate v0.8.6
[INFO] [stderr]    Compiling mozjpeg-sys v0.10.13
[INFO] [stderr]    Compiling thiserror v1.0.30
[INFO] [stderr]    Compiling naga v0.8.0
[INFO] [stderr]    Compiling miniz_oxide v0.3.7
[INFO] [stderr]    Compiling pin-project-internal v1.0.8
[INFO] [stderr]    Compiling wayland-commons v0.28.6
[INFO] [stderr]    Compiling wayland-protocols v0.28.6
[INFO] [stderr]    Compiling xkbcommon-sys v0.7.5
[INFO] [stderr]    Compiling v4l2-sys-mit v0.2.0
[INFO] [stderr]    Compiling x11-dl v2.19.1
[INFO] [stderr]    Compiling xcursor v0.3.4
[INFO] [stderr]    Compiling png v0.16.8
[INFO] [stderr]    Compiling pin-project v1.0.8
[INFO] [stderr]    Compiling rand v0.8.4
[INFO] [stderr]    Compiling rgb v0.8.31
[INFO] [stderr]    Compiling spin v0.9.2
[INFO] [stderr]    Compiling minifb v0.20.0
[INFO] [stderr]    Compiling fallible_collections v0.4.4
[INFO] [stderr]    Compiling nanorand v0.6.1
[INFO] [stderr]    Compiling jpeg-decoder v0.1.22
[INFO] [stderr]    Compiling arrayvec v0.5.2
[INFO] [stderr]    Compiling color_quant v1.1.0
[INFO] [stderr]    Compiling remove_dir_all v0.5.3
[INFO] [stderr]    Compiling tempfile v3.2.0
[INFO] [stderr]    Compiling flume v0.10.9
[INFO] [stderr]    Compiling wayland-cursor v0.28.6
[INFO] [stderr]    Compiling image v0.23.14
[INFO] [stderr]    Compiling xkb v0.2.1
[INFO] [stderr]    Compiling wgpu-hal v0.12.0
[INFO] [stderr]    Compiling v4l v0.12.1
[INFO] [stderr]    Compiling nokhwa-bindings-windows v0.3.4
[INFO] [stderr]    Compiling raw-window-handle v0.3.4
[INFO] [stderr]    Compiling paste v1.0.6
[INFO] [stderr]    Compiling wgpu-core v0.12.0
[INFO] [stderr]    Compiling mozjpeg v0.8.24
[INFO] [stderr]    Compiling nokhwa v0.9.4
[INFO] [stderr]    Compiling wgpu v0.12.0
[INFO] [stderr]    Compiling gpgpu v0.2.0 (/opt/rustwide/workdir)
[INFO] [stdout] error[E0599]: no function or associated item named `from_image_buffer` found for struct `GpuConstImage` in the current scope
[INFO] [stdout]   --> examples/image-compatibility/main.rs:15:43
[INFO] [stdout]    |
[INFO] [stdout] 15 |     let input_img = gpgpu::GpuConstImage::from_image_buffer(&fw, &rgba); // Input
[INFO] [stdout]    |                                           ^^^^^^^^^^^^^^^^^ function or associated item not found in `GpuConstImage<'_, _>`
[INFO] [stdout] 
[INFO] [stdout] 
[INFO] [stdout] error[E0599]: no method named `read_to_image_buffer_blocking` found for struct `GpuImage` in the current scope
[INFO] [stdout]   --> examples/image-compatibility/main.rs:25:29
[INFO] [stdout]    |
[INFO] [stdout] 25 |     let output = output_img.read_to_image_buffer_blocking().unwrap();
[INFO] [stdout]    |                             ^^^^^^^^^^^^^^^^^^^^^^^^^^^^^ help: there is a method with a similar name: `read_vec_blocking`
[INFO] [stdout] 
[INFO] [stdout] 
[INFO] [stdout] error: aborting due to 2 previous errors
[INFO] [stdout] 
[INFO] [stdout] 
[INFO] [stdout] For more information about this error, try `rustc --explain E0599`.
[INFO] [stdout] 
[INFO] [stderr] error: could not compile `gpgpu` due to 3 previous errors
[INFO] [stderr] warning: build failed, waiting for other jobs to finish...
[INFO] [stdout] error[E0433]: failed to resolve: use of undeclared crate or module `ndarray`
[INFO] [stdout]   --> examples/ndarray/main.rs:11:21
[INFO] [stdout]    |
[INFO] [stdout] 11 |     let array_src = ndarray::Array::<i32, _>::ones(dims) * 2;
[INFO] [stdout]    |                     ^^^^^^^ use of undeclared crate or module `ndarray`
[INFO] [stdout] 
[INFO] [stdout] 
[INFO] [stdout] error[E0433]: failed to resolve: could not find `GpuArray` in `gpgpu`
[INFO] [stdout]   --> examples/ndarray/main.rs:16:30
[INFO] [stdout]    |
[INFO] [stdout] 16 |     let gpu_array_a = gpgpu::GpuArray::from_array(&fw, src_view).unwrap(); // Array A
[INFO] [stdout]    |                              ^^^^^^^^ could not find `GpuArray` in `gpgpu`
[INFO] [stdout] 
[INFO] [stdout] 
[INFO] [stdout] error[E0433]: failed to resolve: could not find `GpuArray` in `gpgpu`
[INFO] [stdout]   --> examples/ndarray/main.rs:17:30
[INFO] [stdout]    |
[INFO] [stdout] 17 |     let gpu_array_b = gpgpu::GpuArray::from_array(&fw, src_view).unwrap(); // Array B
[INFO] [stdout]    |                              ^^^^^^^^ could not find `GpuArray` in `gpgpu`
[INFO] [stdout] 
[INFO] [stdout] 
[INFO] [stdout] error[E0433]: failed to resolve: could not find `GpuArray` in `gpgpu`
[INFO] [stdout]   --> examples/ndarray/main.rs:18:30
[INFO] [stdout]    |
[INFO] [stdout] 18 |     let gpu_array_c = gpgpu::GpuArray::from_array(&fw, ndarray::Array::zeros(dims).view()).unwrap(); // Array C: result storage
[INFO] [stdout]    |                              ^^^^^^^^ could not find `GpuArray` in `gpgpu`
[INFO] [stdout] 
[INFO] [stdout] 
[INFO] [stdout] error[E0433]: failed to resolve: use of undeclared crate or module `ndarray`
[INFO] [stdout]   --> examples/ndarray/main.rs:18:56
[INFO] [stdout]    |
[INFO] [stdout] 18 |     let gpu_array_c = gpgpu::GpuArray::from_array(&fw, ndarray::Array::zeros(dims).view()).unwrap(); // Array C: result storage
[INFO] [stdout]    |                                                        ^^^^^^^ use of undeclared crate or module `ndarray`
[INFO] [stdout] 
[INFO] [stdout] 
[INFO] [stdout] error[E0599]: no method named `bind_array` found for struct `DescriptorSet` in the current scope
[INFO] [stdout]   --> examples/ndarray/main.rs:23:10
[INFO] [stdout]    |
[INFO] [stdout] 22 |       let desc_1 = gpgpu::DescriptorSet::default() // Descriptor set of all the arrays
[INFO] [stdout]    |  __________________-
[INFO] [stdout] 23 | |         .bind_array(&gpu_array_a, gpgpu::GpuBufferUsage::ReadOnly)
[INFO] [stdout]    | |         -^^^^^^^^^^ method not found in `DescriptorSet<'_>`
[INFO] [stdout]    | |_________|
[INFO] [stdout]    | 
[INFO] [stdout] 
[INFO] [stdout] 
[INFO] [stdout] error[E0599]: no method named `write_image_buffer` found for struct `GpuConstImage` in the current scope
[INFO] [stdout]   --> examples/webcam/main.rs:72:19
[INFO] [stdout]    |
[INFO] [stdout] 72 |         gpu_input.write_image_buffer(&cam_buf.convert()).unwrap(); // Upload cam frame into the cam frame texture
[INFO] [stdout]    |                   ^^^^^^^^^^^^^^^^^^ method not found in `GpuConstImage<'_, Rgba8UintNorm>`
[INFO] [stdout] 
[INFO] [stdout] 
[INFO] [stdout] error: aborting due to previous error
[INFO] [stdout] 
[INFO] [stdout] 
[INFO] [stdout] For more information about this error, try `rustc --explain E0599`.
[INFO] [stdout] 
[INFO] [stdout] error: aborting due to 6 previous errors
[INFO] [stdout] 
[INFO] [stdout] 
[INFO] [stdout] Some errors have detailed explanations: E0433, E0599.
[INFO] [stdout] 
[INFO] [stdout] For more information about an error, try `rustc --explain E0433`.
[INFO] [stdout] 
[INFO] [stderr] error: could not compile `gpgpu` due to 2 previous errors
[INFO] [stderr] error: could not compile `gpgpu` due to 7 previous errors
[INFO] running `Command { std: "docker" "inspect" "aa451897eb2451d67fb0b98266046f07e344160e9783162150dc8abbc6b06892", kill_on_drop: false }`
[INFO] running `Command { std: "docker" "rm" "-f" "aa451897eb2451d67fb0b98266046f07e344160e9783162150dc8abbc6b06892", kill_on_drop: false }`
[INFO] [stdout] aa451897eb2451d67fb0b98266046f07e344160e9783162150dc8abbc6b06892
