[INFO] fetching crate gomoku-core 0.1.1...
[INFO] testing gomoku-core-0.1.1 against beta-2023-04-20 for beta-1.70-1
[INFO] extracting crate gomoku-core 0.1.1 into /workspace/builds/worker-4-tc2/source
[INFO] validating manifest of crates.io crate gomoku-core 0.1.1 on toolchain beta-2023-04-20
[INFO] running `Command { std: CARGO_HOME="/workspace/cargo-home" RUSTUP_HOME="/workspace/rustup-home" "/workspace/cargo-home/bin/cargo" "+beta-2023-04-20" "metadata" "--manifest-path" "Cargo.toml" "--no-deps", kill_on_drop: false }`
[INFO] started tweaking crates.io crate gomoku-core 0.1.1
[INFO] finished tweaking crates.io crate gomoku-core 0.1.1
[INFO] tweaked toml for crates.io crate gomoku-core 0.1.1 written to /workspace/builds/worker-4-tc2/source/Cargo.toml
[INFO] running `Command { std: CARGO_HOME="/workspace/cargo-home" RUSTUP_HOME="/workspace/rustup-home" __CARGO_TEST_CHANNEL_OVERRIDE_DO_NOT_USE_THIS="nightly" "/workspace/cargo-home/bin/cargo" "+beta-2023-04-20" "generate-lockfile" "--manifest-path" "Cargo.toml" "-Zno-index-update", kill_on_drop: false }`
[INFO] running `Command { std: CARGO_HOME="/workspace/cargo-home" RUSTUP_HOME="/workspace/rustup-home" "/workspace/cargo-home/bin/cargo" "+beta-2023-04-20" "fetch" "--manifest-path" "Cargo.toml", kill_on_drop: false }`
[INFO] running `Command { std: "docker" "create" "-v" "/var/lib/crater-agent-workspace/builds/worker-4-tc2/target:/opt/rustwide/target:rw,Z" "-v" "/var/lib/crater-agent-workspace/builds/worker-4-tc2/source:/opt/rustwide/workdir:ro,Z" "-v" "/var/lib/crater-agent-workspace/cargo-home:/opt/rustwide/cargo-home:ro,Z" "-v" "/var/lib/crater-agent-workspace/rustup-home:/opt/rustwide/rustup-home:ro,Z" "-e" "SOURCE_DIR=/opt/rustwide/workdir" "-e" "CARGO_TARGET_DIR=/opt/rustwide/target" "-e" "CARGO_HOME=/opt/rustwide/cargo-home" "-e" "RUSTUP_HOME=/opt/rustwide/rustup-home" "-w" "/opt/rustwide/workdir" "-m" "1610612736" "--user" "0:0" "--network" "none" "ghcr.io/rust-lang/crates-build-env/linux@sha256:5ff2268d62e97bff2cde7d5815dd6ed5b47097566f13b8d0ca110b04b60e07ed" "/opt/rustwide/cargo-home/bin/cargo" "+beta-2023-04-20" "metadata" "--no-deps" "--format-version=1", kill_on_drop: false }`
[INFO] [stdout] 2a63ce00996a17c43208cea6c47d105af3857d525b2df204c65ab2f2b8675fbf
[INFO] running `Command { std: "docker" "start" "-a" "2a63ce00996a17c43208cea6c47d105af3857d525b2df204c65ab2f2b8675fbf", kill_on_drop: false }`
[INFO] running `Command { std: "docker" "inspect" "2a63ce00996a17c43208cea6c47d105af3857d525b2df204c65ab2f2b8675fbf", kill_on_drop: false }`
[INFO] running `Command { std: "docker" "rm" "-f" "2a63ce00996a17c43208cea6c47d105af3857d525b2df204c65ab2f2b8675fbf", kill_on_drop: false }`
[INFO] [stdout] 2a63ce00996a17c43208cea6c47d105af3857d525b2df204c65ab2f2b8675fbf
[INFO] running `Command { std: "docker" "create" "-v" "/var/lib/crater-agent-workspace/builds/worker-4-tc2/target:/opt/rustwide/target:rw,Z" "-v" "/var/lib/crater-agent-workspace/builds/worker-4-tc2/source:/opt/rustwide/workdir:ro,Z" "-v" "/var/lib/crater-agent-workspace/cargo-home:/opt/rustwide/cargo-home:ro,Z" "-v" "/var/lib/crater-agent-workspace/rustup-home:/opt/rustwide/rustup-home:ro,Z" "-e" "SOURCE_DIR=/opt/rustwide/workdir" "-e" "CARGO_TARGET_DIR=/opt/rustwide/target" "-e" "CARGO_INCREMENTAL=0" "-e" "RUST_BACKTRACE=full" "-e" "RUSTFLAGS=--cap-lints=warn" "-e" "RUSTDOCFLAGS=--cap-lints=warn" "-e" "CARGO_HOME=/opt/rustwide/cargo-home" "-e" "RUSTUP_HOME=/opt/rustwide/rustup-home" "-w" "/opt/rustwide/workdir" "-m" "1610612736" "--user" "0:0" "--network" "none" "ghcr.io/rust-lang/crates-build-env/linux@sha256:5ff2268d62e97bff2cde7d5815dd6ed5b47097566f13b8d0ca110b04b60e07ed" "/opt/rustwide/cargo-home/bin/cargo" "+beta-2023-04-20" "build" "--frozen" "--message-format=json", kill_on_drop: false }`
[INFO] [stdout] 75753fa13b4c7e8bc459f0ebaa2c7293d5e6df68d28ad319bb97e30816a66778
[INFO] running `Command { std: "docker" "start" "-a" "75753fa13b4c7e8bc459f0ebaa2c7293d5e6df68d28ad319bb97e30816a66778", kill_on_drop: false }`
[INFO] [stderr]    Compiling gomoku-core v0.1.1 (/opt/rustwide/workdir)
[INFO] [stdout] error: unexpected token: `...`
[INFO] [stdout]   --> src/functions/alignments.rs:40:20
[INFO] [stdout]    |
[INFO] [stdout] 40 |         for y in (0...y - 1).rev() {
[INFO] [stdout]    |                    ^^^
[INFO] [stdout]    |
[INFO] [stdout] help: use `..` for an exclusive range
[INFO] [stdout]    |
[INFO] [stdout] 40 |         for y in (0..y - 1).rev() {
[INFO] [stdout]    |                    ~~
[INFO] [stdout] help: or `..=` for an inclusive range
[INFO] [stdout]    |
[INFO] [stdout] 40 |         for y in (0..=y - 1).rev() {
[INFO] [stdout]    |                    ~~~
[INFO] [stdout] 
[INFO] [stdout] 
[INFO] [stdout] error: unexpected token: `...`
[INFO] [stdout]   --> src/functions/alignments.rs:86:20
[INFO] [stdout]    |
[INFO] [stdout] 86 |         for x in (0...x - 1).rev() {
[INFO] [stdout]    |                    ^^^
[INFO] [stdout]    |
[INFO] [stdout] help: use `..` for an exclusive range
[INFO] [stdout]    |
[INFO] [stdout] 86 |         for x in (0..x - 1).rev() {
[INFO] [stdout]    |                    ~~
[INFO] [stdout] help: or `..=` for an inclusive range
[INFO] [stdout]    |
[INFO] [stdout] 86 |         for x in (0..=x - 1).rev() {
[INFO] [stdout]    |                    ~~~
[INFO] [stdout] 
[INFO] [stdout] 
[INFO] [stdout] error: unexpected token: `...`
[INFO] [stdout]   --> src/functions/captures_on_alignement.rs:87:28
[INFO] [stdout]    |
[INFO] [stdout] 87 |     for (x, y) in (x - forw...x + back).rev().zip(y - back...y + forw) {
[INFO] [stdout]    |                            ^^^
[INFO] [stdout]    |
[INFO] [stdout] help: use `..` for an exclusive range
[INFO] [stdout]    |
[INFO] [stdout] 87 |     for (x, y) in (x - forw..x + back).rev().zip(y - back...y + forw) {
[INFO] [stdout]    |                            ~~
[INFO] [stdout] help: or `..=` for an inclusive range
[INFO] [stdout]    |
[INFO] [stdout] 87 |     for (x, y) in (x - forw..=x + back).rev().zip(y - back...y + forw) {
[INFO] [stdout]    |                            ~~~
[INFO] [stdout] 
[INFO] [stdout] 
[INFO] [stdout] error: unexpected token: `...`
[INFO] [stdout]   --> src/functions/captures_on_alignement.rs:87:59
[INFO] [stdout]    |
[INFO] [stdout] 87 |     for (x, y) in (x - forw...x + back).rev().zip(y - back...y + forw) {
[INFO] [stdout]    |                                                           ^^^
[INFO] [stdout]    |
[INFO] [stdout] help: use `..` for an exclusive range
[INFO] [stdout]    |
[INFO] [stdout] 87 |     for (x, y) in (x - forw...x + back).rev().zip(y - back..y + forw) {
[INFO] [stdout]    |                                                           ~~
[INFO] [stdout] help: or `..=` for an inclusive range
[INFO] [stdout]    |
[INFO] [stdout] 87 |     for (x, y) in (x - forw...x + back).rev().zip(y - back..=y + forw) {
[INFO] [stdout]    |                                                           ~~~
[INFO] [stdout] 
[INFO] [stdout] 
[INFO] [stdout] error: unexpected token: `...`
[INFO] [stdout]    --> src/functions/captures_on_alignement.rs:137:28
[INFO] [stdout]     |
[INFO] [stdout] 137 |     for (x, y) in (x - back...x + forw).zip(y - back...y + forw) {
[INFO] [stdout]     |                            ^^^
[INFO] [stdout]     |
[INFO] [stdout] help: use `..` for an exclusive range
[INFO] [stdout]     |
[INFO] [stdout] 137 |     for (x, y) in (x - back..x + forw).zip(y - back...y + forw) {
[INFO] [stdout]     |                            ~~
[INFO] [stdout] help: or `..=` for an inclusive range
[INFO] [stdout]     |
[INFO] [stdout] 137 |     for (x, y) in (x - back..=x + forw).zip(y - back...y + forw) {
[INFO] [stdout]     |                            ~~~
[INFO] [stdout] 
[INFO] [stdout] 
[INFO] [stdout] error: unexpected token: `...`
[INFO] [stdout]    --> src/functions/captures_on_alignement.rs:137:53
[INFO] [stdout]     |
[INFO] [stdout] 137 |     for (x, y) in (x - back...x + forw).zip(y - back...y + forw) {
[INFO] [stdout]     |                                                     ^^^
[INFO] [stdout]     |
[INFO] [stdout] help: use `..` for an exclusive range
[INFO] [stdout]     |
[INFO] [stdout] 137 |     for (x, y) in (x - back...x + forw).zip(y - back..y + forw) {
[INFO] [stdout]     |                                                     ~~
[INFO] [stdout] help: or `..=` for an inclusive range
[INFO] [stdout]     |
[INFO] [stdout] 137 |     for (x, y) in (x - back...x + forw).zip(y - back..=y + forw) {
[INFO] [stdout]     |                                                     ~~~
[INFO] [stdout] 
[INFO] [stdout] 
[INFO] [stdout] error[E0554]: `#![feature]` may not be used on the beta release channel
[INFO] [stdout]  --> src/lib.rs:1:1
[INFO] [stdout]   |
[INFO] [stdout] 1 | #![feature(inclusive_range_syntax)]
[INFO] [stdout]   | ^^^^^^^^^^^^^^^^^^^^^^^^^^^^^^^^^^^ help: remove the attribute
[INFO] [stdout]   |
[INFO] [stdout]   = help: the feature `inclusive_range_syntax` has been stable since `1.26.0` and no longer requires an attribute to enable
[INFO] [stdout] 
[INFO] [stdout] 
[INFO] [stdout] error[E0554]: `#![feature]` may not be used on the beta release channel
[INFO] [stdout]  --> src/lib.rs:3:1
[INFO] [stdout]   |
[INFO] [stdout] 3 | #![feature(test)] extern crate test;
[INFO] [stdout]   | ^^^^^^^^^^^^^^^^^
[INFO] [stdout] 
[INFO] [stdout] 
[INFO] [stdout] warning: the feature `inclusive_range_syntax` has been stable since 1.26.0 and no longer requires an attribute to enable
[INFO] [stdout]  --> src/lib.rs:1:12
[INFO] [stdout]   |
[INFO] [stdout] 1 | #![feature(inclusive_range_syntax)]
[INFO] [stdout]   |            ^^^^^^^^^^^^^^^^^^^^^^
[INFO] [stdout]   |
[INFO] [stdout]   = note: `#[warn(stable_features)]` on by default
[INFO] [stdout] 
[INFO] [stdout] 
[INFO] [stdout] error[E0554]: `#![feature]` may not be used on the beta release channel
[INFO] [stdout]  --> src/lib.rs:3:12
[INFO] [stdout]   |
[INFO] [stdout] 3 | #![feature(test)] extern crate test;
[INFO] [stdout]   |            ^^^^
[INFO] [stdout] 
[INFO] [stdout] 
[INFO] [stdout] error: aborting due to 9 previous errors; 1 warning emitted
[INFO] [stdout] 
[INFO] [stdout] 
[INFO] [stdout] For more information about this error, try `rustc --explain E0554`.
[INFO] [stdout] 
[INFO] [stderr] error: could not compile `gomoku-core` (lib) due to 10 previous errors; 1 warning emitted
[INFO] running `Command { std: "docker" "inspect" "75753fa13b4c7e8bc459f0ebaa2c7293d5e6df68d28ad319bb97e30816a66778", kill_on_drop: false }`
[INFO] running `Command { std: "docker" "rm" "-f" "75753fa13b4c7e8bc459f0ebaa2c7293d5e6df68d28ad319bb97e30816a66778", kill_on_drop: false }`
[INFO] [stdout] 75753fa13b4c7e8bc459f0ebaa2c7293d5e6df68d28ad319bb97e30816a66778
