[INFO] fetching crate glsp-engine 0.2.0...
[INFO] testing glsp-engine-0.2.0 against beta-2023-04-20 for beta-1.70-1
[INFO] extracting crate glsp-engine 0.2.0 into /workspace/builds/worker-2-tc2/source
[INFO] validating manifest of crates.io crate glsp-engine 0.2.0 on toolchain beta-2023-04-20
[INFO] running `Command { std: CARGO_HOME="/workspace/cargo-home" RUSTUP_HOME="/workspace/rustup-home" "/workspace/cargo-home/bin/cargo" "+beta-2023-04-20" "metadata" "--manifest-path" "Cargo.toml" "--no-deps", kill_on_drop: false }`
[INFO] started tweaking crates.io crate glsp-engine 0.2.0
[INFO] finished tweaking crates.io crate glsp-engine 0.2.0
[INFO] tweaked toml for crates.io crate glsp-engine 0.2.0 written to /workspace/builds/worker-2-tc2/source/Cargo.toml
[INFO] running `Command { std: CARGO_HOME="/workspace/cargo-home" RUSTUP_HOME="/workspace/rustup-home" __CARGO_TEST_CHANNEL_OVERRIDE_DO_NOT_USE_THIS="nightly" "/workspace/cargo-home/bin/cargo" "+beta-2023-04-20" "generate-lockfile" "--manifest-path" "Cargo.toml" "-Zno-index-update", kill_on_drop: false }`
[INFO] [stderr]     Blocking waiting for file lock on package cache
[INFO] running `Command { std: CARGO_HOME="/workspace/cargo-home" RUSTUP_HOME="/workspace/rustup-home" "/workspace/cargo-home/bin/cargo" "+beta-2023-04-20" "fetch" "--manifest-path" "Cargo.toml", kill_on_drop: false }`
[INFO] [stderr]     Blocking waiting for file lock on package cache
[INFO] [stderr]     Blocking waiting for file lock on package cache
[INFO] [stderr]  Downloading crates ...
[INFO] [stderr]   Downloaded owning_ref v0.4.1
[INFO] running `Command { std: "docker" "create" "-v" "/var/lib/crater-agent-workspace/builds/worker-2-tc2/target:/opt/rustwide/target:rw,Z" "-v" "/var/lib/crater-agent-workspace/builds/worker-2-tc2/source:/opt/rustwide/workdir:ro,Z" "-v" "/var/lib/crater-agent-workspace/cargo-home:/opt/rustwide/cargo-home:ro,Z" "-v" "/var/lib/crater-agent-workspace/rustup-home:/opt/rustwide/rustup-home:ro,Z" "-e" "SOURCE_DIR=/opt/rustwide/workdir" "-e" "CARGO_TARGET_DIR=/opt/rustwide/target" "-e" "CARGO_HOME=/opt/rustwide/cargo-home" "-e" "RUSTUP_HOME=/opt/rustwide/rustup-home" "-w" "/opt/rustwide/workdir" "-m" "1610612736" "--user" "0:0" "--network" "none" "ghcr.io/rust-lang/crates-build-env/linux@sha256:5ff2268d62e97bff2cde7d5815dd6ed5b47097566f13b8d0ca110b04b60e07ed" "/opt/rustwide/cargo-home/bin/cargo" "+beta-2023-04-20" "metadata" "--no-deps" "--format-version=1", kill_on_drop: false }`
[INFO] [stdout] 2eb30edfa7d0058fc2930b514eef622055951725d8e303bd37c6f7f5708b5607
[INFO] running `Command { std: "docker" "start" "-a" "2eb30edfa7d0058fc2930b514eef622055951725d8e303bd37c6f7f5708b5607", kill_on_drop: false }`
[INFO] running `Command { std: "docker" "inspect" "2eb30edfa7d0058fc2930b514eef622055951725d8e303bd37c6f7f5708b5607", kill_on_drop: false }`
[INFO] running `Command { std: "docker" "rm" "-f" "2eb30edfa7d0058fc2930b514eef622055951725d8e303bd37c6f7f5708b5607", kill_on_drop: false }`
[INFO] [stdout] 2eb30edfa7d0058fc2930b514eef622055951725d8e303bd37c6f7f5708b5607
[INFO] running `Command { std: "docker" "create" "-v" "/var/lib/crater-agent-workspace/builds/worker-2-tc2/target:/opt/rustwide/target:rw,Z" "-v" "/var/lib/crater-agent-workspace/builds/worker-2-tc2/source:/opt/rustwide/workdir:ro,Z" "-v" "/var/lib/crater-agent-workspace/cargo-home:/opt/rustwide/cargo-home:ro,Z" "-v" "/var/lib/crater-agent-workspace/rustup-home:/opt/rustwide/rustup-home:ro,Z" "-e" "SOURCE_DIR=/opt/rustwide/workdir" "-e" "CARGO_TARGET_DIR=/opt/rustwide/target" "-e" "CARGO_INCREMENTAL=0" "-e" "RUST_BACKTRACE=full" "-e" "RUSTFLAGS=--cap-lints=warn" "-e" "RUSTDOCFLAGS=--cap-lints=warn" "-e" "CARGO_HOME=/opt/rustwide/cargo-home" "-e" "RUSTUP_HOME=/opt/rustwide/rustup-home" "-w" "/opt/rustwide/workdir" "-m" "1610612736" "--user" "0:0" "--network" "none" "ghcr.io/rust-lang/crates-build-env/linux@sha256:5ff2268d62e97bff2cde7d5815dd6ed5b47097566f13b8d0ca110b04b60e07ed" "/opt/rustwide/cargo-home/bin/cargo" "+beta-2023-04-20" "build" "--frozen" "--message-format=json", kill_on_drop: false }`
[INFO] [stdout] 043179f35c11d38e0eb87ddcd1510f66127e105f9de97b4895b71aae33edac61
[INFO] running `Command { std: "docker" "start" "-a" "043179f35c11d38e0eb87ddcd1510f66127e105f9de97b4895b71aae33edac61", kill_on_drop: false }`
[INFO] [stderr]     Blocking waiting for file lock on package cache
[INFO] [stderr]    Compiling stable_deref_trait v1.2.0
[INFO] [stderr]    Compiling fnv v1.0.7
[INFO] [stderr]    Compiling smallvec v1.10.0
[INFO] [stderr]    Compiling owning_ref v0.4.1
[INFO] [stderr]    Compiling glsp-engine v0.2.0 (/opt/rustwide/workdir)
[INFO] [stdout] error[E0554]: `#![feature]` may not be used on the beta release channel
[INFO] [stdout]  --> src/lib.rs:3:1
[INFO] [stdout]   |
[INFO] [stdout] 3 | #![feature(min_specialization)]
[INFO] [stdout]   | ^^^^^^^^^^^^^^^^^^^^^^^^^^^^^^^
[INFO] [stdout] 
[INFO] [stdout] 
[INFO] [stdout] error[E0554]: `#![feature]` may not be used on the beta release channel
[INFO] [stdout]  --> src/lib.rs:4:1
[INFO] [stdout]   |
[INFO] [stdout] 4 | #![feature(rustc_attrs)]
[INFO] [stdout]   | ^^^^^^^^^^^^^^^^^^^^^^^^
[INFO] [stdout] 
[INFO] [stdout] 
[INFO] [stdout] error[E0554]: `#![feature]` may not be used on the beta release channel
[INFO] [stdout]  --> src/lib.rs:5:1
[INFO] [stdout]   |
[INFO] [stdout] 5 | #![feature(unboxed_closures)]
[INFO] [stdout]   | ^^^^^^^^^^^^^^^^^^^^^^^^^^^^^
[INFO] [stdout] 
[INFO] [stdout] 
[INFO] [stdout] warning: unnecessary parentheses around match arm expression
[INFO] [stdout]     --> src/collections.rs:1847:33
[INFO] [stdout]      |
[INFO] [stdout] 1847 |             StrStorage::Str1(ref vec) => (vec.capacity() + 1),
[INFO] [stdout]      |                                          ^                  ^
[INFO] [stdout]      |
[INFO] [stdout]      = note: `#[warn(unused_parens)]` on by default
[INFO] [stdout] help: remove these parentheses
[INFO] [stdout]      |
[INFO] [stdout] 1847 -             StrStorage::Str1(ref vec) => (vec.capacity() + 1),
[INFO] [stdout] 1847 +             StrStorage::Str1(ref vec) => vec.capacity() + 1,
[INFO] [stdout]      |
[INFO] [stdout] 
[INFO] [stdout] 
[INFO] [stdout] error: cannot specialize on predicate `T: 'static`
[INFO] [stdout]    --> src/wrap.rs:231:9
[INFO] [stdout]     |
[INFO] [stdout] 231 | impl<T: StaticMarker> IntoVal for T {
[INFO] [stdout]     |         ^^^^^^^^^^^^
[INFO] [stdout] 
[INFO] [stdout] 
[INFO] [stdout] error[E0477]: the type `&'a val::Val` does not fulfill the required lifetime
[INFO] [stdout]   |
[INFO] [stdout]   = note: type must satisfy the static lifetime
[INFO] [stdout] 
[INFO] [stdout] 
[INFO] [stdout] error[E0477]: the type `&'a mut val::Val` does not fulfill the required lifetime
[INFO] [stdout]   |
[INFO] [stdout]   = note: type must satisfy the static lifetime
[INFO] [stdout] 
[INFO] [stdout] 
[INFO] [stdout] error[E0477]: the type `&'a gc::Slot` does not fulfill the required lifetime
[INFO] [stdout]   |
[INFO] [stdout]   = note: type must satisfy the static lifetime
[INFO] [stdout] 
[INFO] [stdout] 
[INFO] [stdout] error[E0477]: the type `&'a mut gc::Slot` does not fulfill the required lifetime
[INFO] [stdout]   |
[INFO] [stdout]   = note: type must satisfy the static lifetime
[INFO] [stdout] 
[INFO] [stdout] 
[INFO] [stdout] error[E0310]: the parameter type `T` may not live long enough
[INFO] [stdout]   |
[INFO] [stdout] help: consider adding an explicit lifetime bound...
[INFO] [stdout]  --> src/wrap.rs:426:16
[INFO] [stdout]   |
[INFO] [stdout] 42| impl<T: IntoVal + 'static> IntoVal for Option<T> {
[INFO] [stdout]   |                 +++++++++
[INFO] [stdout] 
[INFO] [stdout] 
[INFO] [stdout] error[E0477]: the type `&'a Option<T>` does not fulfill the required lifetime
[INFO] [stdout]   |
[INFO] [stdout]   = note: type must satisfy the static lifetime
[INFO] [stdout] 
[INFO] [stdout] 
[INFO] [stdout] error[E0477]: the type `&'a mut Option<T>` does not fulfill the required lifetime
[INFO] [stdout]   |
[INFO] [stdout]   = note: type must satisfy the static lifetime
[INFO] [stdout] 
[INFO] [stdout] 
[INFO] [stdout] error[E0310]: the parameter type `T` may not live long enough
[INFO] [stdout]   |
[INFO] [stdout] help: consider adding an explicit lifetime bound...
[INFO] [stdout]  --> src/wrap.rs:471:16
[INFO] [stdout]   |
[INFO] [stdout] 47| impl<T: IntoVal + 'static, E: ErrorMarker + StaticMarker> IntoVal for Result<T, E> {
[INFO] [stdout]   |                 +++++++++
[INFO] [stdout] 
[INFO] [stdout] 
[INFO] [stdout] error: cannot specialize on trait `std::error::Error`
[INFO] [stdout]    --> src/wrap.rs:471:21
[INFO] [stdout]     |
[INFO] [stdout] 471 | impl<T: IntoVal, E: ErrorMarker + StaticMarker> IntoVal for Result<T, E> {
[INFO] [stdout]     |                     ^^^^^^^^^^^
[INFO] [stdout] 
[INFO] [stdout] 
[INFO] [stdout] error: cannot specialize on trait `std::fmt::Display`
[INFO] [stdout]    --> src/wrap.rs:471:21
[INFO] [stdout]     |
[INFO] [stdout] 471 | impl<T: IntoVal, E: ErrorMarker + StaticMarker> IntoVal for Result<T, E> {
[INFO] [stdout]     |                     ^^^^^^^^^^^
[INFO] [stdout] 
[INFO] [stdout] 
[INFO] [stdout] error: cannot specialize on trait `Debug`
[INFO] [stdout]    --> src/wrap.rs:471:21
[INFO] [stdout]     |
[INFO] [stdout] 471 | impl<T: IntoVal, E: ErrorMarker + StaticMarker> IntoVal for Result<T, E> {
[INFO] [stdout]     |                     ^^^^^^^^^^^
[INFO] [stdout] 
[INFO] [stdout] 
[INFO] [stdout] error[E0477]: the type `&'a ()` does not fulfill the required lifetime
[INFO] [stdout]   |
[INFO] [stdout]   = note: type must satisfy the static lifetime
[INFO] [stdout] 
[INFO] [stdout] 
[INFO] [stdout] error[E0477]: the type `&'a mut ()` does not fulfill the required lifetime
[INFO] [stdout]   |
[INFO] [stdout]   = note: type must satisfy the static lifetime
[INFO] [stdout] 
[INFO] [stdout] 
[INFO] [stdout] error[E0477]: the type `&'a i8` does not fulfill the required lifetime
[INFO] [stdout]   |
[INFO] [stdout]   = note: type must satisfy the static lifetime
[INFO] [stdout] 
[INFO] [stdout] 
[INFO] [stdout] error[E0477]: the type `&'a mut i8` does not fulfill the required lifetime
[INFO] [stdout]   |
[INFO] [stdout]   = note: type must satisfy the static lifetime
[INFO] [stdout] 
[INFO] [stdout] 
[INFO] [stdout] error[E0477]: the type `&'a i16` does not fulfill the required lifetime
[INFO] [stdout]   |
[INFO] [stdout]   = note: type must satisfy the static lifetime
[INFO] [stdout] 
[INFO] [stdout] 
[INFO] [stdout] error[E0477]: the type `&'a mut i16` does not fulfill the required lifetime
[INFO] [stdout]   |
[INFO] [stdout]   = note: type must satisfy the static lifetime
[INFO] [stdout] 
[INFO] [stdout] 
[INFO] [stdout] error[E0477]: the type `&'a i32` does not fulfill the required lifetime
[INFO] [stdout]   |
[INFO] [stdout]   = note: type must satisfy the static lifetime
[INFO] [stdout] 
[INFO] [stdout] 
[INFO] [stdout] error[E0477]: the type `&'a mut i32` does not fulfill the required lifetime
[INFO] [stdout]   |
[INFO] [stdout]   = note: type must satisfy the static lifetime
[INFO] [stdout] 
[INFO] [stdout] 
[INFO] [stdout] error[E0477]: the type `&'a u8` does not fulfill the required lifetime
[INFO] [stdout]   |
[INFO] [stdout]   = note: type must satisfy the static lifetime
[INFO] [stdout] 
[INFO] [stdout] 
[INFO] [stdout] error[E0477]: the type `&'a mut u8` does not fulfill the required lifetime
[INFO] [stdout]   |
[INFO] [stdout]   = note: type must satisfy the static lifetime
[INFO] [stdout] 
[INFO] [stdout] 
[INFO] [stdout] error[E0477]: the type `&'a u16` does not fulfill the required lifetime
[INFO] [stdout]   |
[INFO] [stdout]   = note: type must satisfy the static lifetime
[INFO] [stdout] 
[INFO] [stdout] 
[INFO] [stdout] error[E0477]: the type `&'a mut u16` does not fulfill the required lifetime
[INFO] [stdout]   |
[INFO] [stdout]   = note: type must satisfy the static lifetime
[INFO] [stdout] 
[INFO] [stdout] 
[INFO] [stdout] error[E0477]: the type `&'a f32` does not fulfill the required lifetime
[INFO] [stdout]   |
[INFO] [stdout]   = note: type must satisfy the static lifetime
[INFO] [stdout] 
[INFO] [stdout] 
[INFO] [stdout] error[E0477]: the type `&'a mut f32` does not fulfill the required lifetime
[INFO] [stdout]   |
[INFO] [stdout]   = note: type must satisfy the static lifetime
[INFO] [stdout] 
[INFO] [stdout] 
[INFO] [stdout] error[E0477]: the type `&'a char` does not fulfill the required lifetime
[INFO] [stdout]   |
[INFO] [stdout]   = note: type must satisfy the static lifetime
[INFO] [stdout] 
[INFO] [stdout] 
[INFO] [stdout] error[E0477]: the type `&'a mut char` does not fulfill the required lifetime
[INFO] [stdout]   |
[INFO] [stdout]   = note: type must satisfy the static lifetime
[INFO] [stdout] 
[INFO] [stdout] 
[INFO] [stdout] error[E0477]: the type `&'a bool` does not fulfill the required lifetime
[INFO] [stdout]   |
[INFO] [stdout]   = note: type must satisfy the static lifetime
[INFO] [stdout] 
[INFO] [stdout] 
[INFO] [stdout] error[E0477]: the type `&'a mut bool` does not fulfill the required lifetime
[INFO] [stdout]   |
[INFO] [stdout]   = note: type must satisfy the static lifetime
[INFO] [stdout] 
[INFO] [stdout] 
[INFO] [stdout] error[E0477]: the type `&'a engine::Sym` does not fulfill the required lifetime
[INFO] [stdout]   |
[INFO] [stdout]   = note: type must satisfy the static lifetime
[INFO] [stdout] 
[INFO] [stdout] 
[INFO] [stdout] error[E0477]: the type `&'a mut engine::Sym` does not fulfill the required lifetime
[INFO] [stdout]   |
[INFO] [stdout]   = note: type must satisfy the static lifetime
[INFO] [stdout] 
[INFO] [stdout] 
[INFO] [stdout] error[E0477]: the type `&'a gc::Root<collections::Arr>` does not fulfill the required lifetime
[INFO] [stdout]   |
[INFO] [stdout]   = note: type must satisfy the static lifetime
[INFO] [stdout] 
[INFO] [stdout] 
[INFO] [stdout] error[E0477]: the type `&'a mut gc::Root<collections::Arr>` does not fulfill the required lifetime
[INFO] [stdout]   |
[INFO] [stdout]   = note: type must satisfy the static lifetime
[INFO] [stdout] 
[INFO] [stdout] 
[INFO] [stdout] error[E0477]: the type `&'a gc::Root<collections::Str>` does not fulfill the required lifetime
[INFO] [stdout]   |
[INFO] [stdout]   = note: type must satisfy the static lifetime
[INFO] [stdout] 
[INFO] [stdout] 
[INFO] [stdout] error[E0477]: the type `&'a mut gc::Root<collections::Str>` does not fulfill the required lifetime
[INFO] [stdout]   |
[INFO] [stdout]   = note: type must satisfy the static lifetime
[INFO] [stdout] 
[INFO] [stdout] 
[INFO] [stdout] error[E0477]: the type `&'a gc::Root<collections::Tab>` does not fulfill the required lifetime
[INFO] [stdout]   |
[INFO] [stdout]   = note: type must satisfy the static lifetime
[INFO] [stdout] 
[INFO] [stdout] 
[INFO] [stdout] error[E0477]: the type `&'a mut gc::Root<collections::Tab>` does not fulfill the required lifetime
[INFO] [stdout]   |
[INFO] [stdout]   = note: type must satisfy the static lifetime
[INFO] [stdout] 
[INFO] [stdout] 
[INFO] [stdout] error[E0477]: the type `&'a gc::Root<iter::GIter>` does not fulfill the required lifetime
[INFO] [stdout]   |
[INFO] [stdout]   = note: type must satisfy the static lifetime
[INFO] [stdout] 
[INFO] [stdout] 
[INFO] [stdout] error[E0477]: the type `&'a mut gc::Root<iter::GIter>` does not fulfill the required lifetime
[INFO] [stdout]   |
[INFO] [stdout]   = note: type must satisfy the static lifetime
[INFO] [stdout] 
[INFO] [stdout] 
[INFO] [stdout] error[E0477]: the type `&'a gc::Root<class::Obj>` does not fulfill the required lifetime
[INFO] [stdout]   |
[INFO] [stdout]   = note: type must satisfy the static lifetime
[INFO] [stdout] 
[INFO] [stdout] 
[INFO] [stdout] error[E0477]: the type `&'a mut gc::Root<class::Obj>` does not fulfill the required lifetime
[INFO] [stdout]   |
[INFO] [stdout]   = note: type must satisfy the static lifetime
[INFO] [stdout] 
[INFO] [stdout] 
[INFO] [stdout] error[E0477]: the type `&'a gc::Root<class::Class>` does not fulfill the required lifetime
[INFO] [stdout]   |
[INFO] [stdout]   = note: type must satisfy the static lifetime
[INFO] [stdout] 
[INFO] [stdout] 
[INFO] [stdout] error[E0477]: the type `&'a mut gc::Root<class::Class>` does not fulfill the required lifetime
[INFO] [stdout]   |
[INFO] [stdout]   = note: type must satisfy the static lifetime
[INFO] [stdout] 
[INFO] [stdout] 
[INFO] [stdout] error[E0477]: the type `&'a gc::Root<code::GFn>` does not fulfill the required lifetime
[INFO] [stdout]   |
[INFO] [stdout]   = note: type must satisfy the static lifetime
[INFO] [stdout] 
[INFO] [stdout] 
[INFO] [stdout] error[E0477]: the type `&'a mut gc::Root<code::GFn>` does not fulfill the required lifetime
[INFO] [stdout]   |
[INFO] [stdout]   = note: type must satisfy the static lifetime
[INFO] [stdout] 
[INFO] [stdout] 
[INFO] [stdout] error[E0477]: the type `&'a gc::Root<code::Coro>` does not fulfill the required lifetime
[INFO] [stdout]   |
[INFO] [stdout]   = note: type must satisfy the static lifetime
[INFO] [stdout] 
[INFO] [stdout] 
[INFO] [stdout] error[E0477]: the type `&'a mut gc::Root<code::Coro>` does not fulfill the required lifetime
[INFO] [stdout]   |
[INFO] [stdout]   = note: type must satisfy the static lifetime
[INFO] [stdout] 
[INFO] [stdout] 
[INFO] [stdout] error[E0477]: the type `&'a gc::Root<engine::RData>` does not fulfill the required lifetime
[INFO] [stdout]   |
[INFO] [stdout]   = note: type must satisfy the static lifetime
[INFO] [stdout] 
[INFO] [stdout] 
[INFO] [stdout] error[E0477]: the type `&'a mut gc::Root<engine::RData>` does not fulfill the required lifetime
[INFO] [stdout]   |
[INFO] [stdout]   = note: type must satisfy the static lifetime
[INFO] [stdout] 
[INFO] [stdout] 
[INFO] [stdout] error[E0477]: the type `&'a gc::Root<engine::RFn>` does not fulfill the required lifetime
[INFO] [stdout]   |
[INFO] [stdout]   = note: type must satisfy the static lifetime
[INFO] [stdout] 
[INFO] [stdout] 
[INFO] [stdout] error[E0477]: the type `&'a mut gc::Root<engine::RFn>` does not fulfill the required lifetime
[INFO] [stdout]   |
[INFO] [stdout]   = note: type must satisfy the static lifetime
[INFO] [stdout] 
[INFO] [stdout] 
[INFO] [stdout] error[E0310]: the parameter type `T` may not live long enough
[INFO] [stdout]   |
[INFO] [stdout] help: consider adding an explicit lifetime bound...
[INFO] [stdout]  --> src/wrap.rs:662:7
[INFO] [stdout]   |
[INFO] [stdout] 66| impl<T: 'static> IntoVal for RRoot<T> {
[INFO] [stdout]   |       +++++++++
[INFO] [stdout] 
[INFO] [stdout] 
[INFO] [stdout] error[E0477]: the type `&'a engine::RRoot<T>` does not fulfill the required lifetime
[INFO] [stdout]   |
[INFO] [stdout]   = note: type must satisfy the static lifetime
[INFO] [stdout] 
[INFO] [stdout] 
[INFO] [stdout] error[E0477]: the type `&'a mut engine::RRoot<T>` does not fulfill the required lifetime
[INFO] [stdout]   |
[INFO] [stdout]   = note: type must satisfy the static lifetime
[INFO] [stdout] 
[INFO] [stdout] 
[INFO] [stdout] error[E0477]: the type `&'a Deque` does not fulfill the required lifetime
[INFO] [stdout]   |
[INFO] [stdout]   = note: type must satisfy the static lifetime
[INFO] [stdout] 
[INFO] [stdout] 
[INFO] [stdout] error[E0477]: the type `&'a mut Deque` does not fulfill the required lifetime
[INFO] [stdout]   |
[INFO] [stdout]   = note: type must satisfy the static lifetime
[INFO] [stdout] 
[INFO] [stdout] 
[INFO] [stdout] error[E0477]: the type `&'a wrap::Callable` does not fulfill the required lifetime
[INFO] [stdout]   |
[INFO] [stdout]   = note: type must satisfy the static lifetime
[INFO] [stdout] 
[INFO] [stdout] 
[INFO] [stdout] error[E0477]: the type `&'a mut wrap::Callable` does not fulfill the required lifetime
[INFO] [stdout]   |
[INFO] [stdout]   = note: type must satisfy the static lifetime
[INFO] [stdout] 
[INFO] [stdout] 
[INFO] [stdout] error[E0477]: the type `&'a eval::Expander` does not fulfill the required lifetime
[INFO] [stdout]   |
[INFO] [stdout]   = note: type must satisfy the static lifetime
[INFO] [stdout] 
[INFO] [stdout] 
[INFO] [stdout] error[E0477]: the type `&'a mut eval::Expander` does not fulfill the required lifetime
[INFO] [stdout]   |
[INFO] [stdout]   = note: type must satisfy the static lifetime
[INFO] [stdout] 
[INFO] [stdout] 
[INFO] [stdout] error[E0477]: the type `&'a iter::Iterable` does not fulfill the required lifetime
[INFO] [stdout]   |
[INFO] [stdout]   = note: type must satisfy the static lifetime
[INFO] [stdout] 
[INFO] [stdout] 
[INFO] [stdout] error[E0477]: the type `&'a mut iter::Iterable` does not fulfill the required lifetime
[INFO] [stdout]   |
[INFO] [stdout]   = note: type must satisfy the static lifetime
[INFO] [stdout] 
[INFO] [stdout] 
[INFO] [stdout] error[E0477]: the type `&'a GIterLen` does not fulfill the required lifetime
[INFO] [stdout]   |
[INFO] [stdout]   = note: type must satisfy the static lifetime
[INFO] [stdout] 
[INFO] [stdout] 
[INFO] [stdout] error[E0477]: the type `&'a mut GIterLen` does not fulfill the required lifetime
[INFO] [stdout]   |
[INFO] [stdout]   = note: type must satisfy the static lifetime
[INFO] [stdout] 
[INFO] [stdout] 
[INFO] [stdout] error[E0477]: the type `&'a std::cmp::Ordering` does not fulfill the required lifetime
[INFO] [stdout]   |
[INFO] [stdout]   = note: type must satisfy the static lifetime
[INFO] [stdout] 
[INFO] [stdout] 
[INFO] [stdout] error[E0477]: the type `&'a mut std::cmp::Ordering` does not fulfill the required lifetime
[INFO] [stdout]   |
[INFO] [stdout]   = note: type must satisfy the static lifetime
[INFO] [stdout] 
[INFO] [stdout] 
[INFO] [stdout] error[E0310]: the parameter type `T` may not live long enough
[INFO] [stdout]   |
[INFO] [stdout] help: consider adding an explicit lifetime bound...
[INFO] [stdout]  --> src/wrap.rs:926:16
[INFO] [stdout]   |
[INFO] [stdout] 92| impl<T: IntoVal + 'static> IntoVal for Vec<T> {
[INFO] [stdout]   |                 +++++++++
[INFO] [stdout] 
[INFO] [stdout] 
[INFO] [stdout] error[E0477]: the type `&'a Vec<T>` does not fulfill the required lifetime
[INFO] [stdout]   |
[INFO] [stdout]   = note: type must satisfy the static lifetime
[INFO] [stdout] 
[INFO] [stdout] 
[INFO] [stdout] error[E0477]: the type `&'a mut Vec<T>` does not fulfill the required lifetime
[INFO] [stdout]   |
[INFO] [stdout]   = note: type must satisfy the static lifetime
[INFO] [stdout] 
[INFO] [stdout] 
[INFO] [stdout] error[E0310]: the parameter type `T` may not live long enough
[INFO] [stdout]   |
[INFO] [stdout] help: consider adding an explicit lifetime bound...
[INFO] [stdout]  --> src/wrap.rs:947:16
[INFO] [stdout]   |
[INFO] [stdout] 94| impl<T: IntoVal + 'static> IntoVal for VecDeque<T> {
[INFO] [stdout]   |                 +++++++++
[INFO] [stdout] 
[INFO] [stdout] 
[INFO] [stdout] error[E0477]: the type `&'a VecDeque<T>` does not fulfill the required lifetime
[INFO] [stdout]   |
[INFO] [stdout]   = note: type must satisfy the static lifetime
[INFO] [stdout] 
[INFO] [stdout] 
[INFO] [stdout] error[E0477]: the type `&'a mut VecDeque<T>` does not fulfill the required lifetime
[INFO] [stdout]   |
[INFO] [stdout]   = note: type must satisfy the static lifetime
[INFO] [stdout] 
[INFO] [stdout] 
[INFO] [stdout] error[E0310]: the parameter type `A` may not live long enough
[INFO] [stdout]   |
[INFO] [stdout] help: consider adding an explicit lifetime bound...
[INFO] [stdout]  --> src/wrap.rs:968:24
[INFO] [stdout]   |
[INFO] [stdout] 96| impl<A: smallvec::Array + 'static> IntoVal for SmallVec<A> where A::Item: IntoVal {
[INFO] [stdout]   |                         +++++++++
[INFO] [stdout] 
[INFO] [stdout] 
[INFO] [stdout] error[E0477]: the type `&'a smallvec::SmallVec<A>` does not fulfill the required lifetime
[INFO] [stdout]   |
[INFO] [stdout]   = note: type must satisfy the static lifetime
[INFO] [stdout] 
[INFO] [stdout] 
[INFO] [stdout] error[E0477]: the type `&'a mut smallvec::SmallVec<A>` does not fulfill the required lifetime
[INFO] [stdout]   |
[INFO] [stdout]   = note: type must satisfy the static lifetime
[INFO] [stdout] 
[INFO] [stdout] 
[INFO] [stdout] error[E0477]: the type `&'a [T]` does not fulfill the required lifetime
[INFO] [stdout]   |
[INFO] [stdout]   = note: type must satisfy the static lifetime
[INFO] [stdout] 
[INFO] [stdout] 
[INFO] [stdout] error[E0477]: the type `&'a mut [T]` does not fulfill the required lifetime
[INFO] [stdout]   |
[INFO] [stdout]   = note: type must satisfy the static lifetime
[INFO] [stdout] 
[INFO] [stdout] 
[INFO] [stdout] error[E0310]: the parameter type `T` may not live long enough
[INFO] [stdout]   |
[INFO] [stdout] help: consider adding an explicit lifetime bound...
[INFO] [stdout]  --> src/wrap.rs:1003:7
[INFO] [stdout]   |
[INFO] [stdout] 10| impl<T: 'static, const N: usize> IntoVal for [T; N] where for<'a> &'a T: IntoVal {
[INFO] [stdout]   |       +++++++++
[INFO] [stdout] 
[INFO] [stdout] 
[INFO] [stdout] error[E0477]: the type `&'a [T; N]` does not fulfill the required lifetime
[INFO] [stdout]   |
[INFO] [stdout]   = note: type must satisfy the static lifetime
[INFO] [stdout] 
[INFO] [stdout] 
[INFO] [stdout] error[E0477]: the type `&'a mut [T; N]` does not fulfill the required lifetime
[INFO] [stdout]   |
[INFO] [stdout]   = note: type must satisfy the static lifetime
[INFO] [stdout] 
[INFO] [stdout] 
[INFO] [stdout] error[E0310]: the parameter type `A` may not live long enough
[INFO] [stdout]   |
[INFO] [stdout] help: consider adding an explicit lifetime bound...
[INFO] [stdout]  --> src/wrap.rs:1076:27
[INFO] [stdout]   |
[INFO] [stdout] 10| impl_into_val_tuple!( 1: A: 'static 0);
[INFO] [stdout]   |                           +++++++++
[INFO] [stdout] 
[INFO] [stdout] 
[INFO] [stdout] error[E0477]: the type `&'a (A,)` does not fulfill the required lifetime
[INFO] [stdout]   |
[INFO] [stdout]   = note: type must satisfy the static lifetime
[INFO] [stdout] 
[INFO] [stdout] 
[INFO] [stdout] error[E0477]: the type `&'a mut (A,)` does not fulfill the required lifetime
[INFO] [stdout]   |
[INFO] [stdout]   = note: type must satisfy the static lifetime
[INFO] [stdout] 
[INFO] [stdout] 
[INFO] [stdout] error[E0310]: the parameter type `B` may not live long enough
[INFO] [stdout]   |
[INFO] [stdout] help: consider adding an explicit lifetime bound...
[INFO] [stdout]  --> src/wrap.rs:1077:32
[INFO] [stdout]   |
[INFO] [stdout] 10| impl_into_val_tuple!( 2: A 0, B: 'static 1);
[INFO] [stdout]   |                                +++++++++
[INFO] [stdout] 
[INFO] [stdout] 
[INFO] [stdout] error[E0310]: the parameter type `A` may not live long enough
[INFO] [stdout]   |
[INFO] [stdout] help: consider adding an explicit lifetime bound...
[INFO] [stdout]  --> src/wrap.rs:1077:27
[INFO] [stdout]   |
[INFO] [stdout] 10| impl_into_val_tuple!( 2: A: 'static 0, B 1);
[INFO] [stdout]   |                           +++++++++
[INFO] [stdout] 
[INFO] [stdout] 
[INFO] [stdout] error[E0477]: the type `&'a (A, B)` does not fulfill the required lifetime
[INFO] [stdout]   |
[INFO] [stdout]   = note: type must satisfy the static lifetime
[INFO] [stdout] 
[INFO] [stdout] 
[INFO] [stdout] error[E0477]: the type `&'a mut (A, B)` does not fulfill the required lifetime
[INFO] [stdout]   |
[INFO] [stdout]   = note: type must satisfy the static lifetime
[INFO] [stdout] 
[INFO] [stdout] 
[INFO] [stdout] error[E0310]: the parameter type `C` may not live long enough
[INFO] [stdout]   |
[INFO] [stdout] help: consider adding an explicit lifetime bound...
[INFO] [stdout]  --> src/wrap.rs:1078:37
[INFO] [stdout]   |
[INFO] [stdout] 10| impl_into_val_tuple!( 3: A 0, B 1, C: 'static 2);
[INFO] [stdout]   |                                     +++++++++
[INFO] [stdout] 
[INFO] [stdout] 
[INFO] [stdout] error[E0310]: the parameter type `B` may not live long enough
[INFO] [stdout]   |
[INFO] [stdout] help: consider adding an explicit lifetime bound...
[INFO] [stdout]  --> src/wrap.rs:1078:32
[INFO] [stdout]   |
[INFO] [stdout] 10| impl_into_val_tuple!( 3: A 0, B: 'static 1, C 2);
[INFO] [stdout]   |                                +++++++++
[INFO] [stdout] 
[INFO] [stdout] 
[INFO] [stdout] error[E0310]: the parameter type `A` may not live long enough
[INFO] [stdout]   |
[INFO] [stdout] help: consider adding an explicit lifetime bound...
[INFO] [stdout]  --> src/wrap.rs:1078:27
[INFO] [stdout]   |
[INFO] [stdout] 10| impl_into_val_tuple!( 3: A: 'static 0, B 1, C 2);
[INFO] [stdout]   |                           +++++++++
[INFO] [stdout] 
[INFO] [stdout] 
[INFO] [stdout] error[E0477]: the type `&'a (A, B, C)` does not fulfill the required lifetime
[INFO] [stdout]   |
[INFO] [stdout]   = note: type must satisfy the static lifetime
[INFO] [stdout] 
[INFO] [stdout] 
[INFO] [stdout] error[E0477]: the type `&'a mut (A, B, C)` does not fulfill the required lifetime
[INFO] [stdout]   |
[INFO] [stdout]   = note: type must satisfy the static lifetime
[INFO] [stdout] 
[INFO] [stdout] 
[INFO] [stdout] error[E0310]: the parameter type `D` may not live long enough
[INFO] [stdout]   |
[INFO] [stdout] help: consider adding an explicit lifetime bound...
[INFO] [stdout]  --> src/wrap.rs:1079:42
[INFO] [stdout]   |
[INFO] [stdout] 10| impl_into_val_tuple!( 4: A 0, B 1, C 2, D: 'static 3);
[INFO] [stdout]   |                                          +++++++++
[INFO] [stdout] 
[INFO] [stdout] 
[INFO] [stdout] error[E0310]: the parameter type `C` may not live long enough
[INFO] [stdout]   |
[INFO] [stdout] help: consider adding an explicit lifetime bound...
[INFO] [stdout]  --> src/wrap.rs:1079:37
[INFO] [stdout]   |
[INFO] [stdout] 10| impl_into_val_tuple!( 4: A 0, B 1, C: 'static 2, D 3);
[INFO] [stdout]   |                                     +++++++++
[INFO] [stdout] 
[INFO] [stdout] 
[INFO] [stdout] error[E0310]: the parameter type `B` may not live long enough
[INFO] [stdout]   |
[INFO] [stdout] help: consider adding an explicit lifetime bound...
[INFO] [stdout]  --> src/wrap.rs:1079:32
[INFO] [stdout]   |
[INFO] [stdout] 10| impl_into_val_tuple!( 4: A 0, B: 'static 1, C 2, D 3);
[INFO] [stdout]   |                                +++++++++
[INFO] [stdout] 
[INFO] [stdout] 
[INFO] [stdout] error[E0310]: the parameter type `A` may not live long enough
[INFO] [stdout]   |
[INFO] [stdout] help: consider adding an explicit lifetime bound...
[INFO] [stdout]  --> src/wrap.rs:1079:27
[INFO] [stdout]   |
[INFO] [stdout] 10| impl_into_val_tuple!( 4: A: 'static 0, B 1, C 2, D 3);
[INFO] [stdout]   |                           +++++++++
[INFO] [stdout] 
[INFO] [stdout] 
[INFO] [stdout] error[E0477]: the type `&'a (A, B, C, D)` does not fulfill the required lifetime
[INFO] [stdout]   |
[INFO] [stdout]   = note: type must satisfy the static lifetime
[INFO] [stdout] 
[INFO] [stdout] 
[INFO] [stdout] error[E0477]: the type `&'a mut (A, B, C, D)` does not fulfill the required lifetime
[INFO] [stdout]   |
[INFO] [stdout]   = note: type must satisfy the static lifetime
[INFO] [stdout] 
[INFO] [stdout] 
[INFO] [stdout] error[E0310]: the parameter type `E` may not live long enough
[INFO] [stdout]   |
[INFO] [stdout] help: consider adding an explicit lifetime bound...
[INFO] [stdout]  --> src/wrap.rs:1080:47
[INFO] [stdout]   |
[INFO] [stdout] 10| impl_into_val_tuple!( 5: A 0, B 1, C 2, D 3, E: 'static 4);
[INFO] [stdout]   |                                               +++++++++
[INFO] [stdout] 
[INFO] [stdout] 
[INFO] [stdout] error[E0310]: the parameter type `D` may not live long enough
[INFO] [stdout]   |
[INFO] [stdout] help: consider adding an explicit lifetime bound...
[INFO] [stdout]  --> src/wrap.rs:1080:42
[INFO] [stdout]   |
[INFO] [stdout] 10| impl_into_val_tuple!( 5: A 0, B 1, C 2, D: 'static 3, E 4);
[INFO] [stdout]   |                                          +++++++++
[INFO] [stdout] 
[INFO] [stdout] 
[INFO] [stdout] error[E0310]: the parameter type `C` may not live long enough
[INFO] [stdout]   |
[INFO] [stdout] help: consider adding an explicit lifetime bound...
[INFO] [stdout]  --> src/wrap.rs:1080:37
[INFO] [stdout]   |
[INFO] [stdout] 10| impl_into_val_tuple!( 5: A 0, B 1, C: 'static 2, D 3, E 4);
[INFO] [stdout]   |                                     +++++++++
[INFO] [stdout] 
[INFO] [stdout] 
[INFO] [stdout] error[E0310]: the parameter type `B` may not live long enough
[INFO] [stdout]   |
[INFO] [stdout] help: consider adding an explicit lifetime bound...
[INFO] [stdout]  --> src/wrap.rs:1080:32
[INFO] [stdout]   |
[INFO] [stdout] 10| impl_into_val_tuple!( 5: A 0, B: 'static 1, C 2, D 3, E 4);
[INFO] [stdout]   |                                +++++++++
[INFO] [stdout] 
[INFO] [stdout] 
[INFO] [stdout] error[E0310]: the parameter type `A` may not live long enough
[INFO] [stdout]   |
[INFO] [stdout] help: consider adding an explicit lifetime bound...
[INFO] [stdout]  --> src/wrap.rs:1080:27
[INFO] [stdout]   |
[INFO] [stdout] 10| impl_into_val_tuple!( 5: A: 'static 0, B 1, C 2, D 3, E 4);
[INFO] [stdout]   |                           +++++++++
[INFO] [stdout] 
[INFO] [stdout] 
[INFO] [stdout] error[E0477]: the type `&'a (A, B, C, D, E)` does not fulfill the required lifetime
[INFO] [stdout]   |
[INFO] [stdout]   = note: type must satisfy the static lifetime
[INFO] [stdout] 
[INFO] [stdout] 
[INFO] [stdout] error[E0477]: the type `&'a mut (A, B, C, D, E)` does not fulfill the required lifetime
[INFO] [stdout]   |
[INFO] [stdout]   = note: type must satisfy the static lifetime
[INFO] [stdout] 
[INFO] [stdout] 
[INFO] [stdout] error[E0310]: the parameter type `F` may not live long enough
[INFO] [stdout]   |
[INFO] [stdout] help: consider adding an explicit lifetime bound...
[INFO] [stdout]  --> src/wrap.rs:1081:52
[INFO] [stdout]   |
[INFO] [stdout] 10| impl_into_val_tuple!( 6: A 0, B 1, C 2, D 3, E 4, F: 'static 5);
[INFO] [stdout]   |                                                    +++++++++
[INFO] [stdout] 
[INFO] [stdout] 
[INFO] [stdout] error[E0310]: the parameter type `E` may not live long enough
[INFO] [stdout]   |
[INFO] [stdout] help: consider adding an explicit lifetime bound...
[INFO] [stdout]  --> src/wrap.rs:1081:47
[INFO] [stdout]   |
[INFO] [stdout] 10| impl_into_val_tuple!( 6: A 0, B 1, C 2, D 3, E: 'static 4, F 5);
[INFO] [stdout]   |                                               +++++++++
[INFO] [stdout] 
[INFO] [stdout] 
[INFO] [stdout] error[E0310]: the parameter type `D` may not live long enough
[INFO] [stdout]   |
[INFO] [stdout] help: consider adding an explicit lifetime bound...
[INFO] [stdout]  --> src/wrap.rs:1081:42
[INFO] [stdout]   |
[INFO] [stdout] 10| impl_into_val_tuple!( 6: A 0, B 1, C 2, D: 'static 3, E 4, F 5);
[INFO] [stdout]   |                                          +++++++++
[INFO] [stdout] 
[INFO] [stdout] 
[INFO] [stdout] error[E0310]: the parameter type `C` may not live long enough
[INFO] [stdout]   |
[INFO] [stdout] help: consider adding an explicit lifetime bound...
[INFO] [stdout]  --> src/wrap.rs:1081:37
[INFO] [stdout]   |
[INFO] [stdout] 10| impl_into_val_tuple!( 6: A 0, B 1, C: 'static 2, D 3, E 4, F 5);
[INFO] [stdout]   |                                     +++++++++
[INFO] [stdout] 
[INFO] [stdout] 
[INFO] [stdout] error[E0310]: the parameter type `B` may not live long enough
[INFO] [stdout]   |
[INFO] [stdout] help: consider adding an explicit lifetime bound...
[INFO] [stdout]  --> src/wrap.rs:1081:32
[INFO] [stdout]   |
[INFO] [stdout] 10| impl_into_val_tuple!( 6: A 0, B: 'static 1, C 2, D 3, E 4, F 5);
[INFO] [stdout]   |                                +++++++++
[INFO] [stdout] 
[INFO] [stdout] 
[INFO] [stdout] error[E0310]: the parameter type `A` may not live long enough
[INFO] [stdout]   |
[INFO] [stdout] help: consider adding an explicit lifetime bound...
[INFO] [stdout]  --> src/wrap.rs:1081:27
[INFO] [stdout]   |
[INFO] [stdout] 10| impl_into_val_tuple!( 6: A: 'static 0, B 1, C 2, D 3, E 4, F 5);
[INFO] [stdout]   |                           +++++++++
[INFO] [stdout] 
[INFO] [stdout] 
[INFO] [stdout] error[E0477]: the type `&'a (A, B, C, D, E, F)` does not fulfill the required lifetime
[INFO] [stdout]   |
[INFO] [stdout]   = note: type must satisfy the static lifetime
[INFO] [stdout] 
[INFO] [stdout] 
[INFO] [stdout] error[E0477]: the type `&'a mut (A, B, C, D, E, F)` does not fulfill the required lifetime
[INFO] [stdout]   |
[INFO] [stdout]   = note: type must satisfy the static lifetime
[INFO] [stdout] 
[INFO] [stdout] 
[INFO] [stdout] error[E0310]: the parameter type `G` may not live long enough
[INFO] [stdout]   |
[INFO] [stdout] help: consider adding an explicit lifetime bound...
[INFO] [stdout]  --> src/wrap.rs:1082:57
[INFO] [stdout]   |
[INFO] [stdout] 10| impl_into_val_tuple!( 7: A 0, B 1, C 2, D 3, E 4, F 5, G: 'static 6);
[INFO] [stdout]   |                                                         +++++++++
[INFO] [stdout] 
[INFO] [stdout] 
[INFO] [stdout] error[E0310]: the parameter type `F` may not live long enough
[INFO] [stdout]   |
[INFO] [stdout] help: consider adding an explicit lifetime bound...
[INFO] [stdout]  --> src/wrap.rs:1082:52
[INFO] [stdout]   |
[INFO] [stdout] 10| impl_into_val_tuple!( 7: A 0, B 1, C 2, D 3, E 4, F: 'static 5, G 6);
[INFO] [stdout]   |                                                    +++++++++
[INFO] [stdout] 
[INFO] [stdout] 
[INFO] [stdout] error[E0310]: the parameter type `E` may not live long enough
[INFO] [stdout]   |
[INFO] [stdout] help: consider adding an explicit lifetime bound...
[INFO] [stdout]  --> src/wrap.rs:1082:47
[INFO] [stdout]   |
[INFO] [stdout] 10| impl_into_val_tuple!( 7: A 0, B 1, C 2, D 3, E: 'static 4, F 5, G 6);
[INFO] [stdout]   |                                               +++++++++
[INFO] [stdout] 
[INFO] [stdout] 
[INFO] [stdout] error[E0310]: the parameter type `D` may not live long enough
[INFO] [stdout]   |
[INFO] [stdout] help: consider adding an explicit lifetime bound...
[INFO] [stdout]  --> src/wrap.rs:1082:42
[INFO] [stdout]   |
[INFO] [stdout] 10| impl_into_val_tuple!( 7: A 0, B 1, C 2, D: 'static 3, E 4, F 5, G 6);
[INFO] [stdout]   |                                          +++++++++
[INFO] [stdout] 
[INFO] [stdout] 
[INFO] [stdout] error[E0310]: the parameter type `C` may not live long enough
[INFO] [stdout]   |
[INFO] [stdout] help: consider adding an explicit lifetime bound...
[INFO] [stdout]  --> src/wrap.rs:1082:37
[INFO] [stdout]   |
[INFO] [stdout] 10| impl_into_val_tuple!( 7: A 0, B 1, C: 'static 2, D 3, E 4, F 5, G 6);
[INFO] [stdout]   |                                     +++++++++
[INFO] [stdout] 
[INFO] [stdout] 
[INFO] [stdout] error[E0310]: the parameter type `B` may not live long enough
[INFO] [stdout]   |
[INFO] [stdout] help: consider adding an explicit lifetime bound...
[INFO] [stdout]  --> src/wrap.rs:1082:32
[INFO] [stdout]   |
[INFO] [stdout] 10| impl_into_val_tuple!( 7: A 0, B: 'static 1, C 2, D 3, E 4, F 5, G 6);
[INFO] [stdout]   |                                +++++++++
[INFO] [stdout] 
[INFO] [stdout] 
[INFO] [stdout] error[E0310]: the parameter type `A` may not live long enough
[INFO] [stdout]   |
[INFO] [stdout] help: consider adding an explicit lifetime bound...
[INFO] [stdout]  --> src/wrap.rs:1082:27
[INFO] [stdout]   |
[INFO] [stdout] 10| impl_into_val_tuple!( 7: A: 'static 0, B 1, C 2, D 3, E 4, F 5, G 6);
[INFO] [stdout]   |                           +++++++++
[INFO] [stdout] 
[INFO] [stdout] 
[INFO] [stdout] error[E0477]: the type `&'a (A, B, C, D, E, F, G)` does not fulfill the required lifetime
[INFO] [stdout]   |
[INFO] [stdout]   = note: type must satisfy the static lifetime
[INFO] [stdout] 
[INFO] [stdout] 
[INFO] [stdout] error[E0477]: the type `&'a mut (A, B, C, D, E, F, G)` does not fulfill the required lifetime
[INFO] [stdout]   |
[INFO] [stdout]   = note: type must satisfy the static lifetime
[INFO] [stdout] 
[INFO] [stdout] 
[INFO] [stdout] error[E0310]: the parameter type `H` may not live long enough
[INFO] [stdout]   |
[INFO] [stdout] help: consider adding an explicit lifetime bound...
[INFO] [stdout]  --> src/wrap.rs:1083:62
[INFO] [stdout]   |
[INFO] [stdout] 10| impl_into_val_tuple!( 8: A 0, B 1, C 2, D 3, E 4, F 5, G 6, H: 'static 7);
[INFO] [stdout]   |                                                              +++++++++
[INFO] [stdout] 
[INFO] [stdout] 
[INFO] [stdout] error[E0310]: the parameter type `G` may not live long enough
[INFO] [stdout]   |
[INFO] [stdout] help: consider adding an explicit lifetime bound...
[INFO] [stdout]  --> src/wrap.rs:1083:57
[INFO] [stdout]   |
[INFO] [stdout] 10| impl_into_val_tuple!( 8: A 0, B 1, C 2, D 3, E 4, F 5, G: 'static 6, H 7);
[INFO] [stdout]   |                                                         +++++++++
[INFO] [stdout] 
[INFO] [stdout] 
[INFO] [stdout] error[E0310]: the parameter type `F` may not live long enough
[INFO] [stdout]   |
[INFO] [stdout] help: consider adding an explicit lifetime bound...
[INFO] [stdout]  --> src/wrap.rs:1083:52
[INFO] [stdout]   |
[INFO] [stdout] 10| impl_into_val_tuple!( 8: A 0, B 1, C 2, D 3, E 4, F: 'static 5, G 6, H 7);
[INFO] [stdout]   |                                                    +++++++++
[INFO] [stdout] 
[INFO] [stdout] 
[INFO] [stdout] error[E0310]: the parameter type `E` may not live long enough
[INFO] [stdout]   |
[INFO] [stdout] help: consider adding an explicit lifetime bound...
[INFO] [stdout]  --> src/wrap.rs:1083:47
[INFO] [stdout]   |
[INFO] [stdout] 10| impl_into_val_tuple!( 8: A 0, B 1, C 2, D 3, E: 'static 4, F 5, G 6, H 7);
[INFO] [stdout]   |                                               +++++++++
[INFO] [stdout] 
[INFO] [stdout] 
[INFO] [stdout] error[E0310]: the parameter type `D` may not live long enough
[INFO] [stdout]   |
[INFO] [stdout] help: consider adding an explicit lifetime bound...
[INFO] [stdout]  --> src/wrap.rs:1083:42
[INFO] [stdout]   |
[INFO] [stdout] 10| impl_into_val_tuple!( 8: A 0, B 1, C 2, D: 'static 3, E 4, F 5, G 6, H 7);
[INFO] [stdout]   |                                          +++++++++
[INFO] [stdout] 
[INFO] [stdout] 
[INFO] [stdout] error[E0310]: the parameter type `C` may not live long enough
[INFO] [stdout]   |
[INFO] [stdout] help: consider adding an explicit lifetime bound...
[INFO] [stdout]  --> src/wrap.rs:1083:37
[INFO] [stdout]   |
[INFO] [stdout] 10| impl_into_val_tuple!( 8: A 0, B 1, C: 'static 2, D 3, E 4, F 5, G 6, H 7);
[INFO] [stdout]   |                                     +++++++++
[INFO] [stdout] 
[INFO] [stdout] 
[INFO] [stdout] error[E0310]: the parameter type `B` may not live long enough
[INFO] [stdout]   |
[INFO] [stdout] help: consider adding an explicit lifetime bound...
[INFO] [stdout]  --> src/wrap.rs:1083:32
[INFO] [stdout]   |
[INFO] [stdout] 10| impl_into_val_tuple!( 8: A 0, B: 'static 1, C 2, D 3, E 4, F 5, G 6, H 7);
[INFO] [stdout]   |                                +++++++++
[INFO] [stdout] 
[INFO] [stdout] 
[INFO] [stdout] error[E0310]: the parameter type `A` may not live long enough
[INFO] [stdout]   |
[INFO] [stdout] help: consider adding an explicit lifetime bound...
[INFO] [stdout]  --> src/wrap.rs:1083:27
[INFO] [stdout]   |
[INFO] [stdout] 10| impl_into_val_tuple!( 8: A: 'static 0, B 1, C 2, D 3, E 4, F 5, G 6, H 7);
[INFO] [stdout]   |                           +++++++++
[INFO] [stdout] 
[INFO] [stdout] 
[INFO] [stdout] error[E0477]: the type `&'a (A, B, C, D, E, F, G, H)` does not fulfill the required lifetime
[INFO] [stdout]   |
[INFO] [stdout]   = note: type must satisfy the static lifetime
[INFO] [stdout] 
[INFO] [stdout] 
[INFO] [stdout] error[E0477]: the type `&'a mut (A, B, C, D, E, F, G, H)` does not fulfill the required lifetime
[INFO] [stdout]   |
[INFO] [stdout]   = note: type must satisfy the static lifetime
[INFO] [stdout] 
[INFO] [stdout] 
[INFO] [stdout] error[E0310]: the parameter type `I` may not live long enough
[INFO] [stdout]   |
[INFO] [stdout] help: consider adding an explicit lifetime bound...
[INFO] [stdout]  --> src/wrap.rs:1084:67
[INFO] [stdout]   |
[INFO] [stdout] 10| impl_into_val_tuple!( 9: A 0, B 1, C 2, D 3, E 4, F 5, G 6, H 7, I: 'static 8);
[INFO] [stdout]   |                                                                   +++++++++
[INFO] [stdout] 
[INFO] [stdout] 
[INFO] [stdout] error[E0310]: the parameter type `H` may not live long enough
[INFO] [stdout]   |
[INFO] [stdout] help: consider adding an explicit lifetime bound...
[INFO] [stdout]  --> src/wrap.rs:1084:62
[INFO] [stdout]   |
[INFO] [stdout] 10| impl_into_val_tuple!( 9: A 0, B 1, C 2, D 3, E 4, F 5, G 6, H: 'static 7, I 8);
[INFO] [stdout]   |                                                              +++++++++
[INFO] [stdout] 
[INFO] [stdout] 
[INFO] [stdout] error[E0310]: the parameter type `G` may not live long enough
[INFO] [stdout]   |
[INFO] [stdout] help: consider adding an explicit lifetime bound...
[INFO] [stdout]  --> src/wrap.rs:1084:57
[INFO] [stdout]   |
[INFO] [stdout] 10| impl_into_val_tuple!( 9: A 0, B 1, C 2, D 3, E 4, F 5, G: 'static 6, H 7, I 8);
[INFO] [stdout]   |                                                         +++++++++
[INFO] [stdout] 
[INFO] [stdout] 
[INFO] [stdout] error[E0310]: the parameter type `F` may not live long enough
[INFO] [stdout]   |
[INFO] [stdout] help: consider adding an explicit lifetime bound...
[INFO] [stdout]  --> src/wrap.rs:1084:52
[INFO] [stdout]   |
[INFO] [stdout] 10| impl_into_val_tuple!( 9: A 0, B 1, C 2, D 3, E 4, F: 'static 5, G 6, H 7, I 8);
[INFO] [stdout]   |                                                    +++++++++
[INFO] [stdout] 
[INFO] [stdout] 
[INFO] [stdout] error[E0310]: the parameter type `E` may not live long enough
[INFO] [stdout]   |
[INFO] [stdout] help: consider adding an explicit lifetime bound...
[INFO] [stdout]  --> src/wrap.rs:1084:47
[INFO] [stdout]   |
[INFO] [stdout] 10| impl_into_val_tuple!( 9: A 0, B 1, C 2, D 3, E: 'static 4, F 5, G 6, H 7, I 8);
[INFO] [stdout]   |                                               +++++++++
[INFO] [stdout] 
[INFO] [stdout] 
[INFO] [stdout] error[E0310]: the parameter type `D` may not live long enough
[INFO] [stdout]   |
[INFO] [stdout] help: consider adding an explicit lifetime bound...
[INFO] [stdout]  --> src/wrap.rs:1084:42
[INFO] [stdout]   |
[INFO] [stdout] 10| impl_into_val_tuple!( 9: A 0, B 1, C 2, D: 'static 3, E 4, F 5, G 6, H 7, I 8);
[INFO] [stdout]   |                                          +++++++++
[INFO] [stdout] 
[INFO] [stdout] 
[INFO] [stdout] error[E0310]: the parameter type `C` may not live long enough
[INFO] [stdout]   |
[INFO] [stdout] help: consider adding an explicit lifetime bound...
[INFO] [stdout]  --> src/wrap.rs:1084:37
[INFO] [stdout]   |
[INFO] [stdout] 10| impl_into_val_tuple!( 9: A 0, B 1, C: 'static 2, D 3, E 4, F 5, G 6, H 7, I 8);
[INFO] [stdout]   |                                     +++++++++
[INFO] [stdout] 
[INFO] [stdout] 
[INFO] [stdout] error[E0310]: the parameter type `B` may not live long enough
[INFO] [stdout]   |
[INFO] [stdout] help: consider adding an explicit lifetime bound...
[INFO] [stdout]  --> src/wrap.rs:1084:32
[INFO] [stdout]   |
[INFO] [stdout] 10| impl_into_val_tuple!( 9: A 0, B: 'static 1, C 2, D 3, E 4, F 5, G 6, H 7, I 8);
[INFO] [stdout]   |                                +++++++++
[INFO] [stdout] 
[INFO] [stdout] 
[INFO] [stdout] error[E0310]: the parameter type `A` may not live long enough
[INFO] [stdout]   |
[INFO] [stdout] help: consider adding an explicit lifetime bound...
[INFO] [stdout]  --> src/wrap.rs:1084:27
[INFO] [stdout]   |
[INFO] [stdout] 10| impl_into_val_tuple!( 9: A: 'static 0, B 1, C 2, D 3, E 4, F 5, G 6, H 7, I 8);
[INFO] [stdout]   |                           +++++++++
[INFO] [stdout] 
[INFO] [stdout] 
[INFO] [stdout] error[E0477]: the type `&'a (A, B, C, D, E, F, G, H, I)` does not fulfill the required lifetime
[INFO] [stdout]   |
[INFO] [stdout]   = note: type must satisfy the static lifetime
[INFO] [stdout] 
[INFO] [stdout] 
[INFO] [stdout] error[E0477]: the type `&'a mut (A, B, C, D, E, F, G, H, I)` does not fulfill the required lifetime
[INFO] [stdout]   |
[INFO] [stdout]   = note: type must satisfy the static lifetime
[INFO] [stdout] 
[INFO] [stdout] 
[INFO] [stdout] error[E0310]: the parameter type `J` may not live long enough
[INFO] [stdout]   |
[INFO] [stdout] help: consider adding an explicit lifetime bound...
[INFO] [stdout]  --> src/wrap.rs:1085:72
[INFO] [stdout]   |
[INFO] [stdout] 10| impl_into_val_tuple!(10: A 0, B 1, C 2, D 3, E 4, F 5, G 6, H 7, I 8, J: 'static 9);
[INFO] [stdout]   |                                                                        +++++++++
[INFO] [stdout] 
[INFO] [stdout] 
[INFO] [stdout] error[E0310]: the parameter type `I` may not live long enough
[INFO] [stdout]   |
[INFO] [stdout] help: consider adding an explicit lifetime bound...
[INFO] [stdout]  --> src/wrap.rs:1085:67
[INFO] [stdout]   |
[INFO] [stdout] 10| impl_into_val_tuple!(10: A 0, B 1, C 2, D 3, E 4, F 5, G 6, H 7, I: 'static 8, J 9);
[INFO] [stdout]   |                                                                   +++++++++
[INFO] [stdout] 
[INFO] [stdout] 
[INFO] [stdout] error[E0310]: the parameter type `H` may not live long enough
[INFO] [stdout]   |
[INFO] [stdout] help: consider adding an explicit lifetime bound...
[INFO] [stdout]  --> src/wrap.rs:1085:62
[INFO] [stdout]   |
[INFO] [stdout] 10| impl_into_val_tuple!(10: A 0, B 1, C 2, D 3, E 4, F 5, G 6, H: 'static 7, I 8, J 9);
[INFO] [stdout]   |                                                              +++++++++
[INFO] [stdout] 
[INFO] [stdout] 
[INFO] [stdout] error[E0310]: the parameter type `G` may not live long enough
[INFO] [stdout]   |
[INFO] [stdout] help: consider adding an explicit lifetime bound...
[INFO] [stdout]  --> src/wrap.rs:1085:57
[INFO] [stdout]   |
[INFO] [stdout] 10| impl_into_val_tuple!(10: A 0, B 1, C 2, D 3, E 4, F 5, G: 'static 6, H 7, I 8, J 9);
[INFO] [stdout]   |                                                         +++++++++
[INFO] [stdout] 
[INFO] [stdout] 
[INFO] [stdout] error[E0310]: the parameter type `F` may not live long enough
[INFO] [stdout]   |
[INFO] [stdout] help: consider adding an explicit lifetime bound...
[INFO] [stdout]  --> src/wrap.rs:1085:52
[INFO] [stdout]   |
[INFO] [stdout] 10| impl_into_val_tuple!(10: A 0, B 1, C 2, D 3, E 4, F: 'static 5, G 6, H 7, I 8, J 9);
[INFO] [stdout]   |                                                    +++++++++
[INFO] [stdout] 
[INFO] [stdout] 
[INFO] [stdout] error[E0310]: the parameter type `E` may not live long enough
[INFO] [stdout]   |
[INFO] [stdout] help: consider adding an explicit lifetime bound...
[INFO] [stdout]  --> src/wrap.rs:1085:47
[INFO] [stdout]   |
[INFO] [stdout] 10| impl_into_val_tuple!(10: A 0, B 1, C 2, D 3, E: 'static 4, F 5, G 6, H 7, I 8, J 9);
[INFO] [stdout]   |                                               +++++++++
[INFO] [stdout] 
[INFO] [stdout] 
[INFO] [stdout] error[E0310]: the parameter type `D` may not live long enough
[INFO] [stdout]   |
[INFO] [stdout] help: consider adding an explicit lifetime bound...
[INFO] [stdout]  --> src/wrap.rs:1085:42
[INFO] [stdout]   |
[INFO] [stdout] 10| impl_into_val_tuple!(10: A 0, B 1, C 2, D: 'static 3, E 4, F 5, G 6, H 7, I 8, J 9);
[INFO] [stdout]   |                                          +++++++++
[INFO] [stdout] 
[INFO] [stdout] 
[INFO] [stdout] error[E0310]: the parameter type `C` may not live long enough
[INFO] [stdout]   |
[INFO] [stdout] help: consider adding an explicit lifetime bound...
[INFO] [stdout]  --> src/wrap.rs:1085:37
[INFO] [stdout]   |
[INFO] [stdout] 10| impl_into_val_tuple!(10: A 0, B 1, C: 'static 2, D 3, E 4, F 5, G 6, H 7, I 8, J 9);
[INFO] [stdout]   |                                     +++++++++
[INFO] [stdout] 
[INFO] [stdout] 
[INFO] [stdout] error[E0310]: the parameter type `B` may not live long enough
[INFO] [stdout]   |
[INFO] [stdout] help: consider adding an explicit lifetime bound...
[INFO] [stdout]  --> src/wrap.rs:1085:32
[INFO] [stdout]   |
[INFO] [stdout] 10| impl_into_val_tuple!(10: A 0, B: 'static 1, C 2, D 3, E 4, F 5, G 6, H 7, I 8, J 9);
[INFO] [stdout]   |                                +++++++++
[INFO] [stdout] 
[INFO] [stdout] 
[INFO] [stdout] error[E0310]: the parameter type `A` may not live long enough
[INFO] [stdout]   |
[INFO] [stdout] help: consider adding an explicit lifetime bound...
[INFO] [stdout]  --> src/wrap.rs:1085:27
[INFO] [stdout]   |
[INFO] [stdout] 10| impl_into_val_tuple!(10: A: 'static 0, B 1, C 2, D 3, E 4, F 5, G 6, H 7, I 8, J 9);
[INFO] [stdout]   |                           +++++++++
[INFO] [stdout] 
[INFO] [stdout] 
[INFO] [stdout] error[E0477]: the type `&'a (A, B, C, D, E, F, G, H, I, J)` does not fulfill the required lifetime
[INFO] [stdout]   |
[INFO] [stdout]   = note: type must satisfy the static lifetime
[INFO] [stdout] 
[INFO] [stdout] 
[INFO] [stdout] error[E0477]: the type `&'a mut (A, B, C, D, E, F, G, H, I, J)` does not fulfill the required lifetime
[INFO] [stdout]   |
[INFO] [stdout]   = note: type must satisfy the static lifetime
[INFO] [stdout] 
[INFO] [stdout] 
[INFO] [stdout] error[E0310]: the parameter type `K` may not live long enough
[INFO] [stdout]   |
[INFO] [stdout] help: consider adding an explicit lifetime bound...
[INFO] [stdout]  --> src/wrap.rs:1086:77
[INFO] [stdout]   |
[INFO] [stdout] 10| impl_into_val_tuple!(11: A 0, B 1, C 2, D 3, E 4, F 5, G 6, H 7, I 8, J 9, K: 'static 10);
[INFO] [stdout]   |                                                                             +++++++++
[INFO] [stdout] 
[INFO] [stdout] 
[INFO] [stdout] error[E0310]: the parameter type `J` may not live long enough
[INFO] [stdout]   |
[INFO] [stdout] help: consider adding an explicit lifetime bound...
[INFO] [stdout]  --> src/wrap.rs:1086:72
[INFO] [stdout]   |
[INFO] [stdout] 10| impl_into_val_tuple!(11: A 0, B 1, C 2, D 3, E 4, F 5, G 6, H 7, I 8, J: 'static 9, K 10);
[INFO] [stdout]   |                                                                        +++++++++
[INFO] [stdout] 
[INFO] [stdout] 
[INFO] [stdout] error[E0310]: the parameter type `I` may not live long enough
[INFO] [stdout]   |
[INFO] [stdout] help: consider adding an explicit lifetime bound...
[INFO] [stdout]  --> src/wrap.rs:1086:67
[INFO] [stdout]   |
[INFO] [stdout] 10| impl_into_val_tuple!(11: A 0, B 1, C 2, D 3, E 4, F 5, G 6, H 7, I: 'static 8, J 9, K 10);
[INFO] [stdout]   |                                                                   +++++++++
[INFO] [stdout] 
[INFO] [stdout] 
[INFO] [stdout] error[E0310]: the parameter type `H` may not live long enough
[INFO] [stdout]   |
[INFO] [stdout] help: consider adding an explicit lifetime bound...
[INFO] [stdout]  --> src/wrap.rs:1086:62
[INFO] [stdout]   |
[INFO] [stdout] 10| impl_into_val_tuple!(11: A 0, B 1, C 2, D 3, E 4, F 5, G 6, H: 'static 7, I 8, J 9, K 10);
[INFO] [stdout]   |                                                              +++++++++
[INFO] [stdout] 
[INFO] [stdout] 
[INFO] [stdout] error[E0310]: the parameter type `G` may not live long enough
[INFO] [stdout]   |
[INFO] [stdout] help: consider adding an explicit lifetime bound...
[INFO] [stdout]  --> src/wrap.rs:1086:57
[INFO] [stdout]   |
[INFO] [stdout] 10| impl_into_val_tuple!(11: A 0, B 1, C 2, D 3, E 4, F 5, G: 'static 6, H 7, I 8, J 9, K 10);
[INFO] [stdout]   |                                                         +++++++++
[INFO] [stdout] 
[INFO] [stdout] 
[INFO] [stdout] error[E0310]: the parameter type `F` may not live long enough
[INFO] [stdout]   |
[INFO] [stdout] help: consider adding an explicit lifetime bound...
[INFO] [stdout]  --> src/wrap.rs:1086:52
[INFO] [stdout]   |
[INFO] [stdout] 10| impl_into_val_tuple!(11: A 0, B 1, C 2, D 3, E 4, F: 'static 5, G 6, H 7, I 8, J 9, K 10);
[INFO] [stdout]   |                                                    +++++++++
[INFO] [stdout] 
[INFO] [stdout] 
[INFO] [stdout] error[E0310]: the parameter type `E` may not live long enough
[INFO] [stdout]   |
[INFO] [stdout] help: consider adding an explicit lifetime bound...
[INFO] [stdout]  --> src/wrap.rs:1086:47
[INFO] [stdout]   |
[INFO] [stdout] 10| impl_into_val_tuple!(11: A 0, B 1, C 2, D 3, E: 'static 4, F 5, G 6, H 7, I 8, J 9, K 10);
[INFO] [stdout]   |                                               +++++++++
[INFO] [stdout] 
[INFO] [stdout] 
[INFO] [stdout] error[E0310]: the parameter type `D` may not live long enough
[INFO] [stdout]   |
[INFO] [stdout] help: consider adding an explicit lifetime bound...
[INFO] [stdout]  --> src/wrap.rs:1086:42
[INFO] [stdout]   |
[INFO] [stdout] 10| impl_into_val_tuple!(11: A 0, B 1, C 2, D: 'static 3, E 4, F 5, G 6, H 7, I 8, J 9, K 10);
[INFO] [stdout]   |                                          +++++++++
[INFO] [stdout] 
[INFO] [stdout] 
[INFO] [stdout] error[E0310]: the parameter type `C` may not live long enough
[INFO] [stdout]   |
[INFO] [stdout] help: consider adding an explicit lifetime bound...
[INFO] [stdout]  --> src/wrap.rs:1086:37
[INFO] [stdout]   |
[INFO] [stdout] 10| impl_into_val_tuple!(11: A 0, B 1, C: 'static 2, D 3, E 4, F 5, G 6, H 7, I 8, J 9, K 10);
[INFO] [stdout]   |                                     +++++++++
[INFO] [stdout] 
[INFO] [stdout] 
[INFO] [stdout] error[E0310]: the parameter type `B` may not live long enough
[INFO] [stdout]   |
[INFO] [stdout] help: consider adding an explicit lifetime bound...
[INFO] [stdout]  --> src/wrap.rs:1086:32
[INFO] [stdout]   |
[INFO] [stdout] 10| impl_into_val_tuple!(11: A 0, B: 'static 1, C 2, D 3, E 4, F 5, G 6, H 7, I 8, J 9, K 10);
[INFO] [stdout]   |                                +++++++++
[INFO] [stdout] 
[INFO] [stdout] 
[INFO] [stdout] error[E0310]: the parameter type `A` may not live long enough
[INFO] [stdout]   |
[INFO] [stdout] help: consider adding an explicit lifetime bound...
[INFO] [stdout]  --> src/wrap.rs:1086:27
[INFO] [stdout]   |
[INFO] [stdout] 10| impl_into_val_tuple!(11: A: 'static 0, B 1, C 2, D 3, E 4, F 5, G 6, H 7, I 8, J 9, K 10);
[INFO] [stdout]   |                           +++++++++
[INFO] [stdout] 
[INFO] [stdout] 
[INFO] [stdout] error[E0477]: the type `&'a (A, B, C, D, E, F, G, H, I, J, K)` does not fulfill the required lifetime
[INFO] [stdout]   |
[INFO] [stdout]   = note: type must satisfy the static lifetime
[INFO] [stdout] 
[INFO] [stdout] 
[INFO] [stdout] error[E0477]: the type `&'a mut (A, B, C, D, E, F, G, H, I, J, K)` does not fulfill the required lifetime
[INFO] [stdout]   |
[INFO] [stdout]   = note: type must satisfy the static lifetime
[INFO] [stdout] 
[INFO] [stdout] 
[INFO] [stdout] error[E0310]: the parameter type `L` may not live long enough
[INFO] [stdout]   |
[INFO] [stdout] help: consider adding an explicit lifetime bound...
[INFO] [stdout]  --> src/wrap.rs:1087:83
[INFO] [stdout]   |
[INFO] [stdout] 10| impl_into_val_tuple!(12: A 0, B 1, C 2, D 3, E 4, F 5, G 6, H 7, I 8, J 9, K 10, L: 'static 11);
[INFO] [stdout]   |                                                                                   +++++++++
[INFO] [stdout] 
[INFO] [stdout] 
[INFO] [stdout] error[E0310]: the parameter type `K` may not live long enough
[INFO] [stdout]   |
[INFO] [stdout] help: consider adding an explicit lifetime bound...
[INFO] [stdout]  --> src/wrap.rs:1087:77
[INFO] [stdout]   |
[INFO] [stdout] 10| impl_into_val_tuple!(12: A 0, B 1, C 2, D 3, E 4, F 5, G 6, H 7, I 8, J 9, K: 'static 10, L 11);
[INFO] [stdout]   |                                                                             +++++++++
[INFO] [stdout] 
[INFO] [stdout] 
[INFO] [stdout] error[E0310]: the parameter type `J` may not live long enough
[INFO] [stdout]   |
[INFO] [stdout] help: consider adding an explicit lifetime bound...
[INFO] [stdout]  --> src/wrap.rs:1087:72
[INFO] [stdout]   |
[INFO] [stdout] 10| impl_into_val_tuple!(12: A 0, B 1, C 2, D 3, E 4, F 5, G 6, H 7, I 8, J: 'static 9, K 10, L 11);
[INFO] [stdout]   |                                                                        +++++++++
[INFO] [stdout] 
[INFO] [stdout] 
[INFO] [stdout] error[E0310]: the parameter type `I` may not live long enough
[INFO] [stdout]   |
[INFO] [stdout] help: consider adding an explicit lifetime bound...
[INFO] [stdout]  --> src/wrap.rs:1087:67
[INFO] [stdout]   |
[INFO] [stdout] 10| impl_into_val_tuple!(12: A 0, B 1, C 2, D 3, E 4, F 5, G 6, H 7, I: 'static 8, J 9, K 10, L 11);
[INFO] [stdout]   |                                                                   +++++++++
[INFO] [stdout] 
[INFO] [stdout] 
[INFO] [stdout] error[E0310]: the parameter type `H` may not live long enough
[INFO] [stdout]   |
[INFO] [stdout] help: consider adding an explicit lifetime bound...
[INFO] [stdout]  --> src/wrap.rs:1087:62
[INFO] [stdout]   |
[INFO] [stdout] 10| impl_into_val_tuple!(12: A 0, B 1, C 2, D 3, E 4, F 5, G 6, H: 'static 7, I 8, J 9, K 10, L 11);
[INFO] [stdout]   |                                                              +++++++++
[INFO] [stdout] 
[INFO] [stdout] 
[INFO] [stdout] error[E0310]: the parameter type `G` may not live long enough
[INFO] [stdout]   |
[INFO] [stdout] help: consider adding an explicit lifetime bound...
[INFO] [stdout]  --> src/wrap.rs:1087:57
[INFO] [stdout]   |
[INFO] [stdout] 10| impl_into_val_tuple!(12: A 0, B 1, C 2, D 3, E 4, F 5, G: 'static 6, H 7, I 8, J 9, K 10, L 11);
[INFO] [stdout]   |                                                         +++++++++
[INFO] [stdout] 
[INFO] [stdout] 
[INFO] [stdout] error[E0310]: the parameter type `F` may not live long enough
[INFO] [stdout]   |
[INFO] [stdout] help: consider adding an explicit lifetime bound...
[INFO] [stdout]  --> src/wrap.rs:1087:52
[INFO] [stdout]   |
[INFO] [stdout] 10| impl_into_val_tuple!(12: A 0, B 1, C 2, D 3, E 4, F: 'static 5, G 6, H 7, I 8, J 9, K 10, L 11);
[INFO] [stdout]   |                                                    +++++++++
[INFO] [stdout] 
[INFO] [stdout] 
[INFO] [stdout] error[E0310]: the parameter type `E` may not live long enough
[INFO] [stdout]   |
[INFO] [stdout] help: consider adding an explicit lifetime bound...
[INFO] [stdout]  --> src/wrap.rs:1087:47
[INFO] [stdout]   |
[INFO] [stdout] 10| impl_into_val_tuple!(12: A 0, B 1, C 2, D 3, E: 'static 4, F 5, G 6, H 7, I 8, J 9, K 10, L 11);
[INFO] [stdout]   |                                               +++++++++
[INFO] [stdout] 
[INFO] [stdout] 
[INFO] [stdout] error[E0310]: the parameter type `D` may not live long enough
[INFO] [stdout]   |
[INFO] [stdout] help: consider adding an explicit lifetime bound...
[INFO] [stdout]  --> src/wrap.rs:1087:42
[INFO] [stdout]   |
[INFO] [stdout] 10| impl_into_val_tuple!(12: A 0, B 1, C 2, D: 'static 3, E 4, F 5, G 6, H 7, I 8, J 9, K 10, L 11);
[INFO] [stdout]   |                                          +++++++++
[INFO] [stdout] 
[INFO] [stdout] 
[INFO] [stdout] error[E0310]: the parameter type `C` may not live long enough
[INFO] [stdout]   |
[INFO] [stdout] help: consider adding an explicit lifetime bound...
[INFO] [stdout]  --> src/wrap.rs:1087:37
[INFO] [stdout]   |
[INFO] [stdout] 10| impl_into_val_tuple!(12: A 0, B 1, C: 'static 2, D 3, E 4, F 5, G 6, H 7, I 8, J 9, K 10, L 11);
[INFO] [stdout]   |                                     +++++++++
[INFO] [stdout] 
[INFO] [stdout] 
[INFO] [stdout] error[E0310]: the parameter type `B` may not live long enough
[INFO] [stdout]   |
[INFO] [stdout] help: consider adding an explicit lifetime bound...
[INFO] [stdout]  --> src/wrap.rs:1087:32
[INFO] [stdout]   |
[INFO] [stdout] 10| impl_into_val_tuple!(12: A 0, B: 'static 1, C 2, D 3, E 4, F 5, G 6, H 7, I 8, J 9, K 10, L 11);
[INFO] [stdout]   |                                +++++++++
[INFO] [stdout] 
[INFO] [stdout] 
[INFO] [stdout] error[E0310]: the parameter type `A` may not live long enough
[INFO] [stdout]   |
[INFO] [stdout] help: consider adding an explicit lifetime bound...
[INFO] [stdout]  --> src/wrap.rs:1087:27
[INFO] [stdout]   |
[INFO] [stdout] 10| impl_into_val_tuple!(12: A: 'static 0, B 1, C 2, D 3, E 4, F 5, G 6, H 7, I 8, J 9, K 10, L 11);
[INFO] [stdout]   |                           +++++++++
[INFO] [stdout] 
[INFO] [stdout] 
[INFO] [stdout] error[E0477]: the type `&'a (A, B, C, D, E, F, G, H, I, J, K, L)` does not fulfill the required lifetime
[INFO] [stdout]   |
[INFO] [stdout]   = note: type must satisfy the static lifetime
[INFO] [stdout] 
[INFO] [stdout] 
[INFO] [stdout] error[E0477]: the type `&'a mut (A, B, C, D, E, F, G, H, I, J, K, L)` does not fulfill the required lifetime
[INFO] [stdout]   |
[INFO] [stdout]   = note: type must satisfy the static lifetime
[INFO] [stdout] 
[INFO] [stdout] 
[INFO] [stdout] error[E0477]: the type `&'a String` does not fulfill the required lifetime
[INFO] [stdout]   |
[INFO] [stdout]   = note: type must satisfy the static lifetime
[INFO] [stdout] 
[INFO] [stdout] 
[INFO] [stdout] error[E0477]: the type `&'a mut String` does not fulfill the required lifetime
[INFO] [stdout]   |
[INFO] [stdout]   = note: type must satisfy the static lifetime
[INFO] [stdout] 
[INFO] [stdout] 
[INFO] [stdout] error[E0477]: the type `&'a str` does not fulfill the required lifetime
[INFO] [stdout]   |
[INFO] [stdout]   = note: type must satisfy the static lifetime
[INFO] [stdout] 
[INFO] [stdout] 
[INFO] [stdout] error[E0477]: the type `&'a mut str` does not fulfill the required lifetime
[INFO] [stdout]   |
[INFO] [stdout]   = note: type must satisfy the static lifetime
[INFO] [stdout] 
[INFO] [stdout] 
[INFO] [stdout] error[E0477]: the type `&'a CString` does not fulfill the required lifetime
[INFO] [stdout]   |
[INFO] [stdout]   = note: type must satisfy the static lifetime
[INFO] [stdout] 
[INFO] [stdout] 
[INFO] [stdout] error[E0477]: the type `&'a mut CString` does not fulfill the required lifetime
[INFO] [stdout]   |
[INFO] [stdout]   = note: type must satisfy the static lifetime
[INFO] [stdout] 
[INFO] [stdout] 
[INFO] [stdout] error[E0477]: the type `&'a CStr` does not fulfill the required lifetime
[INFO] [stdout]   |
[INFO] [stdout]   = note: type must satisfy the static lifetime
[INFO] [stdout] 
[INFO] [stdout] 
[INFO] [stdout] error[E0477]: the type `&'a mut CStr` does not fulfill the required lifetime
[INFO] [stdout]   |
[INFO] [stdout]   = note: type must satisfy the static lifetime
[INFO] [stdout] 
[INFO] [stdout] 
[INFO] [stdout] error[E0477]: the type `&'a OsString` does not fulfill the required lifetime
[INFO] [stdout]   |
[INFO] [stdout]   = note: type must satisfy the static lifetime
[INFO] [stdout] 
[INFO] [stdout] 
[INFO] [stdout] error[E0477]: the type `&'a mut OsString` does not fulfill the required lifetime
[INFO] [stdout]   |
[INFO] [stdout]   = note: type must satisfy the static lifetime
[INFO] [stdout] 
[INFO] [stdout] 
[INFO] [stdout] error[E0477]: the type `&'a OsStr` does not fulfill the required lifetime
[INFO] [stdout]   |
[INFO] [stdout]   = note: type must satisfy the static lifetime
[INFO] [stdout] 
[INFO] [stdout] 
[INFO] [stdout] error[E0477]: the type `&'a mut OsStr` does not fulfill the required lifetime
[INFO] [stdout]   |
[INFO] [stdout]   = note: type must satisfy the static lifetime
[INFO] [stdout] 
[INFO] [stdout] 
[INFO] [stdout] error[E0477]: the type `&'a std::path::PathBuf` does not fulfill the required lifetime
[INFO] [stdout]   |
[INFO] [stdout]   = note: type must satisfy the static lifetime
[INFO] [stdout] 
[INFO] [stdout] 
[INFO] [stdout] error[E0477]: the type `&'a mut std::path::PathBuf` does not fulfill the required lifetime
[INFO] [stdout]   |
[INFO] [stdout]   = note: type must satisfy the static lifetime
[INFO] [stdout] 
[INFO] [stdout] 
[INFO] [stdout] error[E0477]: the type `&'a Path` does not fulfill the required lifetime
[INFO] [stdout]   |
[INFO] [stdout]   = note: type must satisfy the static lifetime
[INFO] [stdout] 
[INFO] [stdout] 
[INFO] [stdout] error[E0477]: the type `&'a mut Path` does not fulfill the required lifetime
[INFO] [stdout]   |
[INFO] [stdout]   = note: type must satisfy the static lifetime
[INFO] [stdout] 
[INFO] [stdout] 
[INFO] [stdout] error[E0310]: the parameter type `S` may not live long enough
[INFO] [stdout]   |
[INFO] [stdout] help: consider adding an explicit lifetime bound...
[INFO] [stdout]  --> src/wrap.rs:1235:31
[INFO] [stdout]   |
[INFO] [stdout] 12| impl<K: IntoVal, V: IntoVal, S: 'static> IntoVal for HashMap<K, V, S> {
[INFO] [stdout]   |                               +++++++++
[INFO] [stdout] 
[INFO] [stdout] 
[INFO] [stdout] error[E0310]: the parameter type `V` may not live long enough
[INFO] [stdout]   |
[INFO] [stdout] help: consider adding an explicit lifetime bound...
[INFO] [stdout]  --> src/wrap.rs:1235:28
[INFO] [stdout]   |
[INFO] [stdout] 12| impl<K: IntoVal, V: IntoVal + 'static, S> IntoVal for HashMap<K, V, S> {
[INFO] [stdout]   |                             +++++++++
[INFO] [stdout] 
[INFO] [stdout] 
[INFO] [stdout] error[E0310]: the parameter type `K` may not live long enough
[INFO] [stdout]   |
[INFO] [stdout] help: consider adding an explicit lifetime bound...
[INFO] [stdout]  --> src/wrap.rs:1235:16
[INFO] [stdout]   |
[INFO] [stdout] 12| impl<K: IntoVal + 'static, V: IntoVal, S> IntoVal for HashMap<K, V, S> {
[INFO] [stdout]   |                 +++++++++
[INFO] [stdout] 
[INFO] [stdout] 
[INFO] [stdout] error[E0477]: the type `&'a HashMap<K, V, S>` does not fulfill the required lifetime
[INFO] [stdout]   |
[INFO] [stdout]   = note: type must satisfy the static lifetime
[INFO] [stdout] 
[INFO] [stdout] 
[INFO] [stdout] error[E0477]: the type `&'a mut HashMap<K, V, S>` does not fulfill the required lifetime
[INFO] [stdout]   |
[INFO] [stdout]   = note: type must satisfy the static lifetime
[INFO] [stdout] 
[INFO] [stdout] 
[INFO] [stdout] error[E0310]: the parameter type `V` may not live long enough
[INFO] [stdout]   |
[INFO] [stdout] help: consider adding an explicit lifetime bound...
[INFO] [stdout]  --> src/wrap.rs:1264:28
[INFO] [stdout]   |
[INFO] [stdout] 12| impl<K: IntoVal, V: IntoVal + 'static> IntoVal for BTreeMap<K, V> {
[INFO] [stdout]   |                             +++++++++
[INFO] [stdout] 
[INFO] [stdout] 
[INFO] [stdout] error[E0310]: the parameter type `K` may not live long enough
[INFO] [stdout]   |
[INFO] [stdout] help: consider adding an explicit lifetime bound...
[INFO] [stdout]  --> src/wrap.rs:1264:16
[INFO] [stdout]   |
[INFO] [stdout] 12| impl<K: IntoVal + 'static, V: IntoVal> IntoVal for BTreeMap<K, V> {
[INFO] [stdout]   |                 +++++++++
[INFO] [stdout] 
[INFO] [stdout] 
[INFO] [stdout] error[E0477]: the type `&'a BTreeMap<K, V>` does not fulfill the required lifetime
[INFO] [stdout]   |
[INFO] [stdout]   = note: type must satisfy the static lifetime
[INFO] [stdout] 
[INFO] [stdout] 
[INFO] [stdout] error[E0477]: the type `&'a mut BTreeMap<K, V>` does not fulfill the required lifetime
[INFO] [stdout]   |
[INFO] [stdout]   = note: type must satisfy the static lifetime
[INFO] [stdout] 
[INFO] [stdout] 
[INFO] [stdout] error: cannot specialize on predicate `T: 'static`
[INFO] [stdout]     --> src/wrap.rs:1422:9
[INFO] [stdout]      |
[INFO] [stdout] 1422 | impl<T: StaticMarker> FromVal for RRoot<T> {
[INFO] [stdout]      |         ^^^^^^^^^^^^
[INFO] [stdout] 
[INFO] [stdout] 
[INFO] [stdout] error: cannot specialize on predicate `A: 'static`
[INFO] [stdout]     --> src/wrap.rs:1753:23
[INFO] [stdout]      |
[INFO] [stdout] 1753 |     A: smallvec::Array + StaticMarker,
[INFO] [stdout]      |                          ^^^^^^^^^^^^
[INFO] [stdout] 
[INFO] [stdout] 
[INFO] [stdout] error: cannot specialize on predicate `S: 'static`
[INFO] [stdout]     --> src/wrap.rs:1888:32
[INFO] [stdout]      |
[INFO] [stdout] 1888 |     S: BuildHasherDefaultMarker + StaticMarker
[INFO] [stdout]      |                                   ^^^^^^^^^^^^
[INFO] [stdout] 
[INFO] [stdout] 
[INFO] [stdout] error: cannot specialize on trait `Default`
[INFO] [stdout]     --> src/wrap.rs:1888:5
[INFO] [stdout]      |
[INFO] [stdout] 1888 |     S: BuildHasherDefaultMarker + StaticMarker
[INFO] [stdout]      |        ^^^^^^^^^^^^^^^^^^^^^^^^
[INFO] [stdout] 
[INFO] [stdout] 
[INFO] [stdout] error: cannot specialize on trait `BuildHasher`
[INFO] [stdout]     --> src/wrap.rs:1888:5
[INFO] [stdout]      |
[INFO] [stdout] 1888 |     S: BuildHasherDefaultMarker + StaticMarker
[INFO] [stdout]      |        ^^^^^^^^^^^^^^^^^^^^^^^^
[INFO] [stdout] 
[INFO] [stdout] 
[INFO] [stdout] error: cannot specialize on trait `Eq`
[INFO] [stdout]     --> src/wrap.rs:1886:5
[INFO] [stdout]      |
[INFO] [stdout] 1886 |     K: HashEqMarker + FromVal + StaticMarker,
[INFO] [stdout]      |        ^^^^^^^^^^^^
[INFO] [stdout] 
[INFO] [stdout] 
[INFO] [stdout] error: cannot specialize on trait `PartialEq`
[INFO] [stdout]     --> src/wrap.rs:1886:5
[INFO] [stdout]      |
[INFO] [stdout] 1886 |     K: HashEqMarker + FromVal + StaticMarker,
[INFO] [stdout]      |        ^^^^^^^^^^^^
[INFO] [stdout] 
[INFO] [stdout] 
[INFO] [stdout] error: cannot specialize on trait `Hash`
[INFO] [stdout]     --> src/wrap.rs:1886:5
[INFO] [stdout]      |
[INFO] [stdout] 1886 |     K: HashEqMarker + FromVal + StaticMarker,
[INFO] [stdout]      |        ^^^^^^^^^^^^
[INFO] [stdout] 
[INFO] [stdout] 
[INFO] [stdout] error: cannot specialize on trait `Ord`
[INFO] [stdout]     --> src/wrap.rs:1919:5
[INFO] [stdout]      |
[INFO] [stdout] 1919 |     K: OrdMarker + FromVal + StaticMarker,
[INFO] [stdout]      |        ^^^^^^^^^
[INFO] [stdout] 
[INFO] [stdout] 
[INFO] [stdout] error: cannot specialize on trait `PartialOrd`
[INFO] [stdout]     --> src/wrap.rs:1919:5
[INFO] [stdout]      |
[INFO] [stdout] 1919 |     K: OrdMarker + FromVal + StaticMarker,
[INFO] [stdout]      |        ^^^^^^^^^
[INFO] [stdout] 
[INFO] [stdout] 
[INFO] [stdout] error: cannot specialize on trait `PartialEq`
[INFO] [stdout]     --> src/wrap.rs:1919:5
[INFO] [stdout]      |
[INFO] [stdout] 1919 |     K: OrdMarker + FromVal + StaticMarker,
[INFO] [stdout]      |        ^^^^^^^^^
[INFO] [stdout] 
[INFO] [stdout] 
[INFO] [stdout] error: cannot specialize on trait `Eq`
[INFO] [stdout]     --> src/wrap.rs:1919:5
[INFO] [stdout]      |
[INFO] [stdout] 1919 |     K: OrdMarker + FromVal + StaticMarker,
[INFO] [stdout]      |        ^^^^^^^^^
[INFO] [stdout] 
[INFO] [stdout] 
[INFO] [stdout] error: cannot specialize on predicate `T: 'static`
[INFO] [stdout]     --> src/wrap.rs:2346:13
[INFO] [stdout]      |
[INFO] [stdout] 2346 | impl<'r, T: StaticMarker> FromArgRef for &'r T {
[INFO] [stdout]      |             ^^^^^^^^^^^^
[INFO] [stdout] 
[INFO] [stdout] 
[INFO] [stdout] error: cannot specialize on predicate `T: 'static`
[INFO] [stdout]     --> src/wrap.rs:2372:13
[INFO] [stdout]      |
[INFO] [stdout] 2372 | impl<'r, T: StaticMarker> FromArgRef for &'r mut T {
[INFO] [stdout]      |             ^^^^^^^^^^^^
[INFO] [stdout] 
[INFO] [stdout] 
[INFO] [stdout] error: cannot specialize on trait `engine::RGlobal`
[INFO] [stdout]     --> src/wrap.rs:2412:13
[INFO] [stdout]      |
[INFO] [stdout] 2412 | impl<'r, T: RGlobalMarker + Sized + StaticMarker> FromArgRef for &'r T {
[INFO] [stdout]      |             ^^^^^^^^^^^^^
[INFO] [stdout] 
[INFO] [stdout] 
[INFO] [stdout] error: cannot specialize on trait `engine::RGlobal`
[INFO] [stdout]     --> src/wrap.rs:2432:13
[INFO] [stdout]      |
[INFO] [stdout] 2432 | impl<'r, T: RGlobalMarker + Sized + StaticMarker> FromArgRef for &'r mut T {
[INFO] [stdout]      |             ^^^^^^^^^^^^^
[INFO] [stdout] 
[INFO] [stdout] 
[INFO] [stdout] error: aborting due to 227 previous errors; 1 warning emitted
[INFO] [stdout] 
[INFO] [stdout] 
[INFO] [stdout] Some errors have detailed explanations: E0310, E0477, E0554.
[INFO] [stdout] 
[INFO] [stdout] For more information about an error, try `rustc --explain E0310`.
[INFO] [stdout] 
[INFO] [stderr] error: could not compile `glsp-engine` (lib) due to 228 previous errors; 1 warning emitted
[INFO] running `Command { std: "docker" "inspect" "043179f35c11d38e0eb87ddcd1510f66127e105f9de97b4895b71aae33edac61", kill_on_drop: false }`
[INFO] running `Command { std: "docker" "rm" "-f" "043179f35c11d38e0eb87ddcd1510f66127e105f9de97b4895b71aae33edac61", kill_on_drop: false }`
[INFO] [stdout] 043179f35c11d38e0eb87ddcd1510f66127e105f9de97b4895b71aae33edac61
