[INFO] fetching crate global_hotkeys 0.0.1...
[INFO] testing global_hotkeys-0.0.1 against beta-2023-04-20 for beta-1.70-1
[INFO] extracting crate global_hotkeys 0.0.1 into /workspace/builds/worker-3-tc2/source
[INFO] validating manifest of crates.io crate global_hotkeys 0.0.1 on toolchain beta-2023-04-20
[INFO] running `Command { std: CARGO_HOME="/workspace/cargo-home" RUSTUP_HOME="/workspace/rustup-home" "/workspace/cargo-home/bin/cargo" "+beta-2023-04-20" "metadata" "--manifest-path" "Cargo.toml" "--no-deps", kill_on_drop: false }`
[INFO] started tweaking crates.io crate global_hotkeys 0.0.1
[INFO] finished tweaking crates.io crate global_hotkeys 0.0.1
[INFO] tweaked toml for crates.io crate global_hotkeys 0.0.1 written to /workspace/builds/worker-3-tc2/source/Cargo.toml
[INFO] crate crates.io crate global_hotkeys 0.0.1 already has a lockfile, it will not be regenerated
[INFO] running `Command { std: CARGO_HOME="/workspace/cargo-home" RUSTUP_HOME="/workspace/rustup-home" "/workspace/cargo-home/bin/cargo" "+beta-2023-04-20" "fetch" "--manifest-path" "Cargo.toml", kill_on_drop: false }`
[INFO] running `Command { std: "docker" "create" "-v" "/var/lib/crater-agent-workspace/builds/worker-3-tc2/target:/opt/rustwide/target:rw,Z" "-v" "/var/lib/crater-agent-workspace/builds/worker-3-tc2/source:/opt/rustwide/workdir:ro,Z" "-v" "/var/lib/crater-agent-workspace/cargo-home:/opt/rustwide/cargo-home:ro,Z" "-v" "/var/lib/crater-agent-workspace/rustup-home:/opt/rustwide/rustup-home:ro,Z" "-e" "SOURCE_DIR=/opt/rustwide/workdir" "-e" "CARGO_TARGET_DIR=/opt/rustwide/target" "-e" "CARGO_HOME=/opt/rustwide/cargo-home" "-e" "RUSTUP_HOME=/opt/rustwide/rustup-home" "-w" "/opt/rustwide/workdir" "-m" "1610612736" "--user" "0:0" "--network" "none" "ghcr.io/rust-lang/crates-build-env/linux@sha256:97d61d7686bf65f8ecb15491ab51835e82dc9176a96a831f143a431b191fc501" "/opt/rustwide/cargo-home/bin/cargo" "+beta-2023-04-20" "metadata" "--no-deps" "--format-version=1", kill_on_drop: false }`
[INFO] [stdout] 672b55f52cac90b67e31ffadfad269d35dca6844e4a3068fdff349562ae5e605
[INFO] running `Command { std: "docker" "start" "-a" "672b55f52cac90b67e31ffadfad269d35dca6844e4a3068fdff349562ae5e605", kill_on_drop: false }`
[INFO] running `Command { std: "docker" "inspect" "672b55f52cac90b67e31ffadfad269d35dca6844e4a3068fdff349562ae5e605", kill_on_drop: false }`
[INFO] running `Command { std: "docker" "rm" "-f" "672b55f52cac90b67e31ffadfad269d35dca6844e4a3068fdff349562ae5e605", kill_on_drop: false }`
[INFO] [stdout] 672b55f52cac90b67e31ffadfad269d35dca6844e4a3068fdff349562ae5e605
[INFO] running `Command { std: "docker" "create" "-v" "/var/lib/crater-agent-workspace/builds/worker-3-tc2/target:/opt/rustwide/target:rw,Z" "-v" "/var/lib/crater-agent-workspace/builds/worker-3-tc2/source:/opt/rustwide/workdir:ro,Z" "-v" "/var/lib/crater-agent-workspace/cargo-home:/opt/rustwide/cargo-home:ro,Z" "-v" "/var/lib/crater-agent-workspace/rustup-home:/opt/rustwide/rustup-home:ro,Z" "-e" "SOURCE_DIR=/opt/rustwide/workdir" "-e" "CARGO_TARGET_DIR=/opt/rustwide/target" "-e" "CARGO_INCREMENTAL=0" "-e" "RUST_BACKTRACE=full" "-e" "RUSTFLAGS=--cap-lints=warn" "-e" "RUSTDOCFLAGS=--cap-lints=warn" "-e" "CARGO_HOME=/opt/rustwide/cargo-home" "-e" "RUSTUP_HOME=/opt/rustwide/rustup-home" "-w" "/opt/rustwide/workdir" "-m" "1610612736" "--user" "0:0" "--network" "none" "ghcr.io/rust-lang/crates-build-env/linux@sha256:97d61d7686bf65f8ecb15491ab51835e82dc9176a96a831f143a431b191fc501" "/opt/rustwide/cargo-home/bin/cargo" "+beta-2023-04-20" "build" "--frozen" "--message-format=json", kill_on_drop: false }`
[INFO] [stdout] 2d0a9cffa32119e141d6173c4b7ce7649e821106e2a1258f24dfa477ca10b622
[INFO] running `Command { std: "docker" "start" "-a" "2d0a9cffa32119e141d6173c4b7ce7649e821106e2a1258f24dfa477ca10b622", kill_on_drop: false }`
[INFO] [stderr]    Compiling global_hotkeys v0.0.1 (/opt/rustwide/workdir)
[INFO] [stderr]     Finished dev [unoptimized + debuginfo] target(s) in 0.13s
[INFO] running `Command { std: "docker" "inspect" "2d0a9cffa32119e141d6173c4b7ce7649e821106e2a1258f24dfa477ca10b622", kill_on_drop: false }`
[INFO] running `Command { std: "docker" "rm" "-f" "2d0a9cffa32119e141d6173c4b7ce7649e821106e2a1258f24dfa477ca10b622", kill_on_drop: false }`
[INFO] [stdout] 2d0a9cffa32119e141d6173c4b7ce7649e821106e2a1258f24dfa477ca10b622
[INFO] running `Command { std: "docker" "create" "-v" "/var/lib/crater-agent-workspace/builds/worker-3-tc2/target:/opt/rustwide/target:rw,Z" "-v" "/var/lib/crater-agent-workspace/builds/worker-3-tc2/source:/opt/rustwide/workdir:ro,Z" "-v" "/var/lib/crater-agent-workspace/cargo-home:/opt/rustwide/cargo-home:ro,Z" "-v" "/var/lib/crater-agent-workspace/rustup-home:/opt/rustwide/rustup-home:ro,Z" "-e" "SOURCE_DIR=/opt/rustwide/workdir" "-e" "CARGO_TARGET_DIR=/opt/rustwide/target" "-e" "CARGO_INCREMENTAL=0" "-e" "RUST_BACKTRACE=full" "-e" "RUSTFLAGS=--cap-lints=warn" "-e" "RUSTDOCFLAGS=--cap-lints=warn" "-e" "CARGO_HOME=/opt/rustwide/cargo-home" "-e" "RUSTUP_HOME=/opt/rustwide/rustup-home" "-w" "/opt/rustwide/workdir" "-m" "1610612736" "--user" "0:0" "--network" "none" "ghcr.io/rust-lang/crates-build-env/linux@sha256:97d61d7686bf65f8ecb15491ab51835e82dc9176a96a831f143a431b191fc501" "/opt/rustwide/cargo-home/bin/cargo" "+beta-2023-04-20" "test" "--frozen" "--no-run" "--message-format=json", kill_on_drop: false }`
[INFO] [stdout] bfd5f4317118d225986e5a61dcaa6c3ebf49c813b9f4f835925445abaeb4269c
[INFO] running `Command { std: "docker" "start" "-a" "bfd5f4317118d225986e5a61dcaa6c3ebf49c813b9f4f835925445abaeb4269c", kill_on_drop: false }`
[INFO] [stderr]    Compiling global_hotkeys v0.0.1 (/opt/rustwide/workdir)
[INFO] [stdout] error[E0433]: failed to resolve: use of undeclared crate or module `modifiers`
[INFO] [stdout]   --> examples/windows.rs:12:24
[INFO] [stdout]    |
[INFO] [stdout] 12 |     hk.register_hotkey(modifiers::CONTROL, 'A' as u32, Event::Previous);
[INFO] [stdout]    |                        ^^^^^^^^^ use of undeclared crate or module `modifiers`
[INFO] [stdout] 
[INFO] [stdout] 
[INFO] [stdout] error[E0433]: failed to resolve: use of undeclared crate or module `modifiers`
[INFO] [stdout]   --> examples/windows.rs:13:24
[INFO] [stdout]    |
[INFO] [stdout] 13 |     hk.register_hotkey(modifiers::CONTROL, 'S' as u32, Event::Next);
[INFO] [stdout]    |                        ^^^^^^^^^ use of undeclared crate or module `modifiers`
[INFO] [stdout] 
[INFO] [stdout] 
[INFO] [stdout] error[E0433]: failed to resolve: use of undeclared crate or module `modifiers`
[INFO] [stdout]   --> examples/windows.rs:14:24
[INFO] [stdout]    |
[INFO] [stdout] 14 |     hk.register_hotkey(modifiers::SHIFT, keys::CAPS_LOCK, Event::PlayPause);
[INFO] [stdout]    |                        ^^^^^^^^^ use of undeclared crate or module `modifiers`
[INFO] [stdout] 
[INFO] [stdout] 
[INFO] [stdout] error[E0433]: failed to resolve: use of undeclared crate or module `keys`
[INFO] [stdout]   --> examples/windows.rs:14:42
[INFO] [stdout]    |
[INFO] [stdout] 14 |     hk.register_hotkey(modifiers::SHIFT, keys::CAPS_LOCK, Event::PlayPause);
[INFO] [stdout]    |                                          ^^^^ use of undeclared crate or module `keys`
[INFO] [stdout] 
[INFO] [stdout] 
[INFO] [stdout] warning: unused import: `global_hotkeys::*`
[INFO] [stdout]  --> examples/windows.rs:1:5
[INFO] [stdout]   |
[INFO] [stdout] 1 | use global_hotkeys::*;
[INFO] [stdout]   |     ^^^^^^^^^^^^^^^^^
[INFO] [stdout]   |
[INFO] [stdout]   = note: `#[warn(unused_imports)]` on by default
[INFO] [stdout] 
[INFO] [stdout] 
[INFO] [stdout] error[E0433]: failed to resolve: use of undeclared type `Listener`
[INFO] [stdout]   --> examples/windows.rs:11:18
[INFO] [stdout]    |
[INFO] [stdout] 11 |     let mut hk = Listener::<Event>::new();
[INFO] [stdout]    |                  ^^^^^^^^ use of undeclared type `Listener`
[INFO] [stdout] 
[INFO] [stdout] 
[INFO] [stdout] error: aborting due to 5 previous errors; 1 warning emitted
[INFO] [stdout] 
[INFO] [stdout] 
[INFO] [stdout] For more information about this error, try `rustc --explain E0433`.
[INFO] [stdout] 
[INFO] [stderr] error: could not compile `global_hotkeys` (example "windows") due to 6 previous errors; 1 warning emitted
[INFO] [stderr] warning: build failed, waiting for other jobs to finish...
[INFO] running `Command { std: "docker" "inspect" "bfd5f4317118d225986e5a61dcaa6c3ebf49c813b9f4f835925445abaeb4269c", kill_on_drop: false }`
[INFO] running `Command { std: "docker" "rm" "-f" "bfd5f4317118d225986e5a61dcaa6c3ebf49c813b9f4f835925445abaeb4269c", kill_on_drop: false }`
[INFO] [stdout] bfd5f4317118d225986e5a61dcaa6c3ebf49c813b9f4f835925445abaeb4269c
