[INFO] fetching crate glium_text_nxt 0.15.0...
[INFO] testing glium_text_nxt-0.15.0 against beta-2023-04-20 for beta-1.70-1
[INFO] extracting crate glium_text_nxt 0.15.0 into /workspace/builds/worker-5-tc2/source
[INFO] validating manifest of crates.io crate glium_text_nxt 0.15.0 on toolchain beta-2023-04-20
[INFO] running `Command { std: CARGO_HOME="/workspace/cargo-home" RUSTUP_HOME="/workspace/rustup-home" "/workspace/cargo-home/bin/cargo" "+beta-2023-04-20" "metadata" "--manifest-path" "Cargo.toml" "--no-deps", kill_on_drop: false }`
[INFO] started tweaking crates.io crate glium_text_nxt 0.15.0
[INFO] finished tweaking crates.io crate glium_text_nxt 0.15.0
[INFO] tweaked toml for crates.io crate glium_text_nxt 0.15.0 written to /workspace/builds/worker-5-tc2/source/Cargo.toml
[INFO] crate crates.io crate glium_text_nxt 0.15.0 already has a lockfile, it will not be regenerated
[INFO] running `Command { std: CARGO_HOME="/workspace/cargo-home" RUSTUP_HOME="/workspace/rustup-home" "/workspace/cargo-home/bin/cargo" "+beta-2023-04-20" "fetch" "--manifest-path" "Cargo.toml", kill_on_drop: false }`
[INFO] [stderr]     Blocking waiting for file lock on package cache
[INFO] [stderr]     Updating crates.io index
[INFO] [stderr]  Downloading crates ...
[INFO] [stderr]   Downloaded freetype-sys v0.7.1
[INFO] [stderr]   Downloaded glutin_gles2_sys v0.1.4
[INFO] [stderr]   Downloaded takeable-option v0.5.0
[INFO] [stderr]   Downloaded android_glue v0.2.3
[INFO] [stderr]   Downloaded glutin v0.24.0
[INFO] [stderr]   Downloaded gl_generator v0.13.1
[INFO] [stderr]   Downloaded glutin_egl_sys v0.1.4
[INFO] [stderr]   Downloaded parking_lot_core v0.7.0
[INFO] [stderr]   Downloaded cocoa v0.19.1
[INFO] [stderr]   Downloaded winit v0.22.0
[INFO] [stderr]   Downloaded core-graphics v0.17.3
[INFO] [stderr]   Downloaded xml-rs v0.8.0
[INFO] [stderr]   Downloaded glutin_emscripten_sys v0.1.1
[INFO] [stderr]   Downloaded glutin_glx_sys v0.1.6
[INFO] [stderr]   Downloaded glutin_wgl_sys v0.1.4
[INFO] [stderr]   Downloaded core-video-sys v0.1.3
[INFO] [stderr]   Downloaded instant v0.1.2
[INFO] [stderr]   Downloaded parking_lot v0.10.0
[INFO] [stderr]   Downloaded lock_api v0.3.3
[INFO] [stderr]   Downloaded ordered-float v1.0.2
[INFO] [stderr]   Downloaded rusttype v0.8.2
[INFO] [stderr]   Downloaded calloop v0.4.4
[INFO] [stderr]   Downloaded dlib v0.4.1
[INFO] [stderr]   Downloaded glium v0.27.0
[INFO] running `Command { std: "docker" "create" "-v" "/var/lib/crater-agent-workspace/builds/worker-5-tc2/target:/opt/rustwide/target:rw,Z" "-v" "/var/lib/crater-agent-workspace/builds/worker-5-tc2/source:/opt/rustwide/workdir:ro,Z" "-v" "/var/lib/crater-agent-workspace/cargo-home:/opt/rustwide/cargo-home:ro,Z" "-v" "/var/lib/crater-agent-workspace/rustup-home:/opt/rustwide/rustup-home:ro,Z" "-e" "SOURCE_DIR=/opt/rustwide/workdir" "-e" "CARGO_TARGET_DIR=/opt/rustwide/target" "-e" "CARGO_HOME=/opt/rustwide/cargo-home" "-e" "RUSTUP_HOME=/opt/rustwide/rustup-home" "-w" "/opt/rustwide/workdir" "-m" "1610612736" "--user" "0:0" "--network" "none" "ghcr.io/rust-lang/crates-build-env/linux@sha256:5ff2268d62e97bff2cde7d5815dd6ed5b47097566f13b8d0ca110b04b60e07ed" "/opt/rustwide/cargo-home/bin/cargo" "+beta-2023-04-20" "metadata" "--no-deps" "--format-version=1", kill_on_drop: false }`
[INFO] [stdout] 11f6fcffc05e489cb1d4ab316f1cbf8bb22052078fc75d657ef876a40ace823f
[INFO] running `Command { std: "docker" "start" "-a" "11f6fcffc05e489cb1d4ab316f1cbf8bb22052078fc75d657ef876a40ace823f", kill_on_drop: false }`
[INFO] running `Command { std: "docker" "inspect" "11f6fcffc05e489cb1d4ab316f1cbf8bb22052078fc75d657ef876a40ace823f", kill_on_drop: false }`
[INFO] running `Command { std: "docker" "rm" "-f" "11f6fcffc05e489cb1d4ab316f1cbf8bb22052078fc75d657ef876a40ace823f", kill_on_drop: false }`
[INFO] [stdout] 11f6fcffc05e489cb1d4ab316f1cbf8bb22052078fc75d657ef876a40ace823f
[INFO] running `Command { std: "docker" "create" "-v" "/var/lib/crater-agent-workspace/builds/worker-5-tc2/target:/opt/rustwide/target:rw,Z" "-v" "/var/lib/crater-agent-workspace/builds/worker-5-tc2/source:/opt/rustwide/workdir:ro,Z" "-v" "/var/lib/crater-agent-workspace/cargo-home:/opt/rustwide/cargo-home:ro,Z" "-v" "/var/lib/crater-agent-workspace/rustup-home:/opt/rustwide/rustup-home:ro,Z" "-e" "SOURCE_DIR=/opt/rustwide/workdir" "-e" "CARGO_TARGET_DIR=/opt/rustwide/target" "-e" "CARGO_INCREMENTAL=0" "-e" "RUST_BACKTRACE=full" "-e" "RUSTFLAGS=--cap-lints=warn" "-e" "RUSTDOCFLAGS=--cap-lints=warn" "-e" "CARGO_HOME=/opt/rustwide/cargo-home" "-e" "RUSTUP_HOME=/opt/rustwide/rustup-home" "-w" "/opt/rustwide/workdir" "-m" "1610612736" "--user" "0:0" "--network" "none" "ghcr.io/rust-lang/crates-build-env/linux@sha256:5ff2268d62e97bff2cde7d5815dd6ed5b47097566f13b8d0ca110b04b60e07ed" "/opt/rustwide/cargo-home/bin/cargo" "+beta-2023-04-20" "build" "--frozen" "--message-format=json", kill_on_drop: false }`
[INFO] [stdout] 072da0e4c091a35e46e564d1246be8fa6e34ef687d0b578f6ce75fbb3e2b397a
[INFO] running `Command { std: "docker" "start" "-a" "072da0e4c091a35e46e564d1246be8fa6e34ef687d0b578f6ce75fbb3e2b397a", kill_on_drop: false }`
[INFO] [stderr]    Compiling libc v0.2.68
[INFO] [stderr]    Compiling cfg-if v0.1.10
[INFO] [stderr]    Compiling xml-rs v0.8.0
[INFO] [stderr]    Compiling cc v1.0.50
[INFO] [stderr]    Compiling log v0.4.8
[INFO] [stderr]    Compiling autocfg v1.0.0
[INFO] [stderr]    Compiling khronos_api v3.1.0
[INFO] [stderr]    Compiling pkg-config v0.3.17
[INFO] [stderr]    Compiling nix v0.14.1
[INFO] [stderr]    Compiling byteorder v1.3.4
[INFO] [stderr]    Compiling void v1.0.2
[INFO] [stderr]    Compiling slab v0.4.2
[INFO] [stderr]    Compiling lazycell v1.2.1
[INFO] [stderr]    Compiling arrayvec v0.5.1
[INFO] [stderr]    Compiling maybe-uninit v2.0.0
[INFO] [stderr]    Compiling downcast-rs v1.1.1
[INFO] [stderr]    Compiling same-file v1.0.6
[INFO] [stderr]    Compiling xdg v2.2.0
[INFO] [stderr]    Compiling scopeguard v1.1.0
[INFO] [stderr]    Compiling smallvec v1.2.0
[INFO] [stderr]    Compiling walkdir v2.3.1
[INFO] [stderr]    Compiling instant v0.1.2
[INFO] [stderr]    Compiling percent-encoding v2.1.0
[INFO] [stderr]    Compiling lock_api v0.3.3
[INFO] [stderr]    Compiling rustc-demangle v0.1.16
[INFO] [stderr]    Compiling fnv v1.0.6
[INFO] [stderr]    Compiling takeable-option v0.5.0
[INFO] [stderr]    Compiling wayland-scanner v0.23.6
[INFO] [stderr]    Compiling num-traits v0.2.11
[INFO] [stderr]    Compiling memoffset v0.5.4
[INFO] [stderr]    Compiling gl_generator v0.13.1
[INFO] [stderr]    Compiling gl_generator v0.14.0
[INFO] [stderr]    Compiling x11-dl v2.18.5
[INFO] [stderr]    Compiling freetype-sys v0.7.1
[INFO] [stderr]    Compiling stb_truetype v0.3.1
[INFO] [stderr]    Compiling iovec v0.1.4
[INFO] [stderr]    Compiling net2 v0.2.33
[INFO] [stderr]    Compiling memmap v0.7.0
[INFO] [stderr]    Compiling parking_lot_core v0.7.0
[INFO] [stderr]    Compiling shared_library v0.1.9
[INFO] [stderr]    Compiling raw-window-handle v0.3.3
[INFO] [stderr]    Compiling libloading v0.5.2
[INFO] [stderr]    Compiling backtrace-sys v0.1.35
[INFO] [stderr]    Compiling libz-sys v1.0.25
[INFO] [stderr]    Compiling parking_lot v0.10.0
[INFO] [stderr]    Compiling osmesa-sys v0.1.2
[INFO] [stderr]    Compiling glutin_glx_sys v0.1.6
[INFO] [stderr]    Compiling mio v0.6.21
[INFO] [stderr]    Compiling glutin_egl_sys v0.1.4
[INFO] [stderr]    Compiling glium v0.27.0
[INFO] [stderr]    Compiling dlib v0.4.1
[INFO] [stderr]    Compiling approx v0.3.2
[INFO] [stderr]    Compiling ordered-float v1.0.2
[INFO] [stderr]    Compiling line_drawing v0.7.0
[INFO] [stderr]    Compiling wayland-sys v0.23.6
[INFO] [stderr]    Compiling wayland-client v0.23.6
[INFO] [stderr]    Compiling wayland-protocols v0.23.6
[INFO] [stderr]    Compiling mio-extras v2.0.6
[INFO] [stderr]    Compiling rusttype v0.8.2
[INFO] [stderr]    Compiling backtrace v0.3.46
[INFO] [stderr]    Compiling rusttype v0.7.9
[INFO] [stderr]    Compiling andrew v0.2.1
[INFO] [stderr]    Compiling calloop v0.4.4
[INFO] [stderr]    Compiling wayland-commons v0.23.6
[INFO] [stderr]    Compiling smithay-client-toolkit v0.6.6
[INFO] [stderr]    Compiling winit v0.22.0
[INFO] [stderr]    Compiling glutin v0.24.0
[INFO] [stderr]    Compiling glium_text_nxt v0.15.0 (/opt/rustwide/workdir)
[INFO] [stdout] warning: use of deprecated function `std::mem::uninitialized`: use `mem::MaybeUninit` instead
[INFO] [stdout]    --> src/lib.rs:189:54
[INFO] [stdout]     |
[INFO] [stdout] 189 |             let mut g: freetype::FT_UInt = std::mem::uninitialized();
[INFO] [stdout]     |                                                      ^^^^^^^^^^^^^
[INFO] [stdout]     |
[INFO] [stdout]     = note: `#[warn(deprecated)]` on by default
[INFO] [stdout] 
[INFO] [stdout] 
[INFO] [stdout] warning: the type `u32` does not permit being left uninitialized
[INFO] [stdout]    --> src/lib.rs:189:44
[INFO] [stdout]     |
[INFO] [stdout] 189 |             let mut g: freetype::FT_UInt = std::mem::uninitialized();
[INFO] [stdout]     |                                            ^^^^^^^^^^^^^^^^^^^^^^^^^
[INFO] [stdout]     |                                            |
[INFO] [stdout]     |                                            this code causes undefined behavior when executed
[INFO] [stdout]     |                                            help: use `MaybeUninit<T>` instead, and only call `assume_init` after initialization is done
[INFO] [stdout]     |
[INFO] [stdout]     = note: integers must be initialized
[INFO] [stdout]     = note: `#[warn(invalid_value)]` on by default
[INFO] [stdout] 
[INFO] [stdout] 
[INFO] [stdout] warning: 2 warnings emitted
[INFO] [stdout] 
[INFO] [stdout] 
[INFO] [stderr]     Finished dev [unoptimized + debuginfo] target(s) in 47.13s
[INFO] running `Command { std: "docker" "inspect" "072da0e4c091a35e46e564d1246be8fa6e34ef687d0b578f6ce75fbb3e2b397a", kill_on_drop: false }`
[INFO] running `Command { std: "docker" "rm" "-f" "072da0e4c091a35e46e564d1246be8fa6e34ef687d0b578f6ce75fbb3e2b397a", kill_on_drop: false }`
[INFO] [stdout] 072da0e4c091a35e46e564d1246be8fa6e34ef687d0b578f6ce75fbb3e2b397a
[INFO] running `Command { std: "docker" "create" "-v" "/var/lib/crater-agent-workspace/builds/worker-5-tc2/target:/opt/rustwide/target:rw,Z" "-v" "/var/lib/crater-agent-workspace/builds/worker-5-tc2/source:/opt/rustwide/workdir:ro,Z" "-v" "/var/lib/crater-agent-workspace/cargo-home:/opt/rustwide/cargo-home:ro,Z" "-v" "/var/lib/crater-agent-workspace/rustup-home:/opt/rustwide/rustup-home:ro,Z" "-e" "SOURCE_DIR=/opt/rustwide/workdir" "-e" "CARGO_TARGET_DIR=/opt/rustwide/target" "-e" "CARGO_INCREMENTAL=0" "-e" "RUST_BACKTRACE=full" "-e" "RUSTFLAGS=--cap-lints=warn" "-e" "RUSTDOCFLAGS=--cap-lints=warn" "-e" "CARGO_HOME=/opt/rustwide/cargo-home" "-e" "RUSTUP_HOME=/opt/rustwide/rustup-home" "-w" "/opt/rustwide/workdir" "-m" "1610612736" "--user" "0:0" "--network" "none" "ghcr.io/rust-lang/crates-build-env/linux@sha256:5ff2268d62e97bff2cde7d5815dd6ed5b47097566f13b8d0ca110b04b60e07ed" "/opt/rustwide/cargo-home/bin/cargo" "+beta-2023-04-20" "test" "--frozen" "--no-run" "--message-format=json", kill_on_drop: false }`
[INFO] [stdout] 17745c7ac8c10dd96f61afbd7dbe6e84a91b035126ececac0a13f65c76d5636a
[INFO] running `Command { std: "docker" "start" "-a" "17745c7ac8c10dd96f61afbd7dbe6e84a91b035126ececac0a13f65c76d5636a", kill_on_drop: false }`
[INFO] [stderr]     Blocking waiting for file lock on package cache
[INFO] [stderr]    Compiling rand v0.6.5
[INFO] [stderr]    Compiling rand_os v0.1.3
[INFO] [stderr]    Compiling cgmath v0.17.0
[INFO] [stdout] warning: use of deprecated function `std::mem::uninitialized`: use `mem::MaybeUninit` instead
[INFO] [stdout]    --> src/lib.rs:189:54
[INFO] [stdout]     |
[INFO] [stdout] 189 |             let mut g: freetype::FT_UInt = std::mem::uninitialized();
[INFO] [stdout]     |                                                      ^^^^^^^^^^^^^
[INFO] [stdout]     |
[INFO] [stdout]     = note: `#[warn(deprecated)]` on by default
[INFO] [stdout] 
[INFO] [stdout] 
[INFO] [stdout] warning: the type `u32` does not permit being left uninitialized
[INFO] [stdout]    --> src/lib.rs:189:44
[INFO] [stdout]     |
[INFO] [stdout] 189 |             let mut g: freetype::FT_UInt = std::mem::uninitialized();
[INFO] [stdout]     |                                            ^^^^^^^^^^^^^^^^^^^^^^^^^
[INFO] [stdout]     |                                            |
[INFO] [stdout]     |                                            this code causes undefined behavior when executed
[INFO] [stdout]     |                                            help: use `MaybeUninit<T>` instead, and only call `assume_init` after initialization is done
[INFO] [stdout]     |
[INFO] [stdout]     = note: integers must be initialized
[INFO] [stdout]     = note: `#[warn(invalid_value)]` on by default
[INFO] [stdout] 
[INFO] [stdout] 
[INFO] [stdout] warning: 2 warnings emitted
[INFO] [stdout] 
[INFO] [stdout] 
[INFO] [stderr]    Compiling glium_text_nxt v0.15.0 (/opt/rustwide/workdir)
[INFO] [stdout] error[E0463]: can't find crate for `glium_text`
[INFO] [stdout]  --> examples/hello_world.rs:2:1
[INFO] [stdout]   |
[INFO] [stdout] 2 | extern crate glium_text;
[INFO] [stdout]   | ^^^^^^^^^^^^^^^^^^^^^^^^ can't find crate
[INFO] [stdout] 
[INFO] [stdout] 
[INFO] [stdout] error[E0463]: can't find crate for `glium_text`
[INFO] [stdout]  --> examples/user_text.rs:2:1
[INFO] [stdout]   |
[INFO] [stdout] 2 | extern crate glium_text;
[INFO] [stdout]   | ^^^^^^^^^^^^^^^^^^^^^^^^ can't find crate
[INFO] [stdout] 
[INFO] [stdout] 
[INFO] [stdout] error[E0432]: unresolved imports `glium::glutin::ControlFlow`, `glium::glutin::Event`, `glium::glutin::WindowEvent`
[INFO] [stdout]  --> examples/hello_world.rs:6:21
[INFO] [stdout]   |
[INFO] [stdout] 6 | use glium::glutin::{ControlFlow, Event, self, WindowEvent};
[INFO] [stdout]   |                     ^^^^^^^^^^^  ^^^^^        ^^^^^^^^^^^ no `WindowEvent` in the root
[INFO] [stdout]   |                     |            |
[INFO] [stdout]   |                     |            no `Event` in the root
[INFO] [stdout]   |                     |            help: a similar name exists in the module: `event`
[INFO] [stdout]   |                     no `ControlFlow` in the root
[INFO] [stdout]   |
[INFO] [stdout]   = help: consider importing one of these items instead:
[INFO] [stdout]           glutin::event_loop::ControlFlow
[INFO] [stdout]           std::ops::ControlFlow
[INFO] [stdout]   = help: consider importing this enum instead:
[INFO] [stdout]           glutin::event::Event
[INFO] [stdout]   = help: consider importing one of these items instead:
[INFO] [stdout]           glutin::event::Event::WindowEvent
[INFO] [stdout]           glutin::event::WindowEvent
[INFO] [stdout] 
[INFO] [stdout] 
[INFO] [stdout] error[E0433]: failed to resolve: could not find `EventsLoop` in `glutin`
[INFO] [stdout]  --> examples/hello_world.rs:9:34
[INFO] [stdout]   |
[INFO] [stdout] 9 |     let mut event_loop = glutin::EventsLoop::new();
[INFO] [stdout]   |                                  ^^^^^^^^^^ could not find `EventsLoop` in `glutin`
[INFO] [stdout] 
[INFO] [stdout] 
[INFO] [stdout] warning: use of deprecated function `std::mem::uninitialized`: use `mem::MaybeUninit` instead
[INFO] [stdout]    --> src/lib.rs:189:54
[INFO] [stdout]     |
[INFO] [stdout] 189 |             let mut g: freetype::FT_UInt = std::mem::uninitialized();
[INFO] [stdout]     |                                                      ^^^^^^^^^^^^^
[INFO] [stdout]     |
[INFO] [stdout]     = note: `#[warn(deprecated)]` on by default
[INFO] [stdout] 
[INFO] [stdout] 
[INFO] [stdout] error[E0433]: failed to resolve: could not find `WindowBuilder` in `glutin`
[INFO] [stdout]   --> examples/hello_world.rs:10:26
[INFO] [stdout]    |
[INFO] [stdout] 10 |     let window = glutin::WindowBuilder::new().with_dimensions((1024, 768).into());
[INFO] [stdout]    |                          ^^^^^^^^^^^^^ could not find `WindowBuilder` in `glutin`
[INFO] [stdout]    |
[INFO] [stdout] help: consider importing this struct
[INFO] [stdout]    |
[INFO] [stdout] 5  + use glutin::window::WindowBuilder;
[INFO] [stdout]    |
[INFO] [stdout] help: if you import `WindowBuilder`, refer to it directly
[INFO] [stdout]    |
[INFO] [stdout] 10 -     let window = glutin::WindowBuilder::new().with_dimensions((1024, 768).into());
[INFO] [stdout] 10 +     let window = WindowBuilder::new().with_dimensions((1024, 768).into());
[INFO] [stdout]    |
[INFO] [stdout] 
[INFO] [stdout] 
[INFO] [stdout] error[E0432]: unresolved imports `glium::glutin::ControlFlow`, `glium::glutin::Event`, `glium::glutin::WindowEvent`
[INFO] [stdout]  --> examples/user_text.rs:7:21
[INFO] [stdout]   |
[INFO] [stdout] 7 | use glium::glutin::{ControlFlow, Event, self, WindowEvent};
[INFO] [stdout]   |                     ^^^^^^^^^^^  ^^^^^        ^^^^^^^^^^^ no `WindowEvent` in the root
[INFO] [stdout]   |                     |            |
[INFO] [stdout]   |                     |            no `Event` in the root
[INFO] [stdout]   |                     |            help: a similar name exists in the module: `event`
[INFO] [stdout]   |                     no `ControlFlow` in the root
[INFO] [stdout]   |
[INFO] [stdout]   = help: consider importing one of these items instead:
[INFO] [stdout]           glutin::event_loop::ControlFlow
[INFO] [stdout]           std::ops::ControlFlow
[INFO] [stdout]   = help: consider importing this enum instead:
[INFO] [stdout]           glutin::event::Event
[INFO] [stdout]   = help: consider importing one of these items instead:
[INFO] [stdout]           glutin::event::Event::WindowEvent
[INFO] [stdout]           glutin::event::WindowEvent
[INFO] [stdout] 
[INFO] [stdout] 
[INFO] [stdout] error[E0433]: failed to resolve: could not find `EventsLoop` in `glutin`
[INFO] [stdout]   --> examples/user_text.rs:12:34
[INFO] [stdout]    |
[INFO] [stdout] 12 |     let mut event_loop = glutin::EventsLoop::new();
[INFO] [stdout]    |                                  ^^^^^^^^^^ could not find `EventsLoop` in `glutin`
[INFO] [stdout] 
[INFO] [stdout] 
[INFO] [stdout] error[E0433]: failed to resolve: could not find `WindowBuilder` in `glutin`
[INFO] [stdout]   --> examples/user_text.rs:13:26
[INFO] [stdout]    |
[INFO] [stdout] 13 |     let window = glutin::WindowBuilder::new().with_dimensions((1024, 768).into());
[INFO] [stdout]    |                          ^^^^^^^^^^^^^ could not find `WindowBuilder` in `glutin`
[INFO] [stdout]    |
[INFO] [stdout] help: consider importing this struct
[INFO] [stdout]    |
[INFO] [stdout] 5  + use glutin::window::WindowBuilder;
[INFO] [stdout]    |
[INFO] [stdout] help: if you import `WindowBuilder`, refer to it directly
[INFO] [stdout]    |
[INFO] [stdout] 13 -     let window = glutin::WindowBuilder::new().with_dimensions((1024, 768).into());
[INFO] [stdout] 13 +     let window = WindowBuilder::new().with_dimensions((1024, 768).into());
[INFO] [stdout]    |
[INFO] [stdout] 
[INFO] [stdout] 
[INFO] [stdout] error: aborting due to 4 previous errors
[INFO] [stdout] 
[INFO] [stdout] 
[INFO] [stdout] Some errors have detailed explanations: E0432, E0433, E0463.
[INFO] [stdout] 
[INFO] [stdout] For more information about an error, try `rustc --explain E0432`.
[INFO] [stdout] 
[INFO] [stderr] error: could not compile `glium_text_nxt` (example "user_text") due to 5 previous errors
[INFO] [stderr] warning: build failed, waiting for other jobs to finish...
[INFO] [stdout] error: aborting due to 4 previous errors
[INFO] [stdout] 
[INFO] [stdout] 
[INFO] [stdout] Some errors have detailed explanations: E0432, E0433, E0463.
[INFO] [stdout] 
[INFO] [stdout] For more information about an error, try `rustc --explain E0432`.
[INFO] [stdout] 
[INFO] [stderr] error: could not compile `glium_text_nxt` (example "hello_world") due to 5 previous errors
[INFO] [stdout] warning: the type `u32` does not permit being left uninitialized
[INFO] [stdout]    --> src/lib.rs:189:44
[INFO] [stdout]     |
[INFO] [stdout] 189 |             let mut g: freetype::FT_UInt = std::mem::uninitialized();
[INFO] [stdout]     |                                            ^^^^^^^^^^^^^^^^^^^^^^^^^
[INFO] [stdout]     |                                            |
[INFO] [stdout]     |                                            this code causes undefined behavior when executed
[INFO] [stdout]     |                                            help: use `MaybeUninit<T>` instead, and only call `assume_init` after initialization is done
[INFO] [stdout]     |
[INFO] [stdout]     = note: integers must be initialized
[INFO] [stdout]     = note: `#[warn(invalid_value)]` on by default
[INFO] [stdout] 
[INFO] [stdout] 
[INFO] [stdout] warning: 2 warnings emitted
[INFO] [stdout] 
[INFO] [stdout] 
[INFO] running `Command { std: "docker" "inspect" "17745c7ac8c10dd96f61afbd7dbe6e84a91b035126ececac0a13f65c76d5636a", kill_on_drop: false }`
[INFO] running `Command { std: "docker" "rm" "-f" "17745c7ac8c10dd96f61afbd7dbe6e84a91b035126ececac0a13f65c76d5636a", kill_on_drop: false }`
[INFO] [stdout] 17745c7ac8c10dd96f61afbd7dbe6e84a91b035126ececac0a13f65c76d5636a
