[INFO] fetching crate glium 0.32.1...
[INFO] testing glium-0.32.1 against 1.69.0 for beta-1.70-1
[INFO] extracting crate glium 0.32.1 into /workspace/builds/worker-2-tc1/source
[INFO] validating manifest of crates.io crate glium 0.32.1 on toolchain 1.69.0
[INFO] running `Command { std: CARGO_HOME="/workspace/cargo-home" RUSTUP_HOME="/workspace/rustup-home" "/workspace/cargo-home/bin/cargo" "+1.69.0" "metadata" "--manifest-path" "Cargo.toml" "--no-deps", kill_on_drop: false }`
[INFO] started tweaking crates.io crate glium 0.32.1
[INFO] finished tweaking crates.io crate glium 0.32.1
[INFO] tweaked toml for crates.io crate glium 0.32.1 written to /workspace/builds/worker-2-tc1/source/Cargo.toml
[INFO] crate crates.io crate glium 0.32.1 already has a lockfile, it will not be regenerated
[INFO] running `Command { std: CARGO_HOME="/workspace/cargo-home" RUSTUP_HOME="/workspace/rustup-home" "/workspace/cargo-home/bin/cargo" "+1.69.0" "fetch" "--manifest-path" "Cargo.toml", kill_on_drop: false }`
[INFO] [stderr]  Downloading crates ...
[INFO] [stderr]   Downloaded cgmath v0.16.1
[INFO] [stderr]   Downloaded approx v0.1.1
[INFO] [stderr]   Downloaded obj v0.10.2
[INFO] [stderr]   Downloaded ouroboros_macro v0.15.0
[INFO] [stderr]   Downloaded wayland-egl v0.29.4
[INFO] [stderr]   Downloaded ouroboros v0.15.0
[INFO] [stderr]   Downloaded pin-project-internal v1.0.11
[INFO] [stderr]   Downloaded memmap2 v0.5.5
[INFO] [stderr]   Downloaded genmesh v0.6.2
[INFO] [stderr]   Downloaded bytemuck v1.11.0
[INFO] [stderr]   Downloaded pin-project v1.0.11
[INFO] [stderr]   Downloaded glutin v0.29.0
[INFO] [stderr]   Downloaded web-sys v0.3.59
[INFO] [stderr]   Downloaded sctk-adwaita v0.4.1
[INFO] [stderr]   Downloaded winit v0.27.1
[INFO] running `Command { std: "docker" "create" "-v" "/var/lib/crater-agent-workspace/builds/worker-2-tc1/target:/opt/rustwide/target:rw,Z" "-v" "/var/lib/crater-agent-workspace/builds/worker-2-tc1/source:/opt/rustwide/workdir:ro,Z" "-v" "/var/lib/crater-agent-workspace/cargo-home:/opt/rustwide/cargo-home:ro,Z" "-v" "/var/lib/crater-agent-workspace/rustup-home:/opt/rustwide/rustup-home:ro,Z" "-e" "SOURCE_DIR=/opt/rustwide/workdir" "-e" "CARGO_TARGET_DIR=/opt/rustwide/target" "-e" "CARGO_HOME=/opt/rustwide/cargo-home" "-e" "RUSTUP_HOME=/opt/rustwide/rustup-home" "-w" "/opt/rustwide/workdir" "-m" "1610612736" "--user" "0:0" "--network" "none" "ghcr.io/rust-lang/crates-build-env/linux@sha256:5ff2268d62e97bff2cde7d5815dd6ed5b47097566f13b8d0ca110b04b60e07ed" "/opt/rustwide/cargo-home/bin/cargo" "+1.69.0" "metadata" "--no-deps" "--format-version=1", kill_on_drop: false }`
[INFO] [stdout] 7c0863df02b5dffa1952436e71fcf02f4cf3dde051678f82b4d6d7efab713821
[INFO] running `Command { std: "docker" "start" "-a" "7c0863df02b5dffa1952436e71fcf02f4cf3dde051678f82b4d6d7efab713821", kill_on_drop: false }`
[INFO] running `Command { std: "docker" "inspect" "7c0863df02b5dffa1952436e71fcf02f4cf3dde051678f82b4d6d7efab713821", kill_on_drop: false }`
[INFO] running `Command { std: "docker" "rm" "-f" "7c0863df02b5dffa1952436e71fcf02f4cf3dde051678f82b4d6d7efab713821", kill_on_drop: false }`
[INFO] [stdout] 7c0863df02b5dffa1952436e71fcf02f4cf3dde051678f82b4d6d7efab713821
[INFO] running `Command { std: "docker" "create" "-v" "/var/lib/crater-agent-workspace/builds/worker-2-tc1/target:/opt/rustwide/target:rw,Z" "-v" "/var/lib/crater-agent-workspace/builds/worker-2-tc1/source:/opt/rustwide/workdir:ro,Z" "-v" "/var/lib/crater-agent-workspace/cargo-home:/opt/rustwide/cargo-home:ro,Z" "-v" "/var/lib/crater-agent-workspace/rustup-home:/opt/rustwide/rustup-home:ro,Z" "-e" "SOURCE_DIR=/opt/rustwide/workdir" "-e" "CARGO_TARGET_DIR=/opt/rustwide/target" "-e" "CARGO_INCREMENTAL=0" "-e" "RUST_BACKTRACE=full" "-e" "RUSTFLAGS=--cap-lints=warn" "-e" "RUSTDOCFLAGS=--cap-lints=warn" "-e" "CARGO_HOME=/opt/rustwide/cargo-home" "-e" "RUSTUP_HOME=/opt/rustwide/rustup-home" "-w" "/opt/rustwide/workdir" "-m" "1610612736" "--user" "0:0" "--network" "none" "ghcr.io/rust-lang/crates-build-env/linux@sha256:5ff2268d62e97bff2cde7d5815dd6ed5b47097566f13b8d0ca110b04b60e07ed" "/opt/rustwide/cargo-home/bin/cargo" "+1.69.0" "build" "--frozen" "--message-format=json", kill_on_drop: false }`
[INFO] [stdout] 8986171bfc8edf35a95952cc3535c779efdb92122db2635cd4bc69e836a2498b
[INFO] running `Command { std: "docker" "start" "-a" "8986171bfc8edf35a95952cc3535c779efdb92122db2635cd4bc69e836a2498b", kill_on_drop: false }`
[INFO] [stderr]    Compiling cfg-if v1.0.0
[INFO] [stderr]    Compiling pkg-config v0.3.25
[INFO] [stderr]    Compiling libc v0.2.126
[INFO] [stderr]    Compiling proc-macro2 v1.0.42
[INFO] [stderr]    Compiling unicode-ident v1.0.2
[INFO] [stderr]    Compiling xml-rs v0.8.4
[INFO] [stderr]    Compiling quote v1.0.20
[INFO] [stderr]    Compiling autocfg v1.1.0
[INFO] [stderr]    Compiling cc v1.0.73
[INFO] [stderr]    Compiling log v0.4.17
[INFO] [stderr]    Compiling bitflags v1.3.2
[INFO] [stderr]    Compiling lazy_static v1.4.0
[INFO] [stderr]    Compiling khronos_api v3.1.0
[INFO] [stderr]    Compiling syn v1.0.98
[INFO] [stderr]    Compiling memchr v2.5.0
[INFO] [stderr]    Compiling smallvec v1.9.0
[INFO] [stderr]    Compiling once_cell v1.13.0
[INFO] [stderr]    Compiling libloading v0.7.3
[INFO] [stderr]    Compiling version_check v0.9.4
[INFO] [stderr]    Compiling scoped-tls v1.0.0
[INFO] [stderr]    Compiling downcast-rs v1.2.0
[INFO] [stderr]    Compiling minimal-lexical v0.2.1
[INFO] [stderr]    Compiling dlib v0.5.0
[INFO] [stderr]    Compiling adler v1.0.2
[INFO] [stderr]    Compiling crc32fast v1.3.2
[INFO] [stderr]    Compiling adler32 v1.2.0
[INFO] [stderr]    Compiling memoffset v0.6.5
[INFO] [stderr]    Compiling lock_api v0.4.7
[INFO] [stderr]    Compiling miniz_oxide v0.5.3
[INFO] [stderr]    Compiling deflate v1.0.0
[INFO] [stderr]    Compiling slotmap v1.0.6
[INFO] [stderr]    Compiling parking_lot_core v0.9.3
[INFO] [stderr]    Compiling bytemuck v1.11.0
[INFO] [stderr]    Compiling wayland-sys v0.29.4
[INFO] [stderr]    Compiling cmake v0.1.48
[INFO] [stderr]    Compiling gl_generator v0.14.0
[INFO] [stderr]    Compiling servo-fontconfig-sys v5.1.0
[INFO] [stderr]    Compiling smithay-client-toolkit v0.16.0
[INFO] [stderr]    Compiling crossfont v0.5.0
[INFO] [stderr]    Compiling nom v7.1.1
[INFO] [stderr]    Compiling x11-dl v2.19.1
[INFO] [stderr]    Compiling wayland-scanner v0.29.4
[INFO] [stderr]    Compiling vec_map v0.8.2
[INFO] [stderr]    Compiling foreign-types-shared v0.3.1
[INFO] [stderr]    Compiling png v0.17.5
[INFO] [stderr]    Compiling safe_arch v0.5.2
[INFO] [stderr]    Compiling arrayvec v0.5.2
[INFO] [stderr]    Compiling scopeguard v1.1.0
[INFO] [stderr]    Compiling freetype-sys v0.13.1
[INFO] [stderr]    Compiling expat-sys v2.1.6
[INFO] [stderr]    Compiling arrayref v0.3.6
[INFO] [stderr]    Compiling cty v0.2.2
[INFO] [stderr]    Compiling backtrace v0.3.66
[INFO] [stderr]    Compiling instant v0.1.12
[INFO] [stderr]    Compiling percent-encoding v2.1.0
[INFO] [stderr]    Compiling nix v0.22.3
[INFO] [stderr]    Compiling nix v0.24.2
[INFO] [stderr]    Compiling memmap2 v0.5.5
[INFO] [stderr]    Compiling glutin_egl_sys v0.1.6
[INFO] [stderr]    Compiling glutin_glx_sys v0.1.8
[INFO] [stderr]    Compiling raw-window-handle v0.5.0
[INFO] [stderr]    Compiling shared_library v0.1.9
[INFO] [stderr]    Compiling mio v0.8.4
[INFO] [stderr]    Compiling gimli v0.26.2
[INFO] [stderr]    Compiling osmesa-sys v0.1.2
[INFO] [stderr]    Compiling freetype-rs v0.26.0
[INFO] [stderr]    Compiling parking_lot v0.12.1
[INFO] [stderr]    Compiling glium v0.32.1 (/opt/rustwide/workdir)
[INFO] [stderr]    Compiling object v0.29.0
[INFO] [stderr]    Compiling servo-fontconfig v0.5.1
[INFO] [stderr]    Compiling wayland-client v0.29.4
[INFO] [stderr]    Compiling wayland-protocols v0.29.4
[INFO] [stderr]    Compiling xcursor v0.3.4
[INFO] [stderr]    Compiling tiny-skia v0.6.6
[INFO] [stderr]    Compiling rustc-demangle v0.1.21
[INFO] [stderr]    Compiling fnv v1.0.7
[INFO] [stderr]    Compiling takeable-option v0.5.0
[INFO] [stderr]    Compiling addr2line v0.17.0
[INFO] [stderr]    Compiling thiserror-impl v1.0.31
[INFO] [stderr]    Compiling foreign-types-macros v0.2.2
[INFO] [stderr]    Compiling wayland-commons v0.29.4
[INFO] [stderr]    Compiling foreign-types v0.5.0
[INFO] [stderr]    Compiling thiserror v1.0.31
[INFO] [stderr]    Compiling calloop v0.10.1
[INFO] [stderr]    Compiling wayland-cursor v0.29.4
[INFO] [stderr]    Compiling wayland-egl v0.29.4
[INFO] [stderr]    Compiling sctk-adwaita v0.4.1
[INFO] [stderr]    Compiling winit v0.27.1
[INFO] [stderr]    Compiling glutin v0.29.0
[INFO] [stderr]     Finished dev [unoptimized + debuginfo] target(s) in 1m 27s
[INFO] running `Command { std: "docker" "inspect" "8986171bfc8edf35a95952cc3535c779efdb92122db2635cd4bc69e836a2498b", kill_on_drop: false }`
[INFO] running `Command { std: "docker" "rm" "-f" "8986171bfc8edf35a95952cc3535c779efdb92122db2635cd4bc69e836a2498b", kill_on_drop: false }`
[INFO] [stdout] 8986171bfc8edf35a95952cc3535c779efdb92122db2635cd4bc69e836a2498b
[INFO] running `Command { std: "docker" "create" "-v" "/var/lib/crater-agent-workspace/builds/worker-2-tc1/target:/opt/rustwide/target:rw,Z" "-v" "/var/lib/crater-agent-workspace/builds/worker-2-tc1/source:/opt/rustwide/workdir:ro,Z" "-v" "/var/lib/crater-agent-workspace/cargo-home:/opt/rustwide/cargo-home:ro,Z" "-v" "/var/lib/crater-agent-workspace/rustup-home:/opt/rustwide/rustup-home:ro,Z" "-e" "SOURCE_DIR=/opt/rustwide/workdir" "-e" "CARGO_TARGET_DIR=/opt/rustwide/target" "-e" "CARGO_INCREMENTAL=0" "-e" "RUST_BACKTRACE=full" "-e" "RUSTFLAGS=--cap-lints=warn" "-e" "RUSTDOCFLAGS=--cap-lints=warn" "-e" "CARGO_HOME=/opt/rustwide/cargo-home" "-e" "RUSTUP_HOME=/opt/rustwide/rustup-home" "-w" "/opt/rustwide/workdir" "-m" "1610612736" "--user" "0:0" "--network" "none" "ghcr.io/rust-lang/crates-build-env/linux@sha256:5ff2268d62e97bff2cde7d5815dd6ed5b47097566f13b8d0ca110b04b60e07ed" "/opt/rustwide/cargo-home/bin/cargo" "+1.69.0" "test" "--frozen" "--no-run" "--message-format=json", kill_on_drop: false }`
[INFO] [stdout] 7a9e730cf33948842d585324cd1c73896fbf70b44dd87f73e63d1d25cb7ff81a
[INFO] running `Command { std: "docker" "start" "-a" "7a9e730cf33948842d585324cd1c73896fbf70b44dd87f73e63d1d25cb7ff81a", kill_on_drop: false }`
[INFO] [stderr]    Compiling syn v1.0.98
[INFO] [stderr]    Compiling num-traits v0.2.15
[INFO] [stderr]    Compiling crossbeam-utils v0.8.11
[INFO] [stderr]    Compiling crossbeam-epoch v0.9.10
[INFO] [stderr]    Compiling getrandom v0.2.7
[INFO] [stderr]    Compiling num_cpus v1.13.1
[INFO] [stderr]    Compiling rayon-core v1.9.3
[INFO] [stderr]    Compiling bytemuck v1.11.0
[INFO] [stderr]    Compiling rayon v1.5.3
[INFO] [stderr]    Compiling proc-macro-error-attr v1.0.4
[INFO] [stderr]    Compiling futures-core v0.3.21
[INFO] [stderr]    Compiling num-integer v0.1.45
[INFO] [stderr]    Compiling proc-macro-error v1.0.4
[INFO] [stderr]    Compiling either v1.7.0
[INFO] [stderr]    Compiling cgmath v0.16.1
[INFO] [stderr]    Compiling spin v0.9.4
[INFO] [stderr]    Compiling nanorand v0.7.0
[INFO] [stderr]    Compiling safe_arch v0.5.2
[INFO] [stderr]    Compiling rand v0.4.6
[INFO] [stderr]    Compiling num-rational v0.4.1
[INFO] [stderr]    Compiling weezl v0.1.7
[INFO] [stderr]    Compiling mint v0.5.9
[INFO] [stderr]    Compiling approx v0.1.1
[INFO] [stderr]    Compiling futures-sink v0.3.21
[INFO] [stderr]    Compiling threadpool v1.8.1
[INFO] [stderr]    Compiling rand_core v0.6.3
[INFO] [stderr]    Compiling flate2 v1.0.24
[INFO] [stderr]    Compiling inflate v0.4.5
[INFO] [stderr]    Compiling Inflector v0.11.4
[INFO] [stderr]    Compiling color_quant v1.1.0
[INFO] [stderr]    Compiling tiny-skia v0.6.6
[INFO] [stderr]    Compiling bit_field v0.10.1
[INFO] [stderr]    Compiling crossbeam-channel v0.5.6
[INFO] [stderr]    Compiling ppv-lite86 v0.2.16
[INFO] [stderr]    Compiling cgmath v0.18.0
[INFO] [stderr]    Compiling lebe v0.5.1
[INFO] [stderr]    Compiling half v1.8.2
[INFO] [stderr]    Compiling gif v0.11.4
[INFO] [stderr]    Compiling scoped_threadpool v0.1.9
[INFO] [stderr]    Compiling stable_deref_trait v1.2.0
[INFO] [stderr]    Compiling crossbeam-deque v0.8.2
[INFO] [stderr]    Compiling aliasable v0.1.3
[INFO] [stderr]    Compiling byteorder v1.4.3
[INFO] [stderr]    Compiling rand_chacha v0.3.1
[INFO] [stderr]    Compiling rand v0.8.5
[INFO] [stderr]    Compiling num-traits v0.1.43
[INFO] [stderr]    Compiling approx v0.4.0
[INFO] [stderr]    Compiling genmesh v0.6.2
[INFO] [stderr]    Compiling obj v0.10.2
[INFO] [stderr]    Compiling jpeg-decoder v0.2.6
[INFO] [stderr]    Compiling thiserror-impl v1.0.31
[INFO] [stderr]    Compiling foreign-types-macros v0.2.2
[INFO] [stderr]    Compiling pin-project-internal v1.0.11
[INFO] [stderr]    Compiling ouroboros_macro v0.15.0
[INFO] [stderr]    Compiling tiff v0.7.3
[INFO] [stderr]    Compiling foreign-types v0.5.0
[INFO] [stderr]    Compiling crossfont v0.5.0
[INFO] [stderr]    Compiling pin-project v1.0.11
[INFO] [stderr]    Compiling thiserror v1.0.31
[INFO] [stderr]    Compiling flume v0.10.14
[INFO] [stderr]    Compiling calloop v0.10.1
[INFO] [stderr]    Compiling ouroboros v0.15.0
[INFO] [stderr]    Compiling exr v1.4.2
[INFO] [stderr]    Compiling smithay-client-toolkit v0.16.0
[INFO] [stderr]    Compiling sctk-adwaita v0.4.1
[INFO] [stderr]    Compiling winit v0.27.1
[INFO] [stderr]    Compiling image v0.24.3
[INFO] [stderr]    Compiling glutin v0.29.0
[INFO] [stderr]    Compiling glium v0.32.1 (/opt/rustwide/workdir)
[INFO] [stderr] error: could not compile `glium`
[INFO] [stderr] 
[INFO] [stderr] Caused by:
[INFO] [stderr]   process didn't exit successfully: `rustc --crate-name glium --edition=2021 src/lib.rs --error-format=json --json=diagnostic-rendered-ansi,artifacts,future-incompat --emit=dep-info,link -C embed-bitcode=no -C debuginfo=2 --test --cfg 'feature="default"' --cfg 'feature="glutin"' -C metadata=549ebe8c88cf9d0e -C extra-filename=-549ebe8c88cf9d0e --out-dir /opt/rustwide/target/debug/deps -L dependency=/opt/rustwide/target/debug/deps --extern backtrace=/opt/rustwide/target/debug/deps/libbacktrace-d745d1b29569df3d.rlib --extern cgmath=/opt/rustwide/target/debug/deps/libcgmath-b871fbcf98e58756.rlib --extern fnv=/opt/rustwide/target/debug/deps/libfnv-41a559218f992797.rlib --extern genmesh=/opt/rustwide/target/debug/deps/libgenmesh-9396ac561ef70f81.rlib --extern glutin=/opt/rustwide/target/debug/deps/libglutin-d0aaa4f4a0de625a.rlib --extern image=/opt/rustwide/target/debug/deps/libimage-48b4541f017bf275.rlib --extern lazy_static=/opt/rustwide/target/debug/deps/liblazy_static-a15e1ed0a3c31761.rlib --extern libc=/opt/rustwide/target/debug/deps/liblibc-87802f0ac0209f45.rlib --extern memoffset=/opt/rustwide/target/debug/deps/libmemoffset-0f776f28e9231e55.rlib --extern obj=/opt/rustwide/target/debug/deps/libobj-ce96c98755c2288e.rlib --extern ouroboros=/opt/rustwide/target/debug/deps/libouroboros-59182da75b826cca.rlib --extern rand=/opt/rustwide/target/debug/deps/librand-7861e476a7463763.rlib --extern smallvec=/opt/rustwide/target/debug/deps/libsmallvec-5f75839ee3e2a151.rlib --extern takeable_option=/opt/rustwide/target/debug/deps/libtakeable_option-353b1740662a852a.rlib --cap-lints=warn -L native=/usr/lib/x86_64-linux-gnu -L native=/usr/lib/x86_64-linux-gnu -L native=/usr/lib/x86_64-linux-gnu -L native=/usr/lib/x86_64-linux-gnu` (signal: 9, SIGKILL: kill)
[INFO] [stderr] warning: build failed, waiting for other jobs to finish...
[INFO] [stderr] error: could not compile `glium`
[INFO] [stderr] 
[INFO] [stderr] Caused by:
[INFO] [stderr]   process didn't exit successfully: `rustc --crate-name sprites_batching --edition=2021 examples/sprites-batching.rs --error-format=json --json=diagnostic-rendered-ansi,artifacts,future-incompat --crate-type bin --emit=dep-info,link -C embed-bitcode=no -C debuginfo=2 --cfg 'feature="default"' --cfg 'feature="glutin"' -C metadata=1d93458ad8044c98 -C extra-filename=-1d93458ad8044c98 --out-dir /opt/rustwide/target/debug/examples -L dependency=/opt/rustwide/target/debug/deps --extern backtrace=/opt/rustwide/target/debug/deps/libbacktrace-d745d1b29569df3d.rlib --extern cgmath=/opt/rustwide/target/debug/deps/libcgmath-b871fbcf98e58756.rlib --extern fnv=/opt/rustwide/target/debug/deps/libfnv-41a559218f992797.rlib --extern genmesh=/opt/rustwide/target/debug/deps/libgenmesh-9396ac561ef70f81.rlib --extern glium=/opt/rustwide/target/debug/deps/libglium-959b09b1ea1e13d9.rlib --extern glutin=/opt/rustwide/target/debug/deps/libglutin-d0aaa4f4a0de625a.rlib --extern image=/opt/rustwide/target/debug/deps/libimage-48b4541f017bf275.rlib --extern lazy_static=/opt/rustwide/target/debug/deps/liblazy_static-a15e1ed0a3c31761.rlib --extern libc=/opt/rustwide/target/debug/deps/liblibc-87802f0ac0209f45.rlib --extern memoffset=/opt/rustwide/target/debug/deps/libmemoffset-0f776f28e9231e55.rlib --extern obj=/opt/rustwide/target/debug/deps/libobj-ce96c98755c2288e.rlib --extern ouroboros=/opt/rustwide/target/debug/deps/libouroboros-59182da75b826cca.rlib --extern rand=/opt/rustwide/target/debug/deps/librand-7861e476a7463763.rlib --extern smallvec=/opt/rustwide/target/debug/deps/libsmallvec-5f75839ee3e2a151.rlib --extern takeable_option=/opt/rustwide/target/debug/deps/libtakeable_option-353b1740662a852a.rlib --cap-lints=warn -L native=/usr/lib/x86_64-linux-gnu -L native=/usr/lib/x86_64-linux-gnu -L native=/usr/lib/x86_64-linux-gnu -L native=/usr/lib/x86_64-linux-gnu` (signal: 9, SIGKILL: kill)
[INFO] [stderr] error: could not compile `glium`
[INFO] [stderr] 
[INFO] [stderr] Caused by:
[INFO] [stderr]   process didn't exit successfully: `rustc --crate-name atomic_counter --edition=2021 tests/atomic_counter.rs --error-format=json --json=diagnostic-rendered-ansi,artifacts,future-incompat --emit=dep-info,link -C embed-bitcode=no -C debuginfo=2 --test --cfg 'feature="default"' --cfg 'feature="glutin"' -C metadata=f4eb5e5925d14cb7 -C extra-filename=-f4eb5e5925d14cb7 --out-dir /opt/rustwide/target/debug/deps -L dependency=/opt/rustwide/target/debug/deps --extern backtrace=/opt/rustwide/target/debug/deps/libbacktrace-d745d1b29569df3d.rlib --extern cgmath=/opt/rustwide/target/debug/deps/libcgmath-b871fbcf98e58756.rlib --extern fnv=/opt/rustwide/target/debug/deps/libfnv-41a559218f992797.rlib --extern genmesh=/opt/rustwide/target/debug/deps/libgenmesh-9396ac561ef70f81.rlib --extern glium=/opt/rustwide/target/debug/deps/libglium-959b09b1ea1e13d9.rlib --extern glutin=/opt/rustwide/target/debug/deps/libglutin-d0aaa4f4a0de625a.rlib --extern image=/opt/rustwide/target/debug/deps/libimage-48b4541f017bf275.rlib --extern lazy_static=/opt/rustwide/target/debug/deps/liblazy_static-a15e1ed0a3c31761.rlib --extern libc=/opt/rustwide/target/debug/deps/liblibc-87802f0ac0209f45.rlib --extern memoffset=/opt/rustwide/target/debug/deps/libmemoffset-0f776f28e9231e55.rlib --extern obj=/opt/rustwide/target/debug/deps/libobj-ce96c98755c2288e.rlib --extern ouroboros=/opt/rustwide/target/debug/deps/libouroboros-59182da75b826cca.rlib --extern rand=/opt/rustwide/target/debug/deps/librand-7861e476a7463763.rlib --extern smallvec=/opt/rustwide/target/debug/deps/libsmallvec-5f75839ee3e2a151.rlib --extern takeable_option=/opt/rustwide/target/debug/deps/libtakeable_option-353b1740662a852a.rlib --cap-lints=warn -L native=/usr/lib/x86_64-linux-gnu -L native=/usr/lib/x86_64-linux-gnu -L native=/usr/lib/x86_64-linux-gnu -L native=/usr/lib/x86_64-linux-gnu` (signal: 9, SIGKILL: kill)
[INFO] [stderr] error: could not compile `glium`
[INFO] [stderr] 
[INFO] [stderr] Caused by:
[INFO] [stderr]   process didn't exit successfully: `rustc --crate-name texture_read --edition=2021 tests/texture_read.rs --error-format=json --json=diagnostic-rendered-ansi,artifacts,future-incompat --emit=dep-info,link -C embed-bitcode=no -C debuginfo=2 --test --cfg 'feature="default"' --cfg 'feature="glutin"' -C metadata=d44121839446b2be -C extra-filename=-d44121839446b2be --out-dir /opt/rustwide/target/debug/deps -L dependency=/opt/rustwide/target/debug/deps --extern backtrace=/opt/rustwide/target/debug/deps/libbacktrace-d745d1b29569df3d.rlib --extern cgmath=/opt/rustwide/target/debug/deps/libcgmath-b871fbcf98e58756.rlib --extern fnv=/opt/rustwide/target/debug/deps/libfnv-41a559218f992797.rlib --extern genmesh=/opt/rustwide/target/debug/deps/libgenmesh-9396ac561ef70f81.rlib --extern glium=/opt/rustwide/target/debug/deps/libglium-959b09b1ea1e13d9.rlib --extern glutin=/opt/rustwide/target/debug/deps/libglutin-d0aaa4f4a0de625a.rlib --extern image=/opt/rustwide/target/debug/deps/libimage-48b4541f017bf275.rlib --extern lazy_static=/opt/rustwide/target/debug/deps/liblazy_static-a15e1ed0a3c31761.rlib --extern libc=/opt/rustwide/target/debug/deps/liblibc-87802f0ac0209f45.rlib --extern memoffset=/opt/rustwide/target/debug/deps/libmemoffset-0f776f28e9231e55.rlib --extern obj=/opt/rustwide/target/debug/deps/libobj-ce96c98755c2288e.rlib --extern ouroboros=/opt/rustwide/target/debug/deps/libouroboros-59182da75b826cca.rlib --extern rand=/opt/rustwide/target/debug/deps/librand-7861e476a7463763.rlib --extern smallvec=/opt/rustwide/target/debug/deps/libsmallvec-5f75839ee3e2a151.rlib --extern takeable_option=/opt/rustwide/target/debug/deps/libtakeable_option-353b1740662a852a.rlib --cap-lints=warn -L native=/usr/lib/x86_64-linux-gnu -L native=/usr/lib/x86_64-linux-gnu -L native=/usr/lib/x86_64-linux-gnu -L native=/usr/lib/x86_64-linux-gnu` (signal: 9, SIGKILL: kill)
[INFO] [stderr] error: could not compile `glium`
[INFO] [stderr] 
[INFO] [stderr] Caused by:
[INFO] [stderr]   process didn't exit successfully: `rustc --crate-name tutorial_06 --edition=2021 examples/tutorial-06.rs --error-format=json --json=diagnostic-rendered-ansi,artifacts,future-incompat --crate-type bin --emit=dep-info,link -C embed-bitcode=no -C debuginfo=2 --cfg 'feature="default"' --cfg 'feature="glutin"' -C metadata=c50ce7d57300db7e -C extra-filename=-c50ce7d57300db7e --out-dir /opt/rustwide/target/debug/examples -L dependency=/opt/rustwide/target/debug/deps --extern backtrace=/opt/rustwide/target/debug/deps/libbacktrace-d745d1b29569df3d.rlib --extern cgmath=/opt/rustwide/target/debug/deps/libcgmath-b871fbcf98e58756.rlib --extern fnv=/opt/rustwide/target/debug/deps/libfnv-41a559218f992797.rlib --extern genmesh=/opt/rustwide/target/debug/deps/libgenmesh-9396ac561ef70f81.rlib --extern glium=/opt/rustwide/target/debug/deps/libglium-959b09b1ea1e13d9.rlib --extern glutin=/opt/rustwide/target/debug/deps/libglutin-d0aaa4f4a0de625a.rlib --extern image=/opt/rustwide/target/debug/deps/libimage-48b4541f017bf275.rlib --extern lazy_static=/opt/rustwide/target/debug/deps/liblazy_static-a15e1ed0a3c31761.rlib --extern libc=/opt/rustwide/target/debug/deps/liblibc-87802f0ac0209f45.rlib --extern memoffset=/opt/rustwide/target/debug/deps/libmemoffset-0f776f28e9231e55.rlib --extern obj=/opt/rustwide/target/debug/deps/libobj-ce96c98755c2288e.rlib --extern ouroboros=/opt/rustwide/target/debug/deps/libouroboros-59182da75b826cca.rlib --extern rand=/opt/rustwide/target/debug/deps/librand-7861e476a7463763.rlib --extern smallvec=/opt/rustwide/target/debug/deps/libsmallvec-5f75839ee3e2a151.rlib --extern takeable_option=/opt/rustwide/target/debug/deps/libtakeable_option-353b1740662a852a.rlib --cap-lints=warn -L native=/usr/lib/x86_64-linux-gnu -L native=/usr/lib/x86_64-linux-gnu -L native=/usr/lib/x86_64-linux-gnu -L native=/usr/lib/x86_64-linux-gnu` (signal: 9, SIGKILL: kill)
[INFO] [stderr] error: could not compile `glium`
[INFO] [stderr] 
[INFO] [stderr] Caused by:
[INFO] [stderr]   process didn't exit successfully: `rustc --crate-name shadow_mapping --edition=2021 examples/shadow_mapping.rs --error-format=json --json=diagnostic-rendered-ansi,artifacts,future-incompat --crate-type bin --emit=dep-info,link -C embed-bitcode=no -C debuginfo=2 --cfg 'feature="default"' --cfg 'feature="glutin"' -C metadata=74910edb6c2710a8 -C extra-filename=-74910edb6c2710a8 --out-dir /opt/rustwide/target/debug/examples -L dependency=/opt/rustwide/target/debug/deps --extern backtrace=/opt/rustwide/target/debug/deps/libbacktrace-d745d1b29569df3d.rlib --extern cgmath=/opt/rustwide/target/debug/deps/libcgmath-b871fbcf98e58756.rlib --extern fnv=/opt/rustwide/target/debug/deps/libfnv-41a559218f992797.rlib --extern genmesh=/opt/rustwide/target/debug/deps/libgenmesh-9396ac561ef70f81.rlib --extern glium=/opt/rustwide/target/debug/deps/libglium-959b09b1ea1e13d9.rlib --extern glutin=/opt/rustwide/target/debug/deps/libglutin-d0aaa4f4a0de625a.rlib --extern image=/opt/rustwide/target/debug/deps/libimage-48b4541f017bf275.rlib --extern lazy_static=/opt/rustwide/target/debug/deps/liblazy_static-a15e1ed0a3c31761.rlib --extern libc=/opt/rustwide/target/debug/deps/liblibc-87802f0ac0209f45.rlib --extern memoffset=/opt/rustwide/target/debug/deps/libmemoffset-0f776f28e9231e55.rlib --extern obj=/opt/rustwide/target/debug/deps/libobj-ce96c98755c2288e.rlib --extern ouroboros=/opt/rustwide/target/debug/deps/libouroboros-59182da75b826cca.rlib --extern rand=/opt/rustwide/target/debug/deps/librand-7861e476a7463763.rlib --extern smallvec=/opt/rustwide/target/debug/deps/libsmallvec-5f75839ee3e2a151.rlib --extern takeable_option=/opt/rustwide/target/debug/deps/libtakeable_option-353b1740662a852a.rlib --cap-lints=warn -L native=/usr/lib/x86_64-linux-gnu -L native=/usr/lib/x86_64-linux-gnu -L native=/usr/lib/x86_64-linux-gnu -L native=/usr/lib/x86_64-linux-gnu` (signal: 9, SIGKILL: kill)
[INFO] [stdout] error: linking with `cc` failed: exit status: 1
[INFO] [stdout]   |
[INFO] [stdout]   = note: LC_ALL="C" PATH="/opt/rustwide/rustup-home/toolchains/1.69.0-x86_64-unknown-linux-gnu/lib/rustlib/x86_64-unknown-linux-gnu/bin:/opt/rustwide/cargo-home/bin:/usr/local/sbin:/usr/local/bin:/usr/sbin:/usr/bin:/sbin:/bin" VSLANG="1033" "cc" "-m64" "/tmp/rustcaA58Nf/symbols.o" "/opt/rustwide/target/debug/examples/gpgpu-50e6b6a8b1589cc4.gpgpu.58a38000-cgu.0.rcgu.o" "/opt/rustwide/target/debug/examples/gpgpu-50e6b6a8b1589cc4.gpgpu.58a38000-cgu.1.rcgu.o" "/opt/rustwide/target/debug/examples/gpgpu-50e6b6a8b1589cc4.gpgpu.58a38000-cgu.10.rcgu.o" "/opt/rustwide/target/debug/examples/gpgpu-50e6b6a8b1589cc4.gpgpu.58a38000-cgu.11.rcgu.o" "/opt/rustwide/target/debug/examples/gpgpu-50e6b6a8b1589cc4.gpgpu.58a38000-cgu.12.rcgu.o" "/opt/rustwide/target/debug/examples/gpgpu-50e6b6a8b1589cc4.gpgpu.58a38000-cgu.13.rcgu.o" "/opt/rustwide/target/debug/examples/gpgpu-50e6b6a8b1589cc4.gpgpu.58a38000-cgu.14.rcgu.o" "/opt/rustwide/target/debug/examples/gpgpu-50e6b6a8b1589cc4.gpgpu.58a38000-cgu.15.rcgu.o" "/opt/rustwide/target/debug/examples/gpgpu-50e6b6a8b1589cc4.gpgpu.58a38000-cgu.2.rcgu.o" "/opt/rustwide/target/debug/examples/gpgpu-50e6b6a8b1589cc4.gpgpu.58a38000-cgu.3.rcgu.o" "/opt/rustwide/target/debug/examples/gpgpu-50e6b6a8b1589cc4.gpgpu.58a38000-cgu.4.rcgu.o" "/opt/rustwide/target/debug/examples/gpgpu-50e6b6a8b1589cc4.gpgpu.58a38000-cgu.5.rcgu.o" "/opt/rustwide/target/debug/examples/gpgpu-50e6b6a8b1589cc4.gpgpu.58a38000-cgu.6.rcgu.o" "/opt/rustwide/target/debug/examples/gpgpu-50e6b6a8b1589cc4.gpgpu.58a38000-cgu.7.rcgu.o" "/opt/rustwide/target/debug/examples/gpgpu-50e6b6a8b1589cc4.gpgpu.58a38000-cgu.8.rcgu.o" "/opt/rustwide/target/debug/examples/gpgpu-50e6b6a8b1589cc4.gpgpu.58a38000-cgu.9.rcgu.o" "/opt/rustwide/target/debug/examples/gpgpu-50e6b6a8b1589cc4.4o1ve9mohgfhgpen.rcgu.o" "-Wl,--as-needed" "-L" "/opt/rustwide/target/debug/deps" "-L" "/usr/lib/x86_64-linux-gnu" "-L" "/usr/lib/x86_64-linux-gnu" "-L" "/usr/lib/x86_64-linux-gnu" "-L" "/usr/lib/x86_64-linux-gnu" "-L" "/opt/rustwide/rustup-home/toolchains/1.69.0-x86_64-unknown-linux-gnu/lib/rustlib/x86_64-unknown-linux-gnu/lib" "-Wl,-Bstatic" "/opt/rustwide/target/debug/deps/librand-7861e476a7463763.rlib" "/opt/rustwide/target/debug/deps/librand_chacha-d26b391557511e08.rlib" "/opt/rustwide/target/debug/deps/libppv_lite86-663deac31cfbfc11.rlib" "/opt/rustwide/target/debug/deps/librand_core-33d4d1d3d8713ce4.rlib" "/opt/rustwide/target/debug/deps/libgetrandom-55013c2234686edb.rlib" "/opt/rustwide/target/debug/deps/libglium-959b09b1ea1e13d9.rlib" "/opt/rustwide/target/debug/deps/libbacktrace-d745d1b29569df3d.rlib" "/opt/rustwide/target/debug/deps/libobject-db5079676760f48e.rlib" "/opt/rustwide/target/debug/deps/libaddr2line-f8441d4c78d5bf19.rlib" "/opt/rustwide/target/debug/deps/libgimli-7f8a3e665b4fe613.rlib" "/opt/rustwide/target/debug/deps/librustc_demangle-c83167a5d6a87752.rlib" "/opt/rustwide/target/debug/deps/libtakeable_option-353b1740662a852a.rlib" "/opt/rustwide/target/debug/deps/libglutin-d0aaa4f4a0de625a.rlib" "/opt/rustwide/target/debug/deps/libwayland_egl-d29abbc5bdefef3e.rlib" "/opt/rustwide/target/debug/deps/libosmesa_sys-cd5302d666d9661b.rlib" "/opt/rustwide/target/debug/deps/libshared_library-265178160b701b94.rlib" "/opt/rustwide/target/debug/deps/libwinit-aa2c8a543e953a1c.rlib" "/opt/rustwide/target/debug/deps/libsctk_adwaita-b94504dae96b3a95.rlib" "/opt/rustwide/target/debug/deps/libcrossfont-4add6db118bf4e61.rlib" "/opt/rustwide/target/debug/deps/libfontconfig-4235cd521502773b.rlib" "/opt/rustwide/target/debug/deps/libfontconfig_sys-4bc8386f352cadcb.rlib" "/opt/rustwide/target/debug/deps/libexpat_sys-2858021a6d52c595.rlib" "/opt/rustwide/target/debug/deps/libforeign_types-19d35892131c6879.rlib" "/opt/rustwide/target/debug/deps/libforeign_types_shared-09c7ee0a61e953a0.rlib" "/opt/rustwide/target/debug/deps/libfreetype-e2f78547806b20dd.rlib" "/opt/rustwide/target/debug/deps/libfreetype_sys-3a3e514608b617ae.rlib" "/opt/rustwide/target/debug/deps/libtiny_skia-f66d78748ea8683f.rlib" "/opt/rustwide/target/debug/deps/libpng-debfd81c7d44b90b.rlib" "/opt/rustwide/target/debug/deps/libdeflate-5049d42eb1f0c355.rlib" "/opt/rustwide/target/debug/deps/libadler32-83111893a069e541.rlib" "/opt/rustwide/target/debug/deps/libminiz_oxide-9759427755222cd7.rlib" "/opt/rustwide/target/debug/deps/libadler-478247d24f5486f3.rlib" "/opt/rustwide/target/debug/deps/libcrc32fast-104e9b895f0c2d44.rlib" "/opt/rustwide/target/debug/deps/libsafe_arch-6cd92095ae305c65.rlib" "/opt/rustwide/target/debug/deps/libbytemuck-738f1ffdd52dcacf.rlib" "/opt/rustwide/target/debug/deps/libarrayvec-5902f8a8f6c1874d.rlib" "/opt/rustwide/target/debug/deps/libarrayref-6f2a7630164a9ee6.rlib" "/opt/rustwide/target/debug/deps/libmio-e963e878a33c39de.rlib" "/opt/rustwide/target/debug/deps/libpercent_encoding-5186c2668f567217.rlib" "/opt/rustwide/target/debug/deps/libsmithay_client_toolkit-37b914f66d1cdb9f.rlib" "/opt/rustwide/target/debug/deps/libwayland_cursor-590344290891728e.rlib" "/opt/rustwide/target/debug/deps/libxcursor-6f9bf232bd267129.rlib" "/opt/rustwide/target/debug/deps/libnom-71de0e06c99979f4.rlib" "/opt/rustwide/target/debug/deps/libmemchr-687b4049a32a2866.rlib" "/opt/rustwide/target/debug/deps/libmemmap2-9c16d4f306669f3b.rlib" "/opt/rustwide/target/debug/deps/libwayland_protocols-fa1a3ddee9884de1.rlib" "/opt/rustwide/target/debug/deps/libwayland_client-25d99076e1b0a781.rlib" "/opt/rustwide/target/debug/deps/libscoped_tls-a6ec6806d368dac9.rlib" "/opt/rustwide/target/debug/deps/libwayland_commons-99ce475e3586e5c0.rlib" "/opt/rustwide/target/debug/deps/libnix-431e02323e97b440.rlib" "/opt/rustwide/target/debug/deps/libwayland_sys-60e3f05bc70f649f.rlib" "/opt/rustwide/target/debug/deps/libcalloop-eb355b2e46a82f3d.rlib" "/opt/rustwide/target/debug/deps/libthiserror-c96dc4dd8008554a.rlib" "/opt/rustwide/target/debug/deps/libslotmap-854bdddf42ad8a14.rlib" "/opt/rustwide/target/debug/deps/libnix-1e843f52d41fb9e7.rlib" "/opt/rustwide/target/debug/deps/libmemoffset-0f776f28e9231e55.rlib" "/opt/rustwide/target/debug/deps/libvec_map-16513e7e42b275bd.rlib" "/opt/rustwide/target/debug/deps/libdlib-0d4b353d5f8a35d7.rlib" "/opt/rustwide/target/debug/deps/liblibloading-c6f8e8bc6a1e8176.rlib" "/opt/rustwide/target/debug/deps/libparking_lot-144a048744aa90e7.rlib" "/opt/rustwide/target/debug/deps/libparking_lot_core-05aaf04ed2d968bc.rlib" "/opt/rustwide/target/debug/deps/libsmallvec-5f75839ee3e2a151.rlib" "/opt/rustwide/target/debug/deps/liblock_api-e5ad3b2927a46886.rlib" "/opt/rustwide/target/debug/deps/libscopeguard-f471875f675163b5.rlib" "/opt/rustwide/target/debug/deps/libraw_window_handle-ab96c92e05a2e16a.rlib" "/opt/rustwide/target/debug/deps/libcty-098e3d68ce2248fa.rlib" "/opt/rustwide/target/debug/deps/libonce_cell-d1197491957c0c17.rlib" "/opt/rustwide/target/debug/deps/libinstant-bc42ff45cf547fe6.rlib" "/opt/rustwide/target/debug/deps/libbitflags-82cc2d155c6eb112.rlib" "/opt/rustwide/target/debug/deps/liblog-b7002f1ab15c8d8b.rlib" "/opt/rustwide/target/debug/deps/libcfg_if-e5e118dd7d121aaa.rlib" "/opt/rustwide/target/debug/deps/libglutin_glx_sys-6936b46f46f243ee.rlib" "/opt/rustwide/target/debug/deps/libx11_dl-10518c354c3f4346.rlib" "/opt/rustwide/target/debug/deps/liblibc-87802f0ac0209f45.rlib" "/opt/rustwide/target/debug/deps/libglutin_egl_sys-d09e7e8d1d3a2c7d.rlib" "/opt/rustwide/target/debug/deps/libfnv-41a559218f992797.rlib" "/opt/rustwide/target/debug/deps/liblazy_static-a15e1ed0a3c31761.rlib" "/opt/rustwide/rustup-home/toolchains/1.69.0-x86_64-unknown-linux-gnu/lib/rustlib/x86_64-unknown-linux-gnu/lib/libstd-89bc084783fdc439.rlib" "/opt/rustwide/rustup-home/toolchains/1.69.0-x86_64-unknown-linux-gnu/lib/rustlib/x86_64-unknown-linux-gnu/lib/libpanic_unwind-8bee4b287d4367c1.rlib" "/opt/rustwide/rustup-home/toolchains/1.69.0-x86_64-unknown-linux-gnu/lib/rustlib/x86_64-unknown-linux-gnu/lib/libobject-d61707aed80694c0.rlib" "/opt/rustwide/rustup-home/toolchains/1.69.0-x86_64-unknown-linux-gnu/lib/rustlib/x86_64-unknown-linux-gnu/lib/libmemchr-d85366256f22345b.rlib" "/opt/rustwide/rustup-home/toolchains/1.69.0-x86_64-unknown-linux-gnu/lib/rustlib/x86_64-unknown-linux-gnu/lib/libaddr2line-96069b86b8a8cae9.rlib" "/opt/rustwide/rustup-home/toolchains/1.69.0-x86_64-unknown-linux-gnu/lib/rustlib/x86_64-unknown-linux-gnu/lib/libgimli-d19d53abf68dfa6c.rlib" "/opt/rustwide/rustup-home/toolchains/1.69.0-x86_64-unknown-linux-gnu/lib/rustlib/x86_64-unknown-linux-gnu/lib/librustc_demangle-787cbccd19d64ac6.rlib" "/opt/rustwide/rustup-home/toolchains/1.69.0-x86_64-unknown-linux-gnu/lib/rustlib/x86_64-unknown-linux-gnu/lib/libstd_detect-b3837a36b830e0d0.rlib" "/opt/rustwide/rustup-home/toolchains/1.69.0-x86_64-unknown-linux-gnu/lib/rustlib/x86_64-unknown-linux-gnu/lib/libhashbrown-e3deb0e7e3f04966.rlib" "/opt/rustwide/rustup-home/toolchains/1.69.0-x86_64-unknown-linux-gnu/lib/rustlib/x86_64-unknown-linux-gnu/lib/libminiz_oxide-dabbb79c9815def4.rlib" "/opt/rustwide/rustup-home/toolchains/1.69.0-x86_64-unknown-linux-gnu/lib/rustlib/x86_64-unknown-linux-gnu/lib/libadler-305b01f34c9409f2.rlib" "/opt/rustwide/rustup-home/toolchains/1.69.0-x86_64-unknown-linux-gnu/lib/rustlib/x86_64-unknown-linux-gnu/lib/librustc_std_workspace_alloc-f833521df6074e73.rlib" "/opt/rustwide/rustup-home/toolchains/1.69.0-x86_64-unknown-linux-gnu/lib/rustlib/x86_64-unknown-linux-gnu/lib/libunwind-9ac333113350d171.rlib" "/opt/rustwide/rustup-home/toolchains/1.69.0-x86_64-unknown-linux-gnu/lib/rustlib/x86_64-unknown-linux-gnu/lib/libcfg_if-1c126114322d0eee.rlib" "/opt/rustwide/rustup-home/toolchains/1.69.0-x86_64-unknown-linux-gnu/lib/rustlib/x86_64-unknown-linux-gnu/lib/liblibc-bad9164fdeeecf92.rlib" "/opt/rustwide/rustup-home/toolchains/1.69.0-x86_64-unknown-linux-gnu/lib/rustlib/x86_64-unknown-linux-gnu/lib/liballoc-f9374b1e480fa681.rlib" "/opt/rustwide/rustup-home/toolchains/1.69.0-x86_64-unknown-linux-gnu/lib/rustlib/x86_64-unknown-linux-gnu/lib/librustc_std_workspace_core-207f06e41d9603af.rlib" "/opt/rustwide/rustup-home/toolchains/1.69.0-x86_64-unknown-linux-gnu/lib/rustlib/x86_64-unknown-linux-gnu/lib/libcore-7e2768e66e984e85.rlib" "/opt/rustwide/rustup-home/toolchains/1.69.0-x86_64-unknown-linux-gnu/lib/rustlib/x86_64-unknown-linux-gnu/lib/libcompiler_builtins-957b4aff41f8cd46.rlib" "-Wl,-Bdynamic" "-lfreetype" "-lfontconfig" "-lfreetype" "-lexpat" "-lm" "-lfreetype" "-ldl" "-ldl" "-lgcc_s" "-lutil" "-lrt" "-lpthread" "-lm" "-ldl" "-lc" "-Wl,--eh-frame-hdr" "-Wl,-z,noexecstack" "-L" "/opt/rustwide/rustup-home/toolchains/1.69.0-x86_64-unknown-linux-gnu/lib/rustlib/x86_64-unknown-linux-gnu/lib" "-o" "/opt/rustwide/target/debug/examples/gpgpu-50e6b6a8b1589cc4" "-Wl,--gc-sections" "-pie" "-Wl,-z,relro,-z,now" "-nodefaultlibs"
[INFO] [stdout]   = note: collect2: fatal error: ld terminated with signal 9 [Killed]
[INFO] [stdout]           compilation terminated.
[INFO] [stdout]           
[INFO] [stdout] 
[INFO] [stdout] 
[INFO] [stdout] error: aborting due to previous error
[INFO] [stdout] 
[INFO] [stdout] 
[INFO] [stderr] error: could not compile `glium` due to 2 previous errors
[INFO] [stderr] error: could not compile `glium`
[INFO] [stderr] 
[INFO] [stderr] Caused by:
[INFO] [stderr]   process didn't exit successfully: `rustc --crate-name buffer --edition=2021 tests/buffer.rs --error-format=json --json=diagnostic-rendered-ansi,artifacts,future-incompat --emit=dep-info,link -C embed-bitcode=no -C debuginfo=2 --test --cfg 'feature="default"' --cfg 'feature="glutin"' -C metadata=58f27ccfe65c367d -C extra-filename=-58f27ccfe65c367d --out-dir /opt/rustwide/target/debug/deps -L dependency=/opt/rustwide/target/debug/deps --extern backtrace=/opt/rustwide/target/debug/deps/libbacktrace-d745d1b29569df3d.rlib --extern cgmath=/opt/rustwide/target/debug/deps/libcgmath-b871fbcf98e58756.rlib --extern fnv=/opt/rustwide/target/debug/deps/libfnv-41a559218f992797.rlib --extern genmesh=/opt/rustwide/target/debug/deps/libgenmesh-9396ac561ef70f81.rlib --extern glium=/opt/rustwide/target/debug/deps/libglium-959b09b1ea1e13d9.rlib --extern glutin=/opt/rustwide/target/debug/deps/libglutin-d0aaa4f4a0de625a.rlib --extern image=/opt/rustwide/target/debug/deps/libimage-48b4541f017bf275.rlib --extern lazy_static=/opt/rustwide/target/debug/deps/liblazy_static-a15e1ed0a3c31761.rlib --extern libc=/opt/rustwide/target/debug/deps/liblibc-87802f0ac0209f45.rlib --extern memoffset=/opt/rustwide/target/debug/deps/libmemoffset-0f776f28e9231e55.rlib --extern obj=/opt/rustwide/target/debug/deps/libobj-ce96c98755c2288e.rlib --extern ouroboros=/opt/rustwide/target/debug/deps/libouroboros-59182da75b826cca.rlib --extern rand=/opt/rustwide/target/debug/deps/librand-7861e476a7463763.rlib --extern smallvec=/opt/rustwide/target/debug/deps/libsmallvec-5f75839ee3e2a151.rlib --extern takeable_option=/opt/rustwide/target/debug/deps/libtakeable_option-353b1740662a852a.rlib --cap-lints=warn -L native=/usr/lib/x86_64-linux-gnu -L native=/usr/lib/x86_64-linux-gnu -L native=/usr/lib/x86_64-linux-gnu -L native=/usr/lib/x86_64-linux-gnu` (signal: 9, SIGKILL: kill)
[INFO] [stderr] error: could not compile `glium`
[INFO] [stderr] 
[INFO] [stderr] Caused by:
[INFO] [stderr]   process didn't exit successfully: `rustc --crate-name displacement_mapping --edition=2021 examples/displacement_mapping.rs --error-format=json --json=diagnostic-rendered-ansi,artifacts,future-incompat --crate-type bin --emit=dep-info,link -C embed-bitcode=no -C debuginfo=2 --cfg 'feature="default"' --cfg 'feature="glutin"' -C metadata=44e6b709ea3f48fe -C extra-filename=-44e6b709ea3f48fe --out-dir /opt/rustwide/target/debug/examples -L dependency=/opt/rustwide/target/debug/deps --extern backtrace=/opt/rustwide/target/debug/deps/libbacktrace-d745d1b29569df3d.rlib --extern cgmath=/opt/rustwide/target/debug/deps/libcgmath-b871fbcf98e58756.rlib --extern fnv=/opt/rustwide/target/debug/deps/libfnv-41a559218f992797.rlib --extern genmesh=/opt/rustwide/target/debug/deps/libgenmesh-9396ac561ef70f81.rlib --extern glium=/opt/rustwide/target/debug/deps/libglium-959b09b1ea1e13d9.rlib --extern glutin=/opt/rustwide/target/debug/deps/libglutin-d0aaa4f4a0de625a.rlib --extern image=/opt/rustwide/target/debug/deps/libimage-48b4541f017bf275.rlib --extern lazy_static=/opt/rustwide/target/debug/deps/liblazy_static-a15e1ed0a3c31761.rlib --extern libc=/opt/rustwide/target/debug/deps/liblibc-87802f0ac0209f45.rlib --extern memoffset=/opt/rustwide/target/debug/deps/libmemoffset-0f776f28e9231e55.rlib --extern obj=/opt/rustwide/target/debug/deps/libobj-ce96c98755c2288e.rlib --extern ouroboros=/opt/rustwide/target/debug/deps/libouroboros-59182da75b826cca.rlib --extern rand=/opt/rustwide/target/debug/deps/librand-7861e476a7463763.rlib --extern smallvec=/opt/rustwide/target/debug/deps/libsmallvec-5f75839ee3e2a151.rlib --extern takeable_option=/opt/rustwide/target/debug/deps/libtakeable_option-353b1740662a852a.rlib --cap-lints=warn -L native=/usr/lib/x86_64-linux-gnu -L native=/usr/lib/x86_64-linux-gnu -L native=/usr/lib/x86_64-linux-gnu -L native=/usr/lib/x86_64-linux-gnu` (signal: 9, SIGKILL: kill)
[INFO] [stderr] error: could not compile `glium`
[INFO] [stderr] 
[INFO] [stderr] Caused by:
[INFO] [stderr]   process didn't exit successfully: `rustc --crate-name instancing --edition=2021 examples/instancing.rs --error-format=json --json=diagnostic-rendered-ansi,artifacts,future-incompat --crate-type bin --emit=dep-info,link -C embed-bitcode=no -C debuginfo=2 --cfg 'feature="default"' --cfg 'feature="glutin"' -C metadata=b14633de32bd08bc -C extra-filename=-b14633de32bd08bc --out-dir /opt/rustwide/target/debug/examples -L dependency=/opt/rustwide/target/debug/deps --extern backtrace=/opt/rustwide/target/debug/deps/libbacktrace-d745d1b29569df3d.rlib --extern cgmath=/opt/rustwide/target/debug/deps/libcgmath-b871fbcf98e58756.rlib --extern fnv=/opt/rustwide/target/debug/deps/libfnv-41a559218f992797.rlib --extern genmesh=/opt/rustwide/target/debug/deps/libgenmesh-9396ac561ef70f81.rlib --extern glium=/opt/rustwide/target/debug/deps/libglium-959b09b1ea1e13d9.rlib --extern glutin=/opt/rustwide/target/debug/deps/libglutin-d0aaa4f4a0de625a.rlib --extern image=/opt/rustwide/target/debug/deps/libimage-48b4541f017bf275.rlib --extern lazy_static=/opt/rustwide/target/debug/deps/liblazy_static-a15e1ed0a3c31761.rlib --extern libc=/opt/rustwide/target/debug/deps/liblibc-87802f0ac0209f45.rlib --extern memoffset=/opt/rustwide/target/debug/deps/libmemoffset-0f776f28e9231e55.rlib --extern obj=/opt/rustwide/target/debug/deps/libobj-ce96c98755c2288e.rlib --extern ouroboros=/opt/rustwide/target/debug/deps/libouroboros-59182da75b826cca.rlib --extern rand=/opt/rustwide/target/debug/deps/librand-7861e476a7463763.rlib --extern smallvec=/opt/rustwide/target/debug/deps/libsmallvec-5f75839ee3e2a151.rlib --extern takeable_option=/opt/rustwide/target/debug/deps/libtakeable_option-353b1740662a852a.rlib --cap-lints=warn -L native=/usr/lib/x86_64-linux-gnu -L native=/usr/lib/x86_64-linux-gnu -L native=/usr/lib/x86_64-linux-gnu -L native=/usr/lib/x86_64-linux-gnu` (signal: 9, SIGKILL: kill)
[INFO] [stderr] error: could not compile `glium`
[INFO] [stderr] 
[INFO] [stderr] Caused by:
[INFO] [stderr]   process didn't exit successfully: `rustc --crate-name subroutines --edition=2021 examples/subroutines.rs --error-format=json --json=diagnostic-rendered-ansi,artifacts,future-incompat --crate-type bin --emit=dep-info,link -C embed-bitcode=no -C debuginfo=2 --cfg 'feature="default"' --cfg 'feature="glutin"' -C metadata=ae650ac18289b18e -C extra-filename=-ae650ac18289b18e --out-dir /opt/rustwide/target/debug/examples -L dependency=/opt/rustwide/target/debug/deps --extern backtrace=/opt/rustwide/target/debug/deps/libbacktrace-d745d1b29569df3d.rlib --extern cgmath=/opt/rustwide/target/debug/deps/libcgmath-b871fbcf98e58756.rlib --extern fnv=/opt/rustwide/target/debug/deps/libfnv-41a559218f992797.rlib --extern genmesh=/opt/rustwide/target/debug/deps/libgenmesh-9396ac561ef70f81.rlib --extern glium=/opt/rustwide/target/debug/deps/libglium-959b09b1ea1e13d9.rlib --extern glutin=/opt/rustwide/target/debug/deps/libglutin-d0aaa4f4a0de625a.rlib --extern image=/opt/rustwide/target/debug/deps/libimage-48b4541f017bf275.rlib --extern lazy_static=/opt/rustwide/target/debug/deps/liblazy_static-a15e1ed0a3c31761.rlib --extern libc=/opt/rustwide/target/debug/deps/liblibc-87802f0ac0209f45.rlib --extern memoffset=/opt/rustwide/target/debug/deps/libmemoffset-0f776f28e9231e55.rlib --extern obj=/opt/rustwide/target/debug/deps/libobj-ce96c98755c2288e.rlib --extern ouroboros=/opt/rustwide/target/debug/deps/libouroboros-59182da75b826cca.rlib --extern rand=/opt/rustwide/target/debug/deps/librand-7861e476a7463763.rlib --extern smallvec=/opt/rustwide/target/debug/deps/libsmallvec-5f75839ee3e2a151.rlib --extern takeable_option=/opt/rustwide/target/debug/deps/libtakeable_option-353b1740662a852a.rlib --cap-lints=warn -L native=/usr/lib/x86_64-linux-gnu -L native=/usr/lib/x86_64-linux-gnu -L native=/usr/lib/x86_64-linux-gnu -L native=/usr/lib/x86_64-linux-gnu` (signal: 9, SIGKILL: kill)
[INFO] [stderr] error: could not compile `glium`
[INFO] [stderr] 
[INFO] [stderr] Caused by:
[INFO] [stderr]   process didn't exit successfully: `rustc --crate-name tutorial_09 --edition=2021 examples/tutorial-09.rs --error-format=json --json=diagnostic-rendered-ansi,artifacts,future-incompat --crate-type bin --emit=dep-info,link -C embed-bitcode=no -C debuginfo=2 --cfg 'feature="default"' --cfg 'feature="glutin"' -C metadata=579d23640334fcab -C extra-filename=-579d23640334fcab --out-dir /opt/rustwide/target/debug/examples -L dependency=/opt/rustwide/target/debug/deps --extern backtrace=/opt/rustwide/target/debug/deps/libbacktrace-d745d1b29569df3d.rlib --extern cgmath=/opt/rustwide/target/debug/deps/libcgmath-b871fbcf98e58756.rlib --extern fnv=/opt/rustwide/target/debug/deps/libfnv-41a559218f992797.rlib --extern genmesh=/opt/rustwide/target/debug/deps/libgenmesh-9396ac561ef70f81.rlib --extern glium=/opt/rustwide/target/debug/deps/libglium-959b09b1ea1e13d9.rlib --extern glutin=/opt/rustwide/target/debug/deps/libglutin-d0aaa4f4a0de625a.rlib --extern image=/opt/rustwide/target/debug/deps/libimage-48b4541f017bf275.rlib --extern lazy_static=/opt/rustwide/target/debug/deps/liblazy_static-a15e1ed0a3c31761.rlib --extern libc=/opt/rustwide/target/debug/deps/liblibc-87802f0ac0209f45.rlib --extern memoffset=/opt/rustwide/target/debug/deps/libmemoffset-0f776f28e9231e55.rlib --extern obj=/opt/rustwide/target/debug/deps/libobj-ce96c98755c2288e.rlib --extern ouroboros=/opt/rustwide/target/debug/deps/libouroboros-59182da75b826cca.rlib --extern rand=/opt/rustwide/target/debug/deps/librand-7861e476a7463763.rlib --extern smallvec=/opt/rustwide/target/debug/deps/libsmallvec-5f75839ee3e2a151.rlib --extern takeable_option=/opt/rustwide/target/debug/deps/libtakeable_option-353b1740662a852a.rlib --cap-lints=warn -L native=/usr/lib/x86_64-linux-gnu -L native=/usr/lib/x86_64-linux-gnu -L native=/usr/lib/x86_64-linux-gnu -L native=/usr/lib/x86_64-linux-gnu` (signal: 9, SIGKILL: kill)
[INFO] [stderr] error: could not compile `glium`
[INFO] [stderr] 
[INFO] [stderr] Caused by:
[INFO] [stderr]   process didn't exit successfully: `rustc --crate-name compute_image --edition=2021 examples/compute_image.rs --error-format=json --json=diagnostic-rendered-ansi,artifacts,future-incompat --crate-type bin --emit=dep-info,link -C embed-bitcode=no -C debuginfo=2 --cfg 'feature="default"' --cfg 'feature="glutin"' -C metadata=6d9e1d92fcc3ef3a -C extra-filename=-6d9e1d92fcc3ef3a --out-dir /opt/rustwide/target/debug/examples -L dependency=/opt/rustwide/target/debug/deps --extern backtrace=/opt/rustwide/target/debug/deps/libbacktrace-d745d1b29569df3d.rlib --extern cgmath=/opt/rustwide/target/debug/deps/libcgmath-b871fbcf98e58756.rlib --extern fnv=/opt/rustwide/target/debug/deps/libfnv-41a559218f992797.rlib --extern genmesh=/opt/rustwide/target/debug/deps/libgenmesh-9396ac561ef70f81.rlib --extern glium=/opt/rustwide/target/debug/deps/libglium-959b09b1ea1e13d9.rlib --extern glutin=/opt/rustwide/target/debug/deps/libglutin-d0aaa4f4a0de625a.rlib --extern image=/opt/rustwide/target/debug/deps/libimage-48b4541f017bf275.rlib --extern lazy_static=/opt/rustwide/target/debug/deps/liblazy_static-a15e1ed0a3c31761.rlib --extern libc=/opt/rustwide/target/debug/deps/liblibc-87802f0ac0209f45.rlib --extern memoffset=/opt/rustwide/target/debug/deps/libmemoffset-0f776f28e9231e55.rlib --extern obj=/opt/rustwide/target/debug/deps/libobj-ce96c98755c2288e.rlib --extern ouroboros=/opt/rustwide/target/debug/deps/libouroboros-59182da75b826cca.rlib --extern rand=/opt/rustwide/target/debug/deps/librand-7861e476a7463763.rlib --extern smallvec=/opt/rustwide/target/debug/deps/libsmallvec-5f75839ee3e2a151.rlib --extern takeable_option=/opt/rustwide/target/debug/deps/libtakeable_option-353b1740662a852a.rlib --cap-lints=warn -L native=/usr/lib/x86_64-linux-gnu -L native=/usr/lib/x86_64-linux-gnu -L native=/usr/lib/x86_64-linux-gnu -L native=/usr/lib/x86_64-linux-gnu` (signal: 9, SIGKILL: kill)
[INFO] [stdout] error: linking with `cc` failed: exit status: 1
[INFO] [stdout]   |
[INFO] [stdout]   = note: LC_ALL="C" PATH="/opt/rustwide/rustup-home/toolchains/1.69.0-x86_64-unknown-linux-gnu/lib/rustlib/x86_64-unknown-linux-gnu/bin:/opt/rustwide/cargo-home/bin:/usr/local/sbin:/usr/local/bin:/usr/sbin:/usr/bin:/sbin:/bin" VSLANG="1033" "cc" "-m64" "/tmp/rustcytoR8C/symbols.o" "/opt/rustwide/target/debug/deps/shaders-62b373065774f3d9.shaders.0af184c7-cgu.0.rcgu.o" "/opt/rustwide/target/debug/deps/shaders-62b373065774f3d9.shaders.0af184c7-cgu.1.rcgu.o" "/opt/rustwide/target/debug/deps/shaders-62b373065774f3d9.shaders.0af184c7-cgu.10.rcgu.o" "/opt/rustwide/target/debug/deps/shaders-62b373065774f3d9.shaders.0af184c7-cgu.11.rcgu.o" "/opt/rustwide/target/debug/deps/shaders-62b373065774f3d9.shaders.0af184c7-cgu.12.rcgu.o" "/opt/rustwide/target/debug/deps/shaders-62b373065774f3d9.shaders.0af184c7-cgu.13.rcgu.o" "/opt/rustwide/target/debug/deps/shaders-62b373065774f3d9.shaders.0af184c7-cgu.14.rcgu.o" "/opt/rustwide/target/debug/deps/shaders-62b373065774f3d9.shaders.0af184c7-cgu.15.rcgu.o" "/opt/rustwide/target/debug/deps/shaders-62b373065774f3d9.shaders.0af184c7-cgu.2.rcgu.o" "/opt/rustwide/target/debug/deps/shaders-62b373065774f3d9.shaders.0af184c7-cgu.3.rcgu.o" "/opt/rustwide/target/debug/deps/shaders-62b373065774f3d9.shaders.0af184c7-cgu.4.rcgu.o" "/opt/rustwide/target/debug/deps/shaders-62b373065774f3d9.shaders.0af184c7-cgu.5.rcgu.o" "/opt/rustwide/target/debug/deps/shaders-62b373065774f3d9.shaders.0af184c7-cgu.6.rcgu.o" "/opt/rustwide/target/debug/deps/shaders-62b373065774f3d9.shaders.0af184c7-cgu.7.rcgu.o" "/opt/rustwide/target/debug/deps/shaders-62b373065774f3d9.shaders.0af184c7-cgu.8.rcgu.o" "/opt/rustwide/target/debug/deps/shaders-62b373065774f3d9.shaders.0af184c7-cgu.9.rcgu.o" "/opt/rustwide/target/debug/deps/shaders-62b373065774f3d9.1o7un86epdj6plmv.rcgu.o" "-Wl,--as-needed" "-L" "/opt/rustwide/target/debug/deps" "-L" "/usr/lib/x86_64-linux-gnu" "-L" "/usr/lib/x86_64-linux-gnu" "-L" "/usr/lib/x86_64-linux-gnu" "-L" "/usr/lib/x86_64-linux-gnu" "-L" "/opt/rustwide/rustup-home/toolchains/1.69.0-x86_64-unknown-linux-gnu/lib/rustlib/x86_64-unknown-linux-gnu/lib" "-Wl,-Bstatic" "/opt/rustwide/rustup-home/toolchains/1.69.0-x86_64-unknown-linux-gnu/lib/rustlib/x86_64-unknown-linux-gnu/lib/libtest-7791a6353d4a7929.rlib" "/opt/rustwide/rustup-home/toolchains/1.69.0-x86_64-unknown-linux-gnu/lib/rustlib/x86_64-unknown-linux-gnu/lib/libgetopts-7b17724e9ce90a72.rlib" "/opt/rustwide/rustup-home/toolchains/1.69.0-x86_64-unknown-linux-gnu/lib/rustlib/x86_64-unknown-linux-gnu/lib/libunicode_width-596f8ce9d30a755e.rlib" "/opt/rustwide/rustup-home/toolchains/1.69.0-x86_64-unknown-linux-gnu/lib/rustlib/x86_64-unknown-linux-gnu/lib/librustc_std_workspace_std-da04f86254de594f.rlib" "/opt/rustwide/target/debug/deps/libglium-959b09b1ea1e13d9.rlib" "/opt/rustwide/target/debug/deps/libbacktrace-d745d1b29569df3d.rlib" "/opt/rustwide/target/debug/deps/libobject-db5079676760f48e.rlib" "/opt/rustwide/target/debug/deps/libaddr2line-f8441d4c78d5bf19.rlib" "/opt/rustwide/target/debug/deps/libgimli-7f8a3e665b4fe613.rlib" "/opt/rustwide/target/debug/deps/librustc_demangle-c83167a5d6a87752.rlib" "/opt/rustwide/target/debug/deps/libtakeable_option-353b1740662a852a.rlib" "/opt/rustwide/target/debug/deps/libglutin-d0aaa4f4a0de625a.rlib" "/opt/rustwide/target/debug/deps/libwayland_egl-d29abbc5bdefef3e.rlib" "/opt/rustwide/target/debug/deps/libosmesa_sys-cd5302d666d9661b.rlib" "/opt/rustwide/target/debug/deps/libshared_library-265178160b701b94.rlib" "/opt/rustwide/target/debug/deps/libwinit-aa2c8a543e953a1c.rlib" "/opt/rustwide/target/debug/deps/libsctk_adwaita-b94504dae96b3a95.rlib" "/opt/rustwide/target/debug/deps/libcrossfont-4add6db118bf4e61.rlib" "/opt/rustwide/target/debug/deps/libfontconfig-4235cd521502773b.rlib" "/opt/rustwide/target/debug/deps/libfontconfig_sys-4bc8386f352cadcb.rlib" "/opt/rustwide/target/debug/deps/libexpat_sys-2858021a6d52c595.rlib" "/opt/rustwide/target/debug/deps/libforeign_types-19d35892131c6879.rlib" "/opt/rustwide/target/debug/deps/libforeign_types_shared-09c7ee0a61e953a0.rlib" "/opt/rustwide/target/debug/deps/libfreetype-e2f78547806b20dd.rlib" "/opt/rustwide/target/debug/deps/libfreetype_sys-3a3e514608b617ae.rlib" "/opt/rustwide/target/debug/deps/libtiny_skia-f66d78748ea8683f.rlib" "/opt/rustwide/target/debug/deps/libpng-debfd81c7d44b90b.rlib" "/opt/rustwide/target/debug/deps/libdeflate-5049d42eb1f0c355.rlib" "/opt/rustwide/target/debug/deps/libadler32-83111893a069e541.rlib" "/opt/rustwide/target/debug/deps/libminiz_oxide-9759427755222cd7.rlib" "/opt/rustwide/target/debug/deps/libadler-478247d24f5486f3.rlib" "/opt/rustwide/target/debug/deps/libcrc32fast-104e9b895f0c2d44.rlib" "/opt/rustwide/target/debug/deps/libsafe_arch-6cd92095ae305c65.rlib" "/opt/rustwide/target/debug/deps/libbytemuck-738f1ffdd52dcacf.rlib" "/opt/rustwide/target/debug/deps/libarrayvec-5902f8a8f6c1874d.rlib" "/opt/rustwide/target/debug/deps/libarrayref-6f2a7630164a9ee6.rlib" "/opt/rustwide/target/debug/deps/libmio-e963e878a33c39de.rlib" "/opt/rustwide/target/debug/deps/libpercent_encoding-5186c2668f567217.rlib" "/opt/rustwide/target/debug/deps/libsmithay_client_toolkit-37b914f66d1cdb9f.rlib" "/opt/rustwide/target/debug/deps/libwayland_cursor-590344290891728e.rlib" "/opt/rustwide/target/debug/deps/libxcursor-6f9bf232bd267129.rlib" "/opt/rustwide/target/debug/deps/libnom-71de0e06c99979f4.rlib" "/opt/rustwide/target/debug/deps/libmemchr-687b4049a32a2866.rlib" "/opt/rustwide/target/debug/deps/libmemmap2-9c16d4f306669f3b.rlib" "/opt/rustwide/target/debug/deps/libwayland_protocols-fa1a3ddee9884de1.rlib" "/opt/rustwide/target/debug/deps/libwayland_client-25d99076e1b0a781.rlib" "/opt/rustwide/target/debug/deps/libscoped_tls-a6ec6806d368dac9.rlib" "/opt/rustwide/target/debug/deps/libwayland_commons-99ce475e3586e5c0.rlib" "/opt/rustwide/target/debug/deps/libnix-431e02323e97b440.rlib" "/opt/rustwide/target/debug/deps/libwayland_sys-60e3f05bc70f649f.rlib" "/opt/rustwide/target/debug/deps/libcalloop-eb355b2e46a82f3d.rlib" "/opt/rustwide/target/debug/deps/libthiserror-c96dc4dd8008554a.rlib" "/opt/rustwide/target/debug/deps/libslotmap-854bdddf42ad8a14.rlib" "/opt/rustwide/target/debug/deps/libnix-1e843f52d41fb9e7.rlib" "/opt/rustwide/target/debug/deps/libmemoffset-0f776f28e9231e55.rlib" "/opt/rustwide/target/debug/deps/libvec_map-16513e7e42b275bd.rlib" "/opt/rustwide/target/debug/deps/libdlib-0d4b353d5f8a35d7.rlib" "/opt/rustwide/target/debug/deps/liblibloading-c6f8e8bc6a1e8176.rlib" "/opt/rustwide/target/debug/deps/libparking_lot-144a048744aa90e7.rlib" "/opt/rustwide/target/debug/deps/libparking_lot_core-05aaf04ed2d968bc.rlib" "/opt/rustwide/target/debug/deps/libsmallvec-5f75839ee3e2a151.rlib" "/opt/rustwide/target/debug/deps/liblock_api-e5ad3b2927a46886.rlib" "/opt/rustwide/target/debug/deps/libscopeguard-f471875f675163b5.rlib" "/opt/rustwide/target/debug/deps/libraw_window_handle-ab96c92e05a2e16a.rlib" "/opt/rustwide/target/debug/deps/libcty-098e3d68ce2248fa.rlib" "/opt/rustwide/target/debug/deps/libonce_cell-d1197491957c0c17.rlib" "/opt/rustwide/target/debug/deps/libinstant-bc42ff45cf547fe6.rlib" "/opt/rustwide/target/debug/deps/libbitflags-82cc2d155c6eb112.rlib" "/opt/rustwide/target/debug/deps/liblog-b7002f1ab15c8d8b.rlib" "/opt/rustwide/target/debug/deps/libcfg_if-e5e118dd7d121aaa.rlib" "/opt/rustwide/target/debug/deps/libglutin_glx_sys-6936b46f46f243ee.rlib" "/opt/rustwide/target/debug/deps/libx11_dl-10518c354c3f4346.rlib" "/opt/rustwide/target/debug/deps/liblibc-87802f0ac0209f45.rlib" "/opt/rustwide/target/debug/deps/libglutin_egl_sys-d09e7e8d1d3a2c7d.rlib" "/opt/rustwide/target/debug/deps/libfnv-41a559218f992797.rlib" "/opt/rustwide/target/debug/deps/liblazy_static-a15e1ed0a3c31761.rlib" "/opt/rustwide/rustup-home/toolchains/1.69.0-x86_64-unknown-linux-gnu/lib/rustlib/x86_64-unknown-linux-gnu/lib/libstd-89bc084783fdc439.rlib" "/opt/rustwide/rustup-home/toolchains/1.69.0-x86_64-unknown-linux-gnu/lib/rustlib/x86_64-unknown-linux-gnu/lib/libpanic_unwind-8bee4b287d4367c1.rlib" "/opt/rustwide/rustup-home/toolchains/1.69.0-x86_64-unknown-linux-gnu/lib/rustlib/x86_64-unknown-linux-gnu/lib/libobject-d61707aed80694c0.rlib" "/opt/rustwide/rustup-home/toolchains/1.69.0-x86_64-unknown-linux-gnu/lib/rustlib/x86_64-unknown-linux-gnu/lib/libmemchr-d85366256f22345b.rlib" "/opt/rustwide/rustup-home/toolchains/1.69.0-x86_64-unknown-linux-gnu/lib/rustlib/x86_64-unknown-linux-gnu/lib/libaddr2line-96069b86b8a8cae9.rlib" "/opt/rustwide/rustup-home/toolchains/1.69.0-x86_64-unknown-linux-gnu/lib/rustlib/x86_64-unknown-linux-gnu/lib/libgimli-d19d53abf68dfa6c.rlib" "/opt/rustwide/rustup-home/toolchains/1.69.0-x86_64-unknown-linux-gnu/lib/rustlib/x86_64-unknown-linux-gnu/lib/librustc_demangle-787cbccd19d64ac6.rlib" "/opt/rustwide/rustup-home/toolchains/1.69.0-x86_64-unknown-linux-gnu/lib/rustlib/x86_64-unknown-linux-gnu/lib/libstd_detect-b3837a36b830e0d0.rlib" "/opt/rustwide/rustup-home/toolchains/1.69.0-x86_64-unknown-linux-gnu/lib/rustlib/x86_64-unknown-linux-gnu/lib/libhashbrown-e3deb0e7e3f04966.rlib" "/opt/rustwide/rustup-home/toolchains/1.69.0-x86_64-unknown-linux-gnu/lib/rustlib/x86_64-unknown-linux-gnu/lib/libminiz_oxide-dabbb79c9815def4.rlib" "/opt/rustwide/rustup-home/toolchains/1.69.0-x86_64-unknown-linux-gnu/lib/rustlib/x86_64-unknown-linux-gnu/lib/libadler-305b01f34c9409f2.rlib" "/opt/rustwide/rustup-home/toolchains/1.69.0-x86_64-unknown-linux-gnu/lib/rustlib/x86_64-unknown-linux-gnu/lib/librustc_std_workspace_alloc-f833521df6074e73.rlib" "/opt/rustwide/rustup-home/toolchains/1.69.0-x86_64-unknown-linux-gnu/lib/rustlib/x86_64-unknown-linux-gnu/lib/libunwind-9ac333113350d171.rlib" "/opt/rustwide/rustup-home/toolchains/1.69.0-x86_64-unknown-linux-gnu/lib/rustlib/x86_64-unknown-linux-gnu/lib/libcfg_if-1c126114322d0eee.rlib" "/opt/rustwide/rustup-home/toolchains/1.69.0-x86_64-unknown-linux-gnu/lib/rustlib/x86_64-unknown-linux-gnu/lib/liblibc-bad9164fdeeecf92.rlib" "/opt/rustwide/rustup-home/toolchains/1.69.0-x86_64-unknown-linux-gnu/lib/rustlib/x86_64-unknown-linux-gnu/lib/liballoc-f9374b1e480fa681.rlib" "/opt/rustwide/rustup-home/toolchains/1.69.0-x86_64-unknown-linux-gnu/lib/rustlib/x86_64-unknown-linux-gnu/lib/librustc_std_workspace_core-207f06e41d9603af.rlib" "/opt/rustwide/rustup-home/toolchains/1.69.0-x86_64-unknown-linux-gnu/lib/rustlib/x86_64-unknown-linux-gnu/lib/libcore-7e2768e66e984e85.rlib" "/opt/rustwide/rustup-home/toolchains/1.69.0-x86_64-unknown-linux-gnu/lib/rustlib/x86_64-unknown-linux-gnu/lib/libcompiler_builtins-957b4aff41f8cd46.rlib" "-Wl,-Bdynamic" "-lfreetype" "-lfontconfig" "-lfreetype" "-lexpat" "-lm" "-lfreetype" "-ldl" "-ldl" "-lgcc_s" "-lutil" "-lrt" "-lpthread" "-lm" "-ldl" "-lc" "-Wl,--eh-frame-hdr" "-Wl,-z,noexecstack" "-L" "/opt/rustwide/rustup-home/toolchains/1.69.0-x86_64-unknown-linux-gnu/lib/rustlib/x86_64-unknown-linux-gnu/lib" "-o" "/opt/rustwide/target/debug/deps/shaders-62b373065774f3d9" "-Wl,--gc-sections" "-pie" "-Wl,-z,relro,-z,now" "-nodefaultlibs"
[INFO] [stdout]   = note: collect2: fatal error: ld terminated with signal 9 [Killed]
[INFO] [stdout]           compilation terminated.
[INFO] [stdout]           
[INFO] [stdout] 
[INFO] [stdout] 
[INFO] [stdout] error: aborting due to previous error
[INFO] [stdout] 
[INFO] [stdout] 
[INFO] [stderr] error: could not compile `glium` due to 2 previous errors
[INFO] [stdout] error: linking with `cc` failed: exit status: 1
[INFO] [stdout]   |
[INFO] [stdout]   = note: LC_ALL="C" PATH="/opt/rustwide/rustup-home/toolchains/1.69.0-x86_64-unknown-linux-gnu/lib/rustlib/x86_64-unknown-linux-gnu/bin:/opt/rustwide/cargo-home/bin:/usr/local/sbin:/usr/local/bin:/usr/sbin:/usr/bin:/sbin:/bin" VSLANG="1033" "cc" "-m64" "/tmp/rustc2wKEPg/symbols.o" "/opt/rustwide/target/debug/examples/tutorial_03-55452482c8e23d7f.tutorial_03.6f6f150c-cgu.0.rcgu.o" "/opt/rustwide/target/debug/examples/tutorial_03-55452482c8e23d7f.tutorial_03.6f6f150c-cgu.1.rcgu.o" "/opt/rustwide/target/debug/examples/tutorial_03-55452482c8e23d7f.tutorial_03.6f6f150c-cgu.10.rcgu.o" "/opt/rustwide/target/debug/examples/tutorial_03-55452482c8e23d7f.tutorial_03.6f6f150c-cgu.11.rcgu.o" "/opt/rustwide/target/debug/examples/tutorial_03-55452482c8e23d7f.tutorial_03.6f6f150c-cgu.12.rcgu.o" "/opt/rustwide/target/debug/examples/tutorial_03-55452482c8e23d7f.tutorial_03.6f6f150c-cgu.13.rcgu.o" "/opt/rustwide/target/debug/examples/tutorial_03-55452482c8e23d7f.tutorial_03.6f6f150c-cgu.14.rcgu.o" "/opt/rustwide/target/debug/examples/tutorial_03-55452482c8e23d7f.tutorial_03.6f6f150c-cgu.15.rcgu.o" "/opt/rustwide/target/debug/examples/tutorial_03-55452482c8e23d7f.tutorial_03.6f6f150c-cgu.2.rcgu.o" "/opt/rustwide/target/debug/examples/tutorial_03-55452482c8e23d7f.tutorial_03.6f6f150c-cgu.3.rcgu.o" "/opt/rustwide/target/debug/examples/tutorial_03-55452482c8e23d7f.tutorial_03.6f6f150c-cgu.4.rcgu.o" "/opt/rustwide/target/debug/examples/tutorial_03-55452482c8e23d7f.tutorial_03.6f6f150c-cgu.5.rcgu.o" "/opt/rustwide/target/debug/examples/tutorial_03-55452482c8e23d7f.tutorial_03.6f6f150c-cgu.6.rcgu.o" "/opt/rustwide/target/debug/examples/tutorial_03-55452482c8e23d7f.tutorial_03.6f6f150c-cgu.7.rcgu.o" "/opt/rustwide/target/debug/examples/tutorial_03-55452482c8e23d7f.tutorial_03.6f6f150c-cgu.8.rcgu.o" "/opt/rustwide/target/debug/examples/tutorial_03-55452482c8e23d7f.tutorial_03.6f6f150c-cgu.9.rcgu.o" "/opt/rustwide/target/debug/examples/tutorial_03-55452482c8e23d7f.1q11crzqnw8c1bp2.rcgu.o" "-Wl,--as-needed" "-L" "/opt/rustwide/target/debug/deps" "-L" "/usr/lib/x86_64-linux-gnu" "-L" "/usr/lib/x86_64-linux-gnu" "-L" "/usr/lib/x86_64-linux-gnu" "-L" "/usr/lib/x86_64-linux-gnu" "-L" "/opt/rustwide/rustup-home/toolchains/1.69.0-x86_64-unknown-linux-gnu/lib/rustlib/x86_64-unknown-linux-gnu/lib" "-Wl,-Bstatic" "/opt/rustwide/target/debug/deps/libglium-959b09b1ea1e13d9.rlib" "/opt/rustwide/target/debug/deps/libbacktrace-d745d1b29569df3d.rlib" "/opt/rustwide/target/debug/deps/libobject-db5079676760f48e.rlib" "/opt/rustwide/target/debug/deps/libaddr2line-f8441d4c78d5bf19.rlib" "/opt/rustwide/target/debug/deps/libgimli-7f8a3e665b4fe613.rlib" "/opt/rustwide/target/debug/deps/librustc_demangle-c83167a5d6a87752.rlib" "/opt/rustwide/target/debug/deps/libtakeable_option-353b1740662a852a.rlib" "/opt/rustwide/target/debug/deps/libglutin-d0aaa4f4a0de625a.rlib" "/opt/rustwide/target/debug/deps/libwayland_egl-d29abbc5bdefef3e.rlib" "/opt/rustwide/target/debug/deps/libosmesa_sys-cd5302d666d9661b.rlib" "/opt/rustwide/target/debug/deps/libshared_library-265178160b701b94.rlib" "/opt/rustwide/target/debug/deps/libwinit-aa2c8a543e953a1c.rlib" "/opt/rustwide/target/debug/deps/libsctk_adwaita-b94504dae96b3a95.rlib" "/opt/rustwide/target/debug/deps/libcrossfont-4add6db118bf4e61.rlib" "/opt/rustwide/target/debug/deps/libfontconfig-4235cd521502773b.rlib" "/opt/rustwide/target/debug/deps/libfontconfig_sys-4bc8386f352cadcb.rlib" "/opt/rustwide/target/debug/deps/libexpat_sys-2858021a6d52c595.rlib" "/opt/rustwide/target/debug/deps/libforeign_types-19d35892131c6879.rlib" "/opt/rustwide/target/debug/deps/libforeign_types_shared-09c7ee0a61e953a0.rlib" "/opt/rustwide/target/debug/deps/libfreetype-e2f78547806b20dd.rlib" "/opt/rustwide/target/debug/deps/libfreetype_sys-3a3e514608b617ae.rlib" "/opt/rustwide/target/debug/deps/libtiny_skia-f66d78748ea8683f.rlib" "/opt/rustwide/target/debug/deps/libpng-debfd81c7d44b90b.rlib" "/opt/rustwide/target/debug/deps/libdeflate-5049d42eb1f0c355.rlib" "/opt/rustwide/target/debug/deps/libadler32-83111893a069e541.rlib" "/opt/rustwide/target/debug/deps/libminiz_oxide-9759427755222cd7.rlib" "/opt/rustwide/target/debug/deps/libadler-478247d24f5486f3.rlib" "/opt/rustwide/target/debug/deps/libcrc32fast-104e9b895f0c2d44.rlib" "/opt/rustwide/target/debug/deps/libsafe_arch-6cd92095ae305c65.rlib" "/opt/rustwide/target/debug/deps/libbytemuck-738f1ffdd52dcacf.rlib" "/opt/rustwide/target/debug/deps/libarrayvec-5902f8a8f6c1874d.rlib" "/opt/rustwide/target/debug/deps/libarrayref-6f2a7630164a9ee6.rlib" "/opt/rustwide/target/debug/deps/libmio-e963e878a33c39de.rlib" "/opt/rustwide/target/debug/deps/libpercent_encoding-5186c2668f567217.rlib" "/opt/rustwide/target/debug/deps/libsmithay_client_toolkit-37b914f66d1cdb9f.rlib" "/opt/rustwide/target/debug/deps/libwayland_cursor-590344290891728e.rlib" "/opt/rustwide/target/debug/deps/libxcursor-6f9bf232bd267129.rlib" "/opt/rustwide/target/debug/deps/libnom-71de0e06c99979f4.rlib" "/opt/rustwide/target/debug/deps/libmemchr-687b4049a32a2866.rlib" "/opt/rustwide/target/debug/deps/libmemmap2-9c16d4f306669f3b.rlib" "/opt/rustwide/target/debug/deps/libwayland_protocols-fa1a3ddee9884de1.rlib" "/opt/rustwide/target/debug/deps/libwayland_client-25d99076e1b0a781.rlib" "/opt/rustwide/target/debug/deps/libscoped_tls-a6ec6806d368dac9.rlib" "/opt/rustwide/target/debug/deps/libwayland_commons-99ce475e3586e5c0.rlib" "/opt/rustwide/target/debug/deps/libnix-431e02323e97b440.rlib" "/opt/rustwide/target/debug/deps/libwayland_sys-60e3f05bc70f649f.rlib" "/opt/rustwide/target/debug/deps/libcalloop-eb355b2e46a82f3d.rlib" "/opt/rustwide/target/debug/deps/libthiserror-c96dc4dd8008554a.rlib" "/opt/rustwide/target/debug/deps/libslotmap-854bdddf42ad8a14.rlib" "/opt/rustwide/target/debug/deps/libnix-1e843f52d41fb9e7.rlib" "/opt/rustwide/target/debug/deps/libmemoffset-0f776f28e9231e55.rlib" "/opt/rustwide/target/debug/deps/libvec_map-16513e7e42b275bd.rlib" "/opt/rustwide/target/debug/deps/libdlib-0d4b353d5f8a35d7.rlib" "/opt/rustwide/target/debug/deps/liblibloading-c6f8e8bc6a1e8176.rlib" "/opt/rustwide/target/debug/deps/libparking_lot-144a048744aa90e7.rlib" "/opt/rustwide/target/debug/deps/libparking_lot_core-05aaf04ed2d968bc.rlib" "/opt/rustwide/target/debug/deps/libsmallvec-5f75839ee3e2a151.rlib" "/opt/rustwide/target/debug/deps/liblock_api-e5ad3b2927a46886.rlib" "/opt/rustwide/target/debug/deps/libscopeguard-f471875f675163b5.rlib" "/opt/rustwide/target/debug/deps/libraw_window_handle-ab96c92e05a2e16a.rlib" "/opt/rustwide/target/debug/deps/libcty-098e3d68ce2248fa.rlib" "/opt/rustwide/target/debug/deps/libonce_cell-d1197491957c0c17.rlib" "/opt/rustwide/target/debug/deps/libinstant-bc42ff45cf547fe6.rlib" "/opt/rustwide/target/debug/deps/libbitflags-82cc2d155c6eb112.rlib" "/opt/rustwide/target/debug/deps/liblog-b7002f1ab15c8d8b.rlib" "/opt/rustwide/target/debug/deps/libcfg_if-e5e118dd7d121aaa.rlib" "/opt/rustwide/target/debug/deps/libglutin_glx_sys-6936b46f46f243ee.rlib" "/opt/rustwide/target/debug/deps/libx11_dl-10518c354c3f4346.rlib" "/opt/rustwide/target/debug/deps/liblibc-87802f0ac0209f45.rlib" "/opt/rustwide/target/debug/deps/libglutin_egl_sys-d09e7e8d1d3a2c7d.rlib" "/opt/rustwide/target/debug/deps/libfnv-41a559218f992797.rlib" "/opt/rustwide/target/debug/deps/liblazy_static-a15e1ed0a3c31761.rlib" "/opt/rustwide/rustup-home/toolchains/1.69.0-x86_64-unknown-linux-gnu/lib/rustlib/x86_64-unknown-linux-gnu/lib/libstd-89bc084783fdc439.rlib" "/opt/rustwide/rustup-home/toolchains/1.69.0-x86_64-unknown-linux-gnu/lib/rustlib/x86_64-unknown-linux-gnu/lib/libpanic_unwind-8bee4b287d4367c1.rlib" "/opt/rustwide/rustup-home/toolchains/1.69.0-x86_64-unknown-linux-gnu/lib/rustlib/x86_64-unknown-linux-gnu/lib/libobject-d61707aed80694c0.rlib" "/opt/rustwide/rustup-home/toolchains/1.69.0-x86_64-unknown-linux-gnu/lib/rustlib/x86_64-unknown-linux-gnu/lib/libmemchr-d85366256f22345b.rlib" "/opt/rustwide/rustup-home/toolchains/1.69.0-x86_64-unknown-linux-gnu/lib/rustlib/x86_64-unknown-linux-gnu/lib/libaddr2line-96069b86b8a8cae9.rlib" "/opt/rustwide/rustup-home/toolchains/1.69.0-x86_64-unknown-linux-gnu/lib/rustlib/x86_64-unknown-linux-gnu/lib/libgimli-d19d53abf68dfa6c.rlib" "/opt/rustwide/rustup-home/toolchains/1.69.0-x86_64-unknown-linux-gnu/lib/rustlib/x86_64-unknown-linux-gnu/lib/librustc_demangle-787cbccd19d64ac6.rlib" "/opt/rustwide/rustup-home/toolchains/1.69.0-x86_64-unknown-linux-gnu/lib/rustlib/x86_64-unknown-linux-gnu/lib/libstd_detect-b3837a36b830e0d0.rlib" "/opt/rustwide/rustup-home/toolchains/1.69.0-x86_64-unknown-linux-gnu/lib/rustlib/x86_64-unknown-linux-gnu/lib/libhashbrown-e3deb0e7e3f04966.rlib" "/opt/rustwide/rustup-home/toolchains/1.69.0-x86_64-unknown-linux-gnu/lib/rustlib/x86_64-unknown-linux-gnu/lib/libminiz_oxide-dabbb79c9815def4.rlib" "/opt/rustwide/rustup-home/toolchains/1.69.0-x86_64-unknown-linux-gnu/lib/rustlib/x86_64-unknown-linux-gnu/lib/libadler-305b01f34c9409f2.rlib" "/opt/rustwide/rustup-home/toolchains/1.69.0-x86_64-unknown-linux-gnu/lib/rustlib/x86_64-unknown-linux-gnu/lib/librustc_std_workspace_alloc-f833521df6074e73.rlib" "/opt/rustwide/rustup-home/toolchains/1.69.0-x86_64-unknown-linux-gnu/lib/rustlib/x86_64-unknown-linux-gnu/lib/libunwind-9ac333113350d171.rlib" "/opt/rustwide/rustup-home/toolchains/1.69.0-x86_64-unknown-linux-gnu/lib/rustlib/x86_64-unknown-linux-gnu/lib/libcfg_if-1c126114322d0eee.rlib" "/opt/rustwide/rustup-home/toolchains/1.69.0-x86_64-unknown-linux-gnu/lib/rustlib/x86_64-unknown-linux-gnu/lib/liblibc-bad9164fdeeecf92.rlib" "/opt/rustwide/rustup-home/toolchains/1.69.0-x86_64-unknown-linux-gnu/lib/rustlib/x86_64-unknown-linux-gnu/lib/liballoc-f9374b1e480fa681.rlib" "/opt/rustwide/rustup-home/toolchains/1.69.0-x86_64-unknown-linux-gnu/lib/rustlib/x86_64-unknown-linux-gnu/lib/librustc_std_workspace_core-207f06e41d9603af.rlib" "/opt/rustwide/rustup-home/toolchains/1.69.0-x86_64-unknown-linux-gnu/lib/rustlib/x86_64-unknown-linux-gnu/lib/libcore-7e2768e66e984e85.rlib" "/opt/rustwide/rustup-home/toolchains/1.69.0-x86_64-unknown-linux-gnu/lib/rustlib/x86_64-unknown-linux-gnu/lib/libcompiler_builtins-957b4aff41f8cd46.rlib" "-Wl,-Bdynamic" "-lfreetype" "-lfontconfig" "-lfreetype" "-lexpat" "-lm" "-lfreetype" "-ldl" "-ldl" "-lgcc_s" "-lutil" "-lrt" "-lpthread" "-lm" "-ldl" "-lc" "-Wl,--eh-frame-hdr" "-Wl,-z,noexecstack" "-L" "/opt/rustwide/rustup-home/toolchains/1.69.0-x86_64-unknown-linux-gnu/lib/rustlib/x86_64-unknown-linux-gnu/lib" "-o" "/opt/rustwide/target/debug/examples/tutorial_03-55452482c8e23d7f" "-Wl,--gc-sections" "-pie" "-Wl,-z,relro,-z,now" "-nodefaultlibs"
[INFO] [stdout]   = note: collect2: fatal error: ld terminated with signal 9 [Killed]
[INFO] [stdout]           compilation terminated.
[INFO] [stdout]           
[INFO] [stdout] 
[INFO] [stdout] 
[INFO] [stdout] error: aborting due to previous error
[INFO] [stdout] 
[INFO] [stdout] 
[INFO] [stderr] error: could not compile `glium` due to 2 previous errors
[INFO] [stdout] error: linking with `cc` failed: exit status: 1
[INFO] [stdout]   |
[INFO] [stdout]   = note: LC_ALL="C" PATH="/opt/rustwide/rustup-home/toolchains/1.69.0-x86_64-unknown-linux-gnu/lib/rustlib/x86_64-unknown-linux-gnu/bin:/opt/rustwide/cargo-home/bin:/usr/local/sbin:/usr/local/bin:/usr/sbin:/usr/bin:/sbin:/bin" VSLANG="1033" "cc" "-m64" "/tmp/rustcLkNAek/symbols.o" "/opt/rustwide/target/debug/examples/tutorial_02-723b79f9f6a7a7d3.tutorial_02.c123d79e-cgu.0.rcgu.o" "/opt/rustwide/target/debug/examples/tutorial_02-723b79f9f6a7a7d3.tutorial_02.c123d79e-cgu.1.rcgu.o" "/opt/rustwide/target/debug/examples/tutorial_02-723b79f9f6a7a7d3.tutorial_02.c123d79e-cgu.10.rcgu.o" "/opt/rustwide/target/debug/examples/tutorial_02-723b79f9f6a7a7d3.tutorial_02.c123d79e-cgu.11.rcgu.o" "/opt/rustwide/target/debug/examples/tutorial_02-723b79f9f6a7a7d3.tutorial_02.c123d79e-cgu.12.rcgu.o" "/opt/rustwide/target/debug/examples/tutorial_02-723b79f9f6a7a7d3.tutorial_02.c123d79e-cgu.13.rcgu.o" "/opt/rustwide/target/debug/examples/tutorial_02-723b79f9f6a7a7d3.tutorial_02.c123d79e-cgu.14.rcgu.o" "/opt/rustwide/target/debug/examples/tutorial_02-723b79f9f6a7a7d3.tutorial_02.c123d79e-cgu.15.rcgu.o" "/opt/rustwide/target/debug/examples/tutorial_02-723b79f9f6a7a7d3.tutorial_02.c123d79e-cgu.2.rcgu.o" "/opt/rustwide/target/debug/examples/tutorial_02-723b79f9f6a7a7d3.tutorial_02.c123d79e-cgu.3.rcgu.o" "/opt/rustwide/target/debug/examples/tutorial_02-723b79f9f6a7a7d3.tutorial_02.c123d79e-cgu.4.rcgu.o" "/opt/rustwide/target/debug/examples/tutorial_02-723b79f9f6a7a7d3.tutorial_02.c123d79e-cgu.5.rcgu.o" "/opt/rustwide/target/debug/examples/tutorial_02-723b79f9f6a7a7d3.tutorial_02.c123d79e-cgu.6.rcgu.o" "/opt/rustwide/target/debug/examples/tutorial_02-723b79f9f6a7a7d3.tutorial_02.c123d79e-cgu.7.rcgu.o" "/opt/rustwide/target/debug/examples/tutorial_02-723b79f9f6a7a7d3.tutorial_02.c123d79e-cgu.8.rcgu.o" "/opt/rustwide/target/debug/examples/tutorial_02-723b79f9f6a7a7d3.tutorial_02.c123d79e-cgu.9.rcgu.o" "/opt/rustwide/target/debug/examples/tutorial_02-723b79f9f6a7a7d3.4d974ig5vmaffns1.rcgu.o" "-Wl,--as-needed" "-L" "/opt/rustwide/target/debug/deps" "-L" "/usr/lib/x86_64-linux-gnu" "-L" "/usr/lib/x86_64-linux-gnu" "-L" "/usr/lib/x86_64-linux-gnu" "-L" "/usr/lib/x86_64-linux-gnu" "-L" "/opt/rustwide/rustup-home/toolchains/1.69.0-x86_64-unknown-linux-gnu/lib/rustlib/x86_64-unknown-linux-gnu/lib" "-Wl,-Bstatic" "/opt/rustwide/target/debug/deps/libglium-959b09b1ea1e13d9.rlib" "/opt/rustwide/target/debug/deps/libbacktrace-d745d1b29569df3d.rlib" "/opt/rustwide/target/debug/deps/libobject-db5079676760f48e.rlib" "/opt/rustwide/target/debug/deps/libaddr2line-f8441d4c78d5bf19.rlib" "/opt/rustwide/target/debug/deps/libgimli-7f8a3e665b4fe613.rlib" "/opt/rustwide/target/debug/deps/librustc_demangle-c83167a5d6a87752.rlib" "/opt/rustwide/target/debug/deps/libtakeable_option-353b1740662a852a.rlib" "/opt/rustwide/target/debug/deps/libglutin-d0aaa4f4a0de625a.rlib" "/opt/rustwide/target/debug/deps/libwayland_egl-d29abbc5bdefef3e.rlib" "/opt/rustwide/target/debug/deps/libosmesa_sys-cd5302d666d9661b.rlib" "/opt/rustwide/target/debug/deps/libshared_library-265178160b701b94.rlib" "/opt/rustwide/target/debug/deps/libwinit-aa2c8a543e953a1c.rlib" "/opt/rustwide/target/debug/deps/libsctk_adwaita-b94504dae96b3a95.rlib" "/opt/rustwide/target/debug/deps/libcrossfont-4add6db118bf4e61.rlib" "/opt/rustwide/target/debug/deps/libfontconfig-4235cd521502773b.rlib" "/opt/rustwide/target/debug/deps/libfontconfig_sys-4bc8386f352cadcb.rlib" "/opt/rustwide/target/debug/deps/libexpat_sys-2858021a6d52c595.rlib" "/opt/rustwide/target/debug/deps/libforeign_types-19d35892131c6879.rlib" "/opt/rustwide/target/debug/deps/libforeign_types_shared-09c7ee0a61e953a0.rlib" "/opt/rustwide/target/debug/deps/libfreetype-e2f78547806b20dd.rlib" "/opt/rustwide/target/debug/deps/libfreetype_sys-3a3e514608b617ae.rlib" "/opt/rustwide/target/debug/deps/libtiny_skia-f66d78748ea8683f.rlib" "/opt/rustwide/target/debug/deps/libpng-debfd81c7d44b90b.rlib" "/opt/rustwide/target/debug/deps/libdeflate-5049d42eb1f0c355.rlib" "/opt/rustwide/target/debug/deps/libadler32-83111893a069e541.rlib" "/opt/rustwide/target/debug/deps/libminiz_oxide-9759427755222cd7.rlib" "/opt/rustwide/target/debug/deps/libadler-478247d24f5486f3.rlib" "/opt/rustwide/target/debug/deps/libcrc32fast-104e9b895f0c2d44.rlib" "/opt/rustwide/target/debug/deps/libsafe_arch-6cd92095ae305c65.rlib" "/opt/rustwide/target/debug/deps/libbytemuck-738f1ffdd52dcacf.rlib" "/opt/rustwide/target/debug/deps/libarrayvec-5902f8a8f6c1874d.rlib" "/opt/rustwide/target/debug/deps/libarrayref-6f2a7630164a9ee6.rlib" "/opt/rustwide/target/debug/deps/libmio-e963e878a33c39de.rlib" "/opt/rustwide/target/debug/deps/libpercent_encoding-5186c2668f567217.rlib" "/opt/rustwide/target/debug/deps/libsmithay_client_toolkit-37b914f66d1cdb9f.rlib" "/opt/rustwide/target/debug/deps/libwayland_cursor-590344290891728e.rlib" "/opt/rustwide/target/debug/deps/libxcursor-6f9bf232bd267129.rlib" "/opt/rustwide/target/debug/deps/libnom-71de0e06c99979f4.rlib" "/opt/rustwide/target/debug/deps/libmemchr-687b4049a32a2866.rlib" "/opt/rustwide/target/debug/deps/libmemmap2-9c16d4f306669f3b.rlib" "/opt/rustwide/target/debug/deps/libwayland_protocols-fa1a3ddee9884de1.rlib" "/opt/rustwide/target/debug/deps/libwayland_client-25d99076e1b0a781.rlib" "/opt/rustwide/target/debug/deps/libscoped_tls-a6ec6806d368dac9.rlib" "/opt/rustwide/target/debug/deps/libwayland_commons-99ce475e3586e5c0.rlib" "/opt/rustwide/target/debug/deps/libnix-431e02323e97b440.rlib" "/opt/rustwide/target/debug/deps/libwayland_sys-60e3f05bc70f649f.rlib" "/opt/rustwide/target/debug/deps/libcalloop-eb355b2e46a82f3d.rlib" "/opt/rustwide/target/debug/deps/libthiserror-c96dc4dd8008554a.rlib" "/opt/rustwide/target/debug/deps/libslotmap-854bdddf42ad8a14.rlib" "/opt/rustwide/target/debug/deps/libnix-1e843f52d41fb9e7.rlib" "/opt/rustwide/target/debug/deps/libmemoffset-0f776f28e9231e55.rlib" "/opt/rustwide/target/debug/deps/libvec_map-16513e7e42b275bd.rlib" "/opt/rustwide/target/debug/deps/libdlib-0d4b353d5f8a35d7.rlib" "/opt/rustwide/target/debug/deps/liblibloading-c6f8e8bc6a1e8176.rlib" "/opt/rustwide/target/debug/deps/libparking_lot-144a048744aa90e7.rlib" "/opt/rustwide/target/debug/deps/libparking_lot_core-05aaf04ed2d968bc.rlib" "/opt/rustwide/target/debug/deps/libsmallvec-5f75839ee3e2a151.rlib" "/opt/rustwide/target/debug/deps/liblock_api-e5ad3b2927a46886.rlib" "/opt/rustwide/target/debug/deps/libscopeguard-f471875f675163b5.rlib" "/opt/rustwide/target/debug/deps/libraw_window_handle-ab96c92e05a2e16a.rlib" "/opt/rustwide/target/debug/deps/libcty-098e3d68ce2248fa.rlib" "/opt/rustwide/target/debug/deps/libonce_cell-d1197491957c0c17.rlib" "/opt/rustwide/target/debug/deps/libinstant-bc42ff45cf547fe6.rlib" "/opt/rustwide/target/debug/deps/libbitflags-82cc2d155c6eb112.rlib" "/opt/rustwide/target/debug/deps/liblog-b7002f1ab15c8d8b.rlib" "/opt/rustwide/target/debug/deps/libcfg_if-e5e118dd7d121aaa.rlib" "/opt/rustwide/target/debug/deps/libglutin_glx_sys-6936b46f46f243ee.rlib" "/opt/rustwide/target/debug/deps/libx11_dl-10518c354c3f4346.rlib" "/opt/rustwide/target/debug/deps/liblibc-87802f0ac0209f45.rlib" "/opt/rustwide/target/debug/deps/libglutin_egl_sys-d09e7e8d1d3a2c7d.rlib" "/opt/rustwide/target/debug/deps/libfnv-41a559218f992797.rlib" "/opt/rustwide/target/debug/deps/liblazy_static-a15e1ed0a3c31761.rlib" "/opt/rustwide/rustup-home/toolchains/1.69.0-x86_64-unknown-linux-gnu/lib/rustlib/x86_64-unknown-linux-gnu/lib/libstd-89bc084783fdc439.rlib" "/opt/rustwide/rustup-home/toolchains/1.69.0-x86_64-unknown-linux-gnu/lib/rustlib/x86_64-unknown-linux-gnu/lib/libpanic_unwind-8bee4b287d4367c1.rlib" "/opt/rustwide/rustup-home/toolchains/1.69.0-x86_64-unknown-linux-gnu/lib/rustlib/x86_64-unknown-linux-gnu/lib/libobject-d61707aed80694c0.rlib" "/opt/rustwide/rustup-home/toolchains/1.69.0-x86_64-unknown-linux-gnu/lib/rustlib/x86_64-unknown-linux-gnu/lib/libmemchr-d85366256f22345b.rlib" "/opt/rustwide/rustup-home/toolchains/1.69.0-x86_64-unknown-linux-gnu/lib/rustlib/x86_64-unknown-linux-gnu/lib/libaddr2line-96069b86b8a8cae9.rlib" "/opt/rustwide/rustup-home/toolchains/1.69.0-x86_64-unknown-linux-gnu/lib/rustlib/x86_64-unknown-linux-gnu/lib/libgimli-d19d53abf68dfa6c.rlib" "/opt/rustwide/rustup-home/toolchains/1.69.0-x86_64-unknown-linux-gnu/lib/rustlib/x86_64-unknown-linux-gnu/lib/librustc_demangle-787cbccd19d64ac6.rlib" "/opt/rustwide/rustup-home/toolchains/1.69.0-x86_64-unknown-linux-gnu/lib/rustlib/x86_64-unknown-linux-gnu/lib/libstd_detect-b3837a36b830e0d0.rlib" "/opt/rustwide/rustup-home/toolchains/1.69.0-x86_64-unknown-linux-gnu/lib/rustlib/x86_64-unknown-linux-gnu/lib/libhashbrown-e3deb0e7e3f04966.rlib" "/opt/rustwide/rustup-home/toolchains/1.69.0-x86_64-unknown-linux-gnu/lib/rustlib/x86_64-unknown-linux-gnu/lib/libminiz_oxide-dabbb79c9815def4.rlib" "/opt/rustwide/rustup-home/toolchains/1.69.0-x86_64-unknown-linux-gnu/lib/rustlib/x86_64-unknown-linux-gnu/lib/libadler-305b01f34c9409f2.rlib" "/opt/rustwide/rustup-home/toolchains/1.69.0-x86_64-unknown-linux-gnu/lib/rustlib/x86_64-unknown-linux-gnu/lib/librustc_std_workspace_alloc-f833521df6074e73.rlib" "/opt/rustwide/rustup-home/toolchains/1.69.0-x86_64-unknown-linux-gnu/lib/rustlib/x86_64-unknown-linux-gnu/lib/libunwind-9ac333113350d171.rlib" "/opt/rustwide/rustup-home/toolchains/1.69.0-x86_64-unknown-linux-gnu/lib/rustlib/x86_64-unknown-linux-gnu/lib/libcfg_if-1c126114322d0eee.rlib" "/opt/rustwide/rustup-home/toolchains/1.69.0-x86_64-unknown-linux-gnu/lib/rustlib/x86_64-unknown-linux-gnu/lib/liblibc-bad9164fdeeecf92.rlib" "/opt/rustwide/rustup-home/toolchains/1.69.0-x86_64-unknown-linux-gnu/lib/rustlib/x86_64-unknown-linux-gnu/lib/liballoc-f9374b1e480fa681.rlib" "/opt/rustwide/rustup-home/toolchains/1.69.0-x86_64-unknown-linux-gnu/lib/rustlib/x86_64-unknown-linux-gnu/lib/librustc_std_workspace_core-207f06e41d9603af.rlib" "/opt/rustwide/rustup-home/toolchains/1.69.0-x86_64-unknown-linux-gnu/lib/rustlib/x86_64-unknown-linux-gnu/lib/libcore-7e2768e66e984e85.rlib" "/opt/rustwide/rustup-home/toolchains/1.69.0-x86_64-unknown-linux-gnu/lib/rustlib/x86_64-unknown-linux-gnu/lib/libcompiler_builtins-957b4aff41f8cd46.rlib" "-Wl,-Bdynamic" "-lfreetype" "-lfontconfig" "-lfreetype" "-lexpat" "-lm" "-lfreetype" "-ldl" "-ldl" "-lgcc_s" "-lutil" "-lrt" "-lpthread" "-lm" "-ldl" "-lc" "-Wl,--eh-frame-hdr" "-Wl,-z,noexecstack" "-L" "/opt/rustwide/rustup-home/toolchains/1.69.0-x86_64-unknown-linux-gnu/lib/rustlib/x86_64-unknown-linux-gnu/lib" "-o" "/opt/rustwide/target/debug/examples/tutorial_02-723b79f9f6a7a7d3" "-Wl,--gc-sections" "-pie" "-Wl,-z,relro,-z,now" "-nodefaultlibs"
[INFO] [stdout]   = note: collect2: fatal error: ld terminated with signal 9 [Killed]
[INFO] [stdout]           compilation terminated.
[INFO] [stdout]           
[INFO] [stdout] 
[INFO] [stdout] 
[INFO] [stdout] error: aborting due to previous error
[INFO] [stdout] 
[INFO] [stdout] 
[INFO] [stderr] error: could not compile `glium` due to 2 previous errors
[INFO] running `Command { std: "docker" "inspect" "7a9e730cf33948842d585324cd1c73896fbf70b44dd87f73e63d1d25cb7ff81a", kill_on_drop: false }`
[INFO] running `Command { std: "docker" "rm" "-f" "7a9e730cf33948842d585324cd1c73896fbf70b44dd87f73e63d1d25cb7ff81a", kill_on_drop: false }`
[INFO] [stdout] 7a9e730cf33948842d585324cd1c73896fbf70b44dd87f73e63d1d25cb7ff81a
