[INFO] fetching crate gix-command 0.2.4...
[INFO] testing gix-command-0.2.4 against 1.69.0 for beta-1.70-1
[INFO] extracting crate gix-command 0.2.4 into /workspace/builds/worker-1-tc1/source
[INFO] validating manifest of crates.io crate gix-command 0.2.4 on toolchain 1.69.0
[INFO] running `Command { std: CARGO_HOME="/workspace/cargo-home" RUSTUP_HOME="/workspace/rustup-home" "/workspace/cargo-home/bin/cargo" "+1.69.0" "metadata" "--manifest-path" "Cargo.toml" "--no-deps", kill_on_drop: false }`
[INFO] started tweaking crates.io crate gix-command 0.2.4
[INFO] finished tweaking crates.io crate gix-command 0.2.4
[INFO] tweaked toml for crates.io crate gix-command 0.2.4 written to /workspace/builds/worker-1-tc1/source/Cargo.toml
[INFO] running `Command { std: CARGO_HOME="/workspace/cargo-home" RUSTUP_HOME="/workspace/rustup-home" __CARGO_TEST_CHANNEL_OVERRIDE_DO_NOT_USE_THIS="nightly" "/workspace/cargo-home/bin/cargo" "+1.69.0" "generate-lockfile" "--manifest-path" "Cargo.toml" "-Zno-index-update", kill_on_drop: false }`
[INFO] running `Command { std: CARGO_HOME="/workspace/cargo-home" RUSTUP_HOME="/workspace/rustup-home" "/workspace/cargo-home/bin/cargo" "+1.69.0" "fetch" "--manifest-path" "Cargo.toml", kill_on_drop: false }`
[INFO] running `Command { std: "docker" "create" "-v" "/var/lib/crater-agent-workspace/builds/worker-1-tc1/target:/opt/rustwide/target:rw,Z" "-v" "/var/lib/crater-agent-workspace/builds/worker-1-tc1/source:/opt/rustwide/workdir:ro,Z" "-v" "/var/lib/crater-agent-workspace/cargo-home:/opt/rustwide/cargo-home:ro,Z" "-v" "/var/lib/crater-agent-workspace/rustup-home:/opt/rustwide/rustup-home:ro,Z" "-e" "SOURCE_DIR=/opt/rustwide/workdir" "-e" "CARGO_TARGET_DIR=/opt/rustwide/target" "-e" "CARGO_HOME=/opt/rustwide/cargo-home" "-e" "RUSTUP_HOME=/opt/rustwide/rustup-home" "-w" "/opt/rustwide/workdir" "-m" "1610612736" "--user" "0:0" "--network" "none" "ghcr.io/rust-lang/crates-build-env/linux@sha256:5ff2268d62e97bff2cde7d5815dd6ed5b47097566f13b8d0ca110b04b60e07ed" "/opt/rustwide/cargo-home/bin/cargo" "+1.69.0" "metadata" "--no-deps" "--format-version=1", kill_on_drop: false }`
[INFO] [stdout] 982bf3f2b96005872bc24ebe0a232dfcdbe3dc529cc3ce14cb0833e9c6974e05
[INFO] running `Command { std: "docker" "start" "-a" "982bf3f2b96005872bc24ebe0a232dfcdbe3dc529cc3ce14cb0833e9c6974e05", kill_on_drop: false }`
[INFO] running `Command { std: "docker" "inspect" "982bf3f2b96005872bc24ebe0a232dfcdbe3dc529cc3ce14cb0833e9c6974e05", kill_on_drop: false }`
[INFO] running `Command { std: "docker" "rm" "-f" "982bf3f2b96005872bc24ebe0a232dfcdbe3dc529cc3ce14cb0833e9c6974e05", kill_on_drop: false }`
[INFO] [stdout] 982bf3f2b96005872bc24ebe0a232dfcdbe3dc529cc3ce14cb0833e9c6974e05
[INFO] running `Command { std: "docker" "create" "-v" "/var/lib/crater-agent-workspace/builds/worker-1-tc1/target:/opt/rustwide/target:rw,Z" "-v" "/var/lib/crater-agent-workspace/builds/worker-1-tc1/source:/opt/rustwide/workdir:ro,Z" "-v" "/var/lib/crater-agent-workspace/cargo-home:/opt/rustwide/cargo-home:ro,Z" "-v" "/var/lib/crater-agent-workspace/rustup-home:/opt/rustwide/rustup-home:ro,Z" "-e" "SOURCE_DIR=/opt/rustwide/workdir" "-e" "CARGO_TARGET_DIR=/opt/rustwide/target" "-e" "CARGO_INCREMENTAL=0" "-e" "RUST_BACKTRACE=full" "-e" "RUSTFLAGS=--cap-lints=warn" "-e" "RUSTDOCFLAGS=--cap-lints=warn" "-e" "CARGO_HOME=/opt/rustwide/cargo-home" "-e" "RUSTUP_HOME=/opt/rustwide/rustup-home" "-w" "/opt/rustwide/workdir" "-m" "1610612736" "--user" "0:0" "--network" "none" "ghcr.io/rust-lang/crates-build-env/linux@sha256:5ff2268d62e97bff2cde7d5815dd6ed5b47097566f13b8d0ca110b04b60e07ed" "/opt/rustwide/cargo-home/bin/cargo" "+1.69.0" "build" "--frozen" "--message-format=json", kill_on_drop: false }`
[INFO] [stdout] 937690b92b340152b8ce8405b92458ef141e23d205b9ad2502aa0bea37c01979
[INFO] running `Command { std: "docker" "start" "-a" "937690b92b340152b8ce8405b92458ef141e23d205b9ad2502aa0bea37c01979", kill_on_drop: false }`
[INFO] [stderr]    Compiling memchr v2.5.0
[INFO] [stderr]    Compiling regex-automata v0.1.10
[INFO] [stderr]    Compiling bstr v1.4.0
[INFO] [stderr]    Compiling gix-command v0.2.4 (/opt/rustwide/workdir)
[INFO] [stderr]     Finished dev [unoptimized + debuginfo] target(s) in 2.97s
[INFO] running `Command { std: "docker" "inspect" "937690b92b340152b8ce8405b92458ef141e23d205b9ad2502aa0bea37c01979", kill_on_drop: false }`
[INFO] running `Command { std: "docker" "rm" "-f" "937690b92b340152b8ce8405b92458ef141e23d205b9ad2502aa0bea37c01979", kill_on_drop: false }`
[INFO] [stdout] 937690b92b340152b8ce8405b92458ef141e23d205b9ad2502aa0bea37c01979
[INFO] running `Command { std: "docker" "create" "-v" "/var/lib/crater-agent-workspace/builds/worker-1-tc1/target:/opt/rustwide/target:rw,Z" "-v" "/var/lib/crater-agent-workspace/builds/worker-1-tc1/source:/opt/rustwide/workdir:ro,Z" "-v" "/var/lib/crater-agent-workspace/cargo-home:/opt/rustwide/cargo-home:ro,Z" "-v" "/var/lib/crater-agent-workspace/rustup-home:/opt/rustwide/rustup-home:ro,Z" "-e" "SOURCE_DIR=/opt/rustwide/workdir" "-e" "CARGO_TARGET_DIR=/opt/rustwide/target" "-e" "CARGO_INCREMENTAL=0" "-e" "RUST_BACKTRACE=full" "-e" "RUSTFLAGS=--cap-lints=warn" "-e" "RUSTDOCFLAGS=--cap-lints=warn" "-e" "CARGO_HOME=/opt/rustwide/cargo-home" "-e" "RUSTUP_HOME=/opt/rustwide/rustup-home" "-w" "/opt/rustwide/workdir" "-m" "1610612736" "--user" "0:0" "--network" "none" "ghcr.io/rust-lang/crates-build-env/linux@sha256:5ff2268d62e97bff2cde7d5815dd6ed5b47097566f13b8d0ca110b04b60e07ed" "/opt/rustwide/cargo-home/bin/cargo" "+1.69.0" "test" "--frozen" "--no-run" "--message-format=json", kill_on_drop: false }`
[INFO] [stdout] 2ad0f3ea4bb4668c3479041daea7defe9706c4699d50c4809908524b34d58f7e
[INFO] running `Command { std: "docker" "start" "-a" "2ad0f3ea4bb4668c3479041daea7defe9706c4699d50c4809908524b34d58f7e", kill_on_drop: false }`
[INFO] [stderr]    Compiling gix-command v0.2.4 (/opt/rustwide/workdir)
[INFO] [stdout] error[E0433]: failed to resolve: use of undeclared crate or module `gix_testtools`
[INFO] [stdout]   --> tests/command.rs:67:13
[INFO] [stdout]    |
[INFO] [stdout] 67 |         use gix_testtools::bstr::ByteSlice;
[INFO] [stdout]    |             ^^^^^^^^^^^^^ use of undeclared crate or module `gix_testtools`
[INFO] [stdout] 
[INFO] [stdout] 
[INFO] [stdout] error[E0432]: unresolved import `gix_testtools`
[INFO] [stdout]  --> tests/command.rs:1:5
[INFO] [stdout]   |
[INFO] [stdout] 1 | use gix_testtools::Result;
[INFO] [stdout]   |     ^^^^^^^^^^^^^ use of undeclared crate or module `gix_testtools`
[INFO] [stdout] 
[INFO] [stdout] 
[INFO] [stdout] error[E0599]: no method named `as_bstr` found for struct `Vec<u8>` in the current scope
[INFO] [stdout]   --> tests/command.rs:94:35
[INFO] [stdout]    |
[INFO] [stdout] 94 |             assert_eq!(out.stdout.as_bstr(), "1\n");
[INFO] [stdout]    |                                   ^^^^^^^
[INFO] [stdout]    |
[INFO] [stdout]    = help: items from traits can only be used if the trait is in scope
[INFO] [stdout] help: the following trait is implemented but not in scope; perhaps add a `use` for it:
[INFO] [stdout]    |
[INFO] [stdout] 67 |         use bstr::ByteSlice;
[INFO] [stdout]    |
[INFO] [stdout] help: there is a method with a similar name
[INFO] [stdout]    |
[INFO] [stdout] 94 |             assert_eq!(out.stdout.as_ptr(), "1\n");
[INFO] [stdout]    |                                   ~~~~~~
[INFO] [stdout] 
[INFO] [stdout] 
[INFO] [stdout] error[E0599]: no method named `as_bstr` found for struct `Vec<u8>` in the current scope
[INFO] [stdout]    --> tests/command.rs:110:35
[INFO] [stdout]     |
[INFO] [stdout] 110 |             assert_eq!(out.stdout.as_bstr(), "1 2\n");
[INFO] [stdout]     |                                   ^^^^^^^
[INFO] [stdout]     |
[INFO] [stdout]     = help: items from traits can only be used if the trait is in scope
[INFO] [stdout] help: the following trait is implemented but not in scope; perhaps add a `use` for it:
[INFO] [stdout]     |
[INFO] [stdout] 67  |         use bstr::ByteSlice;
[INFO] [stdout]     |
[INFO] [stdout] help: there is a method with a similar name
[INFO] [stdout]     |
[INFO] [stdout] 110 |             assert_eq!(out.stdout.as_ptr(), "1 2\n");
[INFO] [stdout]     |                                   ~~~~~~
[INFO] [stdout] 
[INFO] [stdout] 
[INFO] [stdout] error: aborting due to 4 previous errors
[INFO] [stdout] 
[INFO] [stdout] 
[INFO] [stdout] Some errors have detailed explanations: E0432, E0433, E0599.
[INFO] [stdout] 
[INFO] [stdout] For more information about an error, try `rustc --explain E0432`.
[INFO] [stdout] 
[INFO] [stderr] error: could not compile `gix-command` due to 5 previous errors
[INFO] [stderr] warning: build failed, waiting for other jobs to finish...
[INFO] running `Command { std: "docker" "inspect" "2ad0f3ea4bb4668c3479041daea7defe9706c4699d50c4809908524b34d58f7e", kill_on_drop: false }`
[INFO] running `Command { std: "docker" "rm" "-f" "2ad0f3ea4bb4668c3479041daea7defe9706c4699d50c4809908524b34d58f7e", kill_on_drop: false }`
[INFO] [stdout] 2ad0f3ea4bb4668c3479041daea7defe9706c4699d50c4809908524b34d58f7e
