[INFO] fetching crate git-command 0.2.4...
[INFO] testing git-command-0.2.4 against beta-2023-04-20 for beta-1.70-1
[INFO] extracting crate git-command 0.2.4 into /workspace/builds/worker-4-tc2/source
[INFO] validating manifest of crates.io crate git-command 0.2.4 on toolchain beta-2023-04-20
[INFO] running `Command { std: CARGO_HOME="/workspace/cargo-home" RUSTUP_HOME="/workspace/rustup-home" "/workspace/cargo-home/bin/cargo" "+beta-2023-04-20" "metadata" "--manifest-path" "Cargo.toml" "--no-deps", kill_on_drop: false }`
[INFO] started tweaking crates.io crate git-command 0.2.4
[INFO] finished tweaking crates.io crate git-command 0.2.4
[INFO] tweaked toml for crates.io crate git-command 0.2.4 written to /workspace/builds/worker-4-tc2/source/Cargo.toml
[INFO] running `Command { std: CARGO_HOME="/workspace/cargo-home" RUSTUP_HOME="/workspace/rustup-home" __CARGO_TEST_CHANNEL_OVERRIDE_DO_NOT_USE_THIS="nightly" "/workspace/cargo-home/bin/cargo" "+beta-2023-04-20" "generate-lockfile" "--manifest-path" "Cargo.toml" "-Zno-index-update", kill_on_drop: false }`
[INFO] running `Command { std: CARGO_HOME="/workspace/cargo-home" RUSTUP_HOME="/workspace/rustup-home" "/workspace/cargo-home/bin/cargo" "+beta-2023-04-20" "fetch" "--manifest-path" "Cargo.toml", kill_on_drop: false }`
[INFO] running `Command { std: "docker" "create" "-v" "/var/lib/crater-agent-workspace/builds/worker-4-tc2/target:/opt/rustwide/target:rw,Z" "-v" "/var/lib/crater-agent-workspace/builds/worker-4-tc2/source:/opt/rustwide/workdir:ro,Z" "-v" "/var/lib/crater-agent-workspace/cargo-home:/opt/rustwide/cargo-home:ro,Z" "-v" "/var/lib/crater-agent-workspace/rustup-home:/opt/rustwide/rustup-home:ro,Z" "-e" "SOURCE_DIR=/opt/rustwide/workdir" "-e" "CARGO_TARGET_DIR=/opt/rustwide/target" "-e" "CARGO_HOME=/opt/rustwide/cargo-home" "-e" "RUSTUP_HOME=/opt/rustwide/rustup-home" "-w" "/opt/rustwide/workdir" "-m" "1610612736" "--user" "0:0" "--network" "none" "ghcr.io/rust-lang/crates-build-env/linux@sha256:5ff2268d62e97bff2cde7d5815dd6ed5b47097566f13b8d0ca110b04b60e07ed" "/opt/rustwide/cargo-home/bin/cargo" "+beta-2023-04-20" "metadata" "--no-deps" "--format-version=1", kill_on_drop: false }`
[INFO] [stdout] 5495e4508581a0e941c79102b9828224f3a65cd029d4b30ded9f1c54aa10955b
[INFO] running `Command { std: "docker" "start" "-a" "5495e4508581a0e941c79102b9828224f3a65cd029d4b30ded9f1c54aa10955b", kill_on_drop: false }`
[INFO] running `Command { std: "docker" "inspect" "5495e4508581a0e941c79102b9828224f3a65cd029d4b30ded9f1c54aa10955b", kill_on_drop: false }`
[INFO] running `Command { std: "docker" "rm" "-f" "5495e4508581a0e941c79102b9828224f3a65cd029d4b30ded9f1c54aa10955b", kill_on_drop: false }`
[INFO] [stdout] 5495e4508581a0e941c79102b9828224f3a65cd029d4b30ded9f1c54aa10955b
[INFO] running `Command { std: "docker" "create" "-v" "/var/lib/crater-agent-workspace/builds/worker-4-tc2/target:/opt/rustwide/target:rw,Z" "-v" "/var/lib/crater-agent-workspace/builds/worker-4-tc2/source:/opt/rustwide/workdir:ro,Z" "-v" "/var/lib/crater-agent-workspace/cargo-home:/opt/rustwide/cargo-home:ro,Z" "-v" "/var/lib/crater-agent-workspace/rustup-home:/opt/rustwide/rustup-home:ro,Z" "-e" "SOURCE_DIR=/opt/rustwide/workdir" "-e" "CARGO_TARGET_DIR=/opt/rustwide/target" "-e" "CARGO_INCREMENTAL=0" "-e" "RUST_BACKTRACE=full" "-e" "RUSTFLAGS=--cap-lints=warn" "-e" "RUSTDOCFLAGS=--cap-lints=warn" "-e" "CARGO_HOME=/opt/rustwide/cargo-home" "-e" "RUSTUP_HOME=/opt/rustwide/rustup-home" "-w" "/opt/rustwide/workdir" "-m" "1610612736" "--user" "0:0" "--network" "none" "ghcr.io/rust-lang/crates-build-env/linux@sha256:5ff2268d62e97bff2cde7d5815dd6ed5b47097566f13b8d0ca110b04b60e07ed" "/opt/rustwide/cargo-home/bin/cargo" "+beta-2023-04-20" "build" "--frozen" "--message-format=json", kill_on_drop: false }`
[INFO] [stdout] 15758553f87f4510de7a19479159c1c7d061970d50f827448885e67dbf298218
[INFO] running `Command { std: "docker" "start" "-a" "15758553f87f4510de7a19479159c1c7d061970d50f827448885e67dbf298218", kill_on_drop: false }`
[INFO] [stderr]    Compiling memchr v2.5.0
[INFO] [stderr]    Compiling once_cell v1.17.1
[INFO] [stderr]    Compiling regex-automata v0.1.10
[INFO] [stderr]    Compiling bstr v1.4.0
[INFO] [stderr]    Compiling git-command v0.2.4 (/opt/rustwide/workdir)
[INFO] [stderr]     Finished dev [unoptimized + debuginfo] target(s) in 2.99s
[INFO] running `Command { std: "docker" "inspect" "15758553f87f4510de7a19479159c1c7d061970d50f827448885e67dbf298218", kill_on_drop: false }`
[INFO] running `Command { std: "docker" "rm" "-f" "15758553f87f4510de7a19479159c1c7d061970d50f827448885e67dbf298218", kill_on_drop: false }`
[INFO] [stdout] 15758553f87f4510de7a19479159c1c7d061970d50f827448885e67dbf298218
[INFO] running `Command { std: "docker" "create" "-v" "/var/lib/crater-agent-workspace/builds/worker-4-tc2/target:/opt/rustwide/target:rw,Z" "-v" "/var/lib/crater-agent-workspace/builds/worker-4-tc2/source:/opt/rustwide/workdir:ro,Z" "-v" "/var/lib/crater-agent-workspace/cargo-home:/opt/rustwide/cargo-home:ro,Z" "-v" "/var/lib/crater-agent-workspace/rustup-home:/opt/rustwide/rustup-home:ro,Z" "-e" "SOURCE_DIR=/opt/rustwide/workdir" "-e" "CARGO_TARGET_DIR=/opt/rustwide/target" "-e" "CARGO_INCREMENTAL=0" "-e" "RUST_BACKTRACE=full" "-e" "RUSTFLAGS=--cap-lints=warn" "-e" "RUSTDOCFLAGS=--cap-lints=warn" "-e" "CARGO_HOME=/opt/rustwide/cargo-home" "-e" "RUSTUP_HOME=/opt/rustwide/rustup-home" "-w" "/opt/rustwide/workdir" "-m" "1610612736" "--user" "0:0" "--network" "none" "ghcr.io/rust-lang/crates-build-env/linux@sha256:5ff2268d62e97bff2cde7d5815dd6ed5b47097566f13b8d0ca110b04b60e07ed" "/opt/rustwide/cargo-home/bin/cargo" "+beta-2023-04-20" "test" "--frozen" "--no-run" "--message-format=json", kill_on_drop: false }`
[INFO] [stdout] fcff49e47209850b12827ddcbab55d4c89ac973b72e2e68ad36d28f0b5ef07c0
[INFO] running `Command { std: "docker" "start" "-a" "fcff49e47209850b12827ddcbab55d4c89ac973b72e2e68ad36d28f0b5ef07c0", kill_on_drop: false }`
[INFO] [stderr]    Compiling git-command v0.2.4 (/opt/rustwide/workdir)
[INFO] [stdout] error[E0433]: failed to resolve: use of undeclared crate or module `git_testtools`
[INFO] [stdout]   --> tests/command.rs:67:13
[INFO] [stdout]    |
[INFO] [stdout] 67 |         use git_testtools::bstr::ByteSlice;
[INFO] [stdout]    |             ^^^^^^^^^^^^^ use of undeclared crate or module `git_testtools`
[INFO] [stdout] 
[INFO] [stdout] 
[INFO] [stdout] error[E0432]: unresolved import `git_testtools`
[INFO] [stdout]  --> tests/command.rs:1:5
[INFO] [stdout]   |
[INFO] [stdout] 1 | use git_testtools::Result;
[INFO] [stdout]   |     ^^^^^^^^^^^^^ use of undeclared crate or module `git_testtools`
[INFO] [stdout] 
[INFO] [stdout] 
[INFO] [stdout] error[E0599]: no method named `as_bstr` found for struct `Vec<u8>` in the current scope
[INFO] [stdout]   --> tests/command.rs:94:35
[INFO] [stdout]    |
[INFO] [stdout] 94 |             assert_eq!(out.stdout.as_bstr(), "1\n");
[INFO] [stdout]    |                                   ^^^^^^^
[INFO] [stdout]    |
[INFO] [stdout]    = help: items from traits can only be used if the trait is in scope
[INFO] [stdout] help: the following trait is implemented but not in scope; perhaps add a `use` for it:
[INFO] [stdout]    |
[INFO] [stdout] 67 +         use bstr::ByteSlice;
[INFO] [stdout]    |
[INFO] [stdout] help: there is a method with a similar name
[INFO] [stdout]    |
[INFO] [stdout] 94 |             assert_eq!(out.stdout.as_ptr(), "1\n");
[INFO] [stdout]    |                                   ~~~~~~
[INFO] [stdout] 
[INFO] [stdout] 
[INFO] [stdout] error[E0599]: no method named `as_bstr` found for struct `Vec<u8>` in the current scope
[INFO] [stdout]    --> tests/command.rs:110:35
[INFO] [stdout]     |
[INFO] [stdout] 110 |             assert_eq!(out.stdout.as_bstr(), "1 2\n");
[INFO] [stdout]     |                                   ^^^^^^^
[INFO] [stdout]     |
[INFO] [stdout]     = help: items from traits can only be used if the trait is in scope
[INFO] [stdout] help: the following trait is implemented but not in scope; perhaps add a `use` for it:
[INFO] [stdout]     |
[INFO] [stdout] 67  +         use bstr::ByteSlice;
[INFO] [stdout]     |
[INFO] [stdout] help: there is a method with a similar name
[INFO] [stdout]     |
[INFO] [stdout] 110 |             assert_eq!(out.stdout.as_ptr(), "1 2\n");
[INFO] [stdout]     |                                   ~~~~~~
[INFO] [stdout] 
[INFO] [stdout] 
[INFO] [stdout] error: aborting due to 4 previous errors
[INFO] [stdout] 
[INFO] [stdout] 
[INFO] [stdout] Some errors have detailed explanations: E0432, E0433, E0599.
[INFO] [stdout] 
[INFO] [stdout] For more information about an error, try `rustc --explain E0432`.
[INFO] [stdout] 
[INFO] [stderr] error: could not compile `git-command` (test "command") due to 5 previous errors
[INFO] [stderr] warning: build failed, waiting for other jobs to finish...
[INFO] running `Command { std: "docker" "inspect" "fcff49e47209850b12827ddcbab55d4c89ac973b72e2e68ad36d28f0b5ef07c0", kill_on_drop: false }`
[INFO] running `Command { std: "docker" "rm" "-f" "fcff49e47209850b12827ddcbab55d4c89ac973b72e2e68ad36d28f0b5ef07c0", kill_on_drop: false }`
[INFO] [stdout] fcff49e47209850b12827ddcbab55d4c89ac973b72e2e68ad36d28f0b5ef07c0
