[INFO] fetching crate generic-predicates 0.1.0...
[INFO] testing generic-predicates-0.1.0 against 1.69.0 for beta-1.70-1
[INFO] extracting crate generic-predicates 0.1.0 into /workspace/builds/worker-1-tc1/source
[INFO] validating manifest of crates.io crate generic-predicates 0.1.0 on toolchain 1.69.0
[INFO] running `Command { std: CARGO_HOME="/workspace/cargo-home" RUSTUP_HOME="/workspace/rustup-home" "/workspace/cargo-home/bin/cargo" "+1.69.0" "metadata" "--manifest-path" "Cargo.toml" "--no-deps", kill_on_drop: false }`
[INFO] started tweaking crates.io crate generic-predicates 0.1.0
[INFO] finished tweaking crates.io crate generic-predicates 0.1.0
[INFO] tweaked toml for crates.io crate generic-predicates 0.1.0 written to /workspace/builds/worker-1-tc1/source/Cargo.toml
[INFO] crate crates.io crate generic-predicates 0.1.0 already has a lockfile, it will not be regenerated
[INFO] running `Command { std: CARGO_HOME="/workspace/cargo-home" RUSTUP_HOME="/workspace/rustup-home" "/workspace/cargo-home/bin/cargo" "+1.69.0" "fetch" "--manifest-path" "Cargo.toml", kill_on_drop: false }`
[INFO] [stderr]  Downloading crates ...
[INFO] [stderr]   Downloaded generic-predicates-macro v0.1.0
[INFO] running `Command { std: "docker" "create" "-v" "/var/lib/crater-agent-workspace/builds/worker-1-tc1/target:/opt/rustwide/target:rw,Z" "-v" "/var/lib/crater-agent-workspace/builds/worker-1-tc1/source:/opt/rustwide/workdir:ro,Z" "-v" "/var/lib/crater-agent-workspace/cargo-home:/opt/rustwide/cargo-home:ro,Z" "-v" "/var/lib/crater-agent-workspace/rustup-home:/opt/rustwide/rustup-home:ro,Z" "-e" "SOURCE_DIR=/opt/rustwide/workdir" "-e" "CARGO_TARGET_DIR=/opt/rustwide/target" "-e" "CARGO_HOME=/opt/rustwide/cargo-home" "-e" "RUSTUP_HOME=/opt/rustwide/rustup-home" "-w" "/opt/rustwide/workdir" "-m" "1610612736" "--user" "0:0" "--network" "none" "ghcr.io/rust-lang/crates-build-env/linux@sha256:5ff2268d62e97bff2cde7d5815dd6ed5b47097566f13b8d0ca110b04b60e07ed" "/opt/rustwide/cargo-home/bin/cargo" "+1.69.0" "metadata" "--no-deps" "--format-version=1", kill_on_drop: false }`
[INFO] [stdout] 113326119c7e2ab070936c796279095ace07e842127cc83f5ffe7a3e6f6c4bc6
[INFO] running `Command { std: "docker" "start" "-a" "113326119c7e2ab070936c796279095ace07e842127cc83f5ffe7a3e6f6c4bc6", kill_on_drop: false }`
[INFO] running `Command { std: "docker" "inspect" "113326119c7e2ab070936c796279095ace07e842127cc83f5ffe7a3e6f6c4bc6", kill_on_drop: false }`
[INFO] running `Command { std: "docker" "rm" "-f" "113326119c7e2ab070936c796279095ace07e842127cc83f5ffe7a3e6f6c4bc6", kill_on_drop: false }`
[INFO] [stdout] 113326119c7e2ab070936c796279095ace07e842127cc83f5ffe7a3e6f6c4bc6
[INFO] running `Command { std: "docker" "create" "-v" "/var/lib/crater-agent-workspace/builds/worker-1-tc1/target:/opt/rustwide/target:rw,Z" "-v" "/var/lib/crater-agent-workspace/builds/worker-1-tc1/source:/opt/rustwide/workdir:ro,Z" "-v" "/var/lib/crater-agent-workspace/cargo-home:/opt/rustwide/cargo-home:ro,Z" "-v" "/var/lib/crater-agent-workspace/rustup-home:/opt/rustwide/rustup-home:ro,Z" "-e" "SOURCE_DIR=/opt/rustwide/workdir" "-e" "CARGO_TARGET_DIR=/opt/rustwide/target" "-e" "CARGO_INCREMENTAL=0" "-e" "RUST_BACKTRACE=full" "-e" "RUSTFLAGS=--cap-lints=warn" "-e" "RUSTDOCFLAGS=--cap-lints=warn" "-e" "CARGO_HOME=/opt/rustwide/cargo-home" "-e" "RUSTUP_HOME=/opt/rustwide/rustup-home" "-w" "/opt/rustwide/workdir" "-m" "1610612736" "--user" "0:0" "--network" "none" "ghcr.io/rust-lang/crates-build-env/linux@sha256:5ff2268d62e97bff2cde7d5815dd6ed5b47097566f13b8d0ca110b04b60e07ed" "/opt/rustwide/cargo-home/bin/cargo" "+1.69.0" "build" "--frozen" "--message-format=json", kill_on_drop: false }`
[INFO] [stdout] f7b01b54235863c804e2b60e37d31b7b775702b7b39c387f07a0e727f88c8318
[INFO] running `Command { std: "docker" "start" "-a" "f7b01b54235863c804e2b60e37d31b7b775702b7b39c387f07a0e727f88c8318", kill_on_drop: false }`
[INFO] [stderr]    Compiling proc-macro2 v1.0.40
[INFO] [stderr]    Compiling unicode-ident v1.0.1
[INFO] [stderr]    Compiling quote v1.0.20
[INFO] [stderr]    Compiling syn v1.0.98
[INFO] [stderr]    Compiling generic-predicates-macro v0.1.0
[INFO] [stderr]    Compiling generic-predicates v0.1.0 (/opt/rustwide/workdir)
[INFO] [stderr]     Finished dev [unoptimized + debuginfo] target(s) in 5.89s
[INFO] running `Command { std: "docker" "inspect" "f7b01b54235863c804e2b60e37d31b7b775702b7b39c387f07a0e727f88c8318", kill_on_drop: false }`
[INFO] running `Command { std: "docker" "rm" "-f" "f7b01b54235863c804e2b60e37d31b7b775702b7b39c387f07a0e727f88c8318", kill_on_drop: false }`
[INFO] [stdout] f7b01b54235863c804e2b60e37d31b7b775702b7b39c387f07a0e727f88c8318
[INFO] running `Command { std: "docker" "create" "-v" "/var/lib/crater-agent-workspace/builds/worker-1-tc1/target:/opt/rustwide/target:rw,Z" "-v" "/var/lib/crater-agent-workspace/builds/worker-1-tc1/source:/opt/rustwide/workdir:ro,Z" "-v" "/var/lib/crater-agent-workspace/cargo-home:/opt/rustwide/cargo-home:ro,Z" "-v" "/var/lib/crater-agent-workspace/rustup-home:/opt/rustwide/rustup-home:ro,Z" "-e" "SOURCE_DIR=/opt/rustwide/workdir" "-e" "CARGO_TARGET_DIR=/opt/rustwide/target" "-e" "CARGO_INCREMENTAL=0" "-e" "RUST_BACKTRACE=full" "-e" "RUSTFLAGS=--cap-lints=warn" "-e" "RUSTDOCFLAGS=--cap-lints=warn" "-e" "CARGO_HOME=/opt/rustwide/cargo-home" "-e" "RUSTUP_HOME=/opt/rustwide/rustup-home" "-w" "/opt/rustwide/workdir" "-m" "1610612736" "--user" "0:0" "--network" "none" "ghcr.io/rust-lang/crates-build-env/linux@sha256:5ff2268d62e97bff2cde7d5815dd6ed5b47097566f13b8d0ca110b04b60e07ed" "/opt/rustwide/cargo-home/bin/cargo" "+1.69.0" "test" "--frozen" "--no-run" "--message-format=json", kill_on_drop: false }`
[INFO] [stdout] fd6f77c967e61800e935c4c463bebfd23d234a0f2dfb44f098a4c5a177b24af9
[INFO] running `Command { std: "docker" "start" "-a" "fd6f77c967e61800e935c4c463bebfd23d234a0f2dfb44f098a4c5a177b24af9", kill_on_drop: false }`
[INFO] [stderr]    Compiling generic-predicates v0.1.0 (/opt/rustwide/workdir)
[INFO] [stdout] "(N > 23, \"`N` must be greater than 23\") {}"
[INFO] [stdout] error[E0554]: `#![feature]` may not be used on the stable release channel
[INFO] [stdout]  --> examples/predicated.rs:1:1
[INFO] [stdout]   |
[INFO] [stdout] 1 | #![feature(generic_const_exprs)]
[INFO] [stdout]   | ^^^^^^^^^^^^^^^^^^^^^^^^^^^^^^^^
[INFO] [stdout] 
[INFO] [stdout] 
[INFO] [stdout] warning: the feature `generic_const_exprs` is incomplete and may not be safe to use and/or cause compiler crashes
[INFO] [stdout]  --> examples/predicated.rs:1:12
[INFO] [stdout]   |
[INFO] [stdout] 1 | #![feature(generic_const_exprs)]
[INFO] [stdout]   |            ^^^^^^^^^^^^^^^^^^^
[INFO] [stdout]   |
[INFO] [stdout]   = note: see issue #76560 <https://github.com/rust-lang/rust/issues/76560> for more information
[INFO] [stdout]   = note: `#[warn(incomplete_features)]` on by default
[INFO] [stdout] 
[INFO] [stdout] 
[INFO] [stdout] error[E0080]: evaluation of `foo::<23>::{constant#0}` failed
[INFO] [stdout]   --> /opt/rustwide/workdir/src/lib.rs:30:9
[INFO] [stdout]    |
[INFO] [stdout] 30 |         assert!(predicate, "{}", msg);
[INFO] [stdout]    |         ^^^^^^^^^^^^^^^^^^^^^^^^^^^^^ the evaluated program panicked at '`N` must be greater than 23', /opt/rustwide/workdir/src/lib.rs:30:9
[INFO] [stdout]    |
[INFO] [stdout] note: inside `assertion`
[INFO] [stdout]   --> /opt/rustwide/workdir/src/lib.rs:30:9
[INFO] [stdout]    |
[INFO] [stdout] 30 |         assert!(predicate, "{}", msg);
[INFO] [stdout]    |         ^^^^^^^^^^^^^^^^^^^^^^^^^^^^^
[INFO] [stdout] note: inside `foo::<23>::{constant#0}`
[INFO] [stdout]   --> examples/predicated.rs:5:1
[INFO] [stdout]    |
[INFO] [stdout] 5  | / generic_predicates! {
[INFO] [stdout] 6  | |     pub fn foo<const N: usize>()
[INFO] [stdout] 7  | |     where
[INFO] [stdout] 8  | |         (N > 23, "`N` must be greater than 23")
[INFO] [stdout] ...  |
[INFO] [stdout] 11 | |     }
[INFO] [stdout] 12 | | }
[INFO] [stdout]    | |_^
[INFO] [stdout]    = note: this error originates in the macro `$crate::panic::panic_2021` which comes from the expansion of the macro `generic_predicates` (in Nightly builds, run with -Z macro-backtrace for more info)
[INFO] [stdout] 
[INFO] [stdout] 
[INFO] [stdout] error: aborting due to 2 previous errors; 1 warning emitted
[INFO] [stdout] 
[INFO] [stdout] 
[INFO] [stdout] Some errors have detailed explanations: E0080, E0554.
[INFO] [stdout] 
[INFO] [stdout] For more information about an error, try `rustc --explain E0080`.
[INFO] [stdout] 
[INFO] [stderr] error: could not compile `generic-predicates` due to 3 previous errors; 1 warning emitted
[INFO] [stderr] warning: build failed, waiting for other jobs to finish...
[INFO] running `Command { std: "docker" "inspect" "fd6f77c967e61800e935c4c463bebfd23d234a0f2dfb44f098a4c5a177b24af9", kill_on_drop: false }`
[INFO] running `Command { std: "docker" "rm" "-f" "fd6f77c967e61800e935c4c463bebfd23d234a0f2dfb44f098a4c5a177b24af9", kill_on_drop: false }`
[INFO] [stdout] fd6f77c967e61800e935c4c463bebfd23d234a0f2dfb44f098a4c5a177b24af9
