[INFO] fetching crate gemfra-codegen 0.1.0...
[INFO] testing gemfra-codegen-0.1.0 against beta-2023-04-20 for beta-1.70-1
[INFO] extracting crate gemfra-codegen 0.1.0 into /workspace/builds/worker-7-tc2/source
[INFO] validating manifest of crates.io crate gemfra-codegen 0.1.0 on toolchain beta-2023-04-20
[INFO] running `Command { std: CARGO_HOME="/workspace/cargo-home" RUSTUP_HOME="/workspace/rustup-home" "/workspace/cargo-home/bin/cargo" "+beta-2023-04-20" "metadata" "--manifest-path" "Cargo.toml" "--no-deps", kill_on_drop: false }`
[INFO] started tweaking crates.io crate gemfra-codegen 0.1.0
[INFO] removed 0 missing examples
[INFO] removed 0 missing tests
[INFO] finished tweaking crates.io crate gemfra-codegen 0.1.0
[INFO] tweaked toml for crates.io crate gemfra-codegen 0.1.0 written to /workspace/builds/worker-7-tc2/source/Cargo.toml
[INFO] crate crates.io crate gemfra-codegen 0.1.0 already has a lockfile, it will not be regenerated
[INFO] running `Command { std: CARGO_HOME="/workspace/cargo-home" RUSTUP_HOME="/workspace/rustup-home" "/workspace/cargo-home/bin/cargo" "+beta-2023-04-20" "fetch" "--manifest-path" "Cargo.toml", kill_on_drop: false }`
[INFO] [stderr]  Downloading crates ...
[INFO] [stderr]   Downloaded async-trait v0.1.60
[INFO] [stderr]   Downloaded dissimilar v1.0.5
[INFO] [stderr]   Downloaded trybuild v1.0.74
[INFO] running `Command { std: "docker" "create" "-v" "/var/lib/crater-agent-workspace/builds/worker-7-tc2/target:/opt/rustwide/target:rw,Z" "-v" "/var/lib/crater-agent-workspace/builds/worker-7-tc2/source:/opt/rustwide/workdir:ro,Z" "-v" "/var/lib/crater-agent-workspace/cargo-home:/opt/rustwide/cargo-home:ro,Z" "-v" "/var/lib/crater-agent-workspace/rustup-home:/opt/rustwide/rustup-home:ro,Z" "-e" "SOURCE_DIR=/opt/rustwide/workdir" "-e" "CARGO_TARGET_DIR=/opt/rustwide/target" "-e" "CARGO_HOME=/opt/rustwide/cargo-home" "-e" "RUSTUP_HOME=/opt/rustwide/rustup-home" "-w" "/opt/rustwide/workdir" "-m" "1610612736" "--user" "0:0" "--network" "none" "ghcr.io/rust-lang/crates-build-env/linux@sha256:5ff2268d62e97bff2cde7d5815dd6ed5b47097566f13b8d0ca110b04b60e07ed" "/opt/rustwide/cargo-home/bin/cargo" "+beta-2023-04-20" "metadata" "--no-deps" "--format-version=1", kill_on_drop: false }`
[INFO] [stdout] 8ec10755b3720538de97efd6ec7bf9809a83f11eb02daf7e99d05f49b12d58be
[INFO] running `Command { std: "docker" "start" "-a" "8ec10755b3720538de97efd6ec7bf9809a83f11eb02daf7e99d05f49b12d58be", kill_on_drop: false }`
[INFO] running `Command { std: "docker" "inspect" "8ec10755b3720538de97efd6ec7bf9809a83f11eb02daf7e99d05f49b12d58be", kill_on_drop: false }`
[INFO] running `Command { std: "docker" "rm" "-f" "8ec10755b3720538de97efd6ec7bf9809a83f11eb02daf7e99d05f49b12d58be", kill_on_drop: false }`
[INFO] [stdout] 8ec10755b3720538de97efd6ec7bf9809a83f11eb02daf7e99d05f49b12d58be
[INFO] running `Command { std: "docker" "create" "-v" "/var/lib/crater-agent-workspace/builds/worker-7-tc2/target:/opt/rustwide/target:rw,Z" "-v" "/var/lib/crater-agent-workspace/builds/worker-7-tc2/source:/opt/rustwide/workdir:ro,Z" "-v" "/var/lib/crater-agent-workspace/cargo-home:/opt/rustwide/cargo-home:ro,Z" "-v" "/var/lib/crater-agent-workspace/rustup-home:/opt/rustwide/rustup-home:ro,Z" "-e" "SOURCE_DIR=/opt/rustwide/workdir" "-e" "CARGO_TARGET_DIR=/opt/rustwide/target" "-e" "CARGO_INCREMENTAL=0" "-e" "RUST_BACKTRACE=full" "-e" "RUSTFLAGS=--cap-lints=warn" "-e" "RUSTDOCFLAGS=--cap-lints=warn" "-e" "CARGO_HOME=/opt/rustwide/cargo-home" "-e" "RUSTUP_HOME=/opt/rustwide/rustup-home" "-w" "/opt/rustwide/workdir" "-m" "1610612736" "--user" "0:0" "--network" "none" "ghcr.io/rust-lang/crates-build-env/linux@sha256:5ff2268d62e97bff2cde7d5815dd6ed5b47097566f13b8d0ca110b04b60e07ed" "/opt/rustwide/cargo-home/bin/cargo" "+beta-2023-04-20" "build" "--frozen" "--message-format=json", kill_on_drop: false }`
[INFO] [stdout] f3375da01a39d7d56818ac6d40926aa783b6778327ab959dc707dedc84d24233
[INFO] running `Command { std: "docker" "start" "-a" "f3375da01a39d7d56818ac6d40926aa783b6778327ab959dc707dedc84d24233", kill_on_drop: false }`
[INFO] [stderr]    Compiling proc-macro2 v1.0.49
[INFO] [stderr]    Compiling proc-macro-error-attr v1.0.4
[INFO] [stderr]    Compiling proc-macro-error v1.0.4
[INFO] [stderr]    Compiling quote v1.0.23
[INFO] [stderr]    Compiling syn v1.0.107
[INFO] [stderr]    Compiling gemfra-codegen v0.1.0 (/opt/rustwide/workdir)
[INFO] [stderr]     Finished dev [unoptimized + debuginfo] target(s) in 7.01s
[INFO] running `Command { std: "docker" "inspect" "f3375da01a39d7d56818ac6d40926aa783b6778327ab959dc707dedc84d24233", kill_on_drop: false }`
[INFO] running `Command { std: "docker" "rm" "-f" "f3375da01a39d7d56818ac6d40926aa783b6778327ab959dc707dedc84d24233", kill_on_drop: false }`
[INFO] [stdout] f3375da01a39d7d56818ac6d40926aa783b6778327ab959dc707dedc84d24233
[INFO] running `Command { std: "docker" "create" "-v" "/var/lib/crater-agent-workspace/builds/worker-7-tc2/target:/opt/rustwide/target:rw,Z" "-v" "/var/lib/crater-agent-workspace/builds/worker-7-tc2/source:/opt/rustwide/workdir:ro,Z" "-v" "/var/lib/crater-agent-workspace/cargo-home:/opt/rustwide/cargo-home:ro,Z" "-v" "/var/lib/crater-agent-workspace/rustup-home:/opt/rustwide/rustup-home:ro,Z" "-e" "SOURCE_DIR=/opt/rustwide/workdir" "-e" "CARGO_TARGET_DIR=/opt/rustwide/target" "-e" "CARGO_INCREMENTAL=0" "-e" "RUST_BACKTRACE=full" "-e" "RUSTFLAGS=--cap-lints=warn" "-e" "RUSTDOCFLAGS=--cap-lints=warn" "-e" "CARGO_HOME=/opt/rustwide/cargo-home" "-e" "RUSTUP_HOME=/opt/rustwide/rustup-home" "-w" "/opt/rustwide/workdir" "-m" "1610612736" "--user" "0:0" "--network" "none" "ghcr.io/rust-lang/crates-build-env/linux@sha256:5ff2268d62e97bff2cde7d5815dd6ed5b47097566f13b8d0ca110b04b60e07ed" "/opt/rustwide/cargo-home/bin/cargo" "+beta-2023-04-20" "test" "--frozen" "--no-run" "--message-format=json", kill_on_drop: false }`
[INFO] [stdout] 5aa88dba82cbd99706ce454f7465da125dad503b69cbecd9db290aea014b90db
[INFO] running `Command { std: "docker" "start" "-a" "5aa88dba82cbd99706ce454f7465da125dad503b69cbecd9db290aea014b90db", kill_on_drop: false }`
[INFO] [stderr]    Compiling proc-macro2 v1.0.49
[INFO] [stderr]    Compiling unicode-ident v1.0.6
[INFO] [stderr]    Compiling syn v1.0.107
[INFO] [stderr]    Compiling serde v1.0.152
[INFO] [stderr]    Compiling serde_json v1.0.91
[INFO] [stderr]    Compiling ryu v1.0.12
[INFO] [stderr]    Compiling trybuild v1.0.74
[INFO] [stderr]    Compiling async-trait v0.1.60
[INFO] [stderr]    Compiling itoa v1.0.5
[INFO] [stderr]    Compiling glob v0.3.0
[INFO] [stderr]    Compiling once_cell v1.17.0
[INFO] [stderr]    Compiling termcolor v1.1.3
[INFO] [stderr]    Compiling dissimilar v1.0.5
[INFO] [stderr]    Compiling quote v1.0.23
[INFO] [stderr]    Compiling proc-macro-error v1.0.4
[INFO] [stderr]    Compiling proc-macro-error-attr v1.0.4
[INFO] [stderr]    Compiling toml v0.5.10
[INFO] [stderr]    Compiling serde_derive v1.0.152
[INFO] [stderr]    Compiling gemfra-codegen v0.1.0 (/opt/rustwide/workdir)
[INFO] [stdout] error[E0433]: failed to resolve: use of undeclared crate or module `gemfra`
[INFO] [stdout]  --> examples/simple-route.rs:1:5
[INFO] [stdout]   |
[INFO] [stdout] 1 | use gemfra::{error::AnyError, request::Request, response::Response};
[INFO] [stdout]   |     ^^^^^^ use of undeclared crate or module `gemfra`
[INFO] [stdout] 
[INFO] [stdout] 
[INFO] [stdout] error[E0433]: failed to resolve: use of undeclared crate or module `gemfra`
[INFO] [stdout]  --> examples/simple-route.rs:4:1
[INFO] [stdout]   |
[INFO] [stdout] 4 | #[route("/")]
[INFO] [stdout]   | ^^^^^^^^^^^^^ use of undeclared crate or module `gemfra`
[INFO] [stdout]   |
[INFO] [stdout]   = note: this error originates in the attribute macro `route` (in Nightly builds, run with -Z macro-backtrace for more info)
[INFO] [stdout] 
[INFO] [stdout] 
[INFO] [stdout] error[E0433]: failed to resolve: use of undeclared crate or module `gemfra`
[INFO] [stdout]  --> examples/named-param.rs:1:5
[INFO] [stdout]   |
[INFO] [stdout] 1 | use gemfra::{error::AnyError, request::Request, response::Response};
[INFO] [stdout]   |     ^^^^^^ use of undeclared crate or module `gemfra`
[INFO] [stdout] 
[INFO] [stdout] 
[INFO] [stdout] error[E0433]: failed to resolve: use of undeclared crate or module `gemfra`
[INFO] [stdout]  --> examples/named-param.rs:4:1
[INFO] [stdout]   |
[INFO] [stdout] 4 | #[route("/var/:year/:var")]
[INFO] [stdout]   | ^^^^^^^^^^^^^^^^^^^^^^^^^^^ use of undeclared crate or module `gemfra`
[INFO] [stdout]   |
[INFO] [stdout]   = note: this error originates in the attribute macro `route` (in Nightly builds, run with -Z macro-backtrace for more info)
[INFO] [stdout] 
[INFO] [stdout] 
[INFO] [stdout] error: aborting due to 2 previous errors
[INFO] [stdout] 
[INFO] [stdout] 
[INFO] [stdout] For more information about this error, try `rustc --explain E0433`.
[INFO] [stdout] 
[INFO] [stdout] error[E0433]: failed to resolve: use of undeclared crate or module `gemfra`
[INFO] [stdout]  --> examples/named-param.rs:5:38
[INFO] [stdout]   |
[INFO] [stdout] 5 | async fn my_route(_request: Request, year: i32, var: &str) -> Result<Response, AnyError> {
[INFO] [stdout]   |                                      ^^^^ use of undeclared crate or module `gemfra`
[INFO] [stdout] 
[INFO] [stdout] 
[INFO] [stderr] error: could not compile `gemfra-codegen` (example "simple-route") due to 3 previous errors
[INFO] [stderr] warning: build failed, waiting for other jobs to finish...
[INFO] [stdout] error: aborting due to 3 previous errors
[INFO] [stdout] 
[INFO] [stdout] 
[INFO] [stdout] For more information about this error, try `rustc --explain E0433`.
[INFO] [stdout] 
[INFO] [stdout] error[E0433]: failed to resolve: use of undeclared crate or module `gemfra`
[INFO] [stdout]  --> tests/02-named-param.rs:1:5
[INFO] [stdout]   |
[INFO] [stdout] 1 | use gemfra::{error::AnyError, request::Request, response::Response};
[INFO] [stdout]   |     ^^^^^^ use of undeclared crate or module `gemfra`
[INFO] [stdout] 
[INFO] [stdout] 
[INFO] [stdout] error[E0433]: failed to resolve: use of undeclared crate or module `gemfra`
[INFO] [stdout]  --> tests/02-named-param.rs:4:1
[INFO] [stdout]   |
[INFO] [stdout] 4 | #[route("/var/:year/:var")]
[INFO] [stdout]   | ^^^^^^^^^^^^^^^^^^^^^^^^^^^ use of undeclared crate or module `gemfra`
[INFO] [stdout]   |
[INFO] [stdout]   = note: this error originates in the attribute macro `route` (in Nightly builds, run with -Z macro-backtrace for more info)
[INFO] [stdout] 
[INFO] [stdout] 
[INFO] [stderr] error: could not compile `gemfra-codegen` (example "named-param") due to 4 previous errors
[INFO] [stdout] error[E0433]: failed to resolve: use of undeclared crate or module `gemfra`
[INFO] [stdout]  --> tests/01-simple-route.rs:1:5
[INFO] [stdout]   |
[INFO] [stdout] 1 | use gemfra::{error::AnyError, request::Request, response::Response};
[INFO] [stdout]   |     ^^^^^^ use of undeclared crate or module `gemfra`
[INFO] [stdout] 
[INFO] [stdout] 
[INFO] [stdout] error[E0433]: failed to resolve: use of undeclared crate or module `gemfra`
[INFO] [stdout]  --> tests/01-simple-route.rs:4:1
[INFO] [stdout]   |
[INFO] [stdout] 4 | #[route("/")]
[INFO] [stdout]   | ^^^^^^^^^^^^^ use of undeclared crate or module `gemfra`
[INFO] [stdout]   |
[INFO] [stdout]   = note: this error originates in the attribute macro `route` (in Nightly builds, run with -Z macro-backtrace for more info)
[INFO] [stdout] 
[INFO] [stdout] 
[INFO] [stdout] error: aborting due to 2 previous errors
[INFO] [stdout] 
[INFO] [stdout] 
[INFO] [stdout] For more information about this error, try `rustc --explain E0433`.
[INFO] [stdout] 
[INFO] [stderr] error: could not compile `gemfra-codegen` (test "01-simple-route") due to 3 previous errors
[INFO] [stdout] error[E0433]: failed to resolve: use of undeclared crate or module `gemfra`
[INFO] [stdout]  --> tests/02-named-param.rs:6:38
[INFO] [stdout]   |
[INFO] [stdout] 6 | async fn my_route(_request: Request, year: i32, var: &str) -> Result<Response, AnyError> {
[INFO] [stdout]   |                                      ^^^^ use of undeclared crate or module `gemfra`
[INFO] [stdout] 
[INFO] [stdout] 
[INFO] [stdout] error: aborting due to 3 previous errors
[INFO] [stdout] 
[INFO] [stdout] 
[INFO] [stdout] For more information about this error, try `rustc --explain E0433`.
[INFO] [stdout] 
[INFO] [stderr] error: could not compile `gemfra-codegen` (test "02-named-param") due to 4 previous errors
[INFO] running `Command { std: "docker" "inspect" "5aa88dba82cbd99706ce454f7465da125dad503b69cbecd9db290aea014b90db", kill_on_drop: false }`
[INFO] running `Command { std: "docker" "rm" "-f" "5aa88dba82cbd99706ce454f7465da125dad503b69cbecd9db290aea014b90db", kill_on_drop: false }`
[INFO] [stdout] 5aa88dba82cbd99706ce454f7465da125dad503b69cbecd9db290aea014b90db
