[INFO] fetching crate geeks_git 0.2.0...
[INFO] testing geeks_git-0.2.0 against beta-2023-04-20 for beta-1.70-1
[INFO] extracting crate geeks_git 0.2.0 into /workspace/builds/worker-1-tc2/source
[INFO] validating manifest of crates.io crate geeks_git 0.2.0 on toolchain beta-2023-04-20
[INFO] running `Command { std: CARGO_HOME="/workspace/cargo-home" RUSTUP_HOME="/workspace/rustup-home" "/workspace/cargo-home/bin/cargo" "+beta-2023-04-20" "metadata" "--manifest-path" "Cargo.toml" "--no-deps", kill_on_drop: false }`
[INFO] started tweaking crates.io crate geeks_git 0.2.0
[INFO] finished tweaking crates.io crate geeks_git 0.2.0
[INFO] tweaked toml for crates.io crate geeks_git 0.2.0 written to /workspace/builds/worker-1-tc2/source/Cargo.toml
[INFO] running `Command { std: CARGO_HOME="/workspace/cargo-home" RUSTUP_HOME="/workspace/rustup-home" __CARGO_TEST_CHANNEL_OVERRIDE_DO_NOT_USE_THIS="nightly" "/workspace/cargo-home/bin/cargo" "+beta-2023-04-20" "generate-lockfile" "--manifest-path" "Cargo.toml" "-Zno-index-update", kill_on_drop: false }`
[INFO] running `Command { std: CARGO_HOME="/workspace/cargo-home" RUSTUP_HOME="/workspace/rustup-home" "/workspace/cargo-home/bin/cargo" "+beta-2023-04-20" "fetch" "--manifest-path" "Cargo.toml", kill_on_drop: false }`
[INFO] [stderr]  Downloading crates ...
[INFO] [stderr]   Downloaded libgit2-sys v0.13.5+1.4.5
[INFO] running `Command { std: "docker" "create" "-v" "/var/lib/crater-agent-workspace/builds/worker-1-tc2/target:/opt/rustwide/target:rw,Z" "-v" "/var/lib/crater-agent-workspace/builds/worker-1-tc2/source:/opt/rustwide/workdir:ro,Z" "-v" "/var/lib/crater-agent-workspace/cargo-home:/opt/rustwide/cargo-home:ro,Z" "-v" "/var/lib/crater-agent-workspace/rustup-home:/opt/rustwide/rustup-home:ro,Z" "-e" "SOURCE_DIR=/opt/rustwide/workdir" "-e" "CARGO_TARGET_DIR=/opt/rustwide/target" "-e" "CARGO_HOME=/opt/rustwide/cargo-home" "-e" "RUSTUP_HOME=/opt/rustwide/rustup-home" "-w" "/opt/rustwide/workdir" "-m" "1610612736" "--user" "0:0" "--network" "none" "ghcr.io/rust-lang/crates-build-env/linux@sha256:5ff2268d62e97bff2cde7d5815dd6ed5b47097566f13b8d0ca110b04b60e07ed" "/opt/rustwide/cargo-home/bin/cargo" "+beta-2023-04-20" "metadata" "--no-deps" "--format-version=1", kill_on_drop: false }`
[INFO] [stdout] ba58da6dcc65eec4ad4677626a872cf81b61982edf1f67ce894754f0d4277981
[INFO] running `Command { std: "docker" "start" "-a" "ba58da6dcc65eec4ad4677626a872cf81b61982edf1f67ce894754f0d4277981", kill_on_drop: false }`
[INFO] running `Command { std: "docker" "inspect" "ba58da6dcc65eec4ad4677626a872cf81b61982edf1f67ce894754f0d4277981", kill_on_drop: false }`
[INFO] running `Command { std: "docker" "rm" "-f" "ba58da6dcc65eec4ad4677626a872cf81b61982edf1f67ce894754f0d4277981", kill_on_drop: false }`
[INFO] [stdout] ba58da6dcc65eec4ad4677626a872cf81b61982edf1f67ce894754f0d4277981
[INFO] running `Command { std: "docker" "create" "-v" "/var/lib/crater-agent-workspace/builds/worker-1-tc2/target:/opt/rustwide/target:rw,Z" "-v" "/var/lib/crater-agent-workspace/builds/worker-1-tc2/source:/opt/rustwide/workdir:ro,Z" "-v" "/var/lib/crater-agent-workspace/cargo-home:/opt/rustwide/cargo-home:ro,Z" "-v" "/var/lib/crater-agent-workspace/rustup-home:/opt/rustwide/rustup-home:ro,Z" "-e" "SOURCE_DIR=/opt/rustwide/workdir" "-e" "CARGO_TARGET_DIR=/opt/rustwide/target" "-e" "CARGO_INCREMENTAL=0" "-e" "RUST_BACKTRACE=full" "-e" "RUSTFLAGS=--cap-lints=warn" "-e" "RUSTDOCFLAGS=--cap-lints=warn" "-e" "CARGO_HOME=/opt/rustwide/cargo-home" "-e" "RUSTUP_HOME=/opt/rustwide/rustup-home" "-w" "/opt/rustwide/workdir" "-m" "1610612736" "--user" "0:0" "--network" "none" "ghcr.io/rust-lang/crates-build-env/linux@sha256:5ff2268d62e97bff2cde7d5815dd6ed5b47097566f13b8d0ca110b04b60e07ed" "/opt/rustwide/cargo-home/bin/cargo" "+beta-2023-04-20" "build" "--frozen" "--message-format=json", kill_on_drop: false }`
[INFO] [stdout] 8c8e029ecbcc97b9f60a354de7bd13b7b8a10f45a1a251f162eac0bea2315ed1
[INFO] running `Command { std: "docker" "start" "-a" "8c8e029ecbcc97b9f60a354de7bd13b7b8a10f45a1a251f162eac0bea2315ed1", kill_on_drop: false }`
[INFO] [stderr]    Compiling libc v0.2.142
[INFO] [stderr]    Compiling pkg-config v0.3.26
[INFO] [stderr]    Compiling proc-macro2 v1.0.56
[INFO] [stderr]    Compiling tinyvec_macros v0.1.1
[INFO] [stderr]    Compiling quote v1.0.26
[INFO] [stderr]    Compiling unicode-ident v1.0.8
[INFO] [stderr]    Compiling unicode-bidi v0.3.13
[INFO] [stderr]    Compiling percent-encoding v2.2.0
[INFO] [stderr]    Compiling thiserror v1.0.40
[INFO] [stderr]    Compiling bitflags v1.3.2
[INFO] [stderr]    Compiling openssl-probe v0.1.5
[INFO] [stderr]    Compiling tinyvec v1.6.0
[INFO] [stderr]    Compiling form_urlencoded v1.1.0
[INFO] [stderr]    Compiling jobserver v0.1.26
[INFO] [stderr]    Compiling unicode-normalization v0.1.22
[INFO] [stderr]    Compiling syn v2.0.15
[INFO] [stderr]    Compiling cc v1.0.79
[INFO] [stderr]    Compiling idna v0.3.0
[INFO] [stderr]    Compiling openssl-sys v0.9.87
[INFO] [stderr]    Compiling libz-sys v1.1.9
[INFO] [stderr]    Compiling libssh2-sys v0.2.23
[INFO] [stderr]    Compiling libgit2-sys v0.13.5+1.4.5
[INFO] [stderr]    Compiling url v2.3.1
[INFO] [stderr]    Compiling thiserror-impl v1.0.40
[INFO] [stderr]    Compiling git2 v0.14.4
[INFO] [stderr]    Compiling geeks_git v0.2.0 (/opt/rustwide/workdir)
[INFO] [stderr]     Finished dev [unoptimized + debuginfo] target(s) in 11.18s
[INFO] running `Command { std: "docker" "inspect" "8c8e029ecbcc97b9f60a354de7bd13b7b8a10f45a1a251f162eac0bea2315ed1", kill_on_drop: false }`
[INFO] running `Command { std: "docker" "rm" "-f" "8c8e029ecbcc97b9f60a354de7bd13b7b8a10f45a1a251f162eac0bea2315ed1", kill_on_drop: false }`
[INFO] [stdout] 8c8e029ecbcc97b9f60a354de7bd13b7b8a10f45a1a251f162eac0bea2315ed1
[INFO] running `Command { std: "docker" "create" "-v" "/var/lib/crater-agent-workspace/builds/worker-1-tc2/target:/opt/rustwide/target:rw,Z" "-v" "/var/lib/crater-agent-workspace/builds/worker-1-tc2/source:/opt/rustwide/workdir:ro,Z" "-v" "/var/lib/crater-agent-workspace/cargo-home:/opt/rustwide/cargo-home:ro,Z" "-v" "/var/lib/crater-agent-workspace/rustup-home:/opt/rustwide/rustup-home:ro,Z" "-e" "SOURCE_DIR=/opt/rustwide/workdir" "-e" "CARGO_TARGET_DIR=/opt/rustwide/target" "-e" "CARGO_INCREMENTAL=0" "-e" "RUST_BACKTRACE=full" "-e" "RUSTFLAGS=--cap-lints=warn" "-e" "RUSTDOCFLAGS=--cap-lints=warn" "-e" "CARGO_HOME=/opt/rustwide/cargo-home" "-e" "RUSTUP_HOME=/opt/rustwide/rustup-home" "-w" "/opt/rustwide/workdir" "-m" "1610612736" "--user" "0:0" "--network" "none" "ghcr.io/rust-lang/crates-build-env/linux@sha256:5ff2268d62e97bff2cde7d5815dd6ed5b47097566f13b8d0ca110b04b60e07ed" "/opt/rustwide/cargo-home/bin/cargo" "+beta-2023-04-20" "test" "--frozen" "--no-run" "--message-format=json", kill_on_drop: false }`
[INFO] [stdout] 64f17d929731fd31c7fe7da003e1900339bab073bd15f5934d9de2e8c8d0106d
[INFO] running `Command { std: "docker" "start" "-a" "64f17d929731fd31c7fe7da003e1900339bab073bd15f5934d9de2e8c8d0106d", kill_on_drop: false }`
[INFO] [stderr]    Compiling geeks_git v0.2.0 (/opt/rustwide/workdir)
[INFO] [stdout] error[E0432]: unresolved import `geeks_git_testing`
[INFO] [stdout]   --> src/commit.rs:39:7
[INFO] [stdout]    |
[INFO] [stdout] 39 |   use geeks_git_testing::FixtureRepository;
[INFO] [stdout]    |       ^^^^^^^^^^^^^^^^^ use of undeclared crate or module `geeks_git_testing`
[INFO] [stdout] 
[INFO] [stdout] 
[INFO] [stdout] error[E0432]: unresolved import `geeks_git_testing`
[INFO] [stdout]    --> src/commit_reader.rs:111:7
[INFO] [stdout]     |
[INFO] [stdout] 111 |   use geeks_git_testing::FixtureRepository;
[INFO] [stdout]     |       ^^^^^^^^^^^^^^^^^ use of undeclared crate or module `geeks_git_testing`
[INFO] [stdout] 
[INFO] [stdout] 
[INFO] [stdout] error[E0432]: unresolved import `geeks_git_testing`
[INFO] [stdout]   --> src/repository.rs:43:7
[INFO] [stdout]    |
[INFO] [stdout] 43 |   use geeks_git_testing::FixtureRepository;
[INFO] [stdout]    |       ^^^^^^^^^^^^^^^^^ use of undeclared crate or module `geeks_git_testing`
[INFO] [stdout] 
[INFO] [stdout] 
[INFO] [stdout] error: aborting due to 3 previous errors
[INFO] [stdout] 
[INFO] [stdout] 
[INFO] [stdout] For more information about this error, try `rustc --explain E0432`.
[INFO] [stdout] 
[INFO] [stderr] error: could not compile `geeks_git` (lib test) due to 4 previous errors
[INFO] running `Command { std: "docker" "inspect" "64f17d929731fd31c7fe7da003e1900339bab073bd15f5934d9de2e8c8d0106d", kill_on_drop: false }`
[INFO] running `Command { std: "docker" "rm" "-f" "64f17d929731fd31c7fe7da003e1900339bab073bd15f5934d9de2e8c8d0106d", kill_on_drop: false }`
[INFO] [stdout] 64f17d929731fd31c7fe7da003e1900339bab073bd15f5934d9de2e8c8d0106d
