[INFO] fetching crate gedcom-core 0.0.1...
[INFO] testing gedcom-core-0.0.1 against 1.69.0 for beta-1.70-1
[INFO] extracting crate gedcom-core 0.0.1 into /workspace/builds/worker-1-tc1/source
[INFO] validating manifest of crates.io crate gedcom-core 0.0.1 on toolchain 1.69.0
[INFO] running `Command { std: CARGO_HOME="/workspace/cargo-home" RUSTUP_HOME="/workspace/rustup-home" "/workspace/cargo-home/bin/cargo" "+1.69.0" "metadata" "--manifest-path" "Cargo.toml" "--no-deps", kill_on_drop: false }`
[INFO] started tweaking crates.io crate gedcom-core 0.0.1
[INFO] finished tweaking crates.io crate gedcom-core 0.0.1
[INFO] tweaked toml for crates.io crate gedcom-core 0.0.1 written to /workspace/builds/worker-1-tc1/source/Cargo.toml
[INFO] running `Command { std: CARGO_HOME="/workspace/cargo-home" RUSTUP_HOME="/workspace/rustup-home" __CARGO_TEST_CHANNEL_OVERRIDE_DO_NOT_USE_THIS="nightly" "/workspace/cargo-home/bin/cargo" "+1.69.0" "generate-lockfile" "--manifest-path" "Cargo.toml" "-Zno-index-update", kill_on_drop: false }`
[INFO] running `Command { std: CARGO_HOME="/workspace/cargo-home" RUSTUP_HOME="/workspace/rustup-home" "/workspace/cargo-home/bin/cargo" "+1.69.0" "fetch" "--manifest-path" "Cargo.toml", kill_on_drop: false }`
[INFO] running `Command { std: "docker" "create" "-v" "/var/lib/crater-agent-workspace/builds/worker-1-tc1/target:/opt/rustwide/target:rw,Z" "-v" "/var/lib/crater-agent-workspace/builds/worker-1-tc1/source:/opt/rustwide/workdir:ro,Z" "-v" "/var/lib/crater-agent-workspace/cargo-home:/opt/rustwide/cargo-home:ro,Z" "-v" "/var/lib/crater-agent-workspace/rustup-home:/opt/rustwide/rustup-home:ro,Z" "-e" "SOURCE_DIR=/opt/rustwide/workdir" "-e" "CARGO_TARGET_DIR=/opt/rustwide/target" "-e" "CARGO_HOME=/opt/rustwide/cargo-home" "-e" "RUSTUP_HOME=/opt/rustwide/rustup-home" "-w" "/opt/rustwide/workdir" "-m" "1610612736" "--user" "0:0" "--network" "none" "ghcr.io/rust-lang/crates-build-env/linux@sha256:5ff2268d62e97bff2cde7d5815dd6ed5b47097566f13b8d0ca110b04b60e07ed" "/opt/rustwide/cargo-home/bin/cargo" "+1.69.0" "metadata" "--no-deps" "--format-version=1", kill_on_drop: false }`
[INFO] [stdout] dbf4a97e522b2a24949b39f9904b65aeeaa0bd834365dbe31cb283bc0681c703
[INFO] running `Command { std: "docker" "start" "-a" "dbf4a97e522b2a24949b39f9904b65aeeaa0bd834365dbe31cb283bc0681c703", kill_on_drop: false }`
[INFO] running `Command { std: "docker" "inspect" "dbf4a97e522b2a24949b39f9904b65aeeaa0bd834365dbe31cb283bc0681c703", kill_on_drop: false }`
[INFO] running `Command { std: "docker" "rm" "-f" "dbf4a97e522b2a24949b39f9904b65aeeaa0bd834365dbe31cb283bc0681c703", kill_on_drop: false }`
[INFO] [stdout] dbf4a97e522b2a24949b39f9904b65aeeaa0bd834365dbe31cb283bc0681c703
[INFO] running `Command { std: "docker" "create" "-v" "/var/lib/crater-agent-workspace/builds/worker-1-tc1/target:/opt/rustwide/target:rw,Z" "-v" "/var/lib/crater-agent-workspace/builds/worker-1-tc1/source:/opt/rustwide/workdir:ro,Z" "-v" "/var/lib/crater-agent-workspace/cargo-home:/opt/rustwide/cargo-home:ro,Z" "-v" "/var/lib/crater-agent-workspace/rustup-home:/opt/rustwide/rustup-home:ro,Z" "-e" "SOURCE_DIR=/opt/rustwide/workdir" "-e" "CARGO_TARGET_DIR=/opt/rustwide/target" "-e" "CARGO_INCREMENTAL=0" "-e" "RUST_BACKTRACE=full" "-e" "RUSTFLAGS=--cap-lints=warn" "-e" "RUSTDOCFLAGS=--cap-lints=warn" "-e" "CARGO_HOME=/opt/rustwide/cargo-home" "-e" "RUSTUP_HOME=/opt/rustwide/rustup-home" "-w" "/opt/rustwide/workdir" "-m" "1610612736" "--user" "0:0" "--network" "none" "ghcr.io/rust-lang/crates-build-env/linux@sha256:5ff2268d62e97bff2cde7d5815dd6ed5b47097566f13b8d0ca110b04b60e07ed" "/opt/rustwide/cargo-home/bin/cargo" "+1.69.0" "build" "--frozen" "--message-format=json", kill_on_drop: false }`
[INFO] [stdout] e74a5f15538b8afa9a6219d67a38f4515bfaabb34886fb65e034b36e2f309493
[INFO] running `Command { std: "docker" "start" "-a" "e74a5f15538b8afa9a6219d67a38f4515bfaabb34886fb65e034b36e2f309493", kill_on_drop: false }`
[INFO] [stderr]    Compiling memchr v2.5.0
[INFO] [stderr]    Compiling serde v1.0.160
[INFO] [stderr]    Compiling minimal-lexical v0.2.1
[INFO] [stderr]    Compiling serde_derive v1.0.160
[INFO] [stderr]    Compiling nom v7.1.3
[INFO] [stderr]    Compiling gedcom-core v0.0.1 (/opt/rustwide/workdir)
[INFO] [stderr]     Finished dev [unoptimized + debuginfo] target(s) in 5.99s
[INFO] running `Command { std: "docker" "inspect" "e74a5f15538b8afa9a6219d67a38f4515bfaabb34886fb65e034b36e2f309493", kill_on_drop: false }`
[INFO] running `Command { std: "docker" "rm" "-f" "e74a5f15538b8afa9a6219d67a38f4515bfaabb34886fb65e034b36e2f309493", kill_on_drop: false }`
[INFO] [stdout] e74a5f15538b8afa9a6219d67a38f4515bfaabb34886fb65e034b36e2f309493
[INFO] running `Command { std: "docker" "create" "-v" "/var/lib/crater-agent-workspace/builds/worker-1-tc1/target:/opt/rustwide/target:rw,Z" "-v" "/var/lib/crater-agent-workspace/builds/worker-1-tc1/source:/opt/rustwide/workdir:ro,Z" "-v" "/var/lib/crater-agent-workspace/cargo-home:/opt/rustwide/cargo-home:ro,Z" "-v" "/var/lib/crater-agent-workspace/rustup-home:/opt/rustwide/rustup-home:ro,Z" "-e" "SOURCE_DIR=/opt/rustwide/workdir" "-e" "CARGO_TARGET_DIR=/opt/rustwide/target" "-e" "CARGO_INCREMENTAL=0" "-e" "RUST_BACKTRACE=full" "-e" "RUSTFLAGS=--cap-lints=warn" "-e" "RUSTDOCFLAGS=--cap-lints=warn" "-e" "CARGO_HOME=/opt/rustwide/cargo-home" "-e" "RUSTUP_HOME=/opt/rustwide/rustup-home" "-w" "/opt/rustwide/workdir" "-m" "1610612736" "--user" "0:0" "--network" "none" "ghcr.io/rust-lang/crates-build-env/linux@sha256:5ff2268d62e97bff2cde7d5815dd6ed5b47097566f13b8d0ca110b04b60e07ed" "/opt/rustwide/cargo-home/bin/cargo" "+1.69.0" "test" "--frozen" "--no-run" "--message-format=json", kill_on_drop: false }`
[INFO] [stdout] 9d29f3e5371612cee6ee4764edb6cb348a8bc89e9c2fa0a416f9e4216c403c10
[INFO] running `Command { std: "docker" "start" "-a" "9d29f3e5371612cee6ee4764edb6cb348a8bc89e9c2fa0a416f9e4216c403c10", kill_on_drop: false }`
[INFO] [stderr]    Compiling libc v0.2.142
[INFO] [stderr]    Compiling linked-hash-map v0.5.6
[INFO] [stderr]    Compiling similar v2.2.1
[INFO] [stderr]    Compiling encoding_rs v0.8.32
[INFO] [stderr]    Compiling serde_json v1.0.96
[INFO] [stderr]    Compiling yaml-rust v0.4.5
[INFO] [stderr]    Compiling console v0.15.5
[INFO] [stderr]    Compiling insta v1.29.0
[INFO] [stderr]    Compiling gedcom-core v0.0.1 (/opt/rustwide/workdir)
[INFO] [stdout] error[E0433]: failed to resolve: could not find `assert_json_snapshot` in `insta`
[INFO] [stdout]   --> tests/tests.rs:62:16
[INFO] [stdout]    |
[INFO] [stdout] 62 |         insta::assert_json_snapshot!("complete", l);
[INFO] [stdout]    |                ^^^^^^^^^^^^^^^^^^^^ could not find `assert_json_snapshot` in `insta`
[INFO] [stdout] 
[INFO] [stdout] 
[INFO] [stdout] error[E0433]: failed to resolve: could not find `assert_json_snapshot` in `insta`
[INFO] [stdout]   --> tests/tests.rs:74:16
[INFO] [stdout]    |
[INFO] [stdout] 74 |         insta::assert_json_snapshot!("sample_utf8", l);
[INFO] [stdout]    |                ^^^^^^^^^^^^^^^^^^^^ could not find `assert_json_snapshot` in `insta`
[INFO] [stdout] 
[INFO] [stdout] 
[INFO] [stdout] error[E0433]: failed to resolve: could not find `assert_json_snapshot` in `insta`
[INFO] [stdout]   --> tests/tests.rs:90:16
[INFO] [stdout]    |
[INFO] [stdout] 90 |         insta::assert_json_snapshot!("sample_utf16le", l);
[INFO] [stdout]    |                ^^^^^^^^^^^^^^^^^^^^ could not find `assert_json_snapshot` in `insta`
[INFO] [stdout] 
[INFO] [stdout] 
[INFO] [stdout] error[E0433]: failed to resolve: could not find `assert_json_snapshot` in `insta`
[INFO] [stdout]    --> tests/tests.rs:106:16
[INFO] [stdout]     |
[INFO] [stdout] 106 |         insta::assert_json_snapshot!("sample_utf16be", l);
[INFO] [stdout]     |                ^^^^^^^^^^^^^^^^^^^^ could not find `assert_json_snapshot` in `insta`
[INFO] [stdout] 
[INFO] [stdout] 
[INFO] [stdout] error[E0433]: failed to resolve: could not find `assert_json_snapshot` in `insta`
[INFO] [stdout]    --> tests/tests.rs:118:16
[INFO] [stdout]     |
[INFO] [stdout] 118 |         insta::assert_json_snapshot!("remarr", l);
[INFO] [stdout]     |                ^^^^^^^^^^^^^^^^^^^^ could not find `assert_json_snapshot` in `insta`
[INFO] [stdout] 
[INFO] [stdout] 
[INFO] [stdout] error[E0433]: failed to resolve: could not find `assert_json_snapshot` in `insta`
[INFO] [stdout]    --> tests/tests.rs:130:16
[INFO] [stdout]     |
[INFO] [stdout] 130 |         insta::assert_json_snapshot!("ssmarr", l);
[INFO] [stdout]     |                ^^^^^^^^^^^^^^^^^^^^ could not find `assert_json_snapshot` in `insta`
[INFO] [stdout] 
[INFO] [stdout] 
[INFO] [stdout] error[E0433]: failed to resolve: could not find `assert_json_snapshot` in `insta`
[INFO] [stdout]    --> tests/tests.rs:142:16
[INFO] [stdout]     |
[INFO] [stdout] 142 |         insta::assert_json_snapshot!("minimal", l);
[INFO] [stdout]     |                ^^^^^^^^^^^^^^^^^^^^ could not find `assert_json_snapshot` in `insta`
[INFO] [stdout] 
[INFO] [stdout] 
[INFO] [stdout] error[E0433]: failed to resolve: could not find `assert_json_snapshot` in `insta`
[INFO] [stdout]    --> tests/tests.rs:154:16
[INFO] [stdout]     |
[INFO] [stdout] 154 |         insta::assert_json_snapshot!("married1200", l);
[INFO] [stdout]     |                ^^^^^^^^^^^^^^^^^^^^ could not find `assert_json_snapshot` in `insta`
[INFO] [stdout] 
[INFO] [stdout] 
[INFO] [stdout] error[E0433]: failed to resolve: could not find `assert_json_snapshot` in `insta`
[INFO] [stdout]    --> tests/tests.rs:166:16
[INFO] [stdout]     |
[INFO] [stdout] 166 |         insta::assert_json_snapshot!("children1200", l);
[INFO] [stdout]     |                ^^^^^^^^^^^^^^^^^^^^ could not find `assert_json_snapshot` in `insta`
[INFO] [stdout] 
[INFO] [stdout] 
[INFO] [stdout] error[E0433]: failed to resolve: could not find `assert_json_snapshot` in `insta`
[INFO] [stdout]    --> tests/tests.rs:178:16
[INFO] [stdout]     |
[INFO] [stdout] 178 |         insta::assert_json_snapshot!("siblings1200", l);
[INFO] [stdout]     |                ^^^^^^^^^^^^^^^^^^^^ could not find `assert_json_snapshot` in `insta`
[INFO] [stdout] 
[INFO] [stdout] 
[INFO] [stdout] error[E0433]: failed to resolve: could not find `assert_json_snapshot` in `insta`
[INFO] [stdout]    --> tests/tests.rs:190:16
[INFO] [stdout]     |
[INFO] [stdout] 190 |         insta::assert_json_snapshot!("long26cc", l);
[INFO] [stdout]     |                ^^^^^^^^^^^^^^^^^^^^ could not find `assert_json_snapshot` in `insta`
[INFO] [stdout] 
[INFO] [stdout] 
[INFO] [stdout] error: aborting due to 11 previous errors
[INFO] [stdout] 
[INFO] [stdout] 
[INFO] [stdout] For more information about this error, try `rustc --explain E0433`.
[INFO] [stdout] 
[INFO] [stderr] error: could not compile `gedcom-core` due to 12 previous errors
[INFO] [stderr] warning: build failed, waiting for other jobs to finish...
[INFO] running `Command { std: "docker" "inspect" "9d29f3e5371612cee6ee4764edb6cb348a8bc89e9c2fa0a416f9e4216c403c10", kill_on_drop: false }`
[INFO] running `Command { std: "docker" "rm" "-f" "9d29f3e5371612cee6ee4764edb6cb348a8bc89e9c2fa0a416f9e4216c403c10", kill_on_drop: false }`
[INFO] [stdout] 9d29f3e5371612cee6ee4764edb6cb348a8bc89e9c2fa0a416f9e4216c403c10
