[INFO] fetching crate gcn_agg 0.2.2...
[INFO] testing gcn_agg-0.2.2 against 1.69.0 for beta-1.70-1
[INFO] extracting crate gcn_agg 0.2.2 into /workspace/builds/worker-7-tc1/source
[INFO] validating manifest of crates.io crate gcn_agg 0.2.2 on toolchain 1.69.0
[INFO] running `Command { std: CARGO_HOME="/workspace/cargo-home" RUSTUP_HOME="/workspace/rustup-home" "/workspace/cargo-home/bin/cargo" "+1.69.0" "metadata" "--manifest-path" "Cargo.toml" "--no-deps", kill_on_drop: false }`
[INFO] started tweaking crates.io crate gcn_agg 0.2.2
[INFO] finished tweaking crates.io crate gcn_agg 0.2.2
[INFO] tweaked toml for crates.io crate gcn_agg 0.2.2 written to /workspace/builds/worker-7-tc1/source/Cargo.toml
[INFO] crate crates.io crate gcn_agg 0.2.2 already has a lockfile, it will not be regenerated
[INFO] running `Command { std: CARGO_HOME="/workspace/cargo-home" RUSTUP_HOME="/workspace/rustup-home" "/workspace/cargo-home/bin/cargo" "+1.69.0" "fetch" "--manifest-path" "Cargo.toml", kill_on_drop: false }`
[INFO] [stderr]  Downloading crates ...
[INFO] [stderr]   Downloaded enum-as-inner v0.3.3
[INFO] [stderr]   Downloaded num_threads v0.1.3
[INFO] [stderr]   Downloaded ron v0.7.0
[INFO] [stderr]   Downloaded config v0.12.0
[INFO] [stderr]   Downloaded simple_logger v2.1.0
[INFO] [stderr]   Downloaded clap_complete v3.1.0
[INFO] [stderr]   Downloaded clap_derive v3.1.2
[INFO] [stderr]   Downloaded pest_meta v2.1.3
[INFO] [stderr]   Downloaded pest_generator v2.1.3
[INFO] [stderr]   Downloaded clap v3.1.2
[INFO] [stderr]   Downloaded time v0.3.7
[INFO] [stderr]   Downloaded ramulator_wrapper v0.2.0
[INFO] running `Command { std: "docker" "create" "-v" "/var/lib/crater-agent-workspace/builds/worker-7-tc1/target:/opt/rustwide/target:rw,Z" "-v" "/var/lib/crater-agent-workspace/builds/worker-7-tc1/source:/opt/rustwide/workdir:ro,Z" "-v" "/var/lib/crater-agent-workspace/cargo-home:/opt/rustwide/cargo-home:ro,Z" "-v" "/var/lib/crater-agent-workspace/rustup-home:/opt/rustwide/rustup-home:ro,Z" "-e" "SOURCE_DIR=/opt/rustwide/workdir" "-e" "CARGO_TARGET_DIR=/opt/rustwide/target" "-e" "CARGO_HOME=/opt/rustwide/cargo-home" "-e" "RUSTUP_HOME=/opt/rustwide/rustup-home" "-w" "/opt/rustwide/workdir" "-m" "1610612736" "--user" "0:0" "--network" "none" "ghcr.io/rust-lang/crates-build-env/linux@sha256:5ff2268d62e97bff2cde7d5815dd6ed5b47097566f13b8d0ca110b04b60e07ed" "/opt/rustwide/cargo-home/bin/cargo" "+1.69.0" "metadata" "--no-deps" "--format-version=1", kill_on_drop: false }`
[INFO] [stdout] 427023ecbae5183610f354b23bf0b35eb2da83fa9186ab8319af60c9ed565812
[INFO] running `Command { std: "docker" "start" "-a" "427023ecbae5183610f354b23bf0b35eb2da83fa9186ab8319af60c9ed565812", kill_on_drop: false }`
[INFO] running `Command { std: "docker" "inspect" "427023ecbae5183610f354b23bf0b35eb2da83fa9186ab8319af60c9ed565812", kill_on_drop: false }`
[INFO] running `Command { std: "docker" "rm" "-f" "427023ecbae5183610f354b23bf0b35eb2da83fa9186ab8319af60c9ed565812", kill_on_drop: false }`
[INFO] [stdout] 427023ecbae5183610f354b23bf0b35eb2da83fa9186ab8319af60c9ed565812
[INFO] running `Command { std: "docker" "create" "-v" "/var/lib/crater-agent-workspace/builds/worker-7-tc1/target:/opt/rustwide/target:rw,Z" "-v" "/var/lib/crater-agent-workspace/builds/worker-7-tc1/source:/opt/rustwide/workdir:ro,Z" "-v" "/var/lib/crater-agent-workspace/cargo-home:/opt/rustwide/cargo-home:ro,Z" "-v" "/var/lib/crater-agent-workspace/rustup-home:/opt/rustwide/rustup-home:ro,Z" "-e" "SOURCE_DIR=/opt/rustwide/workdir" "-e" "CARGO_TARGET_DIR=/opt/rustwide/target" "-e" "CARGO_INCREMENTAL=0" "-e" "RUST_BACKTRACE=full" "-e" "RUSTFLAGS=--cap-lints=warn" "-e" "RUSTDOCFLAGS=--cap-lints=warn" "-e" "CARGO_HOME=/opt/rustwide/cargo-home" "-e" "RUSTUP_HOME=/opt/rustwide/rustup-home" "-w" "/opt/rustwide/workdir" "-m" "1610612736" "--user" "0:0" "--network" "none" "ghcr.io/rust-lang/crates-build-env/linux@sha256:5ff2268d62e97bff2cde7d5815dd6ed5b47097566f13b8d0ca110b04b60e07ed" "/opt/rustwide/cargo-home/bin/cargo" "+1.69.0" "build" "--frozen" "--message-format=json", kill_on_drop: false }`
[INFO] [stdout] f2102a791ab23de7ab9e68e8c20e55684575a1979234c5673efd64237659ba2f
[INFO] running `Command { std: "docker" "start" "-a" "f2102a791ab23de7ab9e68e8c20e55684575a1979234c5673efd64237659ba2f", kill_on_drop: false }`
[INFO] [stderr]    Compiling proc-macro2 v1.0.36
[INFO] [stderr]    Compiling unicode-xid v0.2.2
[INFO] [stderr]    Compiling libc v0.2.119
[INFO] [stderr]    Compiling syn v1.0.86
[INFO] [stderr]    Compiling serde_derive v1.0.136
[INFO] [stderr]    Compiling serde v1.0.136
[INFO] [stderr]    Compiling memchr v2.4.1
[INFO] [stderr]    Compiling ppv-lite86 v0.2.16
[INFO] [stderr]    Compiling ucd-trie v0.1.3
[INFO] [stderr]    Compiling maplit v1.0.2
[INFO] [stderr]    Compiling itoa v1.0.1
[INFO] [stderr]    Compiling cc v1.0.73
[INFO] [stderr]    Compiling indexmap v1.8.0
[INFO] [stderr]    Compiling num-traits v0.2.14
[INFO] [stderr]    Compiling bitflags v1.3.2
[INFO] [stderr]    Compiling ahash v0.4.7
[INFO] [stderr]    Compiling num-integer v0.1.44
[INFO] [stderr]    Compiling nom v7.1.0
[INFO] [stderr]    Compiling heck v0.4.0
[INFO] [stderr]    Compiling pest v2.1.3
[INFO] [stderr]    Compiling hashbrown v0.9.1
[INFO] [stderr]    Compiling hashbrown v0.11.2
[INFO] [stderr]    Compiling log v0.4.14
[INFO] [stderr]    Compiling async-trait v0.1.52
[INFO] [stderr]    Compiling cmake v0.1.48
[INFO] [stderr]    Compiling serde_json v1.0.79
[INFO] [stderr]    Compiling ryu v1.0.9
[INFO] [stderr]    Compiling textwrap v0.14.2
[INFO] [stderr]    Compiling strsim v0.10.0
[INFO] [stderr]    Compiling termcolor v1.1.2
[INFO] [stderr]    Compiling base64 v0.13.0
[INFO] [stderr]    Compiling linked-hash-map v0.5.4
[INFO] [stderr]    Compiling num_threads v0.1.3
[INFO] [stderr]    Compiling minimal-lexical v0.2.1
[INFO] [stderr]    Compiling unicode-segmentation v1.9.0
[INFO] [stderr]    Compiling time-macros v0.2.3
[INFO] [stderr]    Compiling yaml-rust v0.4.5
[INFO] [stderr]    Compiling quote v1.0.15
[INFO] [stderr]    Compiling pest_meta v2.1.3
[INFO] [stderr]    Compiling getrandom v0.2.5
[INFO] [stderr]    Compiling atty v0.2.14
[INFO] [stderr]    Compiling ramulator_wrapper v0.2.0
[INFO] [stderr]    Compiling os_str_bytes v6.0.0
[INFO] [stderr]    Compiling colored v2.0.0
[INFO] [stderr]    Compiling rand_core v0.6.3
[INFO] [stderr]    Compiling heck v0.3.3
[INFO] [stderr]    Compiling time v0.1.43
[INFO] [stderr]    Compiling rand_chacha v0.3.1
[INFO] [stderr]    Compiling proc-macro-error-attr v1.0.4
[INFO] [stderr]    Compiling either v1.6.1
[INFO] [stderr]    Compiling pathdiff v0.2.1
[INFO] [stderr]    Compiling glob v0.3.0
[INFO] [stderr]    Compiling rand v0.8.5
[INFO] [stderr]    Compiling itertools v0.10.3
[INFO] [stderr]    Compiling chrono v0.4.19
[INFO] [stderr]    Compiling time v0.3.7
[INFO] [stderr]    Compiling dlv-list v0.2.3
[INFO] [stderr]    Compiling ordered-multimap v0.3.1
[INFO] [stderr] error: could not compile `nom`
[INFO] [stderr] 
[INFO] [stderr] Caused by:
[INFO] [stderr]   process didn't exit successfully: `rustc --crate-name nom --edition=2018 /opt/rustwide/cargo-home/registry/src/github.com-1ecc6299db9ec823/nom-7.1.0/src/lib.rs --error-format=json --json=diagnostic-rendered-ansi,artifacts,future-incompat --crate-type lib --emit=dep-info,metadata,link -C embed-bitcode=no -C debuginfo=2 --cfg 'feature="alloc"' --cfg 'feature="default"' --cfg 'feature="std"' -C metadata=cc72d9423609c27b -C extra-filename=-cc72d9423609c27b --out-dir /opt/rustwide/target/debug/deps -L dependency=/opt/rustwide/target/debug/deps --extern memchr=/opt/rustwide/target/debug/deps/libmemchr-e30a17317ff1667e.rmeta --extern minimal_lexical=/opt/rustwide/target/debug/deps/libminimal_lexical-a148466bcf391aec.rmeta --cap-lints allow --cap-lints=warn --cfg stable_i128` (signal: 9, SIGKILL: kill)
[INFO] [stderr] warning: build failed, waiting for other jobs to finish...
[INFO] [stderr] error: could not compile `syn`
[INFO] [stderr] 
[INFO] [stderr] Caused by:
[INFO] [stderr]   process didn't exit successfully: `rustc --crate-name syn --edition=2018 /opt/rustwide/cargo-home/registry/src/github.com-1ecc6299db9ec823/syn-1.0.86/src/lib.rs --error-format=json --json=diagnostic-rendered-ansi,artifacts,future-incompat --crate-type lib --emit=dep-info,metadata,link -C embed-bitcode=no --cfg 'feature="clone-impls"' --cfg 'feature="default"' --cfg 'feature="derive"' --cfg 'feature="full"' --cfg 'feature="parsing"' --cfg 'feature="printing"' --cfg 'feature="proc-macro"' --cfg 'feature="quote"' --cfg 'feature="visit-mut"' -C metadata=cf831bcec57274f9 -C extra-filename=-cf831bcec57274f9 --out-dir /opt/rustwide/target/debug/deps -L dependency=/opt/rustwide/target/debug/deps --extern proc_macro2=/opt/rustwide/target/debug/deps/libproc_macro2-5c6b681c5b4f0f7e.rmeta --extern quote=/opt/rustwide/target/debug/deps/libquote-a6d2f95368b3f825.rmeta --extern unicode_xid=/opt/rustwide/target/debug/deps/libunicode_xid-81bfc7035fc781ba.rmeta --cap-lints allow --cap-lints=warn --cfg syn_disable_nightly_tests` (signal: 9, SIGKILL: kill)
[INFO] [stderr] error: could not compile `itertools`
[INFO] [stderr] 
[INFO] [stderr] Caused by:
[INFO] [stderr]   process didn't exit successfully: `rustc --crate-name itertools --edition=2018 /opt/rustwide/cargo-home/registry/src/github.com-1ecc6299db9ec823/itertools-0.10.3/src/lib.rs --error-format=json --json=diagnostic-rendered-ansi,artifacts,future-incompat --crate-type lib --emit=dep-info,metadata,link -C embed-bitcode=no -C debuginfo=2 --cfg 'feature="default"' --cfg 'feature="use_alloc"' --cfg 'feature="use_std"' -C metadata=616539432dbce704 -C extra-filename=-616539432dbce704 --out-dir /opt/rustwide/target/debug/deps -L dependency=/opt/rustwide/target/debug/deps --extern either=/opt/rustwide/target/debug/deps/libeither-35bc8c9d74b85ee8.rmeta --cap-lints allow --cap-lints=warn` (signal: 9, SIGKILL: kill)
[INFO] [stderr] error: could not compile `chrono`
[INFO] [stderr] 
[INFO] [stderr] Caused by:
[INFO] [stderr]   process didn't exit successfully: `rustc --crate-name chrono /opt/rustwide/cargo-home/registry/src/github.com-1ecc6299db9ec823/chrono-0.4.19/src/lib.rs --error-format=json --json=diagnostic-rendered-ansi,artifacts,future-incompat --crate-type lib --emit=dep-info,metadata,link -C embed-bitcode=no -C debuginfo=2 --cfg 'feature="clock"' --cfg 'feature="default"' --cfg 'feature="libc"' --cfg 'feature="oldtime"' --cfg 'feature="std"' --cfg 'feature="time"' --cfg 'feature="winapi"' -C metadata=060f9b5d301e047c -C extra-filename=-060f9b5d301e047c --out-dir /opt/rustwide/target/debug/deps -L dependency=/opt/rustwide/target/debug/deps --extern libc=/opt/rustwide/target/debug/deps/liblibc-634b542eed5f11d2.rmeta --extern num_integer=/opt/rustwide/target/debug/deps/libnum_integer-da5acbdf6db0a3ce.rmeta --extern num_traits=/opt/rustwide/target/debug/deps/libnum_traits-4f027c3835336e0b.rmeta --extern time=/opt/rustwide/target/debug/deps/libtime-03f4225271f942d2.rmeta --cap-lints allow --cap-lints=warn` (signal: 9, SIGKILL: kill)
[INFO] [stderr] error: could not compile `time`
[INFO] [stderr] 
[INFO] [stderr] Caused by:
[INFO] [stderr]   process didn't exit successfully: `rustc --crate-name time --edition=2018 /opt/rustwide/cargo-home/registry/src/github.com-1ecc6299db9ec823/time-0.3.7/src/lib.rs --error-format=json --json=diagnostic-rendered-ansi,artifacts,future-incompat --crate-type lib --emit=dep-info,metadata,link -C embed-bitcode=no -C debuginfo=2 --cfg 'feature="alloc"' --cfg 'feature="default"' --cfg 'feature="formatting"' --cfg 'feature="itoa"' --cfg 'feature="local-offset"' --cfg 'feature="macros"' --cfg 'feature="std"' --cfg 'feature="time-macros"' -C metadata=ac45e57c1eecf122 -C extra-filename=-ac45e57c1eecf122 --out-dir /opt/rustwide/target/debug/deps -L dependency=/opt/rustwide/target/debug/deps --extern itoa=/opt/rustwide/target/debug/deps/libitoa-6d400cb71048bb7c.rmeta --extern libc=/opt/rustwide/target/debug/deps/liblibc-634b542eed5f11d2.rmeta --extern num_threads=/opt/rustwide/target/debug/deps/libnum_threads-1743ef54d3671265.rmeta --extern time_macros=/opt/rustwide/target/debug/deps/libtime_macros-21879cf72a4cad1d.so --cap-lints allow --cap-lints=warn` (signal: 9, SIGKILL: kill)
[INFO] [stderr] error: failed to run custom build command for `ramulator_wrapper v0.2.0`
[INFO] [stderr] note: To improve backtraces for build dependencies, set the CARGO_PROFILE_DEV_BUILD_OVERRIDE_DEBUG=true environment variable to enable debug information generation.
[INFO] [stderr] 
[INFO] [stderr] Caused by:
[INFO] [stderr]   process didn't exit successfully: `/opt/rustwide/target/debug/build/ramulator_wrapper-032b5263f1654e4e/build-script-build` (exit status: 101)
[INFO] [stderr]   --- stdout
[INFO] [stderr]   CMAKE_TOOLCHAIN_FILE_x86_64-unknown-linux-gnu = None
[INFO] [stderr]   CMAKE_TOOLCHAIN_FILE_x86_64_unknown_linux_gnu = None
[INFO] [stderr]   HOST_CMAKE_TOOLCHAIN_FILE = None
[INFO] [stderr]   CMAKE_TOOLCHAIN_FILE = None
[INFO] [stderr]   CMAKE_GENERATOR_x86_64-unknown-linux-gnu = None
[INFO] [stderr]   CMAKE_GENERATOR_x86_64_unknown_linux_gnu = None
[INFO] [stderr]   HOST_CMAKE_GENERATOR = None
[INFO] [stderr]   CMAKE_GENERATOR = None
[INFO] [stderr]   CMAKE_PREFIX_PATH_x86_64-unknown-linux-gnu = None
[INFO] [stderr]   CMAKE_PREFIX_PATH_x86_64_unknown_linux_gnu = None
[INFO] [stderr]   HOST_CMAKE_PREFIX_PATH = None
[INFO] [stderr]   CMAKE_PREFIX_PATH = None
[INFO] [stderr]   CMAKE_x86_64-unknown-linux-gnu = None
[INFO] [stderr]   CMAKE_x86_64_unknown_linux_gnu = None
[INFO] [stderr]   HOST_CMAKE = None
[INFO] [stderr]   CMAKE = None
[INFO] [stderr]   running: cd "/opt/rustwide/target/debug/build/ramulator_wrapper-a45c3e834cb3750b/out/build" && CMAKE_PREFIX_PATH="" "cmake" "/opt/rustwide/cargo-home/registry/src/github.com-1ecc6299db9ec823/ramulator_wrapper-0.2.0/ramulator" "-DCMAKE_INSTALL_PREFIX=/opt/rustwide/target/debug/build/ramulator_wrapper-a45c3e834cb3750b/out" "-DCMAKE_C_FLAGS= -ffunction-sections -fdata-sections -fPIC -m64" "-DCMAKE_C_COMPILER=/usr/bin/cc" "-DCMAKE_CXX_FLAGS= -ffunction-sections -fdata-sections -fPIC -m64" "-DCMAKE_CXX_COMPILER=/usr/bin/c++" "-DCMAKE_ASM_FLAGS= -ffunction-sections -fdata-sections -fPIC -m64" "-DCMAKE_ASM_COMPILER=/usr/bin/cc" "-DCMAKE_BUILD_TYPE=Debug"
[INFO] [stderr]   -- The C compiler identification is GNU 11.3.0
[INFO] [stderr]   -- The CXX compiler identification is GNU 11.3.0
[INFO] [stderr]   -- Detecting C compiler ABI info
[INFO] [stderr]   -- Detecting C compiler ABI info - done
[INFO] [stderr]   -- Check for working C compiler: /usr/bin/cc - skipped
[INFO] [stderr]   -- Detecting C compile features
[INFO] [stderr]   -- Detecting C compile features - done
[INFO] [stderr]   -- Detecting CXX compiler ABI info
[INFO] [stderr]   -- Detecting CXX compiler ABI info - done
[INFO] [stderr]   -- Check for working CXX compiler: /usr/bin/c++ - skipped
[INFO] [stderr]   -- Detecting CXX compile features
[INFO] [stderr]   -- Detecting CXX compile features - done
[INFO] [stderr]   -- Configuring done
[INFO] [stderr]   -- Generating done
[INFO] [stderr]   -- Build files have been written to: /opt/rustwide/target/debug/build/ramulator_wrapper-a45c3e834cb3750b/out/build
[INFO] [stderr]   running: cd "/opt/rustwide/target/debug/build/ramulator_wrapper-a45c3e834cb3750b/out/build" && MAKEFLAGS="-j --jobserver-fds=6,7 --jobserver-auth=6,7" "cmake" "--build" "." "--target" "install" "--config" "Debug" "--parallel" "16"
[INFO] [stderr]   [  3%] Building CXX object CMakeFiles/ramulator.dir/src/ALDRAM.cpp.o
[INFO] [stderr]   [  7%] Building CXX object CMakeFiles/ramulator.dir/src/Controller.cpp.o
[INFO] [stderr]   [ 11%] Building CXX object CMakeFiles/ramulator.dir/src/DDR3.cpp.o
[INFO] [stderr]   [ 14%] Building CXX object CMakeFiles/ramulator.dir/src/Cache.cpp.o
[INFO] [stderr]   [ 18%] Building CXX object CMakeFiles/ramulator.dir/src/DDR4.cpp.o
[INFO] [stderr]   [ 22%] Building CXX object CMakeFiles/ramulator.dir/src/DSARP.cpp.o
[INFO] [stderr]   [ 25%] Building CXX object CMakeFiles/ramulator.dir/src/Gem5Wrapper.cpp.o
[INFO] [stderr]   [ 29%] Building CXX object CMakeFiles/ramulator.dir/src/GDDR5.cpp.o
[INFO] [stderr]   [ 33%] Building CXX object CMakeFiles/ramulator.dir/src/HBM.cpp.o
[INFO] [stderr]   [ 37%] Building CXX object CMakeFiles/ramulator.dir/src/LPDDR3.cpp.o
[INFO] [stderr]   [ 40%] Building CXX object CMakeFiles/ramulator.dir/src/LPDDR4.cpp.o
[INFO] [stderr]   [ 44%] Building CXX object CMakeFiles/ramulator.dir/src/Main.cpp.o
[INFO] [stderr]   [ 48%] Building CXX object CMakeFiles/ramulator.dir/src/PCM.cpp.o
[INFO] [stderr]   [ 51%] Building CXX object CMakeFiles/ramulator.dir/src/MemoryFactory.cpp.o
[INFO] [stderr]   [ 55%] Building CXX object CMakeFiles/ramulator.dir/src/Processor.cpp.o
[INFO] [stderr]   [ 59%] Building CXX object CMakeFiles/ramulator.dir/src/RamulatorConfig.cpp.o
[INFO] [stderr]   [ 62%] Building CXX object CMakeFiles/ramulator.dir/src/Refresh.cpp.o
[INFO] [stderr] 
[INFO] [stderr]   --- stderr
[INFO] [stderr]   CMake Warning:
[INFO] [stderr]     Manually-specified variables were not used by the project:
[INFO] [stderr] 
[INFO] [stderr]       CMAKE_ASM_COMPILER
[INFO] [stderr]       CMAKE_ASM_FLAGS
[INFO] [stderr] 
[INFO] [stderr] 
[INFO] [stderr]   gmake: warning: -j16 forced in submake: resetting jobserver mode.
[INFO] [stderr]   c++: fatal error: Killed signal terminated program cc1plus
[INFO] [stderr]   compilation terminated.
[INFO] [stderr]   gmake[2]: *** [CMakeFiles/ramulator.dir/build.make:76: CMakeFiles/ramulator.dir/src/ALDRAM.cpp.o] Error 1
[INFO] [stderr]   gmake[2]: *** Waiting for unfinished jobs....
[INFO] [stderr]   c++: fatal error: Killed signal terminated program cc1plus
[INFO] [stderr]   compilation terminated.
[INFO] [stderr]   gmake[2]: *** [CMakeFiles/ramulator.dir/build.make:244: CMakeFiles/ramulator.dir/src/MemoryFactory.cpp.o] Error 1
[INFO] [stderr]   c++: fatal error: Killed signal terminated program cc1plus
[INFO] [stderr]   compilation terminated.
[INFO] [stderr]   gmake[2]: *** [CMakeFiles/ramulator.dir/build.make:258: CMakeFiles/ramulator.dir/src/PCM.cpp.o] Error 1
[INFO] [stderr]   c++: fatal error: Killed signal terminated program cc1plus
[INFO] [stderr]   compilation terminated.
[INFO] [stderr]   gmake[2]: *** [CMakeFiles/ramulator.dir/build.make:272: CMakeFiles/ramulator.dir/src/Processor.cpp.o] Error 1
[INFO] [stderr]   c++: fatal error: Killed signal terminated program cc1plus
[INFO] [stderr]   compilation terminated.
[INFO] [stderr]   gmake[2]: *** [CMakeFiles/ramulator.dir/build.make:230: CMakeFiles/ramulator.dir/src/Main.cpp.o] Error 1
[INFO] [stderr]   gmake[1]: *** [CMakeFiles/Makefile2:85: CMakeFiles/ramulator.dir/all] Error 2
[INFO] [stderr]   gmake: *** [Makefile:136: all] Error 2
[INFO] [stderr]   thread 'main' panicked at '
[INFO] [stderr]   command did not execute successfully, got: exit status: 2
[INFO] [stderr] 
[INFO] [stderr]   build script failed, must exit now', /opt/rustwide/cargo-home/registry/src/github.com-1ecc6299db9ec823/cmake-0.1.48/src/lib.rs:975:5
[INFO] [stderr]   stack backtrace:
[INFO] [stderr]      0:     0x5598fe5b70ca - std::backtrace_rs::backtrace::libunwind::trace::ha9053a9a07ca49cb
[INFO] [stderr]                                  at /rustc/84c898d65adf2f39a5a98507f1fe0ce10a2b8dbc/library/std/src/../../backtrace/src/backtrace/libunwind.rs:93:5
[INFO] [stderr]      1:     0x5598fe5b70ca - std::backtrace_rs::backtrace::trace_unsynchronized::h9c2852a457ad564e
[INFO] [stderr]                                  at /rustc/84c898d65adf2f39a5a98507f1fe0ce10a2b8dbc/library/std/src/../../backtrace/src/backtrace/mod.rs:66:5
[INFO] [stderr]      2:     0x5598fe5b70ca - std::sys_common::backtrace::_print_fmt::h457936fbfaa0070f
[INFO] [stderr]                                  at /rustc/84c898d65adf2f39a5a98507f1fe0ce10a2b8dbc/library/std/src/sys_common/backtrace.rs:65:5
[INFO] [stderr]      3:     0x5598fe5b70ca - <std::sys_common::backtrace::_print::DisplayBacktrace as core::fmt::Display>::fmt::h5779d7bf7f70cb0c
[INFO] [stderr]                                  at /rustc/84c898d65adf2f39a5a98507f1fe0ce10a2b8dbc/library/std/src/sys_common/backtrace.rs:44:22
[INFO] [stderr]      4:     0x5598fe5d73de - core::fmt::write::h5a4baaff1bcd3eb5
[INFO] [stderr]                                  at /rustc/84c898d65adf2f39a5a98507f1fe0ce10a2b8dbc/library/core/src/fmt/mod.rs:1232:17
[INFO] [stderr]      5:     0x5598fe5b4195 - std::io::Write::write_fmt::h4bc1f301cb9e9cce
[INFO] [stderr]                                  at /rustc/84c898d65adf2f39a5a98507f1fe0ce10a2b8dbc/library/std/src/io/mod.rs:1684:15
[INFO] [stderr]      6:     0x5598fe5b6e95 - std::sys_common::backtrace::_print::h5fcdc36060f177e8
[INFO] [stderr]                                  at /rustc/84c898d65adf2f39a5a98507f1fe0ce10a2b8dbc/library/std/src/sys_common/backtrace.rs:47:5
[INFO] [stderr]      7:     0x5598fe5b6e95 - std::sys_common::backtrace::print::h54ca9458b876c8bf
[INFO] [stderr]                                  at /rustc/84c898d65adf2f39a5a98507f1fe0ce10a2b8dbc/library/std/src/sys_common/backtrace.rs:34:9
[INFO] [stderr]      8:     0x5598fe5b886f - std::panicking::default_hook::{{closure}}::hbe471161c7664ed6
[INFO] [stderr]                                  at /rustc/84c898d65adf2f39a5a98507f1fe0ce10a2b8dbc/library/std/src/panicking.rs:271:22
[INFO] [stderr]      9:     0x5598fe5b85ab - std::panicking::default_hook::ha3500da57aa4ac4f
[INFO] [stderr]                                  at /rustc/84c898d65adf2f39a5a98507f1fe0ce10a2b8dbc/library/std/src/panicking.rs:290:9
[INFO] [stderr]     10:     0x5598fe5b8e18 - std::panicking::rust_panic_with_hook::h50c09d000dc561d2
[INFO] [stderr]                                  at /rustc/84c898d65adf2f39a5a98507f1fe0ce10a2b8dbc/library/std/src/panicking.rs:692:13
[INFO] [stderr]     11:     0x5598fe5b8d19 - std::panicking::begin_panic_handler::{{closure}}::h9e2b2176e00e0d9c
[INFO] [stderr]                                  at /rustc/84c898d65adf2f39a5a98507f1fe0ce10a2b8dbc/library/std/src/panicking.rs:583:13
[INFO] [stderr]     12:     0x5598fe5b7536 - std::sys_common::backtrace::__rust_end_short_backtrace::h5739b8e512c09d02
[INFO] [stderr]                                  at /rustc/84c898d65adf2f39a5a98507f1fe0ce10a2b8dbc/library/std/src/sys_common/backtrace.rs:150:18
[INFO] [stderr]     13:     0x5598fe5b8a22 - rust_begin_unwind
[INFO] [stderr]                                  at /rustc/84c898d65adf2f39a5a98507f1fe0ce10a2b8dbc/library/std/src/panicking.rs:579:5
[INFO] [stderr]     14:     0x5598fe53f7a3 - core::panicking::panic_fmt::hf33a1475b4dc5c3e
[INFO] [stderr]                                  at /rustc/84c898d65adf2f39a5a98507f1fe0ce10a2b8dbc/library/core/src/panicking.rs:64:14
[INFO] [stderr]     15:     0x5598fe548b2f - cmake::fail::h00aca0d84517c318
[INFO] [stderr]     16:     0x5598fe548593 - cmake::run::h90a7542d53f4c0ad
[INFO] [stderr]     17:     0x5598fe5459d9 - cmake::Config::build::haa4b16a04dd484ab
[INFO] [stderr]     18:     0x5598fe53ffa5 - build_script_build::main::h70d63b7ec50d9029
[INFO] [stderr]     19:     0x5598fe5409a3 - core::ops::function::FnOnce::call_once::h0db7d7961e0b88e6
[INFO] [stderr]     20:     0x5598fe5401f9 - std::sys_common::backtrace::__rust_begin_short_backtrace::h3d3d5f3cfb3a6704
[INFO] [stderr]     21:     0x5598fe5401d9 - std::rt::lang_start::{{closure}}::h5342c689917196d8
[INFO] [stderr]     22:     0x5598fe5b026c - core::ops::function::impls::<impl core::ops::function::FnOnce<A> for &F>::call_once::hd6efcd3bec896f2c
[INFO] [stderr]                                  at /rustc/84c898d65adf2f39a5a98507f1fe0ce10a2b8dbc/library/core/src/ops/function.rs:287:13
[INFO] [stderr]     23:     0x5598fe5b026c - std::panicking::try::do_call::hce04e543bb1f4cbb
[INFO] [stderr]                                  at /rustc/84c898d65adf2f39a5a98507f1fe0ce10a2b8dbc/library/std/src/panicking.rs:487:40
[INFO] [stderr]     24:     0x5598fe5b026c - std::panicking::try::h3342dd4e1f680968
[INFO] [stderr]                                  at /rustc/84c898d65adf2f39a5a98507f1fe0ce10a2b8dbc/library/std/src/panicking.rs:451:19
[INFO] [stderr]     25:     0x5598fe5b026c - std::panic::catch_unwind::h148ce1e59ac0cee7
[INFO] [stderr]                                  at /rustc/84c898d65adf2f39a5a98507f1fe0ce10a2b8dbc/library/std/src/panic.rs:140:14
[INFO] [stderr]     26:     0x5598fe5b026c - std::rt::lang_start_internal::{{closure}}::h25f9dda2057a67fe
[INFO] [stderr]                                  at /rustc/84c898d65adf2f39a5a98507f1fe0ce10a2b8dbc/library/std/src/rt.rs:148:48
[INFO] [stderr]     27:     0x5598fe5b026c - std::panicking::try::do_call::h7caaaeaf9401650b
[INFO] [stderr]                                  at /rustc/84c898d65adf2f39a5a98507f1fe0ce10a2b8dbc/library/std/src/panicking.rs:487:40
[INFO] [stderr]     28:     0x5598fe5b026c - std::panicking::try::he7d15285746cbbc2
[INFO] [stderr]                                  at /rustc/84c898d65adf2f39a5a98507f1fe0ce10a2b8dbc/library/std/src/panicking.rs:451:19
[INFO] [stderr]     29:     0x5598fe5b026c - std::panic::catch_unwind::h89fb4f50c0301fe0
[INFO] [stderr]                                  at /rustc/84c898d65adf2f39a5a98507f1fe0ce10a2b8dbc/library/std/src/panic.rs:140:14
[INFO] [stderr]     30:     0x5598fe5b026c - std::rt::lang_start_internal::h078acd489417d3c1
[INFO] [stderr]                                  at /rustc/84c898d65adf2f39a5a98507f1fe0ce10a2b8dbc/library/std/src/rt.rs:148:20
[INFO] [stderr]     31:     0x5598fe5401b7 - std::rt::lang_start::h8585f8890da65626
[INFO] [stderr]     32:     0x5598fe540175 - main
[INFO] [stderr]     33:     0x7f047d9c5d90 - <unknown>
[INFO] [stderr]     34:     0x7f047d9c5e40 - __libc_start_main
[INFO] [stderr]     35:     0x5598fe53fd25 - _start
[INFO] [stderr]     36:                0x0 - <unknown>
[INFO] running `Command { std: "docker" "inspect" "f2102a791ab23de7ab9e68e8c20e55684575a1979234c5673efd64237659ba2f", kill_on_drop: false }`
[INFO] running `Command { std: "docker" "rm" "-f" "f2102a791ab23de7ab9e68e8c20e55684575a1979234c5673efd64237659ba2f", kill_on_drop: false }`
[INFO] [stdout] f2102a791ab23de7ab9e68e8c20e55684575a1979234c5673efd64237659ba2f
