[INFO] fetching crate fugle 0.3.8...
[INFO] testing fugle-0.3.8 against beta-2023-04-20 for beta-1.70-1
[INFO] extracting crate fugle 0.3.8 into /workspace/builds/worker-4-tc2/source
[INFO] validating manifest of crates.io crate fugle 0.3.8 on toolchain beta-2023-04-20
[INFO] running `Command { std: CARGO_HOME="/workspace/cargo-home" RUSTUP_HOME="/workspace/rustup-home" "/workspace/cargo-home/bin/cargo" "+beta-2023-04-20" "metadata" "--manifest-path" "Cargo.toml" "--no-deps", kill_on_drop: false }`
[INFO] started tweaking crates.io crate fugle 0.3.8
[INFO] finished tweaking crates.io crate fugle 0.3.8
[INFO] tweaked toml for crates.io crate fugle 0.3.8 written to /workspace/builds/worker-4-tc2/source/Cargo.toml
[INFO] crate crates.io crate fugle 0.3.8 already has a lockfile, it will not be regenerated
[INFO] running `Command { std: CARGO_HOME="/workspace/cargo-home" RUSTUP_HOME="/workspace/rustup-home" "/workspace/cargo-home/bin/cargo" "+beta-2023-04-20" "fetch" "--manifest-path" "Cargo.toml", kill_on_drop: false }`
[INFO] [stderr]     Updating crates.io index
[INFO] [stderr]  Downloading crates ...
[INFO] [stderr]   Downloaded rend v0.3.6
[INFO] [stderr]   Downloaded borsh-derive-internal v0.9.3
[INFO] [stderr]   Downloaded ptr_meta_derive v0.1.4
[INFO] [stderr]   Downloaded ptr_meta v0.1.4
[INFO] [stderr]   Downloaded serial_test_derive v0.9.0
[INFO] [stderr]   Downloaded rkyv_derive v0.7.39
[INFO] [stderr]   Downloaded bytecheck_derive v0.6.9
[INFO] [stderr]   Downloaded borsh-schema-derive-internal v0.9.3
[INFO] [stderr]   Downloaded borsh-derive v0.9.3
[INFO] [stderr]   Downloaded borsh v0.9.3
[INFO] [stderr]   Downloaded serde_derive v1.0.149
[INFO] [stderr]   Downloaded ipnet v2.6.0
[INFO] [stderr]   Downloaded rust_decimal v1.27.0
[INFO] [stderr]   Downloaded rkyv v0.7.39
[INFO] [stderr]   Downloaded rustls v0.20.7
[INFO] [stderr]   Downloaded serde v1.0.149
[INFO] [stderr]   Downloaded webpki-roots v0.22.5
[INFO] [stderr]   Downloaded ureq v2.5.0
[INFO] [stderr]   Downloaded serial_test v0.9.0
[INFO] [stderr]   Downloaded bytecheck v0.6.9
[INFO] running `Command { std: "docker" "create" "-v" "/var/lib/crater-agent-workspace/builds/worker-4-tc2/target:/opt/rustwide/target:rw,Z" "-v" "/var/lib/crater-agent-workspace/builds/worker-4-tc2/source:/opt/rustwide/workdir:ro,Z" "-v" "/var/lib/crater-agent-workspace/cargo-home:/opt/rustwide/cargo-home:ro,Z" "-v" "/var/lib/crater-agent-workspace/rustup-home:/opt/rustwide/rustup-home:ro,Z" "-e" "SOURCE_DIR=/opt/rustwide/workdir" "-e" "CARGO_TARGET_DIR=/opt/rustwide/target" "-e" "CARGO_HOME=/opt/rustwide/cargo-home" "-e" "RUSTUP_HOME=/opt/rustwide/rustup-home" "-w" "/opt/rustwide/workdir" "-m" "1610612736" "--user" "0:0" "--network" "none" "ghcr.io/rust-lang/crates-build-env/linux@sha256:5ff2268d62e97bff2cde7d5815dd6ed5b47097566f13b8d0ca110b04b60e07ed" "/opt/rustwide/cargo-home/bin/cargo" "+beta-2023-04-20" "metadata" "--no-deps" "--format-version=1", kill_on_drop: false }`
[INFO] [stdout] 374f5672de28e8c1d1398e71b6278649dd9774c42f0f764f50292e5be1080c02
[INFO] running `Command { std: "docker" "start" "-a" "374f5672de28e8c1d1398e71b6278649dd9774c42f0f764f50292e5be1080c02", kill_on_drop: false }`
[INFO] running `Command { std: "docker" "inspect" "374f5672de28e8c1d1398e71b6278649dd9774c42f0f764f50292e5be1080c02", kill_on_drop: false }`
[INFO] running `Command { std: "docker" "rm" "-f" "374f5672de28e8c1d1398e71b6278649dd9774c42f0f764f50292e5be1080c02", kill_on_drop: false }`
[INFO] [stdout] 374f5672de28e8c1d1398e71b6278649dd9774c42f0f764f50292e5be1080c02
[INFO] running `Command { std: "docker" "create" "-v" "/var/lib/crater-agent-workspace/builds/worker-4-tc2/target:/opt/rustwide/target:rw,Z" "-v" "/var/lib/crater-agent-workspace/builds/worker-4-tc2/source:/opt/rustwide/workdir:ro,Z" "-v" "/var/lib/crater-agent-workspace/cargo-home:/opt/rustwide/cargo-home:ro,Z" "-v" "/var/lib/crater-agent-workspace/rustup-home:/opt/rustwide/rustup-home:ro,Z" "-e" "SOURCE_DIR=/opt/rustwide/workdir" "-e" "CARGO_TARGET_DIR=/opt/rustwide/target" "-e" "CARGO_INCREMENTAL=0" "-e" "RUST_BACKTRACE=full" "-e" "RUSTFLAGS=--cap-lints=warn" "-e" "RUSTDOCFLAGS=--cap-lints=warn" "-e" "CARGO_HOME=/opt/rustwide/cargo-home" "-e" "RUSTUP_HOME=/opt/rustwide/rustup-home" "-w" "/opt/rustwide/workdir" "-m" "1610612736" "--user" "0:0" "--network" "none" "ghcr.io/rust-lang/crates-build-env/linux@sha256:5ff2268d62e97bff2cde7d5815dd6ed5b47097566f13b8d0ca110b04b60e07ed" "/opt/rustwide/cargo-home/bin/cargo" "+beta-2023-04-20" "build" "--frozen" "--message-format=json", kill_on_drop: false }`
[INFO] [stdout] 0351693057ea44e06485a1c90dac0d43c9ddb85e8a6ce10a02c012ee95956e1d
[INFO] running `Command { std: "docker" "start" "-a" "0351693057ea44e06485a1c90dac0d43c9ddb85e8a6ce10a02c012ee95956e1d", kill_on_drop: false }`
[INFO] [stderr]    Compiling proc-macro2 v1.0.47
[INFO] [stderr]    Compiling unicode-ident v1.0.5
[INFO] [stderr]    Compiling quote v1.0.21
[INFO] [stderr]    Compiling cc v1.0.77
[INFO] [stderr]    Compiling syn v1.0.105
[INFO] [stderr]    Compiling libc v0.2.138
[INFO] [stderr]    Compiling serde_derive v1.0.149
[INFO] [stderr]    Compiling untrusted v0.7.1
[INFO] [stderr]    Compiling spin v0.5.2
[INFO] [stderr]    Compiling once_cell v1.16.0
[INFO] [stderr]    Compiling serde v1.0.149
[INFO] [stderr]    Compiling tinyvec_macros v0.1.0
[INFO] [stderr]    Compiling crc32fast v1.3.2
[INFO] [stderr]    Compiling tinyvec v1.6.0
[INFO] [stderr]    Compiling num-traits v0.2.15
[INFO] [stderr]    Compiling unicode-bidi v0.3.8
[INFO] [stderr]    Compiling percent-encoding v2.2.0
[INFO] [stderr]    Compiling rustls v0.20.7
[INFO] [stderr]    Compiling adler v1.0.2
[INFO] [stderr]    Compiling serde_json v1.0.89
[INFO] [stderr]    Compiling miniz_oxide v0.6.2
[INFO] [stderr]    Compiling ring v0.16.20
[INFO] [stderr]    Compiling form_urlencoded v1.1.0
[INFO] [stderr]    Compiling itoa v1.0.4
[INFO] [stderr]    Compiling ryu v1.0.11
[INFO] [stderr]    Compiling unicode-normalization v0.1.22
[INFO] [stderr]    Compiling rust_decimal v1.27.0
[INFO] [stderr]    Compiling flate2 v1.0.25
[INFO] [stderr]    Compiling arrayvec v0.7.2
[INFO] [stderr]    Compiling idna v0.3.0
[INFO] [stderr]    Compiling chunked_transfer v1.4.0
[INFO] [stderr]    Compiling time-core v0.1.0
[INFO] [stderr]    Compiling base64 v0.13.1
[INFO] [stderr]    Compiling url v2.3.1
[INFO] [stderr]    Compiling webpki v0.22.0
[INFO] [stderr]    Compiling sct v0.7.0
[INFO] [stderr]    Compiling webpki-roots v0.22.5
[INFO] [stderr]    Compiling time v0.3.17
[INFO] [stderr]    Compiling ureq v2.5.0
[INFO] [stderr]    Compiling fugle v0.3.8 (/opt/rustwide/workdir)
[INFO] [stdout] error[E0433]: failed to resolve: use of undeclared crate or module `serde_json`
[INFO] [stdout]   --> src/errors.rs:75:15
[INFO] [stdout]    |
[INFO] [stdout] 75 |     SerdeJson(serde_json::Error),
[INFO] [stdout]    |               ^^^^^^^^^^ use of undeclared crate or module `serde_json`
[INFO] [stdout] 
[INFO] [stdout] 
[INFO] [stdout] error[E0433]: failed to resolve: use of undeclared crate or module `serde_json`
[INFO] [stdout]    --> src/errors.rs:181:11
[INFO] [stdout]     |
[INFO] [stdout] 181 | impl From<serde_json::Error> for FugleError {
[INFO] [stdout]     |           ^^^^^^^^^^ use of undeclared crate or module `serde_json`
[INFO] [stdout] 
[INFO] [stdout] 
[INFO] [stdout] error[E0433]: failed to resolve: use of undeclared crate or module `serde_json`
[INFO] [stdout]    --> src/errors.rs:183:18
[INFO] [stdout]     |
[INFO] [stdout] 183 |     fn from(err: serde_json::Error) -> FugleError {
[INFO] [stdout]     |                  ^^^^^^^^^^ use of undeclared crate or module `serde_json`
[INFO] [stdout] 
[INFO] [stdout] 
[INFO] [stdout] error[E0412]: cannot find type `Client` in this scope
[INFO] [stdout]    --> src/http/mod.rs:156:13
[INFO] [stdout]     |
[INFO] [stdout] 156 |     client: Client,
[INFO] [stdout]     |             ^^^^^^ not found in this scope
[INFO] [stdout] 
[INFO] [stdout] 
[INFO] [stdout] error[E0599]: no variant or associated item named `Reqwest` found for enum `FugleError` in the current scope
[INFO] [stdout]    --> src/http/mod.rs:181:39
[INFO] [stdout]     |
[INFO] [stdout] 181 |             Err(e) => Err(FugleError::Reqwest(e)),
[INFO] [stdout]     |                                       ^^^^^^^ variant or associated item not found in `FugleError`
[INFO] [stdout]     |
[INFO] [stdout]    ::: src/errors.rs:71:1
[INFO] [stdout]     |
[INFO] [stdout] 71  | pub enum FugleError {
[INFO] [stdout]     | ------------------- variant or associated item `Reqwest` not found for this enum
[INFO] [stdout] 
[INFO] [stdout] 
[INFO] [stdout] error: aborting due to 5 previous errors
[INFO] [stdout] 
[INFO] [stdout] 
[INFO] [stdout] Some errors have detailed explanations: E0412, E0433, E0599.
[INFO] [stdout] 
[INFO] [stdout] For more information about an error, try `rustc --explain E0412`.
[INFO] [stdout] 
[INFO] [stderr] error: could not compile `fugle` (lib) due to 6 previous errors
[INFO] running `Command { std: "docker" "inspect" "0351693057ea44e06485a1c90dac0d43c9ddb85e8a6ce10a02c012ee95956e1d", kill_on_drop: false }`
[INFO] running `Command { std: "docker" "rm" "-f" "0351693057ea44e06485a1c90dac0d43c9ddb85e8a6ce10a02c012ee95956e1d", kill_on_drop: false }`
[INFO] [stdout] 0351693057ea44e06485a1c90dac0d43c9ddb85e8a6ce10a02c012ee95956e1d
