[INFO] fetching crate fuel-types 0.31.0...
[INFO] testing fuel-types-0.31.0 against 1.69.0 for beta-1.70-1
[INFO] extracting crate fuel-types 0.31.0 into /workspace/builds/worker-7-tc1/source
[INFO] validating manifest of crates.io crate fuel-types 0.31.0 on toolchain 1.69.0
[INFO] running `Command { std: CARGO_HOME="/workspace/cargo-home" RUSTUP_HOME="/workspace/rustup-home" "/workspace/cargo-home/bin/cargo" "+1.69.0" "metadata" "--manifest-path" "Cargo.toml" "--no-deps", kill_on_drop: false }`
[INFO] started tweaking crates.io crate fuel-types 0.31.0
[INFO] finished tweaking crates.io crate fuel-types 0.31.0
[INFO] tweaked toml for crates.io crate fuel-types 0.31.0 written to /workspace/builds/worker-7-tc1/source/Cargo.toml
[INFO] running `Command { std: CARGO_HOME="/workspace/cargo-home" RUSTUP_HOME="/workspace/rustup-home" __CARGO_TEST_CHANNEL_OVERRIDE_DO_NOT_USE_THIS="nightly" "/workspace/cargo-home/bin/cargo" "+1.69.0" "generate-lockfile" "--manifest-path" "Cargo.toml" "-Zno-index-update", kill_on_drop: false }`
[INFO] running `Command { std: CARGO_HOME="/workspace/cargo-home" RUSTUP_HOME="/workspace/rustup-home" "/workspace/cargo-home/bin/cargo" "+1.69.0" "fetch" "--manifest-path" "Cargo.toml", kill_on_drop: false }`
[INFO] running `Command { std: "docker" "create" "-v" "/var/lib/crater-agent-workspace/builds/worker-7-tc1/target:/opt/rustwide/target:rw,Z" "-v" "/var/lib/crater-agent-workspace/builds/worker-7-tc1/source:/opt/rustwide/workdir:ro,Z" "-v" "/var/lib/crater-agent-workspace/cargo-home:/opt/rustwide/cargo-home:ro,Z" "-v" "/var/lib/crater-agent-workspace/rustup-home:/opt/rustwide/rustup-home:ro,Z" "-e" "SOURCE_DIR=/opt/rustwide/workdir" "-e" "CARGO_TARGET_DIR=/opt/rustwide/target" "-e" "CARGO_HOME=/opt/rustwide/cargo-home" "-e" "RUSTUP_HOME=/opt/rustwide/rustup-home" "-w" "/opt/rustwide/workdir" "-m" "1610612736" "--user" "0:0" "--network" "none" "ghcr.io/rust-lang/crates-build-env/linux@sha256:5ff2268d62e97bff2cde7d5815dd6ed5b47097566f13b8d0ca110b04b60e07ed" "/opt/rustwide/cargo-home/bin/cargo" "+1.69.0" "metadata" "--no-deps" "--format-version=1", kill_on_drop: false }`
[INFO] [stdout] a7ff0024006f59de0f146856cb821e7e36e36fa81f0115c876d7e83938bd7679
[INFO] running `Command { std: "docker" "start" "-a" "a7ff0024006f59de0f146856cb821e7e36e36fa81f0115c876d7e83938bd7679", kill_on_drop: false }`
[INFO] running `Command { std: "docker" "inspect" "a7ff0024006f59de0f146856cb821e7e36e36fa81f0115c876d7e83938bd7679", kill_on_drop: false }`
[INFO] running `Command { std: "docker" "rm" "-f" "a7ff0024006f59de0f146856cb821e7e36e36fa81f0115c876d7e83938bd7679", kill_on_drop: false }`
[INFO] [stdout] a7ff0024006f59de0f146856cb821e7e36e36fa81f0115c876d7e83938bd7679
[INFO] running `Command { std: "docker" "create" "-v" "/var/lib/crater-agent-workspace/builds/worker-7-tc1/target:/opt/rustwide/target:rw,Z" "-v" "/var/lib/crater-agent-workspace/builds/worker-7-tc1/source:/opt/rustwide/workdir:ro,Z" "-v" "/var/lib/crater-agent-workspace/cargo-home:/opt/rustwide/cargo-home:ro,Z" "-v" "/var/lib/crater-agent-workspace/rustup-home:/opt/rustwide/rustup-home:ro,Z" "-e" "SOURCE_DIR=/opt/rustwide/workdir" "-e" "CARGO_TARGET_DIR=/opt/rustwide/target" "-e" "CARGO_INCREMENTAL=0" "-e" "RUST_BACKTRACE=full" "-e" "RUSTFLAGS=--cap-lints=warn" "-e" "RUSTDOCFLAGS=--cap-lints=warn" "-e" "CARGO_HOME=/opt/rustwide/cargo-home" "-e" "RUSTUP_HOME=/opt/rustwide/rustup-home" "-w" "/opt/rustwide/workdir" "-m" "1610612736" "--user" "0:0" "--network" "none" "ghcr.io/rust-lang/crates-build-env/linux@sha256:5ff2268d62e97bff2cde7d5815dd6ed5b47097566f13b8d0ca110b04b60e07ed" "/opt/rustwide/cargo-home/bin/cargo" "+1.69.0" "build" "--frozen" "--message-format=json", kill_on_drop: false }`
[INFO] [stdout] b858cfd2fe5e7fe9dec48f09bdcd5db0f8f901c46e78e2ba0b8b1f1c52e2ee7a
[INFO] running `Command { std: "docker" "start" "-a" "b858cfd2fe5e7fe9dec48f09bdcd5db0f8f901c46e78e2ba0b8b1f1c52e2ee7a", kill_on_drop: false }`
[INFO] [stderr]    Compiling hex v0.4.3
[INFO] [stderr]    Compiling fuel-types v0.31.0 (/opt/rustwide/workdir)
[INFO] [stderr]     Finished dev [unoptimized + debuginfo] target(s) in 1.55s
[INFO] running `Command { std: "docker" "inspect" "b858cfd2fe5e7fe9dec48f09bdcd5db0f8f901c46e78e2ba0b8b1f1c52e2ee7a", kill_on_drop: false }`
[INFO] running `Command { std: "docker" "rm" "-f" "b858cfd2fe5e7fe9dec48f09bdcd5db0f8f901c46e78e2ba0b8b1f1c52e2ee7a", kill_on_drop: false }`
[INFO] [stdout] b858cfd2fe5e7fe9dec48f09bdcd5db0f8f901c46e78e2ba0b8b1f1c52e2ee7a
[INFO] running `Command { std: "docker" "create" "-v" "/var/lib/crater-agent-workspace/builds/worker-7-tc1/target:/opt/rustwide/target:rw,Z" "-v" "/var/lib/crater-agent-workspace/builds/worker-7-tc1/source:/opt/rustwide/workdir:ro,Z" "-v" "/var/lib/crater-agent-workspace/cargo-home:/opt/rustwide/cargo-home:ro,Z" "-v" "/var/lib/crater-agent-workspace/rustup-home:/opt/rustwide/rustup-home:ro,Z" "-e" "SOURCE_DIR=/opt/rustwide/workdir" "-e" "CARGO_TARGET_DIR=/opt/rustwide/target" "-e" "CARGO_INCREMENTAL=0" "-e" "RUST_BACKTRACE=full" "-e" "RUSTFLAGS=--cap-lints=warn" "-e" "RUSTDOCFLAGS=--cap-lints=warn" "-e" "CARGO_HOME=/opt/rustwide/cargo-home" "-e" "RUSTUP_HOME=/opt/rustwide/rustup-home" "-w" "/opt/rustwide/workdir" "-m" "1610612736" "--user" "0:0" "--network" "none" "ghcr.io/rust-lang/crates-build-env/linux@sha256:5ff2268d62e97bff2cde7d5815dd6ed5b47097566f13b8d0ca110b04b60e07ed" "/opt/rustwide/cargo-home/bin/cargo" "+1.69.0" "test" "--frozen" "--no-run" "--message-format=json", kill_on_drop: false }`
[INFO] [stdout] b0683b626933b1ff27e85abf180162fb777b5032b63264ab300606d281e7ba49
[INFO] running `Command { std: "docker" "start" "-a" "b0683b626933b1ff27e85abf180162fb777b5032b63264ab300606d281e7ba49", kill_on_drop: false }`
[INFO] [stderr]    Compiling autocfg v1.1.0
[INFO] [stderr]    Compiling proc-macro2 v1.0.56
[INFO] [stderr]    Compiling unicode-ident v1.0.8
[INFO] [stderr]    Compiling quote v1.0.26
[INFO] [stderr]    Compiling crossbeam-utils v0.8.15
[INFO] [stderr]    Compiling serde_derive v1.0.160
[INFO] [stderr]    Compiling serde v1.0.160
[INFO] [stderr]    Compiling libc v0.2.142
[INFO] [stderr]    Compiling cfg-if v1.0.0
[INFO] [stderr]    Compiling scopeguard v1.1.0
[INFO] [stderr]    Compiling either v1.8.1
[INFO] [stderr]    Compiling serde_json v1.0.96
[INFO] [stderr]    Compiling rayon-core v1.11.0
[INFO] [stderr]    Compiling half v1.8.2
[INFO] [stderr]    Compiling os_str_bytes v6.5.0
[INFO] [stderr]    Compiling ryu v1.0.13
[INFO] [stderr]    Compiling itoa v1.0.6
[INFO] [stderr]    Compiling hashbrown v0.12.3
[INFO] [stderr]    Compiling ciborium-io v0.2.0
[INFO] [stderr]    Compiling plotters-backend v0.3.4
[INFO] [stderr]    Compiling itertools v0.10.5
[INFO] [stderr]    Compiling ciborium-ll v0.2.0
[INFO] [stderr]    Compiling clap_lex v0.2.4
[INFO] [stderr]    Compiling bitflags v1.3.2
[INFO] [stderr]    Compiling ppv-lite86 v0.2.17
[INFO] [stderr]    Compiling same-file v1.0.6
[INFO] [stderr]    Compiling textwrap v0.16.0
[INFO] [stderr]    Compiling regex-syntax v0.7.1
[INFO] [stderr]    Compiling cast v0.3.0
[INFO] [stderr]    Compiling rand_core v0.6.4
[INFO] [stderr]    Compiling memoffset v0.8.0
[INFO] [stderr]    Compiling crossbeam-epoch v0.9.14
[INFO] [stderr]    Compiling indexmap v1.9.3
[INFO] [stderr]    Compiling num-traits v0.2.15
[INFO] [stderr]    Compiling plotters-svg v0.3.3
[INFO] [stderr]    Compiling walkdir v2.3.3
[INFO] [stderr]    Compiling anes v0.1.6
[INFO] [stderr]    Compiling lazy_static v1.4.0
[INFO] [stderr]    Compiling rand_chacha v0.3.1
[INFO] [stderr]    Compiling crossbeam-channel v0.5.8
[INFO] [stderr]    Compiling oorandom v11.1.3
[INFO] [stderr]    Compiling syn v2.0.15
[INFO] [stderr]    Compiling rand v0.8.5
[INFO] [stderr]    Compiling num_cpus v1.15.0
[INFO] [stderr]    Compiling atty v0.2.14
[INFO] [stderr]    Compiling clap v3.2.25
[INFO] [stderr]    Compiling crossbeam-deque v0.8.3
[INFO] [stderr]    Compiling regex v1.8.1
[INFO] [stderr]    Compiling criterion-plot v0.5.0
[INFO] [stderr]    Compiling plotters v0.3.4
[INFO] [stderr]    Compiling rayon v1.7.0
[INFO] [stderr]    Compiling ciborium v0.2.0
[INFO] [stderr]    Compiling bincode v1.3.3
[INFO] [stderr]    Compiling tinytemplate v1.2.1
[INFO] [stderr]    Compiling criterion v0.4.0
[INFO] [stderr]    Compiling fuel-types v0.31.0 (/opt/rustwide/workdir)
[INFO] [stdout] error[E0432]: unresolved import `fuel_types`
[INFO] [stdout]  --> src/tests/types.rs:1:5
[INFO] [stdout]   |
[INFO] [stdout] 1 | use fuel_types::*;
[INFO] [stdout]   |     ^^^^^^^^^^ use of undeclared crate or module `fuel_types`
[INFO] [stdout] 
[INFO] [stdout] 
[INFO] [stdout] error[E0433]: failed to resolve: use of undeclared crate or module `fuel_types`
[INFO] [stdout]  --> src/tests/bytes.rs:1:5
[INFO] [stdout]   |
[INFO] [stdout] 1 | use fuel_types::bytes::{self, WORD_SIZE};
[INFO] [stdout]   |     ^^^^^^^^^^ use of undeclared crate or module `fuel_types`
[INFO] [stdout] 
[INFO] [stdout] 
[INFO] [stdout] error[E0432]: unresolved import `fuel_types`
[INFO] [stdout]  --> src/tests/bytes.rs:1:5
[INFO] [stdout]   |
[INFO] [stdout] 1 | use fuel_types::bytes::{self, WORD_SIZE};
[INFO] [stdout]   |     ^^^^^^^^^^ use of undeclared crate or module `fuel_types`
[INFO] [stdout] 
[INFO] [stdout] 
[INFO] [stdout] error[E0432]: unresolved import `fuel_types`
[INFO] [stdout]  --> src/tests/bytes.rs:2:5
[INFO] [stdout]   |
[INFO] [stdout] 2 | use fuel_types::{mem_layout, MemLayout, MemLoc, MemLocType, Word};
[INFO] [stdout]   |     ^^^^^^^^^^ use of undeclared crate or module `fuel_types`
[INFO] [stdout] 
[INFO] [stdout] 
[INFO] [stdout] error: cannot determine resolution for the macro `mem_layout`
[INFO] [stdout]    --> src/tests/bytes.rs:139:1
[INFO] [stdout]     |
[INFO] [stdout] 139 | mem_layout!(SomeTypeLayout for SomeType
[INFO] [stdout]     | ^^^^^^^^^^
[INFO] [stdout]     |
[INFO] [stdout]     = note: import resolution is stuck, try simplifying macro imports
[INFO] [stdout] 
[INFO] [stdout] 
[INFO] [stdout] error[E0433]: failed to resolve: use of undeclared type `Address`
[INFO] [stdout]   --> src/tests/types.rs:43:28
[INFO] [stdout]    |
[INFO] [stdout] 43 |         check_consistency!(Address, rng, bytes);
[INFO] [stdout]    |                            ^^^^^^^ use of undeclared type `Address`
[INFO] [stdout] 
[INFO] [stdout] 
[INFO] [stdout] error[E0433]: failed to resolve: use of undeclared type `AssetId`
[INFO] [stdout]   --> src/tests/types.rs:44:28
[INFO] [stdout]    |
[INFO] [stdout] 44 |         check_consistency!(AssetId, rng, bytes);
[INFO] [stdout]    |                            ^^^^^^^ use of undeclared type `AssetId`
[INFO] [stdout] 
[INFO] [stdout] 
[INFO] [stdout] error[E0433]: failed to resolve: use of undeclared type `ContractId`
[INFO] [stdout]   --> src/tests/types.rs:45:28
[INFO] [stdout]    |
[INFO] [stdout] 45 |         check_consistency!(ContractId, rng, bytes);
[INFO] [stdout]    |                            ^^^^^^^^^^ use of undeclared type `ContractId`
[INFO] [stdout] 
[INFO] [stdout] 
[INFO] [stdout] error[E0433]: failed to resolve: use of undeclared type `Bytes4`
[INFO] [stdout]   --> src/tests/types.rs:46:28
[INFO] [stdout]    |
[INFO] [stdout] 46 |         check_consistency!(Bytes4, rng, bytes);
[INFO] [stdout]    |                            ^^^^^^ use of undeclared type `Bytes4`
[INFO] [stdout] 
[INFO] [stdout] 
[INFO] [stdout] error[E0433]: failed to resolve: use of undeclared type `Bytes8`
[INFO] [stdout]   --> src/tests/types.rs:47:28
[INFO] [stdout]    |
[INFO] [stdout] 47 |         check_consistency!(Bytes8, rng, bytes);
[INFO] [stdout]    |                            ^^^^^^ use of undeclared type `Bytes8`
[INFO] [stdout] 
[INFO] [stdout] 
[INFO] [stdout] error[E0433]: failed to resolve: use of undeclared type `Bytes20`
[INFO] [stdout]   --> src/tests/types.rs:48:28
[INFO] [stdout]    |
[INFO] [stdout] 48 |         check_consistency!(Bytes20, rng, bytes);
[INFO] [stdout]    |                            ^^^^^^^ use of undeclared type `Bytes20`
[INFO] [stdout] 
[INFO] [stdout] 
[INFO] [stdout] error[E0433]: failed to resolve: use of undeclared type `Bytes32`
[INFO] [stdout]   --> src/tests/types.rs:49:28
[INFO] [stdout]    |
[INFO] [stdout] 49 |         check_consistency!(Bytes32, rng, bytes);
[INFO] [stdout]    |                            ^^^^^^^ use of undeclared type `Bytes32`
[INFO] [stdout] 
[INFO] [stdout] 
[INFO] [stdout] error[E0433]: failed to resolve: use of undeclared type `Nonce`
[INFO] [stdout]   --> src/tests/types.rs:50:28
[INFO] [stdout]    |
[INFO] [stdout] 50 |         check_consistency!(Nonce, rng, bytes);
[INFO] [stdout]    |                            ^^^^^ use of undeclared type `Nonce`
[INFO] [stdout] 
[INFO] [stdout] 
[INFO] [stdout] error[E0433]: failed to resolve: use of undeclared type `MessageId`
[INFO] [stdout]   --> src/tests/types.rs:51:28
[INFO] [stdout]    |
[INFO] [stdout] 51 |         check_consistency!(MessageId, rng, bytes);
[INFO] [stdout]    |                            ^^^^^^^^^ use of undeclared type `MessageId`
[INFO] [stdout] 
[INFO] [stdout] 
[INFO] [stdout] error[E0433]: failed to resolve: use of undeclared type `Salt`
[INFO] [stdout]   --> src/tests/types.rs:52:28
[INFO] [stdout]    |
[INFO] [stdout] 52 |         check_consistency!(Salt, rng, bytes);
[INFO] [stdout]    |                            ^^^^ use of undeclared type `Salt`
[INFO] [stdout] 
[INFO] [stdout] 
[INFO] [stdout] error[E0433]: failed to resolve: use of undeclared type `Bytes64`
[INFO] [stdout]   --> src/tests/types.rs:53:28
[INFO] [stdout]    |
[INFO] [stdout] 53 |         check_consistency!(Bytes64, rng, bytes);
[INFO] [stdout]    |                            ^^^^^^^ use of undeclared type `Bytes64`
[INFO] [stdout] 
[INFO] [stdout] 
[INFO] [stdout] error[E0433]: failed to resolve: use of undeclared type `Address`
[INFO] [stdout]   --> src/tests/types.rs:43:28
[INFO] [stdout]    |
[INFO] [stdout] 43 |         check_consistency!(Address, rng, bytes);
[INFO] [stdout]    |                            ^^^^^^^ use of undeclared type `Address`
[INFO] [stdout]    |
[INFO] [stdout] help: consider importing this struct
[INFO] [stdout]    |
[INFO] [stdout] 1  | use crate::Address;
[INFO] [stdout]    |
[INFO] [stdout] 
[INFO] [stdout] 
[INFO] [stdout] error[E0433]: failed to resolve: use of undeclared type `AssetId`
[INFO] [stdout]   --> src/tests/types.rs:44:28
[INFO] [stdout]    |
[INFO] [stdout] 44 |         check_consistency!(AssetId, rng, bytes);
[INFO] [stdout]    |                            ^^^^^^^ use of undeclared type `AssetId`
[INFO] [stdout]    |
[INFO] [stdout] help: consider importing this struct
[INFO] [stdout]    |
[INFO] [stdout] 1  | use crate::AssetId;
[INFO] [stdout]    |
[INFO] [stdout] 
[INFO] [stdout] 
[INFO] [stdout] error[E0433]: failed to resolve: use of undeclared type `ContractId`
[INFO] [stdout]   --> src/tests/types.rs:45:28
[INFO] [stdout]    |
[INFO] [stdout] 45 |         check_consistency!(ContractId, rng, bytes);
[INFO] [stdout]    |                            ^^^^^^^^^^ use of undeclared type `ContractId`
[INFO] [stdout]    |
[INFO] [stdout] help: consider importing this struct
[INFO] [stdout]    |
[INFO] [stdout] 1  | use crate::ContractId;
[INFO] [stdout]    |
[INFO] [stdout] 
[INFO] [stdout] 
[INFO] [stdout] error[E0433]: failed to resolve: use of undeclared type `Bytes4`
[INFO] [stdout]   --> src/tests/types.rs:46:28
[INFO] [stdout]    |
[INFO] [stdout] 46 |         check_consistency!(Bytes4, rng, bytes);
[INFO] [stdout]    |                            ^^^^^^ use of undeclared type `Bytes4`
[INFO] [stdout]    |
[INFO] [stdout] help: consider importing this struct
[INFO] [stdout]    |
[INFO] [stdout] 1  | use crate::Bytes4;
[INFO] [stdout]    |
[INFO] [stdout] 
[INFO] [stdout] 
[INFO] [stdout] error[E0433]: failed to resolve: use of undeclared type `Bytes8`
[INFO] [stdout]   --> src/tests/types.rs:47:28
[INFO] [stdout]    |
[INFO] [stdout] 47 |         check_consistency!(Bytes8, rng, bytes);
[INFO] [stdout]    |                            ^^^^^^ use of undeclared type `Bytes8`
[INFO] [stdout]    |
[INFO] [stdout] help: consider importing this struct
[INFO] [stdout]    |
[INFO] [stdout] 1  | use crate::Bytes8;
[INFO] [stdout]    |
[INFO] [stdout] 
[INFO] [stdout] 
[INFO] [stdout] error[E0433]: failed to resolve: use of undeclared type `Bytes20`
[INFO] [stdout]   --> src/tests/types.rs:48:28
[INFO] [stdout]    |
[INFO] [stdout] 48 |         check_consistency!(Bytes20, rng, bytes);
[INFO] [stdout]    |                            ^^^^^^^ use of undeclared type `Bytes20`
[INFO] [stdout]    |
[INFO] [stdout] help: consider importing this struct
[INFO] [stdout]    |
[INFO] [stdout] 1  | use crate::Bytes20;
[INFO] [stdout]    |
[INFO] [stdout] 
[INFO] [stdout] 
[INFO] [stdout] error[E0433]: failed to resolve: use of undeclared type `Bytes32`
[INFO] [stdout]   --> src/tests/types.rs:49:28
[INFO] [stdout]    |
[INFO] [stdout] 49 |         check_consistency!(Bytes32, rng, bytes);
[INFO] [stdout]    |                            ^^^^^^^ use of undeclared type `Bytes32`
[INFO] [stdout]    |
[INFO] [stdout] help: consider importing this struct
[INFO] [stdout]    |
[INFO] [stdout] 1  | use crate::Bytes32;
[INFO] [stdout]    |
[INFO] [stdout] 
[INFO] [stdout] 
[INFO] [stdout] error[E0433]: failed to resolve: use of undeclared type `Nonce`
[INFO] [stdout]   --> src/tests/types.rs:50:28
[INFO] [stdout]    |
[INFO] [stdout] 50 |         check_consistency!(Nonce, rng, bytes);
[INFO] [stdout]    |                            ^^^^^ use of undeclared type `Nonce`
[INFO] [stdout]    |
[INFO] [stdout] help: consider importing this struct
[INFO] [stdout]    |
[INFO] [stdout] 1  | use crate::Nonce;
[INFO] [stdout]    |
[INFO] [stdout] 
[INFO] [stdout] 
[INFO] [stdout] error[E0433]: failed to resolve: use of undeclared type `MessageId`
[INFO] [stdout]   --> src/tests/types.rs:51:28
[INFO] [stdout]    |
[INFO] [stdout] 51 |         check_consistency!(MessageId, rng, bytes);
[INFO] [stdout]    |                            ^^^^^^^^^ use of undeclared type `MessageId`
[INFO] [stdout]    |
[INFO] [stdout] help: consider importing this struct
[INFO] [stdout]    |
[INFO] [stdout] 1  | use crate::MessageId;
[INFO] [stdout]    |
[INFO] [stdout] 
[INFO] [stdout] 
[INFO] [stdout] error[E0433]: failed to resolve: use of undeclared type `Salt`
[INFO] [stdout]   --> src/tests/types.rs:52:28
[INFO] [stdout]    |
[INFO] [stdout] 52 |         check_consistency!(Salt, rng, bytes);
[INFO] [stdout]    |                            ^^^^ use of undeclared type `Salt`
[INFO] [stdout]    |
[INFO] [stdout] help: consider importing this struct
[INFO] [stdout]    |
[INFO] [stdout] 1  | use crate::Salt;
[INFO] [stdout]    |
[INFO] [stdout] 
[INFO] [stdout] 
[INFO] [stdout] error[E0433]: failed to resolve: use of undeclared type `Bytes64`
[INFO] [stdout]   --> src/tests/types.rs:53:28
[INFO] [stdout]    |
[INFO] [stdout] 53 |         check_consistency!(Bytes64, rng, bytes);
[INFO] [stdout]    |                            ^^^^^^^ use of undeclared type `Bytes64`
[INFO] [stdout]    |
[INFO] [stdout] help: consider importing this struct
[INFO] [stdout]    |
[INFO] [stdout] 1  | use crate::Bytes64;
[INFO] [stdout]    |
[INFO] [stdout] 
[INFO] [stdout] 
[INFO] [stdout] error[E0412]: cannot find type `Address` in this scope
[INFO] [stdout]    --> src/tests/types.rs:113:21
[INFO] [stdout]     |
[INFO] [stdout] 113 |     encode_decode::<Address>(rng.gen());
[INFO] [stdout]     |                     ^^^^^^^ not found in this scope
[INFO] [stdout]     |
[INFO] [stdout] help: consider importing this struct
[INFO] [stdout]     |
[INFO] [stdout] 1   | use crate::Address;
[INFO] [stdout]     |
[INFO] [stdout] 
[INFO] [stdout] 
[INFO] [stdout] error[E0412]: cannot find type `AssetId` in this scope
[INFO] [stdout]    --> src/tests/types.rs:114:21
[INFO] [stdout]     |
[INFO] [stdout] 114 |     encode_decode::<AssetId>(rng.gen());
[INFO] [stdout]     |                     ^^^^^^^ not found in this scope
[INFO] [stdout]     |
[INFO] [stdout] help: consider importing this struct
[INFO] [stdout]     |
[INFO] [stdout] 1   | use crate::AssetId;
[INFO] [stdout]     |
[INFO] [stdout] 
[INFO] [stdout] 
[INFO] [stdout] error[E0412]: cannot find type `ContractId` in this scope
[INFO] [stdout]    --> src/tests/types.rs:115:21
[INFO] [stdout]     |
[INFO] [stdout] 115 |     encode_decode::<ContractId>(rng.gen());
[INFO] [stdout]     |                     ^^^^^^^^^^ not found in this scope
[INFO] [stdout]     |
[INFO] [stdout] help: consider importing this struct
[INFO] [stdout]     |
[INFO] [stdout] 1   | use crate::ContractId;
[INFO] [stdout]     |
[INFO] [stdout] 
[INFO] [stdout] 
[INFO] [stdout] error[E0412]: cannot find type `Bytes4` in this scope
[INFO] [stdout]    --> src/tests/types.rs:116:21
[INFO] [stdout]     |
[INFO] [stdout] 116 |     encode_decode::<Bytes4>(rng.gen());
[INFO] [stdout]     |                     ^^^^^^ not found in this scope
[INFO] [stdout]     |
[INFO] [stdout] help: consider importing this struct
[INFO] [stdout]     |
[INFO] [stdout] 1   | use crate::Bytes4;
[INFO] [stdout]     |
[INFO] [stdout] 
[INFO] [stdout] 
[INFO] [stdout] error[E0412]: cannot find type `Bytes8` in this scope
[INFO] [stdout]    --> src/tests/types.rs:117:21
[INFO] [stdout]     |
[INFO] [stdout] 117 |     encode_decode::<Bytes8>(rng.gen());
[INFO] [stdout]     |                     ^^^^^^ not found in this scope
[INFO] [stdout]     |
[INFO] [stdout] help: consider importing this struct
[INFO] [stdout]     |
[INFO] [stdout] 1   | use crate::Bytes8;
[INFO] [stdout]     |
[INFO] [stdout] 
[INFO] [stdout] 
[INFO] [stdout] error[E0412]: cannot find type `Bytes20` in this scope
[INFO] [stdout]    --> src/tests/types.rs:118:21
[INFO] [stdout]     |
[INFO] [stdout] 118 |     encode_decode::<Bytes20>(rng.gen());
[INFO] [stdout]     |                     ^^^^^^^ not found in this scope
[INFO] [stdout]     |
[INFO] [stdout] help: consider importing this struct
[INFO] [stdout]     |
[INFO] [stdout] 1   | use crate::Bytes20;
[INFO] [stdout]     |
[INFO] [stdout] 
[INFO] [stdout] 
[INFO] [stdout] error[E0412]: cannot find type `Bytes32` in this scope
[INFO] [stdout]    --> src/tests/types.rs:119:21
[INFO] [stdout]     |
[INFO] [stdout] 119 |     encode_decode::<Bytes32>(rng.gen());
[INFO] [stdout]     |                     ^^^^^^^ not found in this scope
[INFO] [stdout]     |
[INFO] [stdout] help: consider importing this struct
[INFO] [stdout]     |
[INFO] [stdout] 1   | use crate::Bytes32;
[INFO] [stdout]     |
[INFO] [stdout] 
[INFO] [stdout] 
[INFO] [stdout] error[E0412]: cannot find type `Nonce` in this scope
[INFO] [stdout]    --> src/tests/types.rs:120:21
[INFO] [stdout]     |
[INFO] [stdout] 120 |     encode_decode::<Nonce>(rng.gen());
[INFO] [stdout]     |                     ^^^^^ not found in this scope
[INFO] [stdout]     |
[INFO] [stdout] help: consider importing this struct
[INFO] [stdout]     |
[INFO] [stdout] 1   | use crate::Nonce;
[INFO] [stdout]     |
[INFO] [stdout] 
[INFO] [stdout] 
[INFO] [stdout] error[E0412]: cannot find type `MessageId` in this scope
[INFO] [stdout]    --> src/tests/types.rs:121:21
[INFO] [stdout]     |
[INFO] [stdout] 121 |     encode_decode::<MessageId>(rng.gen());
[INFO] [stdout]     |                     ^^^^^^^^^ not found in this scope
[INFO] [stdout]     |
[INFO] [stdout] help: consider importing this struct
[INFO] [stdout]     |
[INFO] [stdout] 1   | use crate::MessageId;
[INFO] [stdout]     |
[INFO] [stdout] 
[INFO] [stdout] 
[INFO] [stdout] error[E0412]: cannot find type `Salt` in this scope
[INFO] [stdout]    --> src/tests/types.rs:122:21
[INFO] [stdout]     |
[INFO] [stdout] 122 |     encode_decode::<Salt>(rng.gen());
[INFO] [stdout]     |                     ^^^^ not found in this scope
[INFO] [stdout]     |
[INFO] [stdout] help: consider importing this struct
[INFO] [stdout]     |
[INFO] [stdout] 1   | use crate::Salt;
[INFO] [stdout]     |
[INFO] [stdout] 
[INFO] [stdout] 
[INFO] [stdout] error[E0412]: cannot find type `Bytes64` in this scope
[INFO] [stdout]    --> src/tests/types.rs:123:21
[INFO] [stdout]     |
[INFO] [stdout] 123 |     encode_decode::<Bytes64>(rng.gen());
[INFO] [stdout]     |                     ^^^^^^^ not found in this scope
[INFO] [stdout]     |
[INFO] [stdout] help: consider importing this struct
[INFO] [stdout]     |
[INFO] [stdout] 1   | use crate::Bytes64;
[INFO] [stdout]     |
[INFO] [stdout] 
[INFO] [stdout] 
[INFO] [stdout] warning: external crate `bincode` unused in `fuel_types`: remove the dependency or add `use bincode as _;`
[INFO] [stdout]   |
[INFO] [stdout] note: the lint level is defined here
[INFO] [stdout]  --> src/lib.rs:6:9
[INFO] [stdout]   |
[INFO] [stdout] 6 | #![deny(unused_crate_dependencies)]
[INFO] [stdout]   |         ^^^^^^^^^^^^^^^^^^^^^^^^^
[INFO] [stdout] 
[INFO] [stdout] 
[INFO] [stdout] warning: external crate `serde_json` unused in `fuel_types`: remove the dependency or add `use serde_json as _;`
[INFO] [stdout] 
[INFO] [stdout] 
[INFO] [stdout] error: aborting due to 38 previous errors; 2 warnings emitted
[INFO] [stdout] 
[INFO] [stdout] 
[INFO] [stdout] Some errors have detailed explanations: E0412, E0432, E0433.
[INFO] [stdout] 
[INFO] [stdout] For more information about an error, try `rustc --explain E0412`.
[INFO] [stdout] 
[INFO] [stderr] error: could not compile `fuel-types` due to 39 previous errors; 2 warnings emitted
[INFO] running `Command { std: "docker" "inspect" "b0683b626933b1ff27e85abf180162fb777b5032b63264ab300606d281e7ba49", kill_on_drop: false }`
[INFO] running `Command { std: "docker" "rm" "-f" "b0683b626933b1ff27e85abf180162fb777b5032b63264ab300606d281e7ba49", kill_on_drop: false }`
[INFO] [stdout] b0683b626933b1ff27e85abf180162fb777b5032b63264ab300606d281e7ba49
