[INFO] fetching crate ft-cli 0.1.0...
[INFO] testing ft-cli-0.1.0 against beta-2023-04-20 for beta-1.70-1
[INFO] extracting crate ft-cli 0.1.0 into /workspace/builds/worker-2-tc2/source
[INFO] validating manifest of crates.io crate ft-cli 0.1.0 on toolchain beta-2023-04-20
[INFO] running `Command { std: CARGO_HOME="/workspace/cargo-home" RUSTUP_HOME="/workspace/rustup-home" "/workspace/cargo-home/bin/cargo" "+beta-2023-04-20" "metadata" "--manifest-path" "Cargo.toml" "--no-deps", kill_on_drop: false }`
[INFO] removed /workspace/builds/worker-2-tc2/source/rust-toolchain
[INFO] started tweaking crates.io crate ft-cli 0.1.0
[INFO] finished tweaking crates.io crate ft-cli 0.1.0
[INFO] tweaked toml for crates.io crate ft-cli 0.1.0 written to /workspace/builds/worker-2-tc2/source/Cargo.toml
[INFO] crate crates.io crate ft-cli 0.1.0 already has a lockfile, it will not be regenerated
[INFO] running `Command { std: CARGO_HOME="/workspace/cargo-home" RUSTUP_HOME="/workspace/rustup-home" "/workspace/cargo-home/bin/cargo" "+beta-2023-04-20" "fetch" "--manifest-path" "Cargo.toml", kill_on_drop: false }`
[INFO] [stderr]     Updating crates.io index
[INFO] [stderr]  Downloading crates ...
[INFO] [stderr]   Downloaded openssl-sys v0.9.62
[INFO] [stderr]   Downloaded h2 v0.3.3
[INFO] [stderr]   Downloaded diesel_derives v1.4.1
[INFO] [stderr]   Downloaded arc-swap v0.4.8
[INFO] [stderr]   Downloaded comrak v0.7.0
[INFO] [stderr]   Downloaded notify v4.0.17
[INFO] [stderr]   Downloaded diffy v0.2.1
[INFO] [stderr]   Downloaded sorted-json v0.1.0
[INFO] [stderr]   Downloaded futures-io v0.3.14
[INFO] [stderr]   Downloaded serde_test v1.0.126
[INFO] [stderr]   Downloaded slug v0.1.4
[INFO] [stderr]   Downloaded ft-api v0.1.0
[INFO] [stderr]   Downloaded string_cache_codegen v0.5.1
[INFO] [stderr]   Downloaded html5ever v0.25.1
[INFO] [stderr]   Downloaded fsevent v0.4.0
[INFO] [stderr]   Downloaded futures v0.3.14
[INFO] [stderr]   Downloaded walkdir v0.1.8
[INFO] [stderr]   Downloaded thread-id v3.3.0
[INFO] [stderr]   Downloaded fsevent-sys v2.0.1
[INFO] [stderr]   Downloaded headers v0.3.4
[INFO] [stderr]   Downloaded parse-zoneinfo v0.3.0
[INFO] [stderr]   Downloaded tracing v0.1.25
[INFO] [stderr]   Downloaded handlebars v3.5.5
[INFO] [stderr]   Downloaded diesel v1.4.6
[INFO] [stderr]   Downloaded css-color-parser v0.1.2
[INFO] [stderr]   Downloaded fbt-lib v0.1.8
[INFO] [stderr]   Downloaded siphasher v0.3.5
[INFO] [stderr]   Downloaded libquickjs-sys v0.9.0
[INFO] [stderr]   Downloaded chrono-tz v0.5.3
[INFO] [stderr]   Downloaded onig_sys v69.6.0
[INFO] [stderr]   Downloaded lazy_static v0.1.16
[INFO] [stderr]   Downloaded syntect v4.5.0
[INFO] [stderr]   Downloaded fifthtry-mdbook v0.4.8
[INFO] [stderr]   Downloaded encoding_rs v0.8.28
[INFO] [stderr]   Downloaded web-sys v0.3.50
[INFO] [stderr]   Downloaded tendril v0.4.2
[INFO] [stderr]   Downloaded ammonia v3.1.1
[INFO] [stderr]   Downloaded filetime v0.2.14
[INFO] [stderr]   Downloaded syn v1.0.71
[INFO] [stderr]   Downloaded copy_dir v0.1.2
[INFO] [stderr]   Downloaded observer v0.2.5
[INFO] [stderr]   Downloaded realm-client v0.1.0
[INFO] [stderr]   Downloaded wasm-bindgen-futures v0.4.23
[INFO] [stderr]   Downloaded indexmap v1.6.2
[INFO] [stderr]   Downloaded r2d2 v0.8.9
[INFO] [stderr]   Downloaded realm-lang v0.1.0
[INFO] [stderr]   Downloaded http-body v0.4.1
[INFO] [stderr]   Downloaded httparse v1.4.0
[INFO] [stderr]   Downloaded ftd v0.1.4
[INFO] [stderr]   Downloaded urlencoding v1.3.3
[INFO] [stderr]   Downloaded quick-js v0.4.1
[INFO] [stderr]   Downloaded which v4.1.0
[INFO] [stderr]   Downloaded open v1.7.0
[INFO] [stderr]   Downloaded unchecked-index v0.2.2
[INFO] [stderr]   Downloaded derive_builder_core v0.9.0
[INFO] [stderr]   Downloaded accept-language v2.0.0
[INFO] [stderr]   Downloaded markup5ever_rcdom v0.1.0
[INFO] [stderr]   Downloaded xml5ever v0.16.1
[INFO] [stderr]   Downloaded elasticlunr-rs v2.3.11
[INFO] [stderr]   Downloaded gitignore v1.0.7
[INFO] [stderr]   Downloaded input_buffer v0.3.1
[INFO] [stderr]   Downloaded tungstenite v0.11.1
[INFO] [stderr]   Downloaded tokio-tungstenite v0.11.0
[INFO] [stderr]   Downloaded katex v0.3.4
[INFO] [stderr]   Downloaded enum-iterator v0.6.0
[INFO] [stderr]   Downloaded twoway v0.2.2
[INFO] [stderr]   Downloaded log-mdc v0.1.0
[INFO] [stderr]   Downloaded darling_macro v0.9.0
[INFO] [stderr]   Downloaded darling v0.9.0
[INFO] [stderr]   Downloaded observer_attribute v0.1.8
[INFO] [stderr]   Downloaded scheduled-thread-pool v0.2.5
[INFO] [stderr]   Downloaded sqlparser v0.5.1
[INFO] [stderr]   Downloaded enum-iterator-derive v0.6.0
[INFO] [stderr]   Downloaded document_tree v0.4.0
[INFO] [stderr]   Downloaded error-chain v0.10.0
[INFO] [stderr]   Downloaded rst_renderer v0.4.0
[INFO] [stderr]   Downloaded deunicode v0.4.3
[INFO] [stderr]   Downloaded onig v6.1.1
[INFO] [stderr]   Downloaded line-wrap v0.1.1
[INFO] [stderr]   Downloaded xml-rs v0.8.3
[INFO] [stderr]   Downloaded plist v1.1.0
[INFO] [stderr]   Downloaded futures-macro v0.3.14
[INFO] [stderr]   Downloaded tokio-util v0.6.6
[INFO] [stderr]   Downloaded redox_syscall v0.2.7
[INFO] [stderr]   Downloaded reqwest v0.11.3
[INFO] [stderr]   Downloaded string_cache v0.8.1
[INFO] [stderr]   Downloaded futf v0.1.4
[INFO] [stderr]   Downloaded inotify v0.7.1
[INFO] [stderr]   Downloaded pulldown-cmark v0.7.2
[INFO] [stderr]   Downloaded shlex v1.0.0
[INFO] [stderr]   Downloaded warp v0.2.5
[INFO] [stderr]   Downloaded derive_builder v0.9.0
[INFO] [stderr]   Downloaded antidote v1.0.0
[INFO] [stderr]   Downloaded serde-value v0.6.0
[INFO] [stderr]   Downloaded unsafe-any v0.4.2
[INFO] [stderr]   Downloaded typemap v0.3.3
[INFO] [stderr]   Downloaded log4rs v0.11.0
[INFO] [stderr]   Downloaded darling_core v0.9.0
[INFO] [stderr]   Downloaded unicode-normalization v0.1.17
[INFO] [stderr]   Downloaded r2d2-diesel v1.0.0
[INFO] [stderr]   Downloaded cpufeatures v0.1.4
[INFO] [stderr]   Downloaded rst_parser v0.4.0
[INFO] [stderr]   Downloaded serde-xml-rs v0.3.1
[INFO] running `Command { std: "docker" "create" "-v" "/var/lib/crater-agent-workspace/builds/worker-2-tc2/target:/opt/rustwide/target:rw,Z" "-v" "/var/lib/crater-agent-workspace/builds/worker-2-tc2/source:/opt/rustwide/workdir:ro,Z" "-v" "/var/lib/crater-agent-workspace/cargo-home:/opt/rustwide/cargo-home:ro,Z" "-v" "/var/lib/crater-agent-workspace/rustup-home:/opt/rustwide/rustup-home:ro,Z" "-e" "SOURCE_DIR=/opt/rustwide/workdir" "-e" "CARGO_TARGET_DIR=/opt/rustwide/target" "-e" "CARGO_HOME=/opt/rustwide/cargo-home" "-e" "RUSTUP_HOME=/opt/rustwide/rustup-home" "-w" "/opt/rustwide/workdir" "-m" "1610612736" "--user" "0:0" "--network" "none" "ghcr.io/rust-lang/crates-build-env/linux@sha256:5ff2268d62e97bff2cde7d5815dd6ed5b47097566f13b8d0ca110b04b60e07ed" "/opt/rustwide/cargo-home/bin/cargo" "+beta-2023-04-20" "metadata" "--no-deps" "--format-version=1", kill_on_drop: false }`
[INFO] [stdout] 1d25e73f23877b24f2cf24d9cb2b1202c7704fcb381a561a79906dd848078735
[INFO] running `Command { std: "docker" "start" "-a" "1d25e73f23877b24f2cf24d9cb2b1202c7704fcb381a561a79906dd848078735", kill_on_drop: false }`
[INFO] running `Command { std: "docker" "inspect" "1d25e73f23877b24f2cf24d9cb2b1202c7704fcb381a561a79906dd848078735", kill_on_drop: false }`
[INFO] running `Command { std: "docker" "rm" "-f" "1d25e73f23877b24f2cf24d9cb2b1202c7704fcb381a561a79906dd848078735", kill_on_drop: false }`
[INFO] [stdout] 1d25e73f23877b24f2cf24d9cb2b1202c7704fcb381a561a79906dd848078735
[INFO] running `Command { std: "docker" "create" "-v" "/var/lib/crater-agent-workspace/builds/worker-2-tc2/target:/opt/rustwide/target:rw,Z" "-v" "/var/lib/crater-agent-workspace/builds/worker-2-tc2/source:/opt/rustwide/workdir:ro,Z" "-v" "/var/lib/crater-agent-workspace/cargo-home:/opt/rustwide/cargo-home:ro,Z" "-v" "/var/lib/crater-agent-workspace/rustup-home:/opt/rustwide/rustup-home:ro,Z" "-e" "SOURCE_DIR=/opt/rustwide/workdir" "-e" "CARGO_TARGET_DIR=/opt/rustwide/target" "-e" "CARGO_INCREMENTAL=0" "-e" "RUST_BACKTRACE=full" "-e" "RUSTFLAGS=--cap-lints=warn" "-e" "RUSTDOCFLAGS=--cap-lints=warn" "-e" "CARGO_HOME=/opt/rustwide/cargo-home" "-e" "RUSTUP_HOME=/opt/rustwide/rustup-home" "-w" "/opt/rustwide/workdir" "-m" "1610612736" "--user" "0:0" "--network" "none" "ghcr.io/rust-lang/crates-build-env/linux@sha256:5ff2268d62e97bff2cde7d5815dd6ed5b47097566f13b8d0ca110b04b60e07ed" "/opt/rustwide/cargo-home/bin/cargo" "+beta-2023-04-20" "build" "--frozen" "--message-format=json", kill_on_drop: false }`
[INFO] [stdout] 09be1c33d04e7f977cd457e6aba27db1648478bba0886ce7d0b09e9be49ceb3a
[INFO] running `Command { std: "docker" "start" "-a" "09be1c33d04e7f977cd457e6aba27db1648478bba0886ce7d0b09e9be49ceb3a", kill_on_drop: false }`
[INFO] [stderr]     Blocking waiting for file lock on package cache
[INFO] [stderr]    Compiling libc v0.2.94
[INFO] [stderr]    Compiling proc-macro2 v1.0.26
[INFO] [stderr]    Compiling serde v1.0.125
[INFO] [stderr]    Compiling syn v1.0.71
[INFO] [stderr]    Compiling log v0.4.14
[INFO] [stderr]    Compiling memchr v2.3.4
[INFO] [stderr]    Compiling cc v1.0.67
[INFO] [stderr]    Compiling itoa v0.4.7
[INFO] [stderr]    Compiling version_check v0.9.3
[INFO] [stderr]    Compiling bytes v1.0.1
[INFO] [stderr]    Compiling pin-project-lite v0.2.6
[INFO] [stderr]    Compiling ppv-lite86 v0.2.10
[INFO] [stderr]    Compiling pkg-config v0.3.19
[INFO] [stderr]    Compiling slab v0.4.3
[INFO] [stderr]    Compiling tinyvec_macros v0.1.0
[INFO] [stderr]    Compiling futures-core v0.3.14
[INFO] [stderr]    Compiling tinyvec v1.2.0
[INFO] [stderr]    Compiling num-traits v0.2.14
[INFO] [stderr]    Compiling futures-sink v0.3.14
[INFO] [stderr]    Compiling proc-macro-hack v0.5.19
[INFO] [stderr]    Compiling serde_json v1.0.64
[INFO] [stderr]    Compiling form_urlencoded v1.0.1
[INFO] [stderr]    Compiling unicode-bidi v0.3.5
[INFO] [stderr]    Compiling indexmap v1.6.2
[INFO] [stderr]    Compiling proc-macro-nested v0.1.7
[INFO] [stderr]    Compiling http v0.2.4
[INFO] [stderr]    Compiling miniz_oxide v0.4.4
[INFO] [stderr]    Compiling serde_derive v1.0.125
[INFO] [stderr]    Compiling regex-syntax v0.6.23
[INFO] [stderr]    Compiling hashbrown v0.9.1
[INFO] [stderr]    Compiling typenum v1.13.0
[INFO] [stderr]    Compiling siphasher v0.3.5
[INFO] [stderr]    Compiling quote v1.0.9
[INFO] [stderr]    Compiling aho-corasick v0.7.15
[INFO] [stderr]    Compiling unicode-normalization v0.1.17
[INFO] [stderr]    Compiling phf_shared v0.8.0
[INFO] [stderr]    Compiling getrandom v0.1.16
[INFO] [stderr]    Compiling time v0.1.43
[INFO] [stderr]    Compiling generic-array v0.14.4
[INFO] [stderr]    Compiling num-integer v0.1.44
[INFO] [stderr]    Compiling rand_core v0.5.1
[INFO] [stderr]    Compiling futures-io v0.3.14
[INFO] [stderr]    Compiling futures-task v0.3.14
[INFO] [stderr]    Compiling rand_pcg v0.2.1
[INFO] [stderr]    Compiling rand_chacha v0.2.2
[INFO] [stderr]    Compiling tracing-core v0.1.17
[INFO] [stderr]    Compiling rand v0.7.3
[INFO] [stderr]    Compiling httparse v1.4.0
[INFO] [stderr]    Compiling ident_case v1.0.1
[INFO] [stderr]    Compiling openssl-sys v0.9.62
[INFO] [stderr]    Compiling winapi-build v0.1.1
[INFO] [stderr]    Compiling smallvec v1.6.1
[INFO] [stderr]    Compiling kernel32-sys v0.2.2
[INFO] [stderr]    Compiling idna v0.2.3
[INFO] [stderr]    Compiling backtrace v0.3.59
[INFO] [stderr]    Compiling regex v1.4.6
[INFO] [stderr]    Compiling iovec v0.1.4
[INFO] [stderr]    Compiling net2 v0.2.37
[INFO] [stderr]    Compiling tokio v1.5.0
[INFO] [stderr] The following warnings were emitted during compilation:
[INFO] [stderr] 
[INFO] [stderr] warning: build/expando.c:4:24: error: pasting "RUST_VERSION_OPENSSL_" and "(" does not give a valid preprocessing token
[INFO] [stderr] warning:     4 | #define VERSION2(n, v) RUST_VERSION_##n##_##v
[INFO] [stderr] warning:       |                        ^~~~~~~~~~~~~
[INFO] [stderr] warning: build/expando.c:5:23: note: in expansion of macro 'VERSION2'
[INFO] [stderr] warning:     5 | #define VERSION(n, v) VERSION2(n, v)
[INFO] [stderr] warning:       |                       ^~~~~~~~
[INFO] [stderr] warning: build/expando.c:10:1: note: in expansion of macro 'VERSION'
[INFO] [stderr] warning:    10 | VERSION(OPENSSL, OPENSSL_VERSION_NUMBER)
[INFO] [stderr] warning:       | ^~~~~~~
[INFO] [stderr] 
[INFO] [stderr] error: failed to run custom build command for `openssl-sys v0.9.62`
[INFO] [stderr] note: To improve backtraces for build dependencies, set the CARGO_PROFILE_DEV_BUILD_OVERRIDE_DEBUG=true environment variable to enable debug information generation.
[INFO] [stderr] 
[INFO] [stderr] Caused by:
[INFO] [stderr]   process didn't exit successfully: `/opt/rustwide/target/debug/build/openssl-sys-8174916c7e559d4a/build-script-main` (exit status: 101)
[INFO] [stderr]   --- stdout
[INFO] [stderr]   cargo:rustc-cfg=const_fn
[INFO] [stderr]   cargo:rerun-if-env-changed=X86_64_UNKNOWN_LINUX_GNU_OPENSSL_LIB_DIR
[INFO] [stderr]   X86_64_UNKNOWN_LINUX_GNU_OPENSSL_LIB_DIR unset
[INFO] [stderr]   cargo:rerun-if-env-changed=OPENSSL_LIB_DIR
[INFO] [stderr]   OPENSSL_LIB_DIR unset
[INFO] [stderr]   cargo:rerun-if-env-changed=X86_64_UNKNOWN_LINUX_GNU_OPENSSL_INCLUDE_DIR
[INFO] [stderr]   X86_64_UNKNOWN_LINUX_GNU_OPENSSL_INCLUDE_DIR unset
[INFO] [stderr]   cargo:rerun-if-env-changed=OPENSSL_INCLUDE_DIR
[INFO] [stderr]   OPENSSL_INCLUDE_DIR unset
[INFO] [stderr]   cargo:rerun-if-env-changed=X86_64_UNKNOWN_LINUX_GNU_OPENSSL_DIR
[INFO] [stderr]   X86_64_UNKNOWN_LINUX_GNU_OPENSSL_DIR unset
[INFO] [stderr]   cargo:rerun-if-env-changed=OPENSSL_DIR
[INFO] [stderr]   OPENSSL_DIR unset
[INFO] [stderr]   cargo:rerun-if-env-changed=OPENSSL_NO_PKG_CONFIG
[INFO] [stderr]   cargo:rerun-if-env-changed=PKG_CONFIG
[INFO] [stderr]   cargo:rerun-if-env-changed=OPENSSL_STATIC
[INFO] [stderr]   cargo:rerun-if-env-changed=OPENSSL_DYNAMIC
[INFO] [stderr]   cargo:rerun-if-env-changed=PKG_CONFIG_ALL_STATIC
[INFO] [stderr]   cargo:rerun-if-env-changed=PKG_CONFIG_ALL_DYNAMIC
[INFO] [stderr]   cargo:rerun-if-env-changed=PKG_CONFIG_PATH_x86_64-unknown-linux-gnu
[INFO] [stderr]   cargo:rerun-if-env-changed=PKG_CONFIG_PATH_x86_64_unknown_linux_gnu
[INFO] [stderr]   cargo:rerun-if-env-changed=HOST_PKG_CONFIG_PATH
[INFO] [stderr]   cargo:rerun-if-env-changed=PKG_CONFIG_PATH
[INFO] [stderr]   cargo:rerun-if-env-changed=PKG_CONFIG_LIBDIR_x86_64-unknown-linux-gnu
[INFO] [stderr]   cargo:rerun-if-env-changed=PKG_CONFIG_LIBDIR_x86_64_unknown_linux_gnu
[INFO] [stderr]   cargo:rerun-if-env-changed=HOST_PKG_CONFIG_LIBDIR
[INFO] [stderr]   cargo:rerun-if-env-changed=PKG_CONFIG_LIBDIR
[INFO] [stderr]   cargo:rerun-if-env-changed=PKG_CONFIG_SYSROOT_DIR_x86_64-unknown-linux-gnu
[INFO] [stderr]   cargo:rerun-if-env-changed=PKG_CONFIG_SYSROOT_DIR_x86_64_unknown_linux_gnu
[INFO] [stderr]   cargo:rerun-if-env-changed=HOST_PKG_CONFIG_SYSROOT_DIR
[INFO] [stderr]   cargo:rerun-if-env-changed=PKG_CONFIG_SYSROOT_DIR
[INFO] [stderr]   cargo:rerun-if-env-changed=PKG_CONFIG_SYSROOT_DIR
[INFO] [stderr]   cargo:rerun-if-env-changed=SYSROOT
[INFO] [stderr]   cargo:rerun-if-env-changed=OPENSSL_STATIC
[INFO] [stderr]   cargo:rerun-if-env-changed=OPENSSL_DYNAMIC
[INFO] [stderr]   cargo:rerun-if-env-changed=PKG_CONFIG_ALL_STATIC
[INFO] [stderr]   cargo:rerun-if-env-changed=PKG_CONFIG_ALL_DYNAMIC
[INFO] [stderr]   cargo:rustc-link-lib=ssl
[INFO] [stderr]   cargo:rustc-link-lib=crypto
[INFO] [stderr]   cargo:rerun-if-env-changed=PKG_CONFIG
[INFO] [stderr]   cargo:rerun-if-env-changed=OPENSSL_STATIC
[INFO] [stderr]   cargo:rerun-if-env-changed=OPENSSL_DYNAMIC
[INFO] [stderr]   cargo:rerun-if-env-changed=PKG_CONFIG_ALL_STATIC
[INFO] [stderr]   cargo:rerun-if-env-changed=PKG_CONFIG_ALL_DYNAMIC
[INFO] [stderr]   cargo:rerun-if-env-changed=PKG_CONFIG_PATH_x86_64-unknown-linux-gnu
[INFO] [stderr]   cargo:rerun-if-env-changed=PKG_CONFIG_PATH_x86_64_unknown_linux_gnu
[INFO] [stderr]   cargo:rerun-if-env-changed=HOST_PKG_CONFIG_PATH
[INFO] [stderr]   cargo:rerun-if-env-changed=PKG_CONFIG_PATH
[INFO] [stderr]   cargo:rerun-if-env-changed=PKG_CONFIG_LIBDIR_x86_64-unknown-linux-gnu
[INFO] [stderr]   cargo:rerun-if-env-changed=PKG_CONFIG_LIBDIR_x86_64_unknown_linux_gnu
[INFO] [stderr]   cargo:rerun-if-env-changed=HOST_PKG_CONFIG_LIBDIR
[INFO] [stderr]   cargo:rerun-if-env-changed=PKG_CONFIG_LIBDIR
[INFO] [stderr]   cargo:rerun-if-env-changed=PKG_CONFIG_SYSROOT_DIR_x86_64-unknown-linux-gnu
[INFO] [stderr]   cargo:rerun-if-env-changed=PKG_CONFIG_SYSROOT_DIR_x86_64_unknown_linux_gnu
[INFO] [stderr]   cargo:rerun-if-env-changed=HOST_PKG_CONFIG_SYSROOT_DIR
[INFO] [stderr]   cargo:rerun-if-env-changed=PKG_CONFIG_SYSROOT_DIR
[INFO] [stderr]   OPT_LEVEL = Some("0")
[INFO] [stderr]   TARGET = Some("x86_64-unknown-linux-gnu")
[INFO] [stderr]   HOST = Some("x86_64-unknown-linux-gnu")
[INFO] [stderr]   CC_x86_64-unknown-linux-gnu = None
[INFO] [stderr]   CC_x86_64_unknown_linux_gnu = None
[INFO] [stderr]   HOST_CC = None
[INFO] [stderr]   CC = None
[INFO] [stderr]   CFLAGS_x86_64-unknown-linux-gnu = None
[INFO] [stderr]   CFLAGS_x86_64_unknown_linux_gnu = None
[INFO] [stderr]   HOST_CFLAGS = None
[INFO] [stderr]   CFLAGS = None
[INFO] [stderr]   CRATE_CC_NO_DEFAULTS = None
[INFO] [stderr]   DEBUG = Some("true")
[INFO] [stderr]   CARGO_CFG_TARGET_FEATURE = Some("fxsr,sse,sse2")
[INFO] [stderr]   running: "cc" "-O0" "-ffunction-sections" "-fdata-sections" "-fPIC" "-g" "-fno-omit-frame-pointer" "-m64" "-I" "/usr/include" "-Wall" "-Wextra" "-E" "build/expando.c"
[INFO] [stderr]   cargo:warning=build/expando.c:4:24: error: pasting "RUST_VERSION_OPENSSL_" and "(" does not give a valid preprocessing token
[INFO] [stderr]   cargo:warning=    4 | #define VERSION2(n, v) RUST_VERSION_##n##_##v
[INFO] [stderr]   cargo:warning=      |                        ^~~~~~~~~~~~~
[INFO] [stderr]   cargo:warning=build/expando.c:5:23: note: in expansion of macro 'VERSION2'
[INFO] [stderr]   cargo:warning=    5 | #define VERSION(n, v) VERSION2(n, v)
[INFO] [stderr]   cargo:warning=      |                       ^~~~~~~~
[INFO] [stderr]   cargo:warning=build/expando.c:10:1: note: in expansion of macro 'VERSION'
[INFO] [stderr]   cargo:warning=   10 | VERSION(OPENSSL, OPENSSL_VERSION_NUMBER)
[INFO] [stderr]   cargo:warning=      | ^~~~~~~
[INFO] [stderr]   exit status: 1
[INFO] [stderr] 
[INFO] [stderr]   --- stderr
[INFO] [stderr]   thread 'main' panicked at '
[INFO] [stderr]   Header expansion error:
[INFO] [stderr]   Error { kind: ToolExecError, message: "Command \"cc\" \"-O0\" \"-ffunction-sections\" \"-fdata-sections\" \"-fPIC\" \"-g\" \"-fno-omit-frame-pointer\" \"-m64\" \"-I\" \"/usr/include\" \"-Wall\" \"-Wextra\" \"-E\" \"build/expando.c\" with args \"cc\" did not execute successfully (status code exit status: 1)." }
[INFO] [stderr] 
[INFO] [stderr]   Failed to find OpenSSL development headers.
[INFO] [stderr] 
[INFO] [stderr]   You can try fixing this setting the `OPENSSL_DIR` environment variable
[INFO] [stderr]   pointing to your OpenSSL installation or installing OpenSSL headers package
[INFO] [stderr]   specific to your distribution:
[INFO] [stderr] 
[INFO] [stderr]       # On Ubuntu
[INFO] [stderr]       sudo apt-get install libssl-dev
[INFO] [stderr]       # On Arch Linux
[INFO] [stderr]       sudo pacman -S openssl
[INFO] [stderr]       # On Fedora
[INFO] [stderr]       sudo dnf install openssl-devel
[INFO] [stderr] 
[INFO] [stderr]   See rust-openssl README for more information:
[INFO] [stderr] 
[INFO] [stderr]       https://github.com/sfackler/rust-openssl#linux
[INFO] [stderr]   ', /opt/rustwide/cargo-home/registry/src/index.crates.io-6f17d22bba15001f/openssl-sys-0.9.62/build/main.rs:147:13
[INFO] [stderr]   stack backtrace:
[INFO] [stderr]      0:     0x55d30df31c9a - std::backtrace_rs::backtrace::libunwind::trace::h2f05d0192276a8f6
[INFO] [stderr]                                  at /rustc/1b7dd2252b99671ce5d1cb9664c5f8636329436d/library/std/src/../../backtrace/src/backtrace/libunwind.rs:93:5
[INFO] [stderr]      1:     0x55d30df31c9a - std::backtrace_rs::backtrace::trace_unsynchronized::hedc23dff7a1af150
[INFO] [stderr]                                  at /rustc/1b7dd2252b99671ce5d1cb9664c5f8636329436d/library/std/src/../../backtrace/src/backtrace/mod.rs:66:5
[INFO] [stderr]      2:     0x55d30df31c9a - std::sys_common::backtrace::_print_fmt::h17541ef7592f3ce2
[INFO] [stderr]                                  at /rustc/1b7dd2252b99671ce5d1cb9664c5f8636329436d/library/std/src/sys_common/backtrace.rs:65:5
[INFO] [stderr]      3:     0x55d30df31c9a - <std::sys_common::backtrace::_print::DisplayBacktrace as core::fmt::Display>::fmt::h20f75df5ab0c0792
[INFO] [stderr]                                  at /rustc/1b7dd2252b99671ce5d1cb9664c5f8636329436d/library/std/src/sys_common/backtrace.rs:44:22
[INFO] [stderr]      4:     0x55d30df5246f - core::fmt::write::h78109e6f466b3af6
[INFO] [stderr]                                  at /rustc/1b7dd2252b99671ce5d1cb9664c5f8636329436d/library/core/src/fmt/mod.rs:1254:17
[INFO] [stderr]      5:     0x55d30df2eaf5 - std::io::Write::write_fmt::hc59e1b02dd273c8a
[INFO] [stderr]                                  at /rustc/1b7dd2252b99671ce5d1cb9664c5f8636329436d/library/std/src/io/mod.rs:1698:15
[INFO] [stderr]      6:     0x55d30df31a65 - std::sys_common::backtrace::_print::h8dac57a9f8fbf9a5
[INFO] [stderr]                                  at /rustc/1b7dd2252b99671ce5d1cb9664c5f8636329436d/library/std/src/sys_common/backtrace.rs:47:5
[INFO] [stderr]      7:     0x55d30df31a65 - std::sys_common::backtrace::print::hf9ecbf41d1aa712f
[INFO] [stderr]                                  at /rustc/1b7dd2252b99671ce5d1cb9664c5f8636329436d/library/std/src/sys_common/backtrace.rs:34:9
[INFO] [stderr]      8:     0x55d30df3332e - std::panicking::default_hook::{{closure}}::h04c07acfc84ca028
[INFO] [stderr]                                  at /rustc/1b7dd2252b99671ce5d1cb9664c5f8636329436d/library/std/src/panicking.rs:269:22
[INFO] [stderr]      9:     0x55d30df330d5 - std::panicking::default_hook::h01f6bb23e1eceb2c
[INFO] [stderr]                                  at /rustc/1b7dd2252b99671ce5d1cb9664c5f8636329436d/library/std/src/panicking.rs:288:9
[INFO] [stderr]     10:     0x55d30df3388e - std::panicking::rust_panic_with_hook::h2bb3722bbaf2f6df
[INFO] [stderr]                                  at /rustc/1b7dd2252b99671ce5d1cb9664c5f8636329436d/library/std/src/panicking.rs:691:13
[INFO] [stderr]     11:     0x55d30df33789 - std::panicking::begin_panic_handler::{{closure}}::h91bc7f36a4be011b
[INFO] [stderr]                                  at /rustc/1b7dd2252b99671ce5d1cb9664c5f8636329436d/library/std/src/panicking.rs:582:13
[INFO] [stderr]     12:     0x55d30df32106 - std::sys_common::backtrace::__rust_end_short_backtrace::h8b3d3717114f9e59
[INFO] [stderr]                                  at /rustc/1b7dd2252b99671ce5d1cb9664c5f8636329436d/library/std/src/sys_common/backtrace.rs:150:18
[INFO] [stderr]     13:     0x55d30df334e2 - rust_begin_unwind
[INFO] [stderr]                                  at /rustc/1b7dd2252b99671ce5d1cb9664c5f8636329436d/library/std/src/panicking.rs:578:5
[INFO] [stderr]     14:     0x55d30de9a7f3 - core::panicking::panic_fmt::hfd368e3fbdabea26
[INFO] [stderr]                                  at /rustc/1b7dd2252b99671ce5d1cb9664c5f8636329436d/library/core/src/panicking.rs:67:14
[INFO] [stderr]     15:     0x55d30de9da6c - build_script_main::validate_headers::h89cfedee61fa166b
[INFO] [stderr]     16:     0x55d30dea46f6 - build_script_main::find_normal::try_pkg_config::hc32dfd8ebdd29284
[INFO] [stderr]     17:     0x55d30dea379e - build_script_main::find_normal::find_openssl_dir::h2bdc6eeb171c39ef
[INFO] [stderr]     18:     0x55d30dea31d2 - build_script_main::find_normal::get_openssl::{{closure}}::h2939cc28420b5403
[INFO] [stderr]     19:     0x55d30dea518a - core::option::Option<T>::unwrap_or_else::h1f23a72dcc43c8bf
[INFO] [stderr]     20:     0x55d30dea2f8e - build_script_main::find_normal::get_openssl::hd353258f85d4f6e8
[INFO] [stderr]     21:     0x55d30de9c74d - build_script_main::find_openssl::hd0d313b21fa64323
[INFO] [stderr]     22:     0x55d30de9c82d - build_script_main::main::h2bc09bc4b396cfe2
[INFO] [stderr]     23:     0x55d30dea4d83 - core::ops::function::FnOnce::call_once::hae082641c1e46e06
[INFO] [stderr]     24:     0x55d30dea06c6 - std::sys_common::backtrace::__rust_begin_short_backtrace::hd51495fd6a77e02c
[INFO] [stderr]     25:     0x55d30dea0729 - std::rt::lang_start::{{closure}}::hcd82a56588a85c76
[INFO] [stderr]     26:     0x55d30df2b69e - core::ops::function::impls::<impl core::ops::function::FnOnce<A> for &F>::call_once::h2eb19b8ce4148df4
[INFO] [stderr]                                  at /rustc/1b7dd2252b99671ce5d1cb9664c5f8636329436d/library/core/src/ops/function.rs:287:13
[INFO] [stderr]     27:     0x55d30df2b69e - std::panicking::try::do_call::h2e900feff5d504c5
[INFO] [stderr]                                  at /rustc/1b7dd2252b99671ce5d1cb9664c5f8636329436d/library/std/src/panicking.rs:485:40
[INFO] [stderr]     28:     0x55d30df2b69e - std::panicking::try::h8854836cb85aa9f2
[INFO] [stderr]                                  at /rustc/1b7dd2252b99671ce5d1cb9664c5f8636329436d/library/std/src/panicking.rs:449:19
[INFO] [stderr]     29:     0x55d30df2b69e - std::panic::catch_unwind::h706025dd4c48f64b
[INFO] [stderr]                                  at /rustc/1b7dd2252b99671ce5d1cb9664c5f8636329436d/library/std/src/panic.rs:140:14
[INFO] [stderr]     30:     0x55d30df2b69e - std::rt::lang_start_internal::{{closure}}::h7be5b97f4a07a91a
[INFO] [stderr]                                  at /rustc/1b7dd2252b99671ce5d1cb9664c5f8636329436d/library/std/src/rt.rs:148:48
[INFO] [stderr]     31:     0x55d30df2b69e - std::panicking::try::do_call::h59847e9d0a176965
[INFO] [stderr]                                  at /rustc/1b7dd2252b99671ce5d1cb9664c5f8636329436d/library/std/src/panicking.rs:485:40
[INFO] [stderr]     32:     0x55d30df2b69e - std::panicking::try::h399a918ba8522823
[INFO] [stderr]                                  at /rustc/1b7dd2252b99671ce5d1cb9664c5f8636329436d/library/std/src/panicking.rs:449:19
[INFO] [stderr]     33:     0x55d30df2b69e - std::panic::catch_unwind::hca7ca6c55b2a2e26
[INFO] [stderr]                                  at /rustc/1b7dd2252b99671ce5d1cb9664c5f8636329436d/library/std/src/panic.rs:140:14
[INFO] [stderr]     34:     0x55d30df2b69e - std::rt::lang_start_internal::h2c807a81560459eb
[INFO] [stderr]                                  at /rustc/1b7dd2252b99671ce5d1cb9664c5f8636329436d/library/std/src/rt.rs:148:20
[INFO] [stderr]     35:     0x55d30dea0707 - std::rt::lang_start::h2999c15a2110329c
[INFO] [stderr]     36:     0x55d30de9f9a5 - main
[INFO] [stderr]     37:     0x7f214bc3cd90 - <unknown>
[INFO] [stderr]     38:     0x7f214bc3ce40 - __libc_start_main
[INFO] [stderr]     39:     0x55d30de9ae65 - _start
[INFO] [stderr]     40:                0x0 - <unknown>
[INFO] [stderr] warning: build failed, waiting for other jobs to finish...
[INFO] running `Command { std: "docker" "inspect" "09be1c33d04e7f977cd457e6aba27db1648478bba0886ce7d0b09e9be49ceb3a", kill_on_drop: false }`
[INFO] running `Command { std: "docker" "rm" "-f" "09be1c33d04e7f977cd457e6aba27db1648478bba0886ce7d0b09e9be49ceb3a", kill_on_drop: false }`
[INFO] [stdout] 09be1c33d04e7f977cd457e6aba27db1648478bba0886ce7d0b09e9be49ceb3a
