[INFO] fetching crate from_error_scope 0.0.1...
[INFO] testing from_error_scope-0.0.1 against beta-2023-04-20 for beta-1.70-1
[INFO] extracting crate from_error_scope 0.0.1 into /workspace/builds/worker-0-tc2/source
[INFO] validating manifest of crates.io crate from_error_scope 0.0.1 on toolchain beta-2023-04-20
[INFO] running `Command { std: CARGO_HOME="/workspace/cargo-home" RUSTUP_HOME="/workspace/rustup-home" "/workspace/cargo-home/bin/cargo" "+beta-2023-04-20" "metadata" "--manifest-path" "Cargo.toml" "--no-deps", kill_on_drop: false }`
[INFO] started tweaking crates.io crate from_error_scope 0.0.1
[INFO] finished tweaking crates.io crate from_error_scope 0.0.1
[INFO] tweaked toml for crates.io crate from_error_scope 0.0.1 written to /workspace/builds/worker-0-tc2/source/Cargo.toml
[INFO] running `Command { std: CARGO_HOME="/workspace/cargo-home" RUSTUP_HOME="/workspace/rustup-home" __CARGO_TEST_CHANNEL_OVERRIDE_DO_NOT_USE_THIS="nightly" "/workspace/cargo-home/bin/cargo" "+beta-2023-04-20" "generate-lockfile" "--manifest-path" "Cargo.toml" "-Zno-index-update", kill_on_drop: false }`
[INFO] running `Command { std: CARGO_HOME="/workspace/cargo-home" RUSTUP_HOME="/workspace/rustup-home" "/workspace/cargo-home/bin/cargo" "+beta-2023-04-20" "fetch" "--manifest-path" "Cargo.toml", kill_on_drop: false }`
[INFO] running `Command { std: "docker" "create" "-v" "/var/lib/crater-agent-workspace/builds/worker-0-tc2/target:/opt/rustwide/target:rw,Z" "-v" "/var/lib/crater-agent-workspace/builds/worker-0-tc2/source:/opt/rustwide/workdir:ro,Z" "-v" "/var/lib/crater-agent-workspace/cargo-home:/opt/rustwide/cargo-home:ro,Z" "-v" "/var/lib/crater-agent-workspace/rustup-home:/opt/rustwide/rustup-home:ro,Z" "-e" "SOURCE_DIR=/opt/rustwide/workdir" "-e" "CARGO_TARGET_DIR=/opt/rustwide/target" "-e" "CARGO_HOME=/opt/rustwide/cargo-home" "-e" "RUSTUP_HOME=/opt/rustwide/rustup-home" "-w" "/opt/rustwide/workdir" "-m" "1610612736" "--user" "0:0" "--network" "none" "ghcr.io/rust-lang/crates-build-env/linux@sha256:5ff2268d62e97bff2cde7d5815dd6ed5b47097566f13b8d0ca110b04b60e07ed" "/opt/rustwide/cargo-home/bin/cargo" "+beta-2023-04-20" "metadata" "--no-deps" "--format-version=1", kill_on_drop: false }`
[INFO] [stdout] 97c8e3c02e3678aca31d3d0ac73b47397e135ec8e2a95c865e181c46ead4874b
[INFO] running `Command { std: "docker" "start" "-a" "97c8e3c02e3678aca31d3d0ac73b47397e135ec8e2a95c865e181c46ead4874b", kill_on_drop: false }`
[INFO] running `Command { std: "docker" "inspect" "97c8e3c02e3678aca31d3d0ac73b47397e135ec8e2a95c865e181c46ead4874b", kill_on_drop: false }`
[INFO] running `Command { std: "docker" "rm" "-f" "97c8e3c02e3678aca31d3d0ac73b47397e135ec8e2a95c865e181c46ead4874b", kill_on_drop: false }`
[INFO] [stdout] 97c8e3c02e3678aca31d3d0ac73b47397e135ec8e2a95c865e181c46ead4874b
[INFO] running `Command { std: "docker" "create" "-v" "/var/lib/crater-agent-workspace/builds/worker-0-tc2/target:/opt/rustwide/target:rw,Z" "-v" "/var/lib/crater-agent-workspace/builds/worker-0-tc2/source:/opt/rustwide/workdir:ro,Z" "-v" "/var/lib/crater-agent-workspace/cargo-home:/opt/rustwide/cargo-home:ro,Z" "-v" "/var/lib/crater-agent-workspace/rustup-home:/opt/rustwide/rustup-home:ro,Z" "-e" "SOURCE_DIR=/opt/rustwide/workdir" "-e" "CARGO_TARGET_DIR=/opt/rustwide/target" "-e" "CARGO_INCREMENTAL=0" "-e" "RUST_BACKTRACE=full" "-e" "RUSTFLAGS=--cap-lints=warn" "-e" "RUSTDOCFLAGS=--cap-lints=warn" "-e" "CARGO_HOME=/opt/rustwide/cargo-home" "-e" "RUSTUP_HOME=/opt/rustwide/rustup-home" "-w" "/opt/rustwide/workdir" "-m" "1610612736" "--user" "0:0" "--network" "none" "ghcr.io/rust-lang/crates-build-env/linux@sha256:5ff2268d62e97bff2cde7d5815dd6ed5b47097566f13b8d0ca110b04b60e07ed" "/opt/rustwide/cargo-home/bin/cargo" "+beta-2023-04-20" "build" "--frozen" "--message-format=json", kill_on_drop: false }`
[INFO] [stdout] 0a7e92021a9a77b19ee5eab1e5b66cc439a15720179d1f19d94d4328e17da3c4
[INFO] running `Command { std: "docker" "start" "-a" "0a7e92021a9a77b19ee5eab1e5b66cc439a15720179d1f19d94d4328e17da3c4", kill_on_drop: false }`
[INFO] [stderr]    Compiling from_error_scope v0.0.1 (/opt/rustwide/workdir)
[INFO] [stderr]     Finished dev [unoptimized + debuginfo] target(s) in 0.14s
[INFO] running `Command { std: "docker" "inspect" "0a7e92021a9a77b19ee5eab1e5b66cc439a15720179d1f19d94d4328e17da3c4", kill_on_drop: false }`
[INFO] running `Command { std: "docker" "rm" "-f" "0a7e92021a9a77b19ee5eab1e5b66cc439a15720179d1f19d94d4328e17da3c4", kill_on_drop: false }`
[INFO] [stdout] 0a7e92021a9a77b19ee5eab1e5b66cc439a15720179d1f19d94d4328e17da3c4
[INFO] running `Command { std: "docker" "create" "-v" "/var/lib/crater-agent-workspace/builds/worker-0-tc2/target:/opt/rustwide/target:rw,Z" "-v" "/var/lib/crater-agent-workspace/builds/worker-0-tc2/source:/opt/rustwide/workdir:ro,Z" "-v" "/var/lib/crater-agent-workspace/cargo-home:/opt/rustwide/cargo-home:ro,Z" "-v" "/var/lib/crater-agent-workspace/rustup-home:/opt/rustwide/rustup-home:ro,Z" "-e" "SOURCE_DIR=/opt/rustwide/workdir" "-e" "CARGO_TARGET_DIR=/opt/rustwide/target" "-e" "CARGO_INCREMENTAL=0" "-e" "RUST_BACKTRACE=full" "-e" "RUSTFLAGS=--cap-lints=warn" "-e" "RUSTDOCFLAGS=--cap-lints=warn" "-e" "CARGO_HOME=/opt/rustwide/cargo-home" "-e" "RUSTUP_HOME=/opt/rustwide/rustup-home" "-w" "/opt/rustwide/workdir" "-m" "1610612736" "--user" "0:0" "--network" "none" "ghcr.io/rust-lang/crates-build-env/linux@sha256:5ff2268d62e97bff2cde7d5815dd6ed5b47097566f13b8d0ca110b04b60e07ed" "/opt/rustwide/cargo-home/bin/cargo" "+beta-2023-04-20" "test" "--frozen" "--no-run" "--message-format=json", kill_on_drop: false }`
[INFO] [stdout] 93624de862074784f3ca9efcef1c121d68adaaec925d7f8c59aacd263a48cd48
[INFO] running `Command { std: "docker" "start" "-a" "93624de862074784f3ca9efcef1c121d68adaaec925d7f8c59aacd263a48cd48", kill_on_drop: false }`
[INFO] [stderr]    Compiling from_error_scope v0.0.1 (/opt/rustwide/workdir)
[INFO] [stdout] error[E0432]: unresolved import `std::io::CharsError`
[INFO] [stdout]   --> examples/simple.rs:20:5
[INFO] [stdout]    |
[INFO] [stdout] 20 | use std::io::CharsError;
[INFO] [stdout]    |     ^^^^^^^^^^^^^^^^^^^ no `CharsError` in `io`
[INFO] [stdout] 
[INFO] [stdout] 
[INFO] [stdout] error[E0554]: `#![feature]` may not be used on the beta release channel
[INFO] [stdout]   --> examples/simple.rs:15:12
[INFO] [stdout]    |
[INFO] [stdout] 15 | #![feature(core, io)]
[INFO] [stdout]    |            ^^^^
[INFO] [stdout] 
[INFO] [stdout] 
[INFO] [stdout] error[E0554]: `#![feature]` may not be used on the beta release channel
[INFO] [stdout]   --> examples/simple.rs:15:18
[INFO] [stdout]    |
[INFO] [stdout] 15 | #![feature(core, io)]
[INFO] [stdout]    |                  ^^
[INFO] [stdout] 
[INFO] [stdout] 
[INFO] [stdout] warning: the feature `core` has been stable since 1.6.0 and no longer requires an attribute to enable
[INFO] [stdout]   --> examples/simple.rs:15:12
[INFO] [stdout]    |
[INFO] [stdout] 15 | #![feature(core, io)]
[INFO] [stdout]    |            ^^^^
[INFO] [stdout]    |
[INFO] [stdout]    = note: `#[warn(stable_features)]` on by default
[INFO] [stdout] 
[INFO] [stdout] 
[INFO] [stdout] error[E0635]: unknown feature `io`
[INFO] [stdout]   --> examples/simple.rs:15:18
[INFO] [stdout]    |
[INFO] [stdout] 15 | #![feature(core, io)]
[INFO] [stdout]    |                  ^^
[INFO] [stdout] 
[INFO] [stdout] 
[INFO] [stdout] error[E0599]: no method named `from_error` found for struct `ErrorScope` in the current scope
[INFO] [stdout]   --> examples/simple.rs:31:8
[INFO] [stdout]    |
[INFO] [stdout] 22 | struct ErrorScope;
[INFO] [stdout]    | ----------------- method `from_error` not found for this struct
[INFO] [stdout] ...
[INFO] [stdout] 31 |     Ok(trys!(ErrorScope, std::str::from_utf8(v)))
[INFO] [stdout]    |        ^^^^^^^^^^^^^^^^^^^^^^^^^^^^^^^^^^^^^^^^^ method not found in `ErrorScope`
[INFO] [stdout]    |
[INFO] [stdout]    = help: items from traits can only be used if the trait is implemented and in scope
[INFO] [stdout]    = note: the following trait defines an item `from_error`, perhaps you need to implement it:
[INFO] [stdout]            candidate #1: `FromErrorScope`
[INFO] [stdout]    = note: this error originates in the macro `trys` (in Nightly builds, run with -Z macro-backtrace for more info)
[INFO] [stdout] 
[INFO] [stdout] 
[INFO] [stdout] error: aborting due to 5 previous errors; 1 warning emitted
[INFO] [stdout] 
[INFO] [stdout] 
[INFO] [stdout] Some errors have detailed explanations: E0432, E0554, E0599, E0635.
[INFO] [stdout] 
[INFO] [stdout] For more information about an error, try `rustc --explain E0432`.
[INFO] [stdout] 
[INFO] [stderr] error: could not compile `from_error_scope` (example "simple") due to 6 previous errors; 1 warning emitted
[INFO] [stderr] warning: build failed, waiting for other jobs to finish...
[INFO] running `Command { std: "docker" "inspect" "93624de862074784f3ca9efcef1c121d68adaaec925d7f8c59aacd263a48cd48", kill_on_drop: false }`
[INFO] running `Command { std: "docker" "rm" "-f" "93624de862074784f3ca9efcef1c121d68adaaec925d7f8c59aacd263a48cd48", kill_on_drop: false }`
[INFO] [stdout] 93624de862074784f3ca9efcef1c121d68adaaec925d7f8c59aacd263a48cd48
