[INFO] fetching crate fritzdecode 0.1.0...
[INFO] testing fritzdecode-0.1.0 against beta-2023-04-20 for beta-1.70-1
[INFO] extracting crate fritzdecode 0.1.0 into /workspace/builds/worker-5-tc2/source
[INFO] validating manifest of crates.io crate fritzdecode 0.1.0 on toolchain beta-2023-04-20
[INFO] running `Command { std: CARGO_HOME="/workspace/cargo-home" RUSTUP_HOME="/workspace/rustup-home" "/workspace/cargo-home/bin/cargo" "+beta-2023-04-20" "metadata" "--manifest-path" "Cargo.toml" "--no-deps", kill_on_drop: false }`
[INFO] started tweaking crates.io crate fritzdecode 0.1.0
[INFO] finished tweaking crates.io crate fritzdecode 0.1.0
[INFO] tweaked toml for crates.io crate fritzdecode 0.1.0 written to /workspace/builds/worker-5-tc2/source/Cargo.toml
[INFO] crate crates.io crate fritzdecode 0.1.0 already has a lockfile, it will not be regenerated
[INFO] running `Command { std: CARGO_HOME="/workspace/cargo-home" RUSTUP_HOME="/workspace/rustup-home" "/workspace/cargo-home/bin/cargo" "+beta-2023-04-20" "fetch" "--manifest-path" "Cargo.toml", kill_on_drop: false }`
[INFO] [stderr]  Downloading crates ...
[INFO] [stderr]   Downloaded crc-catalog v2.1.0
[INFO] [stderr]   Downloaded tracing-error v0.2.0
[INFO] [stderr]   Downloaded color-spantrace v0.2.0
[INFO] [stderr]   Downloaded crc v3.0.0
[INFO] running `Command { std: "docker" "create" "-v" "/var/lib/crater-agent-workspace/builds/worker-5-tc2/target:/opt/rustwide/target:rw,Z" "-v" "/var/lib/crater-agent-workspace/builds/worker-5-tc2/source:/opt/rustwide/workdir:ro,Z" "-v" "/var/lib/crater-agent-workspace/cargo-home:/opt/rustwide/cargo-home:ro,Z" "-v" "/var/lib/crater-agent-workspace/rustup-home:/opt/rustwide/rustup-home:ro,Z" "-e" "SOURCE_DIR=/opt/rustwide/workdir" "-e" "CARGO_TARGET_DIR=/opt/rustwide/target" "-e" "CARGO_HOME=/opt/rustwide/cargo-home" "-e" "RUSTUP_HOME=/opt/rustwide/rustup-home" "-w" "/opt/rustwide/workdir" "-m" "1610612736" "--user" "0:0" "--network" "none" "ghcr.io/rust-lang/crates-build-env/linux@sha256:5ff2268d62e97bff2cde7d5815dd6ed5b47097566f13b8d0ca110b04b60e07ed" "/opt/rustwide/cargo-home/bin/cargo" "+beta-2023-04-20" "metadata" "--no-deps" "--format-version=1", kill_on_drop: false }`
[INFO] [stdout] ca73f94fd5bf4804e68689526196fef0f90fadb1a3763b31ab980950dd4d0aae
[INFO] running `Command { std: "docker" "start" "-a" "ca73f94fd5bf4804e68689526196fef0f90fadb1a3763b31ab980950dd4d0aae", kill_on_drop: false }`
[INFO] running `Command { std: "docker" "inspect" "ca73f94fd5bf4804e68689526196fef0f90fadb1a3763b31ab980950dd4d0aae", kill_on_drop: false }`
[INFO] running `Command { std: "docker" "rm" "-f" "ca73f94fd5bf4804e68689526196fef0f90fadb1a3763b31ab980950dd4d0aae", kill_on_drop: false }`
[INFO] [stdout] ca73f94fd5bf4804e68689526196fef0f90fadb1a3763b31ab980950dd4d0aae
[INFO] running `Command { std: "docker" "create" "-v" "/var/lib/crater-agent-workspace/builds/worker-5-tc2/target:/opt/rustwide/target:rw,Z" "-v" "/var/lib/crater-agent-workspace/builds/worker-5-tc2/source:/opt/rustwide/workdir:ro,Z" "-v" "/var/lib/crater-agent-workspace/cargo-home:/opt/rustwide/cargo-home:ro,Z" "-v" "/var/lib/crater-agent-workspace/rustup-home:/opt/rustwide/rustup-home:ro,Z" "-e" "SOURCE_DIR=/opt/rustwide/workdir" "-e" "CARGO_TARGET_DIR=/opt/rustwide/target" "-e" "CARGO_INCREMENTAL=0" "-e" "RUST_BACKTRACE=full" "-e" "RUSTFLAGS=--cap-lints=warn" "-e" "RUSTDOCFLAGS=--cap-lints=warn" "-e" "CARGO_HOME=/opt/rustwide/cargo-home" "-e" "RUSTUP_HOME=/opt/rustwide/rustup-home" "-w" "/opt/rustwide/workdir" "-m" "1610612736" "--user" "0:0" "--network" "none" "ghcr.io/rust-lang/crates-build-env/linux@sha256:5ff2268d62e97bff2cde7d5815dd6ed5b47097566f13b8d0ca110b04b60e07ed" "/opt/rustwide/cargo-home/bin/cargo" "+beta-2023-04-20" "build" "--frozen" "--message-format=json", kill_on_drop: false }`
[INFO] [stdout] 53087f7de5f4eaadb0577e2f11c97d1e2041731eaab0b210a144fb5e7986d040
[INFO] running `Command { std: "docker" "start" "-a" "53087f7de5f4eaadb0577e2f11c97d1e2041731eaab0b210a144fb5e7986d040", kill_on_drop: false }`
[INFO] [stderr]    Compiling version_check v0.9.4
[INFO] [stderr]    Compiling libc v0.2.137
[INFO] [stderr]    Compiling typenum v1.15.0
[INFO] [stderr]    Compiling proc-macro2 v1.0.47
[INFO] [stderr]    Compiling once_cell v1.16.0
[INFO] [stderr]    Compiling unicode-ident v1.0.5
[INFO] [stderr]    Compiling quote v1.0.21
[INFO] [stderr]    Compiling syn v1.0.103
[INFO] [stderr]    Compiling memchr v2.5.0
[INFO] [stderr]    Compiling io-lifetimes v1.0.3
[INFO] [stderr]    Compiling pin-project-lite v0.2.9
[INFO] [stderr]    Compiling cc v1.0.74
[INFO] [stderr]    Compiling rustix v0.36.6
[INFO] [stderr]    Compiling sharded-slab v0.1.4
[INFO] [stderr]    Compiling eyre v0.6.8
[INFO] [stderr]    Compiling gimli v0.26.2
[INFO] [stderr]    Compiling linux-raw-sys v0.1.4
[INFO] [stderr]    Compiling miniz_oxide v0.5.4
[INFO] [stderr]    Compiling tracing-core v0.1.30
[INFO] [stderr]    Compiling thread_local v1.1.4
[INFO] [stderr]    Compiling generic-array v0.14.6
[INFO] [stderr]    Compiling proc-macro-error-attr v1.0.4
[INFO] [stderr]    Compiling proc-macro-error v1.0.4
[INFO] [stderr]    Compiling thiserror v1.0.37
[INFO] [stderr]    Compiling tracing v0.1.37
[INFO] [stderr]    Compiling os_str_bytes v6.4.1
[INFO] [stderr]    Compiling rustc-demangle v0.1.21
[INFO] [stderr]    Compiling ppv-lite86 v0.2.17
[INFO] [stderr]    Compiling tracing-subscriber v0.3.16
[INFO] [stderr]    Compiling object v0.29.0
[INFO] [stderr]    Compiling heck v0.4.0
[INFO] [stderr]    Compiling owo-colors v3.5.0
[INFO] [stderr]    Compiling indenter v0.3.3
[INFO] [stderr]    Compiling clap_lex v0.3.0
[INFO] [stderr]    Compiling aho-corasick v0.7.19
[INFO] [stderr]    Compiling regex-syntax v0.6.28
[INFO] [stderr]    Compiling backtrace v0.3.66
[INFO] [stderr]    Compiling crc-catalog v2.1.0
[INFO] [stderr]    Compiling cpufeatures v0.2.5
[INFO] [stderr]    Compiling strsim v0.10.0
[INFO] [stderr]    Compiling termcolor v1.1.3
[INFO] [stderr]    Compiling crc v3.0.0
[INFO] [stderr]    Compiling getrandom v0.2.8
[INFO] [stderr]    Compiling data-encoding v2.3.2
[INFO] [stderr]    Compiling rand_core v0.6.4
[INFO] [stderr]    Compiling hex v0.4.3
[INFO] [stderr]    Compiling rand_chacha v0.3.1
[INFO] [stderr]    Compiling crypto-common v0.1.6
[INFO] [stderr]    Compiling block-padding v0.3.2
[INFO] [stderr]    Compiling block-buffer v0.10.3
[INFO] [stderr]    Compiling inout v0.1.3
[INFO] [stderr]    Compiling addr2line v0.17.0
[INFO] [stderr]    Compiling digest v0.10.5
[INFO] [stderr]    Compiling tracing-error v0.2.0
[INFO] [stderr]    Compiling rand v0.8.5
[INFO] [stderr]    Compiling cipher v0.4.3
[INFO] [stderr]    Compiling color-spantrace v0.2.0
[INFO] [stderr]    Compiling md-5 v0.10.5
[INFO] [stderr]    Compiling aes v0.8.2
[INFO] [stderr]    Compiling cbc v0.1.2
[INFO] [stderr]    Compiling is-terminal v0.4.2
[INFO] [stderr]    Compiling regex v1.7.0
[INFO] [stderr]    Compiling thiserror-impl v1.0.37
[INFO] [stderr]    Compiling clap_derive v4.0.21
[INFO] [stderr]    Compiling color-eyre v0.6.2
[INFO] [stderr]    Compiling clap v4.0.32
[INFO] [stderr]    Compiling fritzdecode v0.1.0 (/opt/rustwide/workdir)
[INFO] [stdout] error[E0554]: `#![feature]` may not be used on the beta release channel
[INFO] [stdout]   --> src/lib.rs:29:1
[INFO] [stdout]    |
[INFO] [stdout] 29 | #![feature(is_some_and)]
[INFO] [stdout]    | ^^^^^^^^^^^^^^^^^^^^^^^^
[INFO] [stdout] 
[INFO] [stdout] 
[INFO] [stdout] error[E0554]: `#![feature]` may not be used on the beta release channel
[INFO] [stdout]   --> src/lib.rs:30:1
[INFO] [stdout]    |
[INFO] [stdout] 30 | #![feature(split_array)]
[INFO] [stdout]    | ^^^^^^^^^^^^^^^^^^^^^^^^
[INFO] [stdout] 
[INFO] [stdout] 
[INFO] [stdout] error[E0554]: `#![feature]` may not be used on the beta release channel
[INFO] [stdout]   --> src/lib.rs:31:1
[INFO] [stdout]    |
[INFO] [stdout] 31 | #![feature(yeet_expr)]
[INFO] [stdout]    | ^^^^^^^^^^^^^^^^^^^^^^
[INFO] [stdout] 
[INFO] [stdout] 
[INFO] [stdout] error[E0554]: `#![feature]` may not be used on the beta release channel
[INFO] [stdout]   --> src/lib.rs:32:1
[INFO] [stdout]    |
[INFO] [stdout] 32 | #![feature(try_blocks)]
[INFO] [stdout]    | ^^^^^^^^^^^^^^^^^^^^^^^
[INFO] [stdout] 
[INFO] [stdout] 
[INFO] [stdout] error[E0554]: `#![feature]` may not be used on the beta release channel
[INFO] [stdout]   --> src/lib.rs:33:1
[INFO] [stdout]    |
[INFO] [stdout] 33 | #![feature(let_chains)]
[INFO] [stdout]    | ^^^^^^^^^^^^^^^^^^^^^^^
[INFO] [stdout] 
[INFO] [stdout] 
[INFO] [stdout] error[E0554]: `#![feature]` may not be used on the beta release channel
[INFO] [stdout]   --> src/lib.rs:34:1
[INFO] [stdout]    |
[INFO] [stdout] 34 | #![feature(once_cell)]
[INFO] [stdout]    | ^^^^^^^^^^^^^^^^^^^^^^
[INFO] [stdout] 
[INFO] [stdout] 
[INFO] [stdout] error[E0554]: `#![feature]` may not be used on the beta release channel
[INFO] [stdout]   --> src/lib.rs:35:1
[INFO] [stdout]    |
[INFO] [stdout] 35 | #![feature(type_changing_struct_update)]
[INFO] [stdout]    | ^^^^^^^^^^^^^^^^^^^^^^^^^^^^^^^^^^^^^^^^
[INFO] [stdout] 
[INFO] [stdout] 
[INFO] [stdout] error[E0658]: use of unstable library feature 'lazy_cell'
[INFO] [stdout]   --> src/crypto.rs:14:32
[INFO] [stdout]    |
[INFO] [stdout] 14 | use std::{array, iter::repeat, sync::LazyLock};
[INFO] [stdout]    |                                ^^^^^^^^^^^^^^
[INFO] [stdout]    |
[INFO] [stdout]    = note: see issue #109736 <https://github.com/rust-lang/rust/issues/109736> for more information
[INFO] [stdout] 
[INFO] [stdout] 
[INFO] [stdout] error[E0658]: use of unstable library feature 'lazy_cell'
[INFO] [stdout]    --> src/crypto.rs:139:26
[INFO] [stdout]     |
[INFO] [stdout] 139 |     static SECRET_REGEX: LazyLock<Regex> = LazyLock::new(|| Regex::new(r"\${4}[A-Z1-6]+").unwrap());
[INFO] [stdout]     |                          ^^^^^^^^^^^^^^^
[INFO] [stdout]     |
[INFO] [stdout]     = note: see issue #109736 <https://github.com/rust-lang/rust/issues/109736> for more information
[INFO] [stdout] 
[INFO] [stdout] 
[INFO] [stdout] error[E0658]: use of unstable library feature 'lazy_cell'
[INFO] [stdout]    --> src/crypto.rs:139:44
[INFO] [stdout]     |
[INFO] [stdout] 139 |     static SECRET_REGEX: LazyLock<Regex> = LazyLock::new(|| Regex::new(r"\${4}[A-Z1-6]+").unwrap());
[INFO] [stdout]     |                                            ^^^^^^^^
[INFO] [stdout]     |
[INFO] [stdout]     = note: see issue #109736 <https://github.com/rust-lang/rust/issues/109736> for more information
[INFO] [stdout] 
[INFO] [stdout] 
[INFO] [stdout] error[E0658]: use of unstable library feature 'lazy_cell'
[INFO] [stdout]   --> src/fritz_base32.rs:25:5
[INFO] [stdout]    |
[INFO] [stdout] 25 | use std::sync::LazyLock;
[INFO] [stdout]    |     ^^^^^^^^^^^^^^^^^^^
[INFO] [stdout]    |
[INFO] [stdout]    = note: see issue #109736 <https://github.com/rust-lang/rust/issues/109736> for more information
[INFO] [stdout] 
[INFO] [stdout] 
[INFO] [stdout] error[E0658]: use of unstable library feature 'lazy_cell'
[INFO] [stdout]   --> src/fritz_base32.rs:29:22
[INFO] [stdout]    |
[INFO] [stdout] 29 | pub static ENCODING: LazyLock<Encoding> = LazyLock::new(|| {
[INFO] [stdout]    |                      ^^^^^^^^^^^^^^^^^^
[INFO] [stdout]    |
[INFO] [stdout]    = note: see issue #109736 <https://github.com/rust-lang/rust/issues/109736> for more information
[INFO] [stdout] 
[INFO] [stdout] 
[INFO] [stdout] error[E0658]: use of unstable library feature 'lazy_cell'
[INFO] [stdout]   --> src/fritz_base32.rs:29:43
[INFO] [stdout]    |
[INFO] [stdout] 29 | pub static ENCODING: LazyLock<Encoding> = LazyLock::new(|| {
[INFO] [stdout]    |                                           ^^^^^^^^
[INFO] [stdout]    |
[INFO] [stdout]    = note: see issue #109736 <https://github.com/rust-lang/rust/issues/109736> for more information
[INFO] [stdout] 
[INFO] [stdout] 
[INFO] [stdout] error[E0554]: `#![feature]` may not be used on the beta release channel
[INFO] [stdout]   --> src/lib.rs:29:12
[INFO] [stdout]    |
[INFO] [stdout] 29 | #![feature(is_some_and)]
[INFO] [stdout]    |            ^^^^^^^^^^^
[INFO] [stdout] 
[INFO] [stdout] 
[INFO] [stdout] error[E0554]: `#![feature]` may not be used on the beta release channel
[INFO] [stdout]   --> src/lib.rs:30:12
[INFO] [stdout]    |
[INFO] [stdout] 30 | #![feature(split_array)]
[INFO] [stdout]    |            ^^^^^^^^^^^
[INFO] [stdout] 
[INFO] [stdout] 
[INFO] [stdout] error[E0554]: `#![feature]` may not be used on the beta release channel
[INFO] [stdout]   --> src/lib.rs:34:12
[INFO] [stdout]    |
[INFO] [stdout] 34 | #![feature(once_cell)]
[INFO] [stdout]    |            ^^^^^^^^^
[INFO] [stdout] 
[INFO] [stdout] 
[INFO] [stdout] warning: the feature `once_cell` has been stable since 1.70.0 and no longer requires an attribute to enable
[INFO] [stdout]   --> src/lib.rs:34:12
[INFO] [stdout]    |
[INFO] [stdout] 34 | #![feature(once_cell)]
[INFO] [stdout]    |            ^^^^^^^^^
[INFO] [stdout]    |
[INFO] [stdout]    = note: `#[warn(stable_features)]` on by default
[INFO] [stdout] 
[INFO] [stdout] 
[INFO] [stdout] warning: the feature `is_some_and` has been stable since 1.70.0 and no longer requires an attribute to enable
[INFO] [stdout]   --> src/lib.rs:29:12
[INFO] [stdout]    |
[INFO] [stdout] 29 | #![feature(is_some_and)]
[INFO] [stdout]    |            ^^^^^^^^^^^
[INFO] [stdout] 
[INFO] [stdout] 
[INFO] [stdout] error[E0658]: use of unstable library feature 'lazy_cell'
[INFO] [stdout]    --> src/crypto.rs:139:44
[INFO] [stdout]     |
[INFO] [stdout] 139 |     static SECRET_REGEX: LazyLock<Regex> = LazyLock::new(|| Regex::new(r"\${4}[A-Z1-6]+").unwrap());
[INFO] [stdout]     |                                            ^^^^^^^^^^^^^
[INFO] [stdout]     |
[INFO] [stdout]     = note: see issue #109736 <https://github.com/rust-lang/rust/issues/109736> for more information
[INFO] [stdout] 
[INFO] [stdout] 
[INFO] [stdout] error[E0658]: use of unstable library feature 'lazy_cell'
[INFO] [stdout]   --> src/fritz_base32.rs:29:43
[INFO] [stdout]    |
[INFO] [stdout] 29 | pub static ENCODING: LazyLock<Encoding> = LazyLock::new(|| {
[INFO] [stdout]    |                                           ^^^^^^^^^^^^^
[INFO] [stdout]    |
[INFO] [stdout]    = note: see issue #109736 <https://github.com/rust-lang/rust/issues/109736> for more information
[INFO] [stdout] 
[INFO] [stdout] 
[INFO] [stdout] error: aborting due to 18 previous errors; 2 warnings emitted
[INFO] [stdout] 
[INFO] [stdout] 
[INFO] [stdout] Some errors have detailed explanations: E0554, E0658.
[INFO] [stdout] 
[INFO] [stdout] For more information about an error, try `rustc --explain E0554`.
[INFO] [stdout] 
[INFO] [stderr] error: could not compile `fritzdecode` (lib) due to 19 previous errors; 2 warnings emitted
[INFO] [stderr] warning: build failed, waiting for other jobs to finish...
[INFO] running `Command { std: "docker" "inspect" "53087f7de5f4eaadb0577e2f11c97d1e2041731eaab0b210a144fb5e7986d040", kill_on_drop: false }`
[INFO] running `Command { std: "docker" "rm" "-f" "53087f7de5f4eaadb0577e2f11c97d1e2041731eaab0b210a144fb5e7986d040", kill_on_drop: false }`
[INFO] [stdout] 53087f7de5f4eaadb0577e2f11c97d1e2041731eaab0b210a144fb5e7986d040
