[INFO] fetching crate freetype-gen-rs 0.213.1...
[INFO] testing freetype-gen-rs-0.213.1 against 1.69.0 for beta-1.70-1
[INFO] extracting crate freetype-gen-rs 0.213.1 into /workspace/builds/worker-7-tc1/source
[INFO] validating manifest of crates.io crate freetype-gen-rs 0.213.1 on toolchain 1.69.0
[INFO] running `Command { std: CARGO_HOME="/workspace/cargo-home" RUSTUP_HOME="/workspace/rustup-home" "/workspace/cargo-home/bin/cargo" "+1.69.0" "metadata" "--manifest-path" "Cargo.toml" "--no-deps", kill_on_drop: false }`
[INFO] started tweaking crates.io crate freetype-gen-rs 0.213.1
[INFO] finished tweaking crates.io crate freetype-gen-rs 0.213.1
[INFO] tweaked toml for crates.io crate freetype-gen-rs 0.213.1 written to /workspace/builds/worker-7-tc1/source/Cargo.toml
[INFO] running `Command { std: CARGO_HOME="/workspace/cargo-home" RUSTUP_HOME="/workspace/rustup-home" __CARGO_TEST_CHANNEL_OVERRIDE_DO_NOT_USE_THIS="nightly" "/workspace/cargo-home/bin/cargo" "+1.69.0" "generate-lockfile" "--manifest-path" "Cargo.toml" "-Zno-index-update", kill_on_drop: false }`
[INFO] running `Command { std: CARGO_HOME="/workspace/cargo-home" RUSTUP_HOME="/workspace/rustup-home" "/workspace/cargo-home/bin/cargo" "+1.69.0" "fetch" "--manifest-path" "Cargo.toml", kill_on_drop: false }`
[INFO] running `Command { std: "docker" "create" "-v" "/var/lib/crater-agent-workspace/builds/worker-7-tc1/target:/opt/rustwide/target:rw,Z" "-v" "/var/lib/crater-agent-workspace/builds/worker-7-tc1/source:/opt/rustwide/workdir:ro,Z" "-v" "/var/lib/crater-agent-workspace/cargo-home:/opt/rustwide/cargo-home:ro,Z" "-v" "/var/lib/crater-agent-workspace/rustup-home:/opt/rustwide/rustup-home:ro,Z" "-e" "SOURCE_DIR=/opt/rustwide/workdir" "-e" "CARGO_TARGET_DIR=/opt/rustwide/target" "-e" "CARGO_HOME=/opt/rustwide/cargo-home" "-e" "RUSTUP_HOME=/opt/rustwide/rustup-home" "-w" "/opt/rustwide/workdir" "-m" "1610612736" "--user" "0:0" "--network" "none" "ghcr.io/rust-lang/crates-build-env/linux@sha256:5ff2268d62e97bff2cde7d5815dd6ed5b47097566f13b8d0ca110b04b60e07ed" "/opt/rustwide/cargo-home/bin/cargo" "+1.69.0" "metadata" "--no-deps" "--format-version=1", kill_on_drop: false }`
[INFO] [stdout] 5ece89fdf63f5affd9b7b2f56ec0a01c5243989df979436d3c7714be1eb887f1
[INFO] running `Command { std: "docker" "start" "-a" "5ece89fdf63f5affd9b7b2f56ec0a01c5243989df979436d3c7714be1eb887f1", kill_on_drop: false }`
[INFO] running `Command { std: "docker" "inspect" "5ece89fdf63f5affd9b7b2f56ec0a01c5243989df979436d3c7714be1eb887f1", kill_on_drop: false }`
[INFO] running `Command { std: "docker" "rm" "-f" "5ece89fdf63f5affd9b7b2f56ec0a01c5243989df979436d3c7714be1eb887f1", kill_on_drop: false }`
[INFO] [stdout] 5ece89fdf63f5affd9b7b2f56ec0a01c5243989df979436d3c7714be1eb887f1
[INFO] running `Command { std: "docker" "create" "-v" "/var/lib/crater-agent-workspace/builds/worker-7-tc1/target:/opt/rustwide/target:rw,Z" "-v" "/var/lib/crater-agent-workspace/builds/worker-7-tc1/source:/opt/rustwide/workdir:ro,Z" "-v" "/var/lib/crater-agent-workspace/cargo-home:/opt/rustwide/cargo-home:ro,Z" "-v" "/var/lib/crater-agent-workspace/rustup-home:/opt/rustwide/rustup-home:ro,Z" "-e" "SOURCE_DIR=/opt/rustwide/workdir" "-e" "CARGO_TARGET_DIR=/opt/rustwide/target" "-e" "CARGO_INCREMENTAL=0" "-e" "RUST_BACKTRACE=full" "-e" "RUSTFLAGS=--cap-lints=warn" "-e" "RUSTDOCFLAGS=--cap-lints=warn" "-e" "CARGO_HOME=/opt/rustwide/cargo-home" "-e" "RUSTUP_HOME=/opt/rustwide/rustup-home" "-w" "/opt/rustwide/workdir" "-m" "1610612736" "--user" "0:0" "--network" "none" "ghcr.io/rust-lang/crates-build-env/linux@sha256:5ff2268d62e97bff2cde7d5815dd6ed5b47097566f13b8d0ca110b04b60e07ed" "/opt/rustwide/cargo-home/bin/cargo" "+1.69.0" "build" "--frozen" "--message-format=json", kill_on_drop: false }`
[INFO] [stdout] 7aab480ffde2e764ee4d06ef5424189e10d19096f434ba53e51340d1addf03b2
[INFO] running `Command { std: "docker" "start" "-a" "7aab480ffde2e764ee4d06ef5424189e10d19096f434ba53e51340d1addf03b2", kill_on_drop: false }`
[INFO] [stderr]    Compiling memchr v2.5.0
[INFO] [stderr]    Compiling glob v0.3.1
[INFO] [stderr]    Compiling log v0.4.17
[INFO] [stderr]    Compiling minimal-lexical v0.2.1
[INFO] [stderr]    Compiling syn v1.0.109
[INFO] [stderr]    Compiling regex-syntax v0.7.1
[INFO] [stderr]    Compiling bindgen v0.64.0
[INFO] [stderr]    Compiling either v1.8.1
[INFO] [stderr]    Compiling peeking_take_while v0.1.2
[INFO] [stderr]    Compiling lazy_static v1.4.0
[INFO] [stderr]    Compiling libloading v0.7.4
[INFO] [stderr]    Compiling shlex v1.1.0
[INFO] [stderr]    Compiling rustc-hash v1.1.0
[INFO] [stderr]    Compiling cc v1.0.79
[INFO] [stderr]    Compiling lazycell v1.3.0
[INFO] [stderr]    Compiling which v4.4.0
[INFO] [stderr]    Compiling clang-sys v1.6.1
[INFO] [stderr]    Compiling cmake v0.1.50
[INFO] [stderr]    Compiling nom v7.1.3
[INFO] [stderr]    Compiling regex v1.8.1
[INFO] [stderr]    Compiling cexpr v0.6.0
[INFO] [stderr]    Compiling freetype-gen-rs v0.213.1 (/opt/rustwide/workdir)
[INFO] [stdout] error[E0308]: mismatched types
[INFO] [stdout]   --> src/error.rs:13:19
[INFO] [stdout]    |
[INFO] [stdout] 13 |         self.0 == FT_Err_Ok
[INFO] [stdout]    |         ------    ^^^^^^^^^ expected `i32`, found `u32`
[INFO] [stdout]    |         |
[INFO] [stdout]    |         expected because this is `i32`
[INFO] [stdout]    |
[INFO] [stdout] help: you can convert a `u32` to an `i32` and panic if the converted value doesn't fit
[INFO] [stdout]    |
[INFO] [stdout] 13 |         self.0 == FT_Err_Ok.try_into().unwrap()
[INFO] [stdout]    |                            ++++++++++++++++++++
[INFO] [stdout] 
[INFO] [stdout] 
[INFO] [stdout] error[E0308]: mismatched types
[INFO] [stdout]   --> src/face.rs:20:17
[INFO] [stdout]    |
[INFO] [stdout] 17 |             FontError::from(FT_New_Memory_Face(
[INFO] [stdout]    |                             ------------------ arguments to this function are incorrect
[INFO] [stdout] ...
[INFO] [stdout] 20 |                 font_data.len() as i32,
[INFO] [stdout]    |                 ^^^^^^^^^^^^^^^^^^^^^^ expected `i64`, found `i32`
[INFO] [stdout]    |
[INFO] [stdout] note: function defined here
[INFO] [stdout]   --> /opt/rustwide/target/debug/build/freetype-gen-rs-1174eccbecba7fef/out/bindings.rs:3:75237
[INFO] [stdout]    |
[INFO] [stdout] 3  | ...face : * mut FT_Face) -> FT_Error ; } extern "C" { pub fn FT_New_Memory_Face (library : FT_Library , file_base : * const FT_Byte , fil...
[INFO] [stdout]    |                                                              ^^^^^^^^^^^^^^^^^^
[INFO] [stdout] help: you can convert an `i32` to an `i64`
[INFO] [stdout]    |
[INFO] [stdout] 20 |                 (font_data.len() as i32).into(),
[INFO] [stdout]    |                 +                      ++++++++
[INFO] [stdout] 
[INFO] [stdout] 
[INFO] [stdout] error[E0308]: arguments to this function are incorrect
[INFO] [stdout]   --> src/face.rs:37:29
[INFO] [stdout]    |
[INFO] [stdout] 37 |             FontError::from(FT_Set_Char_Size(
[INFO] [stdout]    |                             ^^^^^^^^^^^^^^^^
[INFO] [stdout] 38 |                 self.raw,
[INFO] [stdout] 39 |                 char_width,
[INFO] [stdout]    |                 ---------- expected `i64`, found `i32`
[INFO] [stdout] 40 |                 char_height,
[INFO] [stdout]    |                 ----------- expected `i64`, found `i32`
[INFO] [stdout]    |
[INFO] [stdout] note: function defined here
[INFO] [stdout]   --> /opt/rustwide/target/debug/build/freetype-gen-rs-1174eccbecba7fef/out/bindings.rs:3:78658
[INFO] [stdout]    |
[INFO] [stdout] 3  | ...req : FT_Size_Request) -> FT_Error ; } extern "C" { pub fn FT_Set_Char_Size (face : FT_Face , char_width : FT_F26Dot6 , char_height : ...
[INFO] [stdout]    |                                                               ^^^^^^^^^^^^^^^^
[INFO] [stdout] help: you can convert an `i32` to an `i64`
[INFO] [stdout]    |
[INFO] [stdout] 39 |                 char_width.into(),
[INFO] [stdout]    |                           +++++++
[INFO] [stdout] help: you can convert an `i32` to an `i64`
[INFO] [stdout]    |
[INFO] [stdout] 40 |                 char_height.into(),
[INFO] [stdout]    |                            +++++++
[INFO] [stdout] 
[INFO] [stdout] 
[INFO] [stdout] error: aborting due to 3 previous errors
[INFO] [stdout] 
[INFO] [stdout] 
[INFO] [stdout] For more information about this error, try `rustc --explain E0308`.
[INFO] [stdout] 
[INFO] [stderr] error: could not compile `freetype-gen-rs` due to 4 previous errors
[INFO] running `Command { std: "docker" "inspect" "7aab480ffde2e764ee4d06ef5424189e10d19096f434ba53e51340d1addf03b2", kill_on_drop: false }`
[INFO] running `Command { std: "docker" "rm" "-f" "7aab480ffde2e764ee4d06ef5424189e10d19096f434ba53e51340d1addf03b2", kill_on_drop: false }`
[INFO] [stdout] 7aab480ffde2e764ee4d06ef5424189e10d19096f434ba53e51340d1addf03b2
