[INFO] fetching crate franka-interface 0.2.0...
[INFO] testing franka-interface-0.2.0 against beta-2023-04-20 for beta-1.70-1
[INFO] extracting crate franka-interface 0.2.0 into /workspace/builds/worker-5-tc2/source
[INFO] validating manifest of crates.io crate franka-interface 0.2.0 on toolchain beta-2023-04-20
[INFO] running `Command { std: CARGO_HOME="/workspace/cargo-home" RUSTUP_HOME="/workspace/rustup-home" "/workspace/cargo-home/bin/cargo" "+beta-2023-04-20" "metadata" "--manifest-path" "Cargo.toml" "--no-deps", kill_on_drop: false }`
[INFO] started tweaking crates.io crate franka-interface 0.2.0
[INFO] removed 0 missing examples
[INFO] finished tweaking crates.io crate franka-interface 0.2.0
[INFO] tweaked toml for crates.io crate franka-interface 0.2.0 written to /workspace/builds/worker-5-tc2/source/Cargo.toml
[INFO] crate crates.io crate franka-interface 0.2.0 already has a lockfile, it will not be regenerated
[INFO] running `Command { std: CARGO_HOME="/workspace/cargo-home" RUSTUP_HOME="/workspace/rustup-home" "/workspace/cargo-home/bin/cargo" "+beta-2023-04-20" "fetch" "--manifest-path" "Cargo.toml", kill_on_drop: false }`
[INFO] [stderr]     Updating crates.io index
[INFO] [stderr]  Downloading crates ...
[INFO] [stderr]   Downloaded rand_distr v0.4.3
[INFO] [stderr]   Downloaded rubullet v0.1.0-alpha-3
[INFO] [stderr]   Downloaded libfranka-rs v0.9.0
[INFO] [stderr]   Downloaded rand_distr v0.3.0
[INFO] [stderr]   Downloaded simba v0.3.1
[INFO] [stderr]   Downloaded nix v0.20.2
[INFO] [stderr]   Downloaded nalgebra v0.23.2
[INFO] [stderr]   Downloaded rubullet-sys v0.1.0-alpha-2
[INFO] running `Command { std: "docker" "create" "-v" "/var/lib/crater-agent-workspace/builds/worker-5-tc2/target:/opt/rustwide/target:rw,Z" "-v" "/var/lib/crater-agent-workspace/builds/worker-5-tc2/source:/opt/rustwide/workdir:ro,Z" "-v" "/var/lib/crater-agent-workspace/cargo-home:/opt/rustwide/cargo-home:ro,Z" "-v" "/var/lib/crater-agent-workspace/rustup-home:/opt/rustwide/rustup-home:ro,Z" "-e" "SOURCE_DIR=/opt/rustwide/workdir" "-e" "CARGO_TARGET_DIR=/opt/rustwide/target" "-e" "CARGO_HOME=/opt/rustwide/cargo-home" "-e" "RUSTUP_HOME=/opt/rustwide/rustup-home" "-w" "/opt/rustwide/workdir" "-m" "1610612736" "--user" "0:0" "--network" "none" "ghcr.io/rust-lang/crates-build-env/linux@sha256:5ff2268d62e97bff2cde7d5815dd6ed5b47097566f13b8d0ca110b04b60e07ed" "/opt/rustwide/cargo-home/bin/cargo" "+beta-2023-04-20" "metadata" "--no-deps" "--format-version=1", kill_on_drop: false }`
[INFO] [stdout] cc822fb96c4cf586deaa9ea2828f3f0732c51a2477ccc1d440480894f260e6e7
[INFO] running `Command { std: "docker" "start" "-a" "cc822fb96c4cf586deaa9ea2828f3f0732c51a2477ccc1d440480894f260e6e7", kill_on_drop: false }`
[INFO] running `Command { std: "docker" "inspect" "cc822fb96c4cf586deaa9ea2828f3f0732c51a2477ccc1d440480894f260e6e7", kill_on_drop: false }`
[INFO] running `Command { std: "docker" "rm" "-f" "cc822fb96c4cf586deaa9ea2828f3f0732c51a2477ccc1d440480894f260e6e7", kill_on_drop: false }`
[INFO] [stdout] cc822fb96c4cf586deaa9ea2828f3f0732c51a2477ccc1d440480894f260e6e7
[INFO] running `Command { std: "docker" "create" "-v" "/var/lib/crater-agent-workspace/builds/worker-5-tc2/target:/opt/rustwide/target:rw,Z" "-v" "/var/lib/crater-agent-workspace/builds/worker-5-tc2/source:/opt/rustwide/workdir:ro,Z" "-v" "/var/lib/crater-agent-workspace/cargo-home:/opt/rustwide/cargo-home:ro,Z" "-v" "/var/lib/crater-agent-workspace/rustup-home:/opt/rustwide/rustup-home:ro,Z" "-e" "SOURCE_DIR=/opt/rustwide/workdir" "-e" "CARGO_TARGET_DIR=/opt/rustwide/target" "-e" "CARGO_INCREMENTAL=0" "-e" "RUST_BACKTRACE=full" "-e" "RUSTFLAGS=--cap-lints=warn" "-e" "RUSTDOCFLAGS=--cap-lints=warn" "-e" "CARGO_HOME=/opt/rustwide/cargo-home" "-e" "RUSTUP_HOME=/opt/rustwide/rustup-home" "-w" "/opt/rustwide/workdir" "-m" "1610612736" "--user" "0:0" "--network" "none" "ghcr.io/rust-lang/crates-build-env/linux@sha256:5ff2268d62e97bff2cde7d5815dd6ed5b47097566f13b8d0ca110b04b60e07ed" "/opt/rustwide/cargo-home/bin/cargo" "+beta-2023-04-20" "build" "--frozen" "--message-format=json", kill_on_drop: false }`
[INFO] [stdout] 887723c3214d86284982e6d03e26895ba5e773e7dcc5c24cd020eb1ea4edaf6d
[INFO] running `Command { std: "docker" "start" "-a" "887723c3214d86284982e6d03e26895ba5e773e7dcc5c24cd020eb1ea4edaf6d", kill_on_drop: false }`
[INFO] [stderr]    Compiling autocfg v1.1.0
[INFO] [stderr]    Compiling cfg-if v1.0.0
[INFO] [stderr]    Compiling libc v0.2.132
[INFO] [stderr]    Compiling libm v0.2.5
[INFO] [stderr]    Compiling proc-macro2 v1.0.43
[INFO] [stderr]    Compiling unicode-ident v1.0.3
[INFO] [stderr]    Compiling crossbeam-utils v0.8.11
[INFO] [stderr]    Compiling quote v1.0.21
[INFO] [stderr]    Compiling once_cell v1.14.0
[INFO] [stderr]    Compiling syn v1.0.99
[INFO] [stderr]    Compiling rayon-core v1.9.3
[INFO] [stderr]    Compiling scopeguard v1.1.0
[INFO] [stderr]    Compiling typenum v1.15.0
[INFO] [stderr]    Compiling getrandom v0.1.16
[INFO] [stderr]    Compiling bitflags v1.2.1
[INFO] [stderr]    Compiling version_check v0.9.4
[INFO] [stderr]    Compiling ppv-lite86 v0.2.16
[INFO] [stderr]    Compiling either v1.8.0
[INFO] [stderr]    Compiling adler32 v1.2.0
[INFO] [stderr]    Compiling crc32fast v1.3.2
[INFO] [stderr]    Compiling cc v1.0.73
[INFO] [stderr]    Compiling serde_derive v1.0.144
[INFO] [stderr]    Compiling paste v1.0.9
[INFO] [stderr]    Compiling adler v1.0.2
[INFO] [stderr]    Compiling generic-array v0.14.6
[INFO] [stderr]    Compiling num-traits v0.2.15
[INFO] [stderr]    Compiling memoffset v0.6.5
[INFO] [stderr]    Compiling crossbeam-epoch v0.9.10
[INFO] [stderr]    Compiling num-integer v0.1.45
[INFO] [stderr]    Compiling rayon v1.5.3
[INFO] [stderr]    Compiling num-rational v0.3.2
[INFO] [stderr]    Compiling miniz_oxide v0.4.4
[INFO] [stderr]    Compiling crossbeam-channel v0.5.6
[INFO] [stderr]    Compiling cmake v0.1.48
[INFO] [stderr]    Compiling num-iter v0.1.43
[INFO] [stderr]    Compiling log v0.4.17
[INFO] [stderr]    Compiling serde v1.0.144
[INFO] [stderr]    Compiling rawpointer v0.2.1
[INFO] [stderr]    Compiling byteorder v1.4.3
[INFO] [stderr]    Compiling weezl v0.1.7
[INFO] [stderr]    Compiling matrixmultiply v0.2.4
[INFO] [stderr]    Compiling crossbeam-deque v0.8.2
[INFO] [stderr]    Compiling deflate v0.8.6
[INFO] [stderr]    Compiling rubullet-sys v0.1.0-alpha-2
[INFO] [stderr]    Compiling miniz_oxide v0.3.7
[INFO] [stderr]    Compiling color_quant v1.1.0
[INFO] [stderr]    Compiling num_cpus v1.13.1
[INFO] [stderr]    Compiling gif v0.11.4
[INFO] [stderr]    Compiling rand_core v0.5.1
[INFO] [stderr]    Compiling rand_chacha v0.2.2
[INFO] [stderr]    Compiling num-complex v0.3.1
[INFO] [stderr]    Compiling approx v0.4.0
[INFO] [stderr]    Compiling rand v0.7.3
[INFO] [stderr]    Compiling simba v0.3.1
[INFO] [stderr]    Compiling png v0.16.8
[INFO] [stderr]    Compiling scoped_threadpool v0.1.9
[INFO] [stderr] error: could not compile `syn` (lib)
[INFO] [stderr] 
[INFO] [stderr] Caused by:
[INFO] [stderr]   process didn't exit successfully: `rustc --crate-name syn --edition=2018 /opt/rustwide/cargo-home/registry/src/index.crates.io-6f17d22bba15001f/syn-1.0.99/src/lib.rs --error-format=json --json=diagnostic-rendered-ansi,artifacts,future-incompat --crate-type lib --emit=dep-info,metadata,link -C embed-bitcode=no --cfg 'feature="clone-impls"' --cfg 'feature="default"' --cfg 'feature="derive"' --cfg 'feature="full"' --cfg 'feature="parsing"' --cfg 'feature="printing"' --cfg 'feature="proc-macro"' --cfg 'feature="quote"' -C metadata=4ce76c340ac783a3 -C extra-filename=-4ce76c340ac783a3 --out-dir /opt/rustwide/target/debug/deps -L dependency=/opt/rustwide/target/debug/deps --extern proc_macro2=/opt/rustwide/target/debug/deps/libproc_macro2-7d52b0aa543522d2.rmeta --extern quote=/opt/rustwide/target/debug/deps/libquote-9ae8d2b8ce6f8e69.rmeta --extern unicode_ident=/opt/rustwide/target/debug/deps/libunicode_ident-13c191dac461cd04.rmeta --cap-lints allow --cap-lints=warn --cfg syn_disable_nightly_tests` (signal: 9, SIGKILL: kill)
[INFO] [stderr] warning: build failed, waiting for other jobs to finish...
[INFO] [stderr] error: could not compile `rayon-core` (lib)
[INFO] [stderr] 
[INFO] [stderr] Caused by:
[INFO] [stderr]   process didn't exit successfully: `rustc --crate-name rayon_core --edition=2018 /opt/rustwide/cargo-home/registry/src/index.crates.io-6f17d22bba15001f/rayon-core-1.9.3/src/lib.rs --error-format=json --json=diagnostic-rendered-ansi,artifacts,future-incompat --crate-type lib --emit=dep-info,metadata,link -C opt-level=3 -C embed-bitcode=no -C debuginfo=2 -C debug-assertions=on -C metadata=48ee867a8ae9d289 -C extra-filename=-48ee867a8ae9d289 --out-dir /opt/rustwide/target/debug/deps -L dependency=/opt/rustwide/target/debug/deps --extern crossbeam_channel=/opt/rustwide/target/debug/deps/libcrossbeam_channel-b01258bcec7a06c1.rmeta --extern crossbeam_deque=/opt/rustwide/target/debug/deps/libcrossbeam_deque-53ca76fe189b82c3.rmeta --extern crossbeam_utils=/opt/rustwide/target/debug/deps/libcrossbeam_utils-c21af82c2f9af48d.rmeta --extern num_cpus=/opt/rustwide/target/debug/deps/libnum_cpus-f0f24ea692c21856.rmeta --cap-lints allow --cap-lints=warn` (signal: 9, SIGKILL: kill)
[INFO] [stderr] error: could not compile `rayon` (lib)
[INFO] [stderr] 
[INFO] [stderr] Caused by:
[INFO] [stderr]   process didn't exit successfully: `rustc --crate-name rayon --edition=2018 /opt/rustwide/cargo-home/registry/src/index.crates.io-6f17d22bba15001f/rayon-1.5.3/src/lib.rs --error-format=json --json=diagnostic-rendered-ansi,artifacts,future-incompat --crate-type lib --emit=dep-info,metadata,link -C opt-level=3 -C embed-bitcode=no -C debuginfo=2 -C debug-assertions=on -C metadata=38486aa254915888 -C extra-filename=-38486aa254915888 --out-dir /opt/rustwide/target/debug/deps -L dependency=/opt/rustwide/target/debug/deps --extern crossbeam_deque=/opt/rustwide/target/debug/deps/libcrossbeam_deque-53ca76fe189b82c3.rmeta --extern either=/opt/rustwide/target/debug/deps/libeither-8fc69a450ee834ff.rmeta --extern rayon_core=/opt/rustwide/target/debug/deps/librayon_core-48ee867a8ae9d289.rmeta --cap-lints allow --cap-lints=warn --cfg has_step_by_rev --cfg has_min_const_generics --cfg has_control_flow` (signal: 9, SIGKILL: kill)
[INFO] [stderr] error: could not compile `rand` (lib)
[INFO] [stderr] 
[INFO] [stderr] Caused by:
[INFO] [stderr]   process didn't exit successfully: `rustc --crate-name rand --edition=2018 /opt/rustwide/cargo-home/registry/src/index.crates.io-6f17d22bba15001f/rand-0.7.3/src/lib.rs --error-format=json --json=diagnostic-rendered-ansi,artifacts,future-incompat --crate-type lib --emit=dep-info,metadata,link -C opt-level=3 -C embed-bitcode=no -C debuginfo=2 -C debug-assertions=on --cfg 'feature="alloc"' --cfg 'feature="getrandom"' --cfg 'feature="getrandom_package"' --cfg 'feature="libc"' --cfg 'feature="std"' -C metadata=edc3c59d0534a533 -C extra-filename=-edc3c59d0534a533 --out-dir /opt/rustwide/target/debug/deps -L dependency=/opt/rustwide/target/debug/deps --extern getrandom_package=/opt/rustwide/target/debug/deps/libgetrandom-712d86fe43a31bec.rmeta --extern libc=/opt/rustwide/target/debug/deps/liblibc-8c7cdab292bd87b9.rmeta --extern rand_chacha=/opt/rustwide/target/debug/deps/librand_chacha-2dbb102552747988.rmeta --extern rand_core=/opt/rustwide/target/debug/deps/librand_core-46125f75226df2dc.rmeta --cap-lints allow --cap-lints=warn` (signal: 9, SIGKILL: kill)
[INFO] [stderr] error: could not compile `simba` (lib)
[INFO] [stderr] 
[INFO] [stderr] Caused by:
[INFO] [stderr]   process didn't exit successfully: `rustc --crate-name simba --edition=2018 /opt/rustwide/cargo-home/registry/src/index.crates.io-6f17d22bba15001f/simba-0.3.1/src/lib.rs --error-format=json --json=diagnostic-rendered-ansi,artifacts,future-incompat --crate-type lib --emit=dep-info,metadata,link -C opt-level=3 -C embed-bitcode=no -C debuginfo=2 -C debug-assertions=on --cfg 'feature="std"' -C metadata=7f33f9b5121eb59c -C extra-filename=-7f33f9b5121eb59c --out-dir /opt/rustwide/target/debug/deps -L dependency=/opt/rustwide/target/debug/deps --extern approx=/opt/rustwide/target/debug/deps/libapprox-6974db42ccf79cfd.rmeta --extern num_complex=/opt/rustwide/target/debug/deps/libnum_complex-6b0ea3ac7b6fadaa.rmeta --extern num_traits=/opt/rustwide/target/debug/deps/libnum_traits-7ecc2ac233194bba.rmeta --extern paste=/opt/rustwide/target/debug/deps/libpaste-e512ba422e8579e3.so --cap-lints allow --cap-lints=warn` (signal: 9, SIGKILL: kill)
[INFO] [stderr] error: failed to run custom build command for `rubullet-sys v0.1.0-alpha-2`
[INFO] [stderr] note: To improve backtraces for build dependencies, set the CARGO_PROFILE_DEV_BUILD_OVERRIDE_DEBUG=true environment variable to enable debug information generation.
[INFO] [stderr] 
[INFO] [stderr] Caused by:
[INFO] [stderr]   process didn't exit successfully: `/opt/rustwide/target/debug/build/rubullet-sys-7f282dfeb1c681ce/build-script-build` (exit status: 101)
[INFO] [stderr]   --- stdout
[INFO] [stderr]   CMAKE_TOOLCHAIN_FILE_x86_64-unknown-linux-gnu = None
[INFO] [stderr]   CMAKE_TOOLCHAIN_FILE_x86_64_unknown_linux_gnu = None
[INFO] [stderr]   HOST_CMAKE_TOOLCHAIN_FILE = None
[INFO] [stderr]   CMAKE_TOOLCHAIN_FILE = None
[INFO] [stderr]   CMAKE_GENERATOR_x86_64-unknown-linux-gnu = None
[INFO] [stderr]   CMAKE_GENERATOR_x86_64_unknown_linux_gnu = None
[INFO] [stderr]   HOST_CMAKE_GENERATOR = None
[INFO] [stderr]   CMAKE_GENERATOR = None
[INFO] [stderr]   CMAKE_PREFIX_PATH_x86_64-unknown-linux-gnu = None
[INFO] [stderr]   CMAKE_PREFIX_PATH_x86_64_unknown_linux_gnu = None
[INFO] [stderr]   HOST_CMAKE_PREFIX_PATH = None
[INFO] [stderr]   CMAKE_PREFIX_PATH = None
[INFO] [stderr]   CMAKE_x86_64-unknown-linux-gnu = None
[INFO] [stderr]   CMAKE_x86_64_unknown_linux_gnu = None
[INFO] [stderr]   HOST_CMAKE = None
[INFO] [stderr]   CMAKE = None
[INFO] [stderr]   running: cd "/opt/rustwide/target/debug/build/rubullet-sys-206b89b3a4b48ea2/out/build" && CMAKE_PREFIX_PATH="" "cmake" "/opt/rustwide/cargo-home/registry/src/index.crates.io-6f17d22bba15001f/rubullet-sys-0.1.0-alpha-2/bullet3" "-DCMAKE_INSTALL_PREFIX=/opt/rustwide/target/debug/build/rubullet-sys-206b89b3a4b48ea2/out" "-DCMAKE_C_FLAGS= -ffunction-sections -fdata-sections -fPIC -m64" "-DCMAKE_C_COMPILER=/usr/bin/cc" "-DCMAKE_CXX_FLAGS= -ffunction-sections -fdata-sections -fPIC -m64" "-DCMAKE_CXX_COMPILER=/usr/bin/c++" "-DCMAKE_ASM_FLAGS= -ffunction-sections -fdata-sections -fPIC -m64" "-DCMAKE_ASM_COMPILER=/usr/bin/cc" "-DCMAKE_BUILD_TYPE=RelWithDebInfo"
[INFO] [stderr]   -- The CXX compiler identification is GNU 11.3.0
[INFO] [stderr]   -- Detecting CXX compiler ABI info
[INFO] [stderr]   -- Detecting CXX compiler ABI info - done
[INFO] [stderr]   -- Check for working CXX compiler: /usr/bin/c++ - skipped
[INFO] [stderr]   -- Detecting CXX compile features
[INFO] [stderr]   -- Detecting CXX compile features - done
[INFO] [stderr]   -- The C compiler identification is GNU 11.3.0
[INFO] [stderr]   -- Detecting C compiler ABI info
[INFO] [stderr]   -- Detecting C compiler ABI info - done
[INFO] [stderr]   -- Check for working C compiler: /usr/bin/cc - skipped
[INFO] [stderr]   -- Detecting C compile features
[INFO] [stderr]   -- Detecting C compile features - done
[INFO] [stderr]   -- Found OpenGL: /usr/lib/x86_64-linux-gnu/libOpenGL.so   
[INFO] [stderr]   -- Configuring done
[INFO] [stderr]   -- Generating done
[INFO] [stderr]   -- Build files have been written to: /opt/rustwide/target/debug/build/rubullet-sys-206b89b3a4b48ea2/out/build
[INFO] [stderr]   running: cd "/opt/rustwide/target/debug/build/rubullet-sys-206b89b3a4b48ea2/out/build" && MAKEFLAGS="-j --jobserver-fds=7,8 --jobserver-auth=7,8" "cmake" "--build" "." "--target" "install" "--config" "RelWithDebInfo" "--parallel" "16"
[INFO] [stderr]   [  0%] Building CXX object libbullet3/examples/ExampleBrowser/CMakeFiles/BulletExampleBrowserLib.dir/OpenGLGuiHelper.o
[INFO] [stderr]   [  0%] Building CXX object libbullet3/examples/ExampleBrowser/CMakeFiles/BulletExampleBrowserLib.dir/OpenGLExampleBrowser.o
[INFO] [stderr]   [  0%] Building CXX object libbullet3/examples/ExampleBrowser/CMakeFiles/BulletExampleBrowserLib.dir/CollisionShape2TriangleMesh.o
[INFO] [stderr]   [  0%] Building CXX object libbullet3/examples/ExampleBrowser/CMakeFiles/BulletExampleBrowserLib.dir/__/Utils/b3Clock.o
[INFO] [stderr]   [  0%] Building CXX object libbullet3/examples/ExampleBrowser/CMakeFiles/BulletExampleBrowserLib.dir/__/Utils/ChromeTraceUtil.o
[INFO] [stderr]   [  0%] Building CXX object libbullet3/Extras/InverseDynamics/CMakeFiles/BulletInverseDynamicsUtils.dir/CloneTreeCreator.o
[INFO] [stderr]   [  0%] Building CXX object libbullet3/examples/ExampleBrowser/CMakeFiles/BulletExampleBrowserLib.dir/GL_ShapeDrawer.o
[INFO] [stderr]   [  1%] Building CXX object libbullet3/Extras/InverseDynamics/CMakeFiles/BulletInverseDynamicsUtils.dir/CoilCreator.o
[INFO] [stderr]   [  1%] Building CXX object libbullet3/src/Bullet3Common/CMakeFiles/Bullet3Common.dir/b3AlignedAllocator.o
[INFO] [stderr]   [  2%] Building CXX object libbullet3/examples/ExampleBrowser/CMakeFiles/BulletExampleBrowserLib.dir/__/Utils/b3ResourcePath.o
[INFO] [stderr]   [  3%] Building CXX object libbullet3/examples/ThirdPartyLibs/Gwen/CMakeFiles/gwen.dir/BaseRender.o
[INFO] [stderr]   [  3%] Building CXX object libbullet3/examples/ThirdPartyLibs/Gwen/CMakeFiles/gwen.dir/Anim.o
[INFO] [stderr]   [  3%] Building CXX object libbullet3/examples/ThirdPartyLibs/BussIK/CMakeFiles/BussIK.dir/Jacobian.o
[INFO] [stderr]   [  3%] Building CXX object libbullet3/examples/OpenGLWindow/CMakeFiles/OpenGLWindow.dir/X11OpenGLWindow.o
[INFO] [stderr]   [  3%] Building CXX object libbullet3/Extras/BulletRoboticsGUI/CMakeFiles/BulletRoboticsGUI.dir/__/__/examples/SharedMemory/plugins/stablePDPlugin/SpAlg.o
[INFO] [stderr]   [  3%] Building CXX object libbullet3/Extras/BulletRobotics/CMakeFiles/BulletRobotics.dir/__/__/examples/OpenGLWindow/SimpleCamera.o
[INFO] [stderr]   [  3%] Building CXX object libbullet3/Extras/BulletRoboticsGUI/CMakeFiles/BulletRoboticsGUI.dir/__/__/examples/SharedMemory/plugins/stablePDPlugin/Shape.o
[INFO] [stderr]   [  3%] Building CXX object libbullet3/src/Bullet3Common/CMakeFiles/Bullet3Common.dir/b3Vector3.o
[INFO] [stderr]   [  3%] Building CXX object libbullet3/examples/ExampleBrowser/CMakeFiles/BulletExampleBrowserLib.dir/GwenGUISupport/GraphingTexture.o
[INFO] [stderr]   [  4%] Building C object libbullet3/examples/OpenGLWindow/CMakeFiles/OpenGLWindow.dir/__/ThirdPartyLibs/glad/glx.o
[INFO] [stderr]   [  4%] Building CXX object libbullet3/Extras/InverseDynamics/CMakeFiles/BulletInverseDynamicsUtils.dir/MultiBodyTreeCreator.o
[INFO] [stderr]   [  4%] Building CXX object libbullet3/examples/ExampleBrowser/CMakeFiles/BulletExampleBrowserLib.dir/GwenGUISupport/GwenParameterInterface.o
[INFO] [stderr]   [  4%] Building CXX object libbullet3/src/Bullet3Common/CMakeFiles/Bullet3Common.dir/b3Logging.o
[INFO] [stderr]   [  4%] Building CXX object libbullet3/examples/ExampleBrowser/CMakeFiles/BulletExampleBrowserLib.dir/GwenGUISupport/GwenProfileWindow.o
[INFO] [stderr]   [  4%] Linking CXX static library libBullet3Common.a
[INFO] [stderr]   [  4%] Building CXX object libbullet3/examples/ExampleBrowser/CMakeFiles/BulletExampleBrowserLib.dir/GwenGUISupport/GwenTextureWindow.o
[INFO] [stderr]   [  4%] Built target Bullet3Common
[INFO] [stderr]   [  4%] Building C object libbullet3/examples/OpenGLWindow/CMakeFiles/OpenGLWindow.dir/__/ThirdPartyLibs/glad/gl.o
[INFO] [stderr]   [  4%] Building CXX object libbullet3/Extras/Serialize/BulletFileLoader/CMakeFiles/BulletFileLoader.dir/bChunk.o
[INFO] [stderr]   [  4%] Building CXX object libbullet3/Extras/BulletRobotics/CMakeFiles/BulletRobotics.dir/__/__/examples/TinyRenderer/geometry.o
[INFO] [stderr]   [  4%] Building CXX object libbullet3/Extras/InverseDynamics/CMakeFiles/BulletInverseDynamicsUtils.dir/btMultiBodyTreeCreator.o
[INFO] [stderr]   [  4%] Building CXX object libbullet3/examples/ThirdPartyLibs/Gwen/CMakeFiles/gwen.dir/Controls/Base.o
[INFO] [stderr]   [  4%] Building CXX object libbullet3/examples/ThirdPartyLibs/Gwen/CMakeFiles/gwen.dir/Controls/Button.o
[INFO] [stderr]   [  4%] Building CXX object libbullet3/examples/ThirdPartyLibs/Gwen/CMakeFiles/gwen.dir/Controls/Canvas.o
[INFO] [stderr]   [  4%] Building CXX object libbullet3/examples/ThirdPartyLibs/BussIK/CMakeFiles/BussIK.dir/LinearR2.o
[INFO] [stderr]   [  4%] Building CXX object libbullet3/Extras/BulletRobotics/CMakeFiles/BulletRobotics.dir/__/__/examples/TinyRenderer/model.o
[INFO] [stderr]   [  4%] Building CXX object libbullet3/Extras/Serialize/BulletFileLoader/CMakeFiles/BulletFileLoader.dir/bDNA.o
[INFO] [stderr]   [  4%] Building CXX object libbullet3/examples/ExampleBrowser/CMakeFiles/BulletExampleBrowserLib.dir/GwenGUISupport/gwenUserInterface.o
[INFO] [stderr]   [  4%] Building CXX object libbullet3/Extras/Serialize/BulletWorldImporter/CMakeFiles/BulletWorldImporter.dir/btMultiBodyWorldImporter.o
[INFO] [stderr]   [  4%] Building CXX object libbullet3/examples/OpenGLWindow/CMakeFiles/OpenGLWindow.dir/EGLOpenGLWindow.o
[INFO] [stderr]   [  4%] Building CXX object libbullet3/examples/OpenGLWindow/CMakeFiles/OpenGLWindow.dir/GLFWOpenGLWindow.o
[INFO] [stderr]   [  4%] Building CXX object libbullet3/examples/ThirdPartyLibs/BussIK/CMakeFiles/BussIK.dir/LinearR3.o
[INFO] [stderr]   [  4%] Building CXX object libbullet3/examples/OpenGLWindow/CMakeFiles/OpenGLWindow.dir/GLInstancingRenderer.o
[INFO] [stderr]   [  4%] Building CXX object libbullet3/Extras/InverseDynamics/CMakeFiles/BulletInverseDynamicsUtils.dir/DillCreator.o
[INFO] [stderr]   [  5%] Building CXX object libbullet3/examples/ThirdPartyLibs/BussIK/CMakeFiles/BussIK.dir/LinearR4.o
[INFO] [stderr]   [  5%] Building CXX object libbullet3/examples/ThirdPartyLibs/BussIK/CMakeFiles/BussIK.dir/MatrixRmn.o
[INFO] [stderr]   [  5%] Building CXX object libbullet3/Extras/BulletRobotics/CMakeFiles/BulletRobotics.dir/__/__/examples/TinyRenderer/tgaimage.o
[INFO] [stderr]   [  5%] Building CXX object libbullet3/examples/ThirdPartyLibs/Gwen/CMakeFiles/gwen.dir/Controls/CheckBox.o
[INFO] [stderr]   [  6%] Building CXX object libbullet3/Extras/Serialize/BulletFileLoader/CMakeFiles/BulletFileLoader.dir/bFile.o
[INFO] [stderr]   [  6%] Building CXX object libbullet3/examples/ThirdPartyLibs/BussIK/CMakeFiles/BussIK.dir/Misc.o
[INFO] [stderr]   [  6%] Building CXX object libbullet3/examples/ThirdPartyLibs/Gwen/CMakeFiles/gwen.dir/Controls/ColorControls.o
[INFO] [stderr]   [  6%] Building CXX object libbullet3/examples/ThirdPartyLibs/Gwen/CMakeFiles/gwen.dir/Controls/ColorPicker.o
[INFO] [stderr]   [  6%] Building CXX object libbullet3/examples/ThirdPartyLibs/Gwen/CMakeFiles/gwen.dir/Controls/ComboBox.o
[INFO] [stderr]   [  6%] Building CXX object libbullet3/Extras/InverseDynamics/CMakeFiles/BulletInverseDynamicsUtils.dir/MultiBodyTreeDebugGraph.o
[INFO] [stderr]   [  6%] Building CXX object libbullet3/Extras/InverseDynamics/CMakeFiles/BulletInverseDynamicsUtils.dir/invdyn_bullet_comparison.o
[INFO] [stderr]   [  6%] Building CXX object libbullet3/examples/ThirdPartyLibs/BussIK/CMakeFiles/BussIK.dir/Node.o
[INFO] [stderr]   [  6%] Building CXX object libbullet3/Extras/BulletRobotics/CMakeFiles/BulletRobotics.dir/__/__/examples/TinyRenderer/our_gl.o
[INFO] [stderr]   [  6%] Building CXX object libbullet3/examples/ThirdPartyLibs/BussIK/CMakeFiles/BussIK.dir/Tree.o
[INFO] [stderr]   [  6%] Building CXX object libbullet3/examples/ThirdPartyLibs/BussIK/CMakeFiles/BussIK.dir/VectorRn.o
[INFO] [stderr]   [  6%] Building CXX object libbullet3/Extras/BulletRobotics/CMakeFiles/BulletRobotics.dir/__/__/examples/TinyRenderer/TinyRenderer.o
[INFO] [stderr]   [  6%] Building CXX object libbullet3/Extras/InverseDynamics/CMakeFiles/BulletInverseDynamicsUtils.dir/IDRandomUtil.o
[INFO] [stderr]   [  6%] Building CXX object libbullet3/Extras/InverseDynamics/CMakeFiles/BulletInverseDynamicsUtils.dir/RandomTreeCreator.o
[INFO] [stderr]   [  6%] Building CXX object libbullet3/examples/OpenGLWindow/CMakeFiles/OpenGLWindow.dir/GLPrimitiveRenderer.o
[INFO] [stderr]   [  6%] Building CXX object libbullet3/Extras/Serialize/BulletWorldImporter/CMakeFiles/BulletWorldImporter.dir/btBulletWorldImporter.o
[INFO] [stderr]   [  6%] Building CXX object libbullet3/Extras/Serialize/BulletFileLoader/CMakeFiles/BulletFileLoader.dir/btBulletFile.o
[INFO] [stderr]   [  6%] Building CXX object libbullet3/Extras/InverseDynamics/CMakeFiles/BulletInverseDynamicsUtils.dir/SimpleTreeCreator.o
[INFO] [stderr]   [  6%] Building CXX object libbullet3/examples/ThirdPartyLibs/Gwen/CMakeFiles/gwen.dir/Controls/CrossSplitter.o
[INFO] [stderr]   [  7%] Building CXX object libbullet3/examples/ThirdPartyLibs/Gwen/CMakeFiles/gwen.dir/Controls/Dialog/FileOpen.o
[INFO] [stderr]   [  7%] Linking CXX static library libBussIK.a
[INFO] [stderr]   [  7%] Building CXX object libbullet3/examples/ThirdPartyLibs/Gwen/CMakeFiles/gwen.dir/Controls/Dialog/FileSave.o
[INFO] [stderr]   [  7%] Built target BussIK
[INFO] [stderr]   [  7%] Building CXX object libbullet3/examples/ThirdPartyLibs/Gwen/CMakeFiles/gwen.dir/Controls/Dialog/Query.o
[INFO] [stderr]   [  8%] Building CXX object libbullet3/Extras/BulletRobotics/CMakeFiles/BulletRobotics.dir/__/__/examples/SharedMemory/plugins/collisionFilterPlugin/collisionFilterPlugin.o
[INFO] [stderr]   [  8%] Building CXX object libbullet3/examples/OpenGLWindow/CMakeFiles/OpenGLWindow.dir/GLRenderToTexture.o
[INFO] [stderr]   [  8%] Building CXX object libbullet3/examples/ThirdPartyLibs/Gwen/CMakeFiles/gwen.dir/Controls/DockBase.o
[INFO] [stderr]   [  9%] Building CXX object libbullet3/Extras/InverseDynamics/CMakeFiles/BulletInverseDynamicsUtils.dir/MultiBodyNameMap.o
[INFO] [stderr]   [  9%] Building CXX object libbullet3/examples/ThirdPartyLibs/Gwen/CMakeFiles/gwen.dir/Controls/DockedTabControl.o
[INFO] [stderr]   [  9%] Building CXX object libbullet3/examples/OpenGLWindow/CMakeFiles/OpenGLWindow.dir/LoadShader.o
[INFO] [stderr]   [  9%] Building CXX object libbullet3/Extras/InverseDynamics/CMakeFiles/BulletInverseDynamicsUtils.dir/User2InternalIndex.o
[INFO] [stderr]   [  9%] Building CXX object libbullet3/Extras/BulletRobotics/CMakeFiles/BulletRobotics.dir/__/__/examples/SharedMemory/plugins/pdControlPlugin/pdControlPlugin.o
[INFO] [stderr]   [  9%] Building CXX object libbullet3/examples/ThirdPartyLibs/Gwen/CMakeFiles/gwen.dir/Controls/Dragger.o
[INFO] [stderr]   [  9%] Building CXX object libbullet3/examples/OpenGLWindow/CMakeFiles/OpenGLWindow.dir/OpenSans.o
[INFO] [stderr]   [  9%] Building CXX object libbullet3/Extras/BulletRobotics/CMakeFiles/BulletRobotics.dir/__/__/examples/SharedMemory/b3RobotSimulatorClientAPI_NoGUI.o
[INFO] [stderr]   [  9%] Building CXX object libbullet3/examples/ThirdPartyLibs/Gwen/CMakeFiles/gwen.dir/Controls/GroupBox.o
[INFO] [stderr]   [  9%] Building CXX object libbullet3/examples/OpenGLWindow/CMakeFiles/OpenGLWindow.dir/SimpleCamera.o
[INFO] [stderr]   [  9%] Building CXX object libbullet3/Extras/BulletRobotics/CMakeFiles/BulletRobotics.dir/__/__/examples/SharedMemory/b3RobotSimulatorClientAPI_NoDirect.o
[INFO] [stderr]   [  9%] Linking CXX static library libBulletFileLoader.a
[INFO] [stderr]   [  9%] Building CXX object libbullet3/examples/ThirdPartyLibs/Gwen/CMakeFiles/gwen.dir/Controls/HSVColorPicker.o
[INFO] [stderr]   [  9%] Building CXX object libbullet3/Extras/BulletRobotics/CMakeFiles/BulletRobotics.dir/__/__/examples/SharedMemory/IKTrajectoryHelper.o
[INFO] [stderr]   [  9%] Building CXX object libbullet3/Extras/BulletRobotics/CMakeFiles/BulletRobotics.dir/__/__/examples/SharedMemory/plugins/tinyRendererPlugin/tinyRendererPlugin.o
[INFO] [stderr]   [  9%] Building CXX object libbullet3/Extras/BulletRobotics/CMakeFiles/BulletRobotics.dir/__/__/examples/SharedMemory/plugins/tinyRendererPlugin/TinyRendererVisualShapeConverter.o
[INFO] [stderr]   [  9%] Built target BulletFileLoader
[INFO] [stderr]   [  9%] Building CXX object libbullet3/examples/ThirdPartyLibs/Gwen/CMakeFiles/gwen.dir/Controls/HorizontalScrollBar.o
[INFO] [stderr]   [ 10%] Building CXX object libbullet3/examples/OpenGLWindow/CMakeFiles/OpenGLWindow.dir/SimpleOpenGL2App.o
[INFO] [stderr]   [ 11%] Building CXX object libbullet3/examples/ThirdPartyLibs/Gwen/CMakeFiles/gwen.dir/Controls/HorizontalSlider.o
[INFO] [stderr]   [ 11%] Building CXX object libbullet3/Extras/BulletRobotics/CMakeFiles/BulletRobotics.dir/__/__/examples/SharedMemory/InProcessMemory.o
[INFO] [stderr]   [ 11%] Building CXX object libbullet3/Extras/BulletRobotics/CMakeFiles/BulletRobotics.dir/__/__/examples/SharedMemory/PhysicsClient.o
[INFO] [stderr]   [ 11%] Building CXX object libbullet3/examples/ThirdPartyLibs/Gwen/CMakeFiles/gwen.dir/Controls/ImagePanel.o
[INFO] [stderr]   [ 11%] Building CXX object libbullet3/examples/ThirdPartyLibs/Gwen/CMakeFiles/gwen.dir/Controls/Label.o
[INFO] [stderr]   [ 11%] Linking CXX static library libBulletExampleBrowserLib.a
[INFO] [stderr]   [ 11%] Building CXX object libbullet3/examples/ThirdPartyLibs/Gwen/CMakeFiles/gwen.dir/Controls/LabelClickable.o
[INFO] [stderr]   [ 11%] Linking CXX static library libBulletInverseDynamicsUtils.a
[INFO] [stderr]   [ 12%] Building CXX object libbullet3/Extras/BulletRobotics/CMakeFiles/BulletRobotics.dir/__/__/examples/SharedMemory/PhysicsServer.o
[INFO] [stderr]   [ 12%] Building CXX object libbullet3/Extras/BulletRobotics/CMakeFiles/BulletRobotics.dir/__/__/examples/SharedMemory/PhysicsServerSharedMemory.o
[INFO] [stderr]   [ 12%] Built target BulletExampleBrowserLib
[INFO] [stderr]   [ 12%] Built target BulletInverseDynamicsUtils
[INFO] [stderr]   [ 12%] Building CXX object libbullet3/Extras/BulletRobotics/CMakeFiles/BulletRobotics.dir/__/__/examples/SharedMemory/PhysicsDirect.o
[INFO] [stderr]   [ 12%] Building CXX object libbullet3/Extras/BulletRobotics/CMakeFiles/BulletRobotics.dir/__/__/examples/SharedMemory/PhysicsDirectC_API.o
[INFO] [stderr]   [ 12%] Building CXX object libbullet3/Extras/BulletRobotics/CMakeFiles/BulletRobotics.dir/__/__/examples/SharedMemory/PhysicsServerCommandProcessor.o
[INFO] [stderr]   [ 12%] Building CXX object libbullet3/Extras/BulletRobotics/CMakeFiles/BulletRobotics.dir/__/__/examples/SharedMemory/b3PluginManager.o
[INFO] [stderr]   [ 13%] Building CXX object libbullet3/Extras/Serialize/BulletWorldImporter/CMakeFiles/BulletWorldImporter.dir/btWorldImporter.o
[INFO] [stderr]   [ 13%] Building CXX object libbullet3/examples/OpenGLWindow/CMakeFiles/OpenGLWindow.dir/SimpleOpenGL2Renderer.o
[INFO] [stderr]   [ 13%] Building CXX object libbullet3/examples/ThirdPartyLibs/Gwen/CMakeFiles/gwen.dir/Controls/ListBox.o
[INFO] [stderr]   [ 13%] Building CXX object libbullet3/Extras/BulletRobotics/CMakeFiles/BulletRobotics.dir/__/__/examples/SharedMemory/PhysicsClientSharedMemory.o
[INFO] [stderr]   [ 13%] Building CXX object libbullet3/examples/ThirdPartyLibs/Gwen/CMakeFiles/gwen.dir/Controls/Menu.o
[INFO] [stderr]   [ 13%] Building CXX object libbullet3/examples/ThirdPartyLibs/Gwen/CMakeFiles/gwen.dir/Controls/MenuItem.o
[INFO] [stderr]   [ 13%] Building CXX object libbullet3/examples/ThirdPartyLibs/Gwen/CMakeFiles/gwen.dir/Controls/MenuStrip.o
[INFO] [stderr]   [ 13%] Building CXX object libbullet3/Extras/BulletRobotics/CMakeFiles/BulletRobotics.dir/__/__/examples/SharedMemory/PhysicsClientSharedMemory_C_API.o
[INFO] [stderr]   [ 13%] Building CXX object libbullet3/examples/ThirdPartyLibs/Gwen/CMakeFiles/gwen.dir/Controls/NumericUpDown.o
[INFO] [stderr]   [ 13%] Building CXX object libbullet3/examples/OpenGLWindow/CMakeFiles/OpenGLWindow.dir/SimpleOpenGL3App.o
[INFO] [stderr]   [ 13%] Building CXX object libbullet3/Extras/BulletRobotics/CMakeFiles/BulletRobotics.dir/__/__/examples/SharedMemory/PhysicsClientC_API.o
[INFO] [stderr]   [ 14%] Building CXX object libbullet3/examples/ThirdPartyLibs/Gwen/CMakeFiles/gwen.dir/Controls/PanelListPanel.o
[INFO] [stderr]   [ 15%] Building CXX object libbullet3/Extras/BulletRobotics/CMakeFiles/BulletRobotics.dir/__/__/examples/SharedMemory/Win32SharedMemory.o
[INFO] [stderr]   [ 15%] Building CXX object libbullet3/examples/OpenGLWindow/CMakeFiles/OpenGLWindow.dir/TwFonts.o
[INFO] [stderr]   [ 15%] Building CXX object libbullet3/examples/ThirdPartyLibs/Gwen/CMakeFiles/gwen.dir/Controls/ProgressBar.o
[INFO] [stderr]   [ 15%] Building CXX object libbullet3/examples/ThirdPartyLibs/Gwen/CMakeFiles/gwen.dir/Controls/Properties.o
[INFO] [stderr]   [ 15%] Building CXX object libbullet3/examples/ThirdPartyLibs/Gwen/CMakeFiles/gwen.dir/Controls/RadioButton.o
[INFO] [stderr]   [ 15%] Building CXX object libbullet3/examples/ThirdPartyLibs/Gwen/CMakeFiles/gwen.dir/Controls/RadioButtonController.o
[INFO] [stderr]   [ 15%] Building CXX object libbullet3/examples/ThirdPartyLibs/Gwen/CMakeFiles/gwen.dir/Controls/ResizableControl.o
[INFO] [stderr]   [ 15%] Building CXX object libbullet3/examples/ThirdPartyLibs/Gwen/CMakeFiles/gwen.dir/Controls/Resizer.o
[INFO] [stderr]   [ 15%] Building CXX object libbullet3/examples/ThirdPartyLibs/Gwen/CMakeFiles/gwen.dir/Controls/RichLabel.o
[INFO] [stderr]   [ 15%] Building CXX object libbullet3/examples/OpenGLWindow/CMakeFiles/OpenGLWindow.dir/fontstash.o
[INFO] [stderr]   [ 15%] Building CXX object libbullet3/examples/ThirdPartyLibs/Gwen/CMakeFiles/gwen.dir/Controls/ScrollBar.o
[INFO] [stderr]   [ 15%] Building CXX object libbullet3/examples/OpenGLWindow/CMakeFiles/OpenGLWindow.dir/opengl_fontstashcallbacks.o
[INFO] [stderr]   [ 15%] Building C object libbullet3/examples/OpenGLWindow/CMakeFiles/OpenGLWindow.dir/__/ThirdPartyLibs/glad/egl.o
[INFO] [stderr]   [ 16%] Building CXX object libbullet3/examples/ThirdPartyLibs/Gwen/CMakeFiles/gwen.dir/Controls/ScrollBarBar.o
[INFO] [stderr]   [ 16%] Building CXX object libbullet3/examples/OpenGLWindow/CMakeFiles/OpenGLWindow.dir/__/ThirdPartyLibs/stb_image/stb_image_write.o
[INFO] [stderr]   [ 16%] Building CXX object libbullet3/examples/ThirdPartyLibs/Gwen/CMakeFiles/gwen.dir/Controls/ScrollBarButton.o
[INFO] [stderr]   [ 16%] Building CXX object libbullet3/examples/ThirdPartyLibs/Gwen/CMakeFiles/gwen.dir/Controls/ScrollControl.o
[INFO] [stderr]   [ 16%] Building CXX object libbullet3/examples/ThirdPartyLibs/Gwen/CMakeFiles/gwen.dir/Controls/Slider.o
[INFO] [stderr]   [ 16%] Building CXX object libbullet3/examples/ThirdPartyLibs/Gwen/CMakeFiles/gwen.dir/Controls/SplitterBar.o
[INFO] [stderr]   [ 16%] Building CXX object libbullet3/examples/ThirdPartyLibs/Gwen/CMakeFiles/gwen.dir/Controls/TabButton.o
[INFO] [stderr]   [ 16%] Building CXX object libbullet3/examples/ThirdPartyLibs/Gwen/CMakeFiles/gwen.dir/Controls/TabControl.o
[INFO] [stderr]   [ 16%] Building CXX object libbullet3/examples/ThirdPartyLibs/Gwen/CMakeFiles/gwen.dir/Controls/TabStrip.o
[INFO] [stderr]   [ 16%] Building CXX object libbullet3/examples/ThirdPartyLibs/Gwen/CMakeFiles/gwen.dir/Controls/Text.o
[INFO] [stderr]   [ 17%] Building CXX object libbullet3/examples/ThirdPartyLibs/Gwen/CMakeFiles/gwen.dir/Controls/TextBox.o
[INFO] [stderr]   [ 17%] Building CXX object libbullet3/examples/ThirdPartyLibs/Gwen/CMakeFiles/gwen.dir/Controls/TextBoxNumeric.o
[INFO] [stderr]   [ 17%] Building CXX object libbullet3/examples/ThirdPartyLibs/Gwen/CMakeFiles/gwen.dir/Controls/TreeControl.o
[INFO] [stderr]   [ 17%] Building CXX object libbullet3/examples/ThirdPartyLibs/Gwen/CMakeFiles/gwen.dir/Controls/TreeNode.o
[INFO] [stderr]   [ 17%] Linking CXX static library libOpenGLWindow.a
[INFO] [stderr]   [ 17%] Linking CXX static library libBulletWorldImporter.a
[INFO] [stderr]   [ 17%] Building CXX object libbullet3/examples/ThirdPartyLibs/Gwen/CMakeFiles/gwen.dir/Controls/VerticalSlider.o
[INFO] [stderr]   [ 17%] Building CXX object libbullet3/examples/ThirdPartyLibs/Gwen/CMakeFiles/gwen.dir/Controls/VerticalScrollBar.o
[INFO] [stderr]   [ 17%] Built target OpenGLWindow
[INFO] [stderr]   [ 17%] Building CXX object libbullet3/examples/ThirdPartyLibs/Gwen/CMakeFiles/gwen.dir/Controls/WindowControl.o
[INFO] [stderr]   [ 17%] Built target BulletWorldImporter
[INFO] [stderr]   [ 17%] Building CXX object libbullet3/examples/ThirdPartyLibs/Gwen/CMakeFiles/gwen.dir/DragAndDrop.o
[INFO] [stderr]   [ 17%] Building CXX object libbullet3/examples/ThirdPartyLibs/Gwen/CMakeFiles/gwen.dir/Gwen.o
[INFO] [stderr]   [ 18%] Building CXX object libbullet3/examples/ThirdPartyLibs/Gwen/CMakeFiles/gwen.dir/Hook.o
[INFO] [stderr]   [ 18%] Building CXX object libbullet3/examples/ThirdPartyLibs/Gwen/CMakeFiles/gwen.dir/Platforms/Null.o
[INFO] [stderr]   [ 18%] Building CXX object libbullet3/examples/ThirdPartyLibs/Gwen/CMakeFiles/gwen.dir/Platforms/Windows.o
[INFO] [stderr]   [ 18%] Building CXX object libbullet3/examples/ThirdPartyLibs/Gwen/CMakeFiles/gwen.dir/Renderers/OpenGL_DebugFont.o
[INFO] [stderr]   [ 18%] Building CXX object libbullet3/examples/ThirdPartyLibs/Gwen/CMakeFiles/gwen.dir/Skin.o
[INFO] [stderr]   [ 18%] Building CXX object libbullet3/examples/ThirdPartyLibs/Gwen/CMakeFiles/gwen.dir/ToolTip.o
[INFO] [stderr]   [ 18%] Building CXX object libbullet3/examples/ThirdPartyLibs/Gwen/CMakeFiles/gwen.dir/Utility.o
[INFO] [stderr]   [ 18%] Building CXX object libbullet3/examples/ThirdPartyLibs/Gwen/CMakeFiles/gwen.dir/events.o
[INFO] [stderr]   [ 18%] Building CXX object libbullet3/examples/ThirdPartyLibs/Gwen/CMakeFiles/gwen.dir/inputhandler.o
[INFO] [stderr]   [ 19%] Linking CXX static library libgwen.a
[INFO] [stderr]   [ 19%] Built target gwen
[INFO] [stderr] 
[INFO] [stderr]   --- stderr
[INFO] [stderr]   CMake Deprecation Warning at libbullet3/CMakeLists.txt:1 (cmake_minimum_required):
[INFO] [stderr]     Compatibility with CMake < 2.8.12 will be removed from a future version of
[INFO] [stderr]     CMake.
[INFO] [stderr] 
[INFO] [stderr]     Update the VERSION argument <min> value or use a ...<max> suffix to tell
[INFO] [stderr]     CMake that the project does not need compatibility with older versions.
[INFO] [stderr] 
[INFO] [stderr] 
[INFO] [stderr]   Linux
[INFO] [stderr]   CMake Warning (dev) at /usr/share/cmake-3.22/Modules/FindOpenGL.cmake:315 (message):
[INFO] [stderr]     Policy CMP0072 is not set: FindOpenGL prefers GLVND by default when
[INFO] [stderr]     available.  Run "cmake --help-policy CMP0072" for policy details.  Use the
[INFO] [stderr]     cmake_policy command to set the policy and suppress this warning.
[INFO] [stderr] 
[INFO] [stderr]     FindOpenGL found both a legacy GL library:
[INFO] [stderr] 
[INFO] [stderr]       OPENGL_gl_LIBRARY: /usr/lib/x86_64-linux-gnu/libGL.so
[INFO] [stderr] 
[INFO] [stderr]     and GLVND libraries for OpenGL and GLX:
[INFO] [stderr] 
[INFO] [stderr]       OPENGL_opengl_LIBRARY: /usr/lib/x86_64-linux-gnu/libOpenGL.so
[INFO] [stderr]       OPENGL_glx_LIBRARY: /usr/lib/x86_64-linux-gnu/libGLX.so
[INFO] [stderr] 
[INFO] [stderr]     OpenGL_GL_PREFERENCE has not been set to "GLVND" or "LEGACY", so for
[INFO] [stderr]     compatibility with CMake 3.10 and below the legacy GL library will be used.
[INFO] [stderr]   Call Stack (most recent call first):
[INFO] [stderr]     libbullet3/CMakeLists.txt:309 (FIND_PACKAGE)
[INFO] [stderr]   This warning is for project developers.  Use -Wno-dev to suppress it.
[INFO] [stderr] 
[INFO] [stderr]   OPENGL FOUND
[INFO] [stderr]   /usr/lib/x86_64-linux-gnu/libGL.so/usr/lib/x86_64-linux-gnu/libGLU.so
[INFO] [stderr]   CMake Warning (dev) at libbullet3/examples/ExampleBrowser/CMakeLists.txt:411 (ADD_EXECUTABLE):
[INFO] [stderr]     Policy CMP0115 is not set: Source file extensions must be explicit.  Run
[INFO] [stderr]     "cmake --help-policy CMP0115" for policy details.  Use the cmake_policy
[INFO] [stderr]     command to set the policy and suppress this warning.
[INFO] [stderr] 
[INFO] [stderr]     File:
[INFO] [stderr] 
[INFO] [stderr]       /opt/rustwide/cargo-home/registry/src/index.crates.io-6f17d22bba15001f/rubullet-sys-0.1.0-alpha-2/bullet3/libbullet3/examples/Benchmarks/TaruData.h
[INFO] [stderr]   This warning is for project developers.  Use -Wno-dev to suppress it.
[INFO] [stderr] 
[INFO] [stderr]   CMake Warning (dev) at libbullet3/src/Bullet3Common/CMakeLists.txt:37 (ADD_LIBRARY):
[INFO] [stderr]     Policy CMP0115 is not set: Source file extensions must be explicit.  Run
[INFO] [stderr]     "cmake --help-policy CMP0115" for policy details.  Use the cmake_policy
[INFO] [stderr]     command to set the policy and suppress this warning.
[INFO] [stderr] 
[INFO] [stderr]     File:
[INFO] [stderr] 
[INFO] [stderr]       /opt/rustwide/cargo-home/registry/src/index.crates.io-6f17d22bba15001f/rubullet-sys-0.1.0-alpha-2/bullet3/libbullet3/src/Bullet3Common/shared/b3Float4.h
[INFO] [stderr]   This warning is for project developers.  Use -Wno-dev to suppress it.
[INFO] [stderr] 
[INFO] [stderr]   CMake Warning (dev) at libbullet3/src/Bullet3Common/CMakeLists.txt:37 (ADD_LIBRARY):
[INFO] [stderr]     Policy CMP0115 is not set: Source file extensions must be explicit.  Run
[INFO] [stderr]     "cmake --help-policy CMP0115" for policy details.  Use the cmake_policy
[INFO] [stderr]     command to set the policy and suppress this warning.
[INFO] [stderr] 
[INFO] [stderr]     File:
[INFO] [stderr] 
[INFO] [stderr]       /opt/rustwide/cargo-home/registry/src/index.crates.io-6f17d22bba15001f/rubullet-sys-0.1.0-alpha-2/bullet3/libbullet3/src/Bullet3Common/shared/b3PlatformDefinitions.h
[INFO] [stderr]   This warning is for project developers.  Use -Wno-dev to suppress it.
[INFO] [stderr] 
[INFO] [stderr]   CMake Warning:
[INFO] [stderr]     Manually-specified variables were not used by the project:
[INFO] [stderr] 
[INFO] [stderr]       CMAKE_ASM_COMPILER
[INFO] [stderr]       CMAKE_ASM_FLAGS
[INFO] [stderr] 
[INFO] [stderr] 
[INFO] [stderr]   gmake: warning: -j16 forced in submake: resetting jobserver mode.
[INFO] [stderr]   c++: fatal error: Killed signal terminated program cc1plus
[INFO] [stderr]   compilation terminated.
[INFO] [stderr]   gmake[2]: *** [libbullet3/Extras/BulletRoboticsGUI/CMakeFiles/BulletRoboticsGUI.dir/build.make:76: libbullet3/Extras/BulletRoboticsGUI/CMakeFiles/BulletRoboticsGUI.dir/__/__/examples/SharedMemory/plugins/stablePDPlugin/SpAlg.o] Error 1
[INFO] [stderr]   gmake[1]: *** [CMakeFiles/Makefile2:1260: libbullet3/Extras/BulletRoboticsGUI/CMakeFiles/BulletRoboticsGUI.dir/all] Error 2
[INFO] [stderr]   gmake[1]: *** Waiting for unfinished jobs....
[INFO] [stderr]   /opt/rustwide/cargo-home/registry/src/index.crates.io-6f17d22bba15001f/rubullet-sys-0.1.0-alpha-2/bullet3/libbullet3/examples/ExampleBrowser/GwenGUISupport/GwenParameterInterface.cpp: In member function 'virtual void GwenParameterInterface::registerSliderFloatParameter(SliderParams&)':
[INFO] [stderr]   /opt/rustwide/cargo-home/registry/src/index.crates.io-6f17d22bba15001f/rubullet-sys-0.1.0-alpha-2/bullet3/libbullet3/examples/ExampleBrowser/GwenGUISupport/GwenParameterInterface.cpp:88:55: warning: ' : ' directive output may be truncated writing 3 bytes into a region of size between 1 and 1024 [-Wformat-truncation=]
[INFO] [stderr]      88 |                         snprintf(txt, sizeof(txt), "%s : %.3f", m_variableName, val);
[INFO] [stderr]         |                                                       ^~~
[INFO] [stderr]   /opt/rustwide/cargo-home/registry/src/index.crates.io-6f17d22bba15001f/rubullet-sys-0.1.0-alpha-2/bullet3/libbullet3/examples/ExampleBrowser/GwenGUISupport/GwenParameterInterface.cpp:88:52: note: assuming directive output of 5 bytes
[INFO] [stderr]      88 |                         snprintf(txt, sizeof(txt), "%s : %.3f", m_variableName, val);
[INFO] [stderr]         |                                                    ^~~~~~~~~~~
[INFO] [stderr]   In file included from /usr/include/stdio.h:894,
[INFO] [stderr]                    from /opt/rustwide/cargo-home/registry/src/index.crates.io-6f17d22bba15001f/rubullet-sys-0.1.0-alpha-2/bullet3/libbullet3/examples/ThirdPartyLibs/Gwen/Macros.h:7,
[INFO] [stderr]                    from /opt/rustwide/cargo-home/registry/src/index.crates.io-6f17d22bba15001f/rubullet-sys-0.1.0-alpha-2/bullet3/libbullet3/examples/ThirdPartyLibs/Gwen/Gwen.h:20,
[INFO] [stderr]                    from /opt/rustwide/cargo-home/registry/src/index.crates.io-6f17d22bba15001f/rubullet-sys-0.1.0-alpha-2/bullet3/libbullet3/examples/ExampleBrowser/./../OpenGLWindow/GwenOpenGL3CoreRenderer.h:5,
[INFO] [stderr]                    from /opt/rustwide/cargo-home/registry/src/index.crates.io-6f17d22bba15001f/rubullet-sys-0.1.0-alpha-2/bullet3/libbullet3/examples/ExampleBrowser/GwenGUISupport/gwenInternalData.h:4,
[INFO] [stderr]                    from /opt/rustwide/cargo-home/registry/src/index.crates.io-6f17d22bba15001f/rubullet-sys-0.1.0-alpha-2/bullet3/libbullet3/examples/ExampleBrowser/GwenGUISupport/GwenParameterInterface.cpp:2:
[INFO] [stderr]   /usr/include/x86_64-linux-gnu/bits/stdio2.h:71:35: note: '__builtin___snprintf_chk' output between 7 and 1341 bytes into a destination of size 1024
[INFO] [stderr]      71 |   return __builtin___snprintf_chk (__s, __n, __USE_FORTIFY_LEVEL - 1,
[INFO] [stderr]         |          ~~~~~~~~~~~~~~~~~~~~~~~~~^~~~~~~~~~~~~~~~~~~~~~~~~~~~~~~~~~~
[INFO] [stderr]      72 |                                    __glibc_objsize (__s), __fmt,
[INFO] [stderr]         |                                    ~~~~~~~~~~~~~~~~~~~~~~~~~~~~~
[INFO] [stderr]      73 |                                    __va_arg_pack ());
[INFO] [stderr]         |                                    ~~~~~~~~~~~~~~~~~
[INFO] [stderr]   /opt/rustwide/cargo-home/registry/src/index.crates.io-6f17d22bba15001f/rubullet-sys-0.1.0-alpha-2/bullet3/libbullet3/examples/ExampleBrowser/GwenGUISupport/GwenParameterInterface.cpp: In member function 'void MySliderEventHandler<T>::SetValue(T) [with T = double]':
[INFO] [stderr]   /opt/rustwide/cargo-home/registry/src/index.crates.io-6f17d22bba15001f/rubullet-sys-0.1.0-alpha-2/bullet3/libbullet3/examples/ExampleBrowser/GwenGUISupport/GwenParameterInterface.cpp:88:55: warning: ' : ' directive output may be truncated writing 3 bytes into a region of size between 1 and 1024 [-Wformat-truncation=]
[INFO] [stderr]      88 |                         snprintf(txt, sizeof(txt), "%s : %.3f", m_variableName, val);
[INFO] [stderr]         |                                                       ^~~
[INFO] [stderr]   /opt/rustwide/cargo-home/registry/src/index.crates.io-6f17d22bba15001f/rubullet-sys-0.1.0-alpha-2/bullet3/libbullet3/examples/ExampleBrowser/GwenGUISupport/GwenParameterInterface.cpp:88:52: note: assuming directive output of 5 bytes
[INFO] [stderr]      88 |                         snprintf(txt, sizeof(txt), "%s : %.3f", m_variableName, val);
[INFO] [stderr]         |                                                    ^~~~~~~~~~~
[INFO] [stderr]   In file included from /usr/include/stdio.h:894,
[INFO] [stderr]                    from /opt/rustwide/cargo-home/registry/src/index.crates.io-6f17d22bba15001f/rubullet-sys-0.1.0-alpha-2/bullet3/libbullet3/examples/ThirdPartyLibs/Gwen/Macros.h:7,
[INFO] [stderr]                    from /opt/rustwide/cargo-home/registry/src/index.crates.io-6f17d22bba15001f/rubullet-sys-0.1.0-alpha-2/bullet3/libbullet3/examples/ThirdPartyLibs/Gwen/Gwen.h:20,
[INFO] [stderr]                    from /opt/rustwide/cargo-home/registry/src/index.crates.io-6f17d22bba15001f/rubullet-sys-0.1.0-alpha-2/bullet3/libbullet3/examples/ExampleBrowser/./../OpenGLWindow/GwenOpenGL3CoreRenderer.h:5,
[INFO] [stderr]                    from /opt/rustwide/cargo-home/registry/src/index.crates.io-6f17d22bba15001f/rubullet-sys-0.1.0-alpha-2/bullet3/libbullet3/examples/ExampleBrowser/GwenGUISupport/gwenInternalData.h:4,
[INFO] [stderr]                    from /opt/rustwide/cargo-home/registry/src/index.crates.io-6f17d22bba15001f/rubullet-sys-0.1.0-alpha-2/bullet3/libbullet3/examples/ExampleBrowser/GwenGUISupport/GwenParameterInterface.cpp:2:
[INFO] [stderr]   /usr/include/x86_64-linux-gnu/bits/stdio2.h:71:35: note: '__builtin___snprintf_chk' output between 7 and 1341 bytes into a destination of size 1024
[INFO] [stderr]      71 |   return __builtin___snprintf_chk (__s, __n, __USE_FORTIFY_LEVEL - 1,
[INFO] [stderr]         |          ~~~~~~~~~~~~~~~~~~~~~~~~~^~~~~~~~~~~~~~~~~~~~~~~~~~~~~~~~~~~
[INFO] [stderr]      72 |                                    __glibc_objsize (__s), __fmt,
[INFO] [stderr]         |                                    ~~~~~~~~~~~~~~~~~~~~~~~~~~~~~
[INFO] [stderr]      73 |                                    __va_arg_pack ());
[INFO] [stderr]         |                                    ~~~~~~~~~~~~~~~~~
[INFO] [stderr]   c++: fatal error: Killed signal terminated program cc1plus
[INFO] [stderr]   compilation terminated.
[INFO] [stderr]   gmake[2]: *** [libbullet3/Extras/BulletRobotics/CMakeFiles/BulletRobotics.dir/build.make:342: libbullet3/Extras/BulletRobotics/CMakeFiles/BulletRobotics.dir/__/__/examples/SharedMemory/PhysicsServerCommandProcessor.o] Error 1
[INFO] [stderr]   gmake[2]: *** Waiting for unfinished jobs....
[INFO] [stderr]   /opt/rustwide/cargo-home/registry/src/index.crates.io-6f17d22bba15001f/rubullet-sys-0.1.0-alpha-2/bullet3/libbullet3/examples/SharedMemory/PhysicsClientSharedMemory.cpp: In member function 'virtual const SharedMemoryStatus* PhysicsClientSharedMemory::processServerStatus()':
[INFO] [stderr]   /opt/rustwide/cargo-home/registry/src/index.crates.io-6f17d22bba15001f/rubullet-sys-0.1.0-alpha-2/bullet3/libbullet3/examples/SharedMemory/PhysicsClientSharedMemory.cpp:891:81: warning: '%f' directive writing between 3 and 317 bytes into a region of size between 1 and 1024 [-Wformat-overflow=]
[INFO] [stderr]     891 |                                                                 sprintf(msg, "%s%f", msg,
[INFO] [stderr]         |                                                                                 ^~
[INFO] [stderr]   /opt/rustwide/cargo-home/registry/src/index.crates.io-6f17d22bba15001f/rubullet-sys-0.1.0-alpha-2/bullet3/libbullet3/examples/SharedMemory/PhysicsClientSharedMemory.cpp:891:78: note: assuming directive output of 8 bytes
[INFO] [stderr]     891 |                                                                 sprintf(msg, "%s%f", msg,
[INFO] [stderr]         |                                                                              ^~~~~~
[INFO] [stderr]   In file included from /usr/include/stdio.h:894,
[INFO] [stderr]                    from /usr/include/c++/11/cstdio:42,
[INFO] [stderr]                    from /usr/include/c++/11/ext/string_conversions.h:43,
[INFO] [stderr]                    from /usr/include/c++/11/bits/basic_string.h:6608,
[INFO] [stderr]                    from /usr/include/c++/11/string:55,
[INFO] [stderr]                    from /opt/rustwide/cargo-home/registry/src/index.crates.io-6f17d22bba15001f/rubullet-sys-0.1.0-alpha-2/bullet3/libbullet3/src/Bullet3Common/b3HashMap.h:21,
[INFO] [stderr]                    from /opt/rustwide/cargo-home/registry/src/index.crates.io-6f17d22bba15001f/rubullet-sys-0.1.0-alpha-2/bullet3/libbullet3/examples/SharedMemory/PhysicsClientSharedMemory.cpp:7:
[INFO] [stderr]   /usr/include/x86_64-linux-gnu/bits/stdio2.h:38:34: note: '__builtin___sprintf_chk' output between 4 and 1341 bytes into a destination of size 1024
[INFO] [stderr]      38 |   return __builtin___sprintf_chk (__s, __USE_FORTIFY_LEVEL - 1,
[INFO] [stderr]         |          ~~~~~~~~~~~~~~~~~~~~~~~~^~~~~~~~~~~~~~~~~~~~~~~~~~~~~~
[INFO] [stderr]      39 |                                   __glibc_objsize (__s), __fmt,
[INFO] [stderr]         |                                   ~~~~~~~~~~~~~~~~~~~~~~~~~~~~~
[INFO] [stderr]      40 |                                   __va_arg_pack ());
[INFO] [stderr]         |                                   ~~~~~~~~~~~~~~~~~
[INFO] [stderr]   /opt/rustwide/cargo-home/registry/src/index.crates.io-6f17d22bba15001f/rubullet-sys-0.1.0-alpha-2/bullet3/libbullet3/examples/SharedMemory/PhysicsClientSharedMemory.cpp:886:81: warning: '%f' directive writing between 3 and 317 bytes into a region of size between 1 and 1024 [-Wformat-overflow=]
[INFO] [stderr]     886 |                                                                 sprintf(msg, "%s%f,", msg,
[INFO] [stderr]         |                                                                                 ^~
[INFO] [stderr]   /opt/rustwide/cargo-home/registry/src/index.crates.io-6f17d22bba15001f/rubullet-sys-0.1.0-alpha-2/bullet3/libbullet3/examples/SharedMemory/PhysicsClientSharedMemory.cpp:886:78: note: assuming directive output of 8 bytes
[INFO] [stderr]     886 |                                                                 sprintf(msg, "%s%f,", msg,
[INFO] [stderr]         |                                                                              ^~~~~~~
[INFO] [stderr]   In file included from /usr/include/stdio.h:894,
[INFO] [stderr]                    from /usr/include/c++/11/cstdio:42,
[INFO] [stderr]                    from /usr/include/c++/11/ext/string_conversions.h:43,
[INFO] [stderr]                    from /usr/include/c++/11/bits/basic_string.h:6608,
[INFO] [stderr]                    from /usr/include/c++/11/string:55,
[INFO] [stderr]                    from /opt/rustwide/cargo-home/registry/src/index.crates.io-6f17d22bba15001f/rubullet-sys-0.1.0-alpha-2/bullet3/libbullet3/src/Bullet3Common/b3HashMap.h:21,
[INFO] [stderr]                    from /opt/rustwide/cargo-home/registry/src/index.crates.io-6f17d22bba15001f/rubullet-sys-0.1.0-alpha-2/bullet3/libbullet3/examples/SharedMemory/PhysicsClientSharedMemory.cpp:7:
[INFO] [stderr]   /usr/include/x86_64-linux-gnu/bits/stdio2.h:38:34: note: '__builtin___sprintf_chk' output between 5 and 1342 bytes into a destination of size 1024
[INFO] [stderr]      38 |   return __builtin___sprintf_chk (__s, __USE_FORTIFY_LEVEL - 1,
[INFO] [stderr]         |          ~~~~~~~~~~~~~~~~~~~~~~~~^~~~~~~~~~~~~~~~~~~~~~~~~~~~~~
[INFO] [stderr]      39 |                                   __glibc_objsize (__s), __fmt,
[INFO] [stderr]         |                                   ~~~~~~~~~~~~~~~~~~~~~~~~~~~~~
[INFO] [stderr]      40 |                                   __va_arg_pack ());
[INFO] [stderr]         |                                   ~~~~~~~~~~~~~~~~~
[INFO] [stderr]   /opt/rustwide/cargo-home/registry/src/index.crates.io-6f17d22bba15001f/rubullet-sys-0.1.0-alpha-2/bullet3/libbullet3/examples/SharedMemory/PhysicsClientSharedMemory.cpp:895:66: warning: '__builtin___sprintf_chk' may write a terminating nul past the end of the destination [-Wformat-overflow=]
[INFO] [stderr]     895 |                                                 sprintf(msg, "%s]", msg);
[INFO] [stderr]         |                                                                  ^
[INFO] [stderr]   In file included from /usr/include/stdio.h:894,
[INFO] [stderr]                    from /usr/include/c++/11/cstdio:42,
[INFO] [stderr]                    from /usr/include/c++/11/ext/string_conversions.h:43,
[INFO] [stderr]                    from /usr/include/c++/11/bits/basic_string.h:6608,
[INFO] [stderr]                    from /usr/include/c++/11/string:55,
[INFO] [stderr]                    from /opt/rustwide/cargo-home/registry/src/index.crates.io-6f17d22bba15001f/rubullet-sys-0.1.0-alpha-2/bullet3/libbullet3/src/Bullet3Common/b3HashMap.h:21,
[INFO] [stderr]                    from /opt/rustwide/cargo-home/registry/src/index.crates.io-6f17d22bba15001f/rubullet-sys-0.1.0-alpha-2/bullet3/libbullet3/examples/SharedMemory/PhysicsClientSharedMemory.cpp:7:
[INFO] [stderr]   /usr/include/x86_64-linux-gnu/bits/stdio2.h:38:34: note: '__builtin___sprintf_chk' output between 2 and 1025 bytes into a destination of size 1024
[INFO] [stderr]      38 |   return __builtin___sprintf_chk (__s, __USE_FORTIFY_LEVEL - 1,
[INFO] [stderr]         |          ~~~~~~~~~~~~~~~~~~~~~~~~^~~~~~~~~~~~~~~~~~~~~~~~~~~~~~
[INFO] [stderr]      39 |                                   __glibc_objsize (__s), __fmt,
[INFO] [stderr]         |                                   ~~~~~~~~~~~~~~~~~~~~~~~~~~~~~
[INFO] [stderr]      40 |                                   __va_arg_pack ());
[INFO] [stderr]         |                                   ~~~~~~~~~~~~~~~~~
[INFO] [stderr]   /opt/rustwide/cargo-home/registry/src/index.crates.io-6f17d22bba15001f/rubullet-sys-0.1.0-alpha-2/bullet3/libbullet3/examples/SharedMemory/PhysicsClientSharedMemory.cpp:910:73: warning: '%f' directive writing between 3 and 317 bytes into a region of size between 1 and 1024 [-Wformat-overflow=]
[INFO] [stderr]     910 |                                                         sprintf(msg, "%s%f", msg,
[INFO] [stderr]         |                                                                         ^~
[INFO] [stderr]   /opt/rustwide/cargo-home/registry/src/index.crates.io-6f17d22bba15001f/rubullet-sys-0.1.0-alpha-2/bullet3/libbullet3/examples/SharedMemory/PhysicsClientSharedMemory.cpp:910:70: note: assuming directive output of 8 bytes
[INFO] [stderr]     910 |                                                         sprintf(msg, "%s%f", msg,
[INFO] [stderr]         |                                                                      ^~~~~~
[INFO] [stderr]   In file included from /usr/include/stdio.h:894,
[INFO] [stderr]                    from /usr/include/c++/11/cstdio:42,
[INFO] [stderr]                    from /usr/include/c++/11/ext/string_conversions.h:43,
[INFO] [stderr]                    from /usr/include/c++/11/bits/basic_string.h:6608,
[INFO] [stderr]                    from /usr/include/c++/11/string:55,
[INFO] [stderr]                    from /opt/rustwide/cargo-home/registry/src/index.crates.io-6f17d22bba15001f/rubullet-sys-0.1.0-alpha-2/bullet3/libbullet3/src/Bullet3Common/b3HashMap.h:21,
[INFO] [stderr]                    from /opt/rustwide/cargo-home/registry/src/index.crates.io-6f17d22bba15001f/rubullet-sys-0.1.0-alpha-2/bullet3/libbullet3/examples/SharedMemory/PhysicsClientSharedMemory.cpp:7:
[INFO] [stderr]   /usr/include/x86_64-linux-gnu/bits/stdio2.h:38:34: note: '__builtin___sprintf_chk' output between 4 and 1341 bytes into a destination of size 1024
[INFO] [stderr]      38 |   return __builtin___sprintf_chk (__s, __USE_FORTIFY_LEVEL - 1,
[INFO] [stderr]         |          ~~~~~~~~~~~~~~~~~~~~~~~~^~~~~~~~~~~~~~~~~~~~~~~~~~~~~~
[INFO] [stderr]      39 |                                   __glibc_objsize (__s), __fmt,
[INFO] [stderr]         |                                   ~~~~~~~~~~~~~~~~~~~~~~~~~~~~~
[INFO] [stderr]      40 |                                   __va_arg_pack ());
[INFO] [stderr]         |                                   ~~~~~~~~~~~~~~~~~
[INFO] [stderr]   /opt/rustwide/cargo-home/registry/src/index.crates.io-6f17d22bba15001f/rubullet-sys-0.1.0-alpha-2/bullet3/libbullet3/examples/SharedMemory/PhysicsClientSharedMemory.cpp:905:73: warning: '%f' directive writing between 3 and 317 bytes into a region of size between 1 and 1024 [-Wformat-overflow=]
[INFO] [stderr]     905 |                                                         sprintf(msg, "%s%f,", msg,
[INFO] [stderr]         |                                                                         ^~
[INFO] [stderr]   /opt/rustwide/cargo-home/registry/src/index.crates.io-6f17d22bba15001f/rubullet-sys-0.1.0-alpha-2/bullet3/libbullet3/examples/SharedMemory/PhysicsClientSharedMemory.cpp:905:70: note: assuming directive output of 8 bytes
[INFO] [stderr]     905 |                                                         sprintf(msg, "%s%f,", msg,
[INFO] [stderr]         |                                                                      ^~~~~~~
[INFO] [stderr]   In file included from /usr/include/stdio.h:894,
[INFO] [stderr]                    from /usr/include/c++/11/cstdio:42,
[INFO] [stderr]                    from /usr/include/c++/11/ext/string_conversions.h:43,
[INFO] [stderr]                    from /usr/include/c++/11/bits/basic_string.h:6608,
[INFO] [stderr]                    from /usr/include/c++/11/string:55,
[INFO] [stderr]                    from /opt/rustwide/cargo-home/registry/src/index.crates.io-6f17d22bba15001f/rubullet-sys-0.1.0-alpha-2/bullet3/libbullet3/src/Bullet3Common/b3HashMap.h:21,
[INFO] [stderr]                    from /opt/rustwide/cargo-home/registry/src/index.crates.io-6f17d22bba15001f/rubullet-sys-0.1.0-alpha-2/bullet3/libbullet3/examples/SharedMemory/PhysicsClientSharedMemory.cpp:7:
[INFO] [stderr]   /usr/include/x86_64-linux-gnu/bits/stdio2.h:38:34: note: '__builtin___sprintf_chk' output between 5 and 1342 bytes into a destination of size 1024
[INFO] [stderr]      38 |   return __builtin___sprintf_chk (__s, __USE_FORTIFY_LEVEL - 1,
[INFO] [stderr]         |          ~~~~~~~~~~~~~~~~~~~~~~~~^~~~~~~~~~~~~~~~~~~~~~~~~~~~~~
[INFO] [stderr]      39 |                                   __glibc_objsize (__s), __fmt,
[INFO] [stderr]         |                                   ~~~~~~~~~~~~~~~~~~~~~~~~~~~~~
[INFO] [stderr]      40 |                                   __va_arg_pack ());
[INFO] [stderr]         |                                   ~~~~~~~~~~~~~~~~~
[INFO] [stderr]   /opt/rustwide/cargo-home/registry/src/index.crates.io-6f17d22bba15001f/rubullet-sys-0.1.0-alpha-2/bullet3/libbullet3/examples/SharedMemory/PhysicsClientSharedMemory.cpp:914:58: warning: '__builtin___sprintf_chk' may write a terminating nul past the end of the destination [-Wformat-overflow=]
[INFO] [stderr]     914 |                                         sprintf(msg, "%s]", msg);
[INFO] [stderr]         |                                                          ^
[INFO] [stderr]   In file included from /usr/include/stdio.h:894,
[INFO] [stderr]                    from /usr/include/c++/11/cstdio:42,
[INFO] [stderr]                    from /usr/include/c++/11/ext/string_conversions.h:43,
[INFO] [stderr]                    from /usr/include/c++/11/bits/basic_string.h:6608,
[INFO] [stderr]                    from /usr/include/c++/11/string:55,
[INFO] [stderr]                    from /opt/rustwide/cargo-home/registry/src/index.crates.io-6f17d22bba15001f/rubullet-sys-0.1.0-alpha-2/bullet3/libbullet3/src/Bullet3Common/b3HashMap.h:21,
[INFO] [stderr]                    from /opt/rustwide/cargo-home/registry/src/index.crates.io-6f17d22bba15001f/rubullet-sys-0.1.0-alpha-2/bullet3/libbullet3/examples/SharedMemory/PhysicsClientSharedMemory.cpp:7:
[INFO] [stderr]   /usr/include/x86_64-linux-gnu/bits/stdio2.h:38:34: note: '__builtin___sprintf_chk' output between 2 and 1025 bytes into a destination of size 1024
[INFO] [stderr]      38 |   return __builtin___sprintf_chk (__s, __USE_FORTIFY_LEVEL - 1,
[INFO] [stderr]         |          ~~~~~~~~~~~~~~~~~~~~~~~~^~~~~~~~~~~~~~~~~~~~~~~~~~~~~~
[INFO] [stderr]      39 |                                   __glibc_objsize (__s), __fmt,
[INFO] [stderr]         |                                   ~~~~~~~~~~~~~~~~~~~~~~~~~~~~~
[INFO] [stderr]      40 |                                   __va_arg_pack ());
[INFO] [stderr]         |                                   ~~~~~~~~~~~~~~~~~
[INFO] [stderr]   gmake[1]: *** [CMakeFiles/Makefile2:1286: libbullet3/Extras/BulletRobotics/CMakeFiles/BulletRobotics.dir/all] Error 2
[INFO] [stderr]   gmake: *** [Makefile:136: all] Error 2
[INFO] [stderr]   thread 'main' panicked at '
[INFO] [stderr]   command did not execute successfully, got: exit status: 2
[INFO] [stderr] 
[INFO] [stderr]   build script failed, must exit now', /opt/rustwide/cargo-home/registry/src/index.crates.io-6f17d22bba15001f/cmake-0.1.48/src/lib.rs:975:5
[INFO] [stderr]   stack backtrace:
[INFO] [stderr]      0:     0x564494b1092a - std::backtrace_rs::backtrace::libunwind::trace::h2f05d0192276a8f6
[INFO] [stderr]                                  at /rustc/1b7dd2252b99671ce5d1cb9664c5f8636329436d/library/std/src/../../backtrace/src/backtrace/libunwind.rs:93:5
[INFO] [stderr]      1:     0x564494b1092a - std::backtrace_rs::backtrace::trace_unsynchronized::hedc23dff7a1af150
[INFO] [stderr]                                  at /rustc/1b7dd2252b99671ce5d1cb9664c5f8636329436d/library/std/src/../../backtrace/src/backtrace/mod.rs:66:5
[INFO] [stderr]      2:     0x564494b1092a - std::sys_common::backtrace::_print_fmt::h17541ef7592f3ce2
[INFO] [stderr]                                  at /rustc/1b7dd2252b99671ce5d1cb9664c5f8636329436d/library/std/src/sys_common/backtrace.rs:65:5
[INFO] [stderr]      3:     0x564494b1092a - <std::sys_common::backtrace::_print::DisplayBacktrace as core::fmt::Display>::fmt::h20f75df5ab0c0792
[INFO] [stderr]                                  at /rustc/1b7dd2252b99671ce5d1cb9664c5f8636329436d/library/std/src/sys_common/backtrace.rs:44:22
[INFO] [stderr]      4:     0x564494b3126f - core::fmt::write::h78109e6f466b3af6
[INFO] [stderr]                                  at /rustc/1b7dd2252b99671ce5d1cb9664c5f8636329436d/library/core/src/fmt/mod.rs:1254:17
[INFO] [stderr]      5:     0x564494b0d775 - std::io::Write::write_fmt::hc59e1b02dd273c8a
[INFO] [stderr]                                  at /rustc/1b7dd2252b99671ce5d1cb9664c5f8636329436d/library/std/src/io/mod.rs:1698:15
[INFO] [stderr]      6:     0x564494b106f5 - std::sys_common::backtrace::_print::h8dac57a9f8fbf9a5
[INFO] [stderr]                                  at /rustc/1b7dd2252b99671ce5d1cb9664c5f8636329436d/library/std/src/sys_common/backtrace.rs:47:5
[INFO] [stderr]      7:     0x564494b106f5 - std::sys_common::backtrace::print::hf9ecbf41d1aa712f
[INFO] [stderr]                                  at /rustc/1b7dd2252b99671ce5d1cb9664c5f8636329436d/library/std/src/sys_common/backtrace.rs:34:9
[INFO] [stderr]      8:     0x564494b11fbe - std::panicking::default_hook::{{closure}}::h04c07acfc84ca028
[INFO] [stderr]                                  at /rustc/1b7dd2252b99671ce5d1cb9664c5f8636329436d/library/std/src/panicking.rs:269:22
[INFO] [stderr]      9:     0x564494b11d65 - std::panicking::default_hook::h01f6bb23e1eceb2c
[INFO] [stderr]                                  at /rustc/1b7dd2252b99671ce5d1cb9664c5f8636329436d/library/std/src/panicking.rs:288:9
[INFO] [stderr]     10:     0x564494b1251e - std::panicking::rust_panic_with_hook::h2bb3722bbaf2f6df
[INFO] [stderr]                                  at /rustc/1b7dd2252b99671ce5d1cb9664c5f8636329436d/library/std/src/panicking.rs:691:13
[INFO] [stderr]     11:     0x564494b12419 - std::panicking::begin_panic_handler::{{closure}}::h91bc7f36a4be011b
[INFO] [stderr]                                  at /rustc/1b7dd2252b99671ce5d1cb9664c5f8636329436d/library/std/src/panicking.rs:582:13
[INFO] [stderr]     12:     0x564494b10d96 - std::sys_common::backtrace::__rust_end_short_backtrace::h8b3d3717114f9e59
[INFO] [stderr]                                  at /rustc/1b7dd2252b99671ce5d1cb9664c5f8636329436d/library/std/src/sys_common/backtrace.rs:150:18
[INFO] [stderr]     13:     0x564494b12172 - rust_begin_unwind
[INFO] [stderr]                                  at /rustc/1b7dd2252b99671ce5d1cb9664c5f8636329436d/library/std/src/panicking.rs:578:5
[INFO] [stderr]     14:     0x564494a9c7d3 - core::panicking::panic_fmt::hfd368e3fbdabea26
[INFO] [stderr]                                  at /rustc/1b7dd2252b99671ce5d1cb9664c5f8636329436d/library/core/src/panicking.rs:67:14
[INFO] [stderr]     15:     0x564494aa607f - cmake::fail::hce22fcb56e6823ab
[INFO] [stderr]     16:     0x564494aa5ae3 - cmake::run::hb80de42d90a023dc
[INFO] [stderr]     17:     0x564494aa2f36 - cmake::Config::build::h7639dbec53f22975
[INFO] [stderr]     18:     0x564494a9d113 - build_script_build::main::hf36ad168e55ef07b
[INFO] [stderr]     19:     0x564494a9e583 - core::ops::function::FnOnce::call_once::hb266702c0dea2c61
[INFO] [stderr]     20:     0x564494a9e526 - std::sys_common::backtrace::__rust_begin_short_backtrace::haae5d2c89362b951
[INFO] [stderr]     21:     0x564494a9d769 - std::rt::lang_start::{{closure}}::h6e896b1f4894f885
[INFO] [stderr]     22:     0x564494b09aee - core::ops::function::impls::<impl core::ops::function::FnOnce<A> for &F>::call_once::h2eb19b8ce4148df4
[INFO] [stderr]                                  at /rustc/1b7dd2252b99671ce5d1cb9664c5f8636329436d/library/core/src/ops/function.rs:287:13
[INFO] [stderr]     23:     0x564494b09aee - std::panicking::try::do_call::h2e900feff5d504c5
[INFO] [stderr]                                  at /rustc/1b7dd2252b99671ce5d1cb9664c5f8636329436d/library/std/src/panicking.rs:485:40
[INFO] [stderr]     24:     0x564494b09aee - std::panicking::try::h8854836cb85aa9f2
[INFO] [stderr]                                  at /rustc/1b7dd2252b99671ce5d1cb9664c5f8636329436d/library/std/src/panicking.rs:449:19
[INFO] [stderr]     25:     0x564494b09aee - std::panic::catch_unwind::h706025dd4c48f64b
[INFO] [stderr]                                  at /rustc/1b7dd2252b99671ce5d1cb9664c5f8636329436d/library/std/src/panic.rs:140:14
[INFO] [stderr]     26:     0x564494b09aee - std::rt::lang_start_internal::{{closure}}::h7be5b97f4a07a91a
[INFO] [stderr]                                  at /rustc/1b7dd2252b99671ce5d1cb9664c5f8636329436d/library/std/src/rt.rs:148:48
[INFO] [stderr]     27:     0x564494b09aee - std::panicking::try::do_call::h59847e9d0a176965
[INFO] [stderr]                                  at /rustc/1b7dd2252b99671ce5d1cb9664c5f8636329436d/library/std/src/panicking.rs:485:40
[INFO] [stderr]     28:     0x564494b09aee - std::panicking::try::h399a918ba8522823
[INFO] [stderr]                                  at /rustc/1b7dd2252b99671ce5d1cb9664c5f8636329436d/library/std/src/panicking.rs:449:19
[INFO] [stderr]     29:     0x564494b09aee - std::panic::catch_unwind::hca7ca6c55b2a2e26
[INFO] [stderr]                                  at /rustc/1b7dd2252b99671ce5d1cb9664c5f8636329436d/library/std/src/panic.rs:140:14
[INFO] [stderr]     30:     0x564494b09aee - std::rt::lang_start_internal::h2c807a81560459eb
[INFO] [stderr]                                  at /rustc/1b7dd2252b99671ce5d1cb9664c5f8636329436d/library/std/src/rt.rs:148:20
[INFO] [stderr]     31:     0x564494a9d747 - std::rt::lang_start::h6106d0e62a593519
[INFO] [stderr]     32:     0x564494a9d635 - main
[INFO] [stderr]     33:     0x7fa03d9bfd90 - <unknown>
[INFO] [stderr]     34:     0x7fa03d9bfe40 - __libc_start_main
[INFO] [stderr]     35:     0x564494a9cd55 - _start
[INFO] [stderr]     36:                0x0 - <unknown>
[INFO] running `Command { std: "docker" "inspect" "887723c3214d86284982e6d03e26895ba5e773e7dcc5c24cd020eb1ea4edaf6d", kill_on_drop: false }`
[INFO] running `Command { std: "docker" "rm" "-f" "887723c3214d86284982e6d03e26895ba5e773e7dcc5c24cd020eb1ea4edaf6d", kill_on_drop: false }`
[INFO] [stdout] 887723c3214d86284982e6d03e26895ba5e773e7dcc5c24cd020eb1ea4edaf6d
