[INFO] fetching crate former 0.1.12...
[INFO] testing former-0.1.12 against beta-2023-04-20 for beta-1.70-1
[INFO] extracting crate former 0.1.12 into /workspace/builds/worker-6-tc2/source
[INFO] validating manifest of crates.io crate former 0.1.12 on toolchain beta-2023-04-20
[INFO] running `Command { std: CARGO_HOME="/workspace/cargo-home" RUSTUP_HOME="/workspace/rustup-home" "/workspace/cargo-home/bin/cargo" "+beta-2023-04-20" "metadata" "--manifest-path" "Cargo.toml" "--no-deps", kill_on_drop: false }`
[INFO] started tweaking crates.io crate former 0.1.12
[INFO] removed 1 missing examples
[INFO] removed 0 missing tests
[INFO] finished tweaking crates.io crate former 0.1.12
[INFO] tweaked toml for crates.io crate former 0.1.12 written to /workspace/builds/worker-6-tc2/source/Cargo.toml
[INFO] crate crates.io crate former 0.1.12 already has a lockfile, it will not be regenerated
[INFO] running `Command { std: CARGO_HOME="/workspace/cargo-home" RUSTUP_HOME="/workspace/rustup-home" "/workspace/cargo-home/bin/cargo" "+beta-2023-04-20" "fetch" "--manifest-path" "Cargo.toml", kill_on_drop: false }`
[INFO] [stderr]     Blocking waiting for file lock on package cache
[INFO] [stderr]     Updating crates.io index
[INFO] [stderr]  Downloading crates ...
[INFO] [stderr]   Downloaded former_runtime v0.1.11
[INFO] [stderr]   Downloaded former v0.1.11
[INFO] [stderr]   Downloaded former_meta v0.1.12
[INFO] [stderr]   Downloaded type_constructor v0.1.19
[INFO] [stderr]   Downloaded structmeta v0.1.5
[INFO] [stderr]   Downloaded ctor v0.1.22
[INFO] [stderr]   Downloaded impls_index v0.1.3
[INFO] [stderr]   Downloaded serde v1.0.139
[INFO] [stderr]   Downloaded clone_dyn_meta v0.1.1
[INFO] [stderr]   Downloaded pretty_assertions v1.2.1
[INFO] [stderr]   Downloaded mod_interface v0.1.10
[INFO] [stderr]   Downloaded woptions_runtime v0.1.3
[INFO] [stderr]   Downloaded woptions v0.1.3
[INFO] [stderr]   Downloaded wtest_basic v0.1.10
[INFO] [stderr]   Downloaded mem_tools v0.1.0
[INFO] [stderr]   Downloaded mod_interface_meta v0.1.5
[INFO] [stderr]   Downloaded meta_tools v0.2.14
[INFO] [stderr]   Downloaded rustversion v1.0.7
[INFO] [stderr]   Downloaded dissimilar v1.0.4
[INFO] [stderr]   Downloaded serde_derive v1.0.139
[INFO] [stderr]   Downloaded implements v0.1.1
[INFO] [stderr]   Downloaded inspect_type v0.1.2
[INFO] [stderr]   Downloaded is_slice v0.1.1
[INFO] [stderr]   Downloaded test_tools v0.1.4
[INFO] [stderr]   Downloaded mod_interface_runtime v0.1.1
[INFO] [stderr]   Downloaded diagnostics_tools v0.1.3
[INFO] [stderr]   Downloaded for_each v0.1.3
[INFO] [stderr]   Downloaded impls_index_meta v0.1.1
[INFO] [stderr]   Downloaded literally v0.1.3
[INFO] [stderr]   Downloaded clone_dyn v0.1.0
[INFO] [stderr]   Downloaded structmeta-derive v0.1.5
[INFO] [stderr]   Downloaded parse-display-derive v0.5.5
[INFO] [stderr]   Downloaded proc_macro_tools v0.1.11
[INFO] [stderr]   Downloaded parse-display v0.5.5
[INFO] [stderr]   Downloaded derive_tools v0.1.5
[INFO] [stderr]   Downloaded meta_tools_min v0.2.11
[INFO] [stderr]   Downloaded woptions_meta v0.1.3
[INFO] [stderr]   Downloaded iter_tools v0.1.3
[INFO] [stderr]   Downloaded typing_tools v0.1.4
[INFO] [stderr]   Downloaded winterval v0.1.5
[INFO] running `Command { std: "docker" "create" "-v" "/var/lib/crater-agent-workspace/builds/worker-6-tc2/target:/opt/rustwide/target:rw,Z" "-v" "/var/lib/crater-agent-workspace/builds/worker-6-tc2/source:/opt/rustwide/workdir:ro,Z" "-v" "/var/lib/crater-agent-workspace/cargo-home:/opt/rustwide/cargo-home:ro,Z" "-v" "/var/lib/crater-agent-workspace/rustup-home:/opt/rustwide/rustup-home:ro,Z" "-e" "SOURCE_DIR=/opt/rustwide/workdir" "-e" "CARGO_TARGET_DIR=/opt/rustwide/target" "-e" "CARGO_HOME=/opt/rustwide/cargo-home" "-e" "RUSTUP_HOME=/opt/rustwide/rustup-home" "-w" "/opt/rustwide/workdir" "-m" "1610612736" "--user" "0:0" "--network" "none" "ghcr.io/rust-lang/crates-build-env/linux@sha256:5ff2268d62e97bff2cde7d5815dd6ed5b47097566f13b8d0ca110b04b60e07ed" "/opt/rustwide/cargo-home/bin/cargo" "+beta-2023-04-20" "metadata" "--no-deps" "--format-version=1", kill_on_drop: false }`
[INFO] [stdout] 210a4c27e0c61fc83cfe4c588cd5a6adab4d842cbfaa686e9d37ad6629613798
[INFO] running `Command { std: "docker" "start" "-a" "210a4c27e0c61fc83cfe4c588cd5a6adab4d842cbfaa686e9d37ad6629613798", kill_on_drop: false }`
[INFO] running `Command { std: "docker" "inspect" "210a4c27e0c61fc83cfe4c588cd5a6adab4d842cbfaa686e9d37ad6629613798", kill_on_drop: false }`
[INFO] running `Command { std: "docker" "rm" "-f" "210a4c27e0c61fc83cfe4c588cd5a6adab4d842cbfaa686e9d37ad6629613798", kill_on_drop: false }`
[INFO] [stdout] 210a4c27e0c61fc83cfe4c588cd5a6adab4d842cbfaa686e9d37ad6629613798
[INFO] running `Command { std: "docker" "create" "-v" "/var/lib/crater-agent-workspace/builds/worker-6-tc2/target:/opt/rustwide/target:rw,Z" "-v" "/var/lib/crater-agent-workspace/builds/worker-6-tc2/source:/opt/rustwide/workdir:ro,Z" "-v" "/var/lib/crater-agent-workspace/cargo-home:/opt/rustwide/cargo-home:ro,Z" "-v" "/var/lib/crater-agent-workspace/rustup-home:/opt/rustwide/rustup-home:ro,Z" "-e" "SOURCE_DIR=/opt/rustwide/workdir" "-e" "CARGO_TARGET_DIR=/opt/rustwide/target" "-e" "CARGO_INCREMENTAL=0" "-e" "RUST_BACKTRACE=full" "-e" "RUSTFLAGS=--cap-lints=warn" "-e" "RUSTDOCFLAGS=--cap-lints=warn" "-e" "CARGO_HOME=/opt/rustwide/cargo-home" "-e" "RUSTUP_HOME=/opt/rustwide/rustup-home" "-w" "/opt/rustwide/workdir" "-m" "1610612736" "--user" "0:0" "--network" "none" "ghcr.io/rust-lang/crates-build-env/linux@sha256:5ff2268d62e97bff2cde7d5815dd6ed5b47097566f13b8d0ca110b04b60e07ed" "/opt/rustwide/cargo-home/bin/cargo" "+beta-2023-04-20" "build" "--frozen" "--message-format=json", kill_on_drop: false }`
[INFO] [stdout] 2aa865bf4cde491c6fef20403fa5e2a9d822a7cc101864cc9d5b6dfcf03d04fb
[INFO] running `Command { std: "docker" "start" "-a" "2aa865bf4cde491c6fef20403fa5e2a9d822a7cc101864cc9d5b6dfcf03d04fb", kill_on_drop: false }`
[INFO] [stderr]    Compiling proc-macro2 v1.0.40
[INFO] [stderr]    Compiling quote v1.0.20
[INFO] [stderr]    Compiling unicode-ident v1.0.1
[INFO] [stderr]    Compiling syn v1.0.98
[INFO] [stderr]    Compiling either v1.7.0
[INFO] [stderr]    Compiling type_constructor v0.1.19
[INFO] [stderr]    Compiling winterval v0.1.5
[INFO] [stderr]    Compiling former_runtime v0.1.11
[INFO] [stderr]    Compiling itertools v0.10.3
[INFO] [stderr]    Compiling iter_tools v0.1.3
[INFO] [stderr]    Compiling proc_macro_tools v0.1.11
[INFO] [stderr]    Compiling former_meta v0.1.12
[INFO] [stderr]    Compiling former v0.1.12 (/opt/rustwide/workdir)
[INFO] [stderr]     Finished dev [unoptimized + debuginfo] target(s) in 8.25s
[INFO] running `Command { std: "docker" "inspect" "2aa865bf4cde491c6fef20403fa5e2a9d822a7cc101864cc9d5b6dfcf03d04fb", kill_on_drop: false }`
[INFO] running `Command { std: "docker" "rm" "-f" "2aa865bf4cde491c6fef20403fa5e2a9d822a7cc101864cc9d5b6dfcf03d04fb", kill_on_drop: false }`
[INFO] [stdout] 2aa865bf4cde491c6fef20403fa5e2a9d822a7cc101864cc9d5b6dfcf03d04fb
[INFO] running `Command { std: "docker" "create" "-v" "/var/lib/crater-agent-workspace/builds/worker-6-tc2/target:/opt/rustwide/target:rw,Z" "-v" "/var/lib/crater-agent-workspace/builds/worker-6-tc2/source:/opt/rustwide/workdir:ro,Z" "-v" "/var/lib/crater-agent-workspace/cargo-home:/opt/rustwide/cargo-home:ro,Z" "-v" "/var/lib/crater-agent-workspace/rustup-home:/opt/rustwide/rustup-home:ro,Z" "-e" "SOURCE_DIR=/opt/rustwide/workdir" "-e" "CARGO_TARGET_DIR=/opt/rustwide/target" "-e" "CARGO_INCREMENTAL=0" "-e" "RUST_BACKTRACE=full" "-e" "RUSTFLAGS=--cap-lints=warn" "-e" "RUSTDOCFLAGS=--cap-lints=warn" "-e" "CARGO_HOME=/opt/rustwide/cargo-home" "-e" "RUSTUP_HOME=/opt/rustwide/rustup-home" "-w" "/opt/rustwide/workdir" "-m" "1610612736" "--user" "0:0" "--network" "none" "ghcr.io/rust-lang/crates-build-env/linux@sha256:5ff2268d62e97bff2cde7d5815dd6ed5b47097566f13b8d0ca110b04b60e07ed" "/opt/rustwide/cargo-home/bin/cargo" "+beta-2023-04-20" "test" "--frozen" "--no-run" "--message-format=json", kill_on_drop: false }`
[INFO] [stdout] 748a1c0eabc12c40215295402d4e5e6ab91f07822216789f1565d99ad9703c0e
[INFO] running `Command { std: "docker" "start" "-a" "748a1c0eabc12c40215295402d4e5e6ab91f07822216789f1565d99ad9703c0e", kill_on_drop: false }`
[INFO] [stderr]    Compiling syn v1.0.98
[INFO] [stderr]    Compiling regex-syntax v0.6.27
[INFO] [stderr]    Compiling memchr v2.5.0
[INFO] [stderr]    Compiling once_cell v1.13.0
[INFO] [stderr]    Compiling convert_case v0.4.0
[INFO] [stderr]    Compiling serde v1.0.139
[INFO] [stderr]    Compiling mod_interface_runtime v0.1.1
[INFO] [stderr]    Compiling literally v0.1.3
[INFO] [stderr]    Compiling for_each v0.1.3
[INFO] [stderr]    Compiling convert_case v0.5.0
[INFO] [stderr]    Compiling serde_derive v1.0.139
[INFO] [stderr]    Compiling serde_json v1.0.82
[INFO] [stderr]    Compiling aho-corasick v0.7.18
[INFO] [stderr]    Compiling num-traits v0.2.15
[INFO] [stderr]    Compiling anyhow v1.0.58
[INFO] [stderr]    Compiling itoa v1.0.2
[INFO] [stderr]    Compiling ryu v1.0.10
[INFO] [stderr]    Compiling ansi_term v0.12.1
[INFO] [stderr]    Compiling rustversion v1.0.7
[INFO] [stderr]    Compiling trybuild v1.0.63
[INFO] [stderr]    Compiling diff v0.1.13
[INFO] [stderr]    Compiling pretty_assertions v1.2.1
[INFO] [stderr]    Compiling implements v0.1.1
[INFO] [stderr]    Compiling is_slice v0.1.1
[INFO] [stderr]    Compiling inspect_type v0.1.2
[INFO] [stderr]    Compiling dissimilar v1.0.4
[INFO] [stderr]    Compiling glob v0.3.0
[INFO] [stderr]    Compiling typing_tools v0.1.4
[INFO] [stderr]    Compiling diagnostics_tools v0.1.3
[INFO] [stderr]    Compiling regex v1.6.0
[INFO] [stderr]    Compiling mem_tools v0.1.0
[INFO] [stderr]    Compiling paste v1.0.7
[INFO] [stderr]    Compiling toml v0.5.9
[INFO] [stderr]    Compiling proc_macro_tools v0.1.11
[INFO] [stderr]    Compiling structmeta-derive v0.1.5
[INFO] [stderr]    Compiling clone_dyn_meta v0.1.1
[INFO] [stderr]    Compiling derive_more v0.99.17
[INFO] [stderr]    Compiling former_meta v0.1.12
[INFO] [stderr]    Compiling impls_index_meta v0.1.1
[INFO] [stderr]    Compiling clone_dyn v0.1.0
[INFO] [stderr]    Compiling impls_index v0.1.3
[INFO] [stderr]    Compiling former v0.1.11
[INFO] [stderr]    Compiling former v0.1.12 (/opt/rustwide/workdir)
[INFO] [stderr]    Compiling woptions_runtime v0.1.3
[INFO] [stderr]    Compiling structmeta v0.1.5
[INFO] [stderr]    Compiling parse-display-derive v0.5.5
[INFO] [stderr]    Compiling parse-display v0.5.5
[INFO] [stderr]    Compiling derive_tools v0.1.5
[INFO] [stderr]    Compiling mod_interface_meta v0.1.5
[INFO] [stderr]    Compiling mod_interface v0.1.10
[INFO] [stderr]    Compiling meta_tools_min v0.2.11
[INFO] [stderr]    Compiling woptions_meta v0.1.3
[INFO] [stderr]    Compiling woptions v0.1.3
[INFO] [stderr]    Compiling meta_tools v0.2.14
[INFO] [stderr]    Compiling wtest_basic v0.1.10
[INFO] [stderr]    Compiling test_tools v0.1.4
[INFO] [stdout] error[E0432]: unresolved import `test_tools::dependency`
[INFO] [stdout]  --> rust/test/former/./common_front_test.rs:7:17
[INFO] [stdout]   |
[INFO] [stdout] 7 | use test_tools::dependency::*;
[INFO] [stdout]   |                 ^^^^^^^^^^ could not find `dependency` in `test_tools`
[INFO] [stdout] 
[INFO] [stdout] 
[INFO] [stdout] error[E0432]: unresolved import `meta_tools`
[INFO] [stdout]   --> rust/test/former/./all/basic.rs:15:7
[INFO] [stdout]    |
[INFO] [stdout] 15 |   use meta_tools::*;
[INFO] [stdout]    |       ^^^^^^^^^^ help: a similar path exists: `test_tools::meta_tools`
[INFO] [stdout] 
[INFO] [stdout] 
[INFO] [stdout] error[E0432]: unresolved import `meta_tools`
[INFO] [stdout]   --> rust/test/former/./all/conflict.rs:15:7
[INFO] [stdout]    |
[INFO] [stdout] 15 |   use meta_tools::*;
[INFO] [stdout]    |       ^^^^^^^^^^ help: a similar path exists: `test_tools::meta_tools`
[INFO] [stdout] 
[INFO] [stdout] 
[INFO] [stdout] error[E0432]: unresolved import `meta_tools`
[INFO] [stdout]   --> rust/test/former/./all/string_slice.rs:14:7
[INFO] [stdout]    |
[INFO] [stdout] 14 |   use meta_tools::*;
[INFO] [stdout]    |       ^^^^^^^^^^ help: a similar path exists: `test_tools::meta_tools`
[INFO] [stdout] 
[INFO] [stdout] 
[INFO] [stdout] error[E0432]: unresolved import `meta_tools`
[INFO] [stdout]   --> rust/test/former/./all/default_user_type.rs:17:7
[INFO] [stdout]    |
[INFO] [stdout] 17 |   use meta_tools::*;
[INFO] [stdout]    |       ^^^^^^^^^^ help: a similar path exists: `test_tools::meta_tools`
[INFO] [stdout] 
[INFO] [stdout] 
[INFO] [stdout] error[E0432]: unresolved import `meta_tools`
[INFO] [stdout]   --> rust/test/former/./all/default_primitive.rs:17:7
[INFO] [stdout]    |
[INFO] [stdout] 17 |   use meta_tools::*;
[INFO] [stdout]    |       ^^^^^^^^^^ help: a similar path exists: `test_tools::meta_tools`
[INFO] [stdout] 
[INFO] [stdout] 
[INFO] [stdout] error[E0432]: unresolved import `meta_tools`
[INFO] [stdout]   --> rust/test/former/./all/default_container.rs:17:7
[INFO] [stdout]    |
[INFO] [stdout] 17 |   use meta_tools::*;
[INFO] [stdout]    |       ^^^^^^^^^^ help: a similar path exists: `test_tools::meta_tools`
[INFO] [stdout] 
[INFO] [stdout] 
[INFO] [stdout] error[E0432]: unresolved import `meta_tools`
[INFO] [stdout]   --> rust/test/former/./all/perform.rs:17:7
[INFO] [stdout]    |
[INFO] [stdout] 17 |   use meta_tools::*;
[INFO] [stdout]    |       ^^^^^^^^^^ help: a similar path exists: `test_tools::meta_tools`
[INFO] [stdout] 
[INFO] [stdout] 
[INFO] [stdout] error: cannot find macro `hset` in this scope
[INFO] [stdout]   --> rust/test/former/./all/default_container.rs:62:25
[INFO] [stdout]    |
[INFO] [stdout] 62 |         hashset_strings : hset!{ "k1".to_string() },
[INFO] [stdout]    |                           ^^^^
[INFO] [stdout] ...
[INFO] [stdout] 70 | / tests_index!
[INFO] [stdout] 71 | | {
[INFO] [stdout] 72 | |   test_complex,
[INFO] [stdout] 73 | | }
[INFO] [stdout]    | |_- in this macro invocation
[INFO] [stdout]    |
[INFO] [stdout]    = note: this error originates in the macro `test_complex` which comes from the expansion of the macro `tests_index` (in Nightly builds, run with -Z macro-backtrace for more info)
[INFO] [stdout] 
[INFO] [stdout] 
[INFO] [stdout] error: cannot find macro `hmap` in this scope
[INFO] [stdout]   --> rust/test/former/./all/default_container.rs:61:25
[INFO] [stdout]    |
[INFO] [stdout] 61 |         hashmap_strings : hmap!{ "k1".to_string() => "v1".to_string() },
[INFO] [stdout]    |                           ^^^^
[INFO] [stdout] ...
[INFO] [stdout] 70 | / tests_index!
[INFO] [stdout] 71 | | {
[INFO] [stdout] 72 | |   test_complex,
[INFO] [stdout] 73 | | }
[INFO] [stdout]    | |_- in this macro invocation
[INFO] [stdout]    |
[INFO] [stdout]    = note: this error originates in the macro `test_complex` which comes from the expansion of the macro `tests_index` (in Nightly builds, run with -Z macro-backtrace for more info)
[INFO] [stdout] 
[INFO] [stdout] 
[INFO] [stdout] error: cannot find macro `hset` in this scope
[INFO] [stdout]   --> rust/test/former/./all/default_container.rs:59:22
[INFO] [stdout]    |
[INFO] [stdout] 59 |         hashset_ints : hset!{ 11 },
[INFO] [stdout]    |                        ^^^^
[INFO] [stdout] ...
[INFO] [stdout] 70 | / tests_index!
[INFO] [stdout] 71 | | {
[INFO] [stdout] 72 | |   test_complex,
[INFO] [stdout] 73 | | }
[INFO] [stdout]    | |_- in this macro invocation
[INFO] [stdout]    |
[INFO] [stdout]    = note: this error originates in the macro `test_complex` which comes from the expansion of the macro `tests_index` (in Nightly builds, run with -Z macro-backtrace for more info)
[INFO] [stdout] 
[INFO] [stdout] 
[INFO] [stdout] error: cannot find macro `hmap` in this scope
[INFO] [stdout]   --> rust/test/former/./all/default_container.rs:58:22
[INFO] [stdout]    |
[INFO] [stdout] 58 |         hashmap_ints : hmap!{ 1 => 11 },
[INFO] [stdout]    |                        ^^^^
[INFO] [stdout] ...
[INFO] [stdout] 70 | / tests_index!
[INFO] [stdout] 71 | | {
[INFO] [stdout] 72 | |   test_complex,
[INFO] [stdout] 73 | | }
[INFO] [stdout]    | |_- in this macro invocation
[INFO] [stdout]    |
[INFO] [stdout]    = note: this error originates in the macro `test_complex` which comes from the expansion of the macro `tests_index` (in Nightly builds, run with -Z macro-backtrace for more info)
[INFO] [stdout] 
[INFO] [stdout] 
[INFO] [stdout] error: cannot find macro `hmap` in this scope
[INFO] [stdout]   --> rust/test/former/./all/default_container.rs:31:15
[INFO] [stdout]    |
[INFO] [stdout] 31 |   #[ default( hmap!{ 1 => 11 } ) ]
[INFO] [stdout]    |               ^^^^
[INFO] [stdout] 
[INFO] [stdout] 
[INFO] [stdout] error: cannot find macro `hset` in this scope
[INFO] [stdout]   --> rust/test/former/./all/default_container.rs:33:15
[INFO] [stdout]    |
[INFO] [stdout] 33 |   #[ default( hset!{ 11 } ) ]
[INFO] [stdout]    |               ^^^^
[INFO] [stdout] 
[INFO] [stdout] 
[INFO] [stdout] error: cannot find macro `hmap` in this scope
[INFO] [stdout]   --> rust/test/former/./all/default_container.rs:38:15
[INFO] [stdout]    |
[INFO] [stdout] 38 |   #[ default( hmap!{ "k1".to_string() => "v1".to_string() } ) ]
[INFO] [stdout]    |               ^^^^
[INFO] [stdout] 
[INFO] [stdout] 
[INFO] [stdout] error: cannot find macro `hset` in this scope
[INFO] [stdout]   --> rust/test/former/./all/default_container.rs:40:15
[INFO] [stdout]    |
[INFO] [stdout] 40 |   #[ default( hset!{ "k1".to_string() } ) ]
[INFO] [stdout]    |               ^^^^
[INFO] [stdout] 
[INFO] [stdout] 
[INFO] [stdout] error: cannot find macro `hset` in this scope
[INFO] [stdout]   --> rust/test/former/./all/default_primitive.rs:59:27
[INFO] [stdout]    |
[INFO] [stdout] 59 |         hashset_strings_1 : hset!{},
[INFO] [stdout]    |                             ^^^^
[INFO] [stdout] ...
[INFO] [stdout] 67 | / tests_index!
[INFO] [stdout] 68 | | {
[INFO] [stdout] 69 | |   test_complex,
[INFO] [stdout] 70 | | }
[INFO] [stdout]    | |_- in this macro invocation
[INFO] [stdout]    |
[INFO] [stdout]    = note: this error originates in the macro `test_complex` which comes from the expansion of the macro `tests_index` (in Nightly builds, run with -Z macro-backtrace for more info)
[INFO] [stdout] 
[INFO] [stdout] 
[INFO] [stdout] error: cannot find macro `hmap` in this scope
[INFO] [stdout]   --> rust/test/former/./all/default_primitive.rs:58:27
[INFO] [stdout]    |
[INFO] [stdout] 58 |         hashmap_strings_1 : hmap!{},
[INFO] [stdout]    |                             ^^^^
[INFO] [stdout] ...
[INFO] [stdout] 67 | / tests_index!
[INFO] [stdout] 68 | | {
[INFO] [stdout] 69 | |   test_complex,
[INFO] [stdout] 70 | | }
[INFO] [stdout]    | |_- in this macro invocation
[INFO] [stdout]    |
[INFO] [stdout]    = note: this error originates in the macro `test_complex` which comes from the expansion of the macro `tests_index` (in Nightly builds, run with -Z macro-backtrace for more info)
[INFO] [stdout] 
[INFO] [stdout] 
[INFO] [stdout] error: cannot find macro `hset` in this scope
[INFO] [stdout]    --> rust/test/former/./all/basic_only_test.rs:400:27
[INFO] [stdout]     |
[INFO] [stdout] 400 |         hashset_strings_1 : hset!{},
[INFO] [stdout]     |                             ^^^^
[INFO] [stdout] ...
[INFO] [stdout] 413 | / tests_index!
[INFO] [stdout] 414 | | {
[INFO] [stdout] 415 | |   test_int,
[INFO] [stdout] 416 | |   test_string,
[INFO] [stdout] ...   |
[INFO] [stdout] 422 | |   test_complex,
[INFO] [stdout] 423 | | }
[INFO] [stdout]     | |_- in this macro invocation
[INFO] [stdout]     |
[INFO] [stdout]     = note: this error originates in the macro `test_complex` which comes from the expansion of the macro `tests_index` (in Nightly builds, run with -Z macro-backtrace for more info)
[INFO] [stdout] 
[INFO] [stdout] 
[INFO] [stdout] error: cannot find macro `hmap` in this scope
[INFO] [stdout]    --> rust/test/former/./all/basic_only_test.rs:399:27
[INFO] [stdout]     |
[INFO] [stdout] 399 |         hashmap_strings_1 : hmap!{ "k1".to_string() => "v1".to_string(), "k2".to_string() => "v2".to_string() },
[INFO] [stdout]     |                             ^^^^
[INFO] [stdout] ...
[INFO] [stdout] 413 | / tests_index!
[INFO] [stdout] 414 | | {
[INFO] [stdout] 415 | |   test_int,
[INFO] [stdout] 416 | |   test_string,
[INFO] [stdout] ...   |
[INFO] [stdout] 422 | |   test_complex,
[INFO] [stdout] 423 | | }
[INFO] [stdout]     | |_- in this macro invocation
[INFO] [stdout]     |
[INFO] [stdout]     = note: this error originates in the macro `test_complex` which comes from the expansion of the macro `tests_index` (in Nightly builds, run with -Z macro-backtrace for more info)
[INFO] [stdout] 
[INFO] [stdout] 
[INFO] [stdout] error: cannot find macro `hset` in this scope
[INFO] [stdout]    --> rust/test/former/./all/basic_only_test.rs:373:27
[INFO] [stdout]     |
[INFO] [stdout] 373 |         hashset_strings_1 : hset!{},
[INFO] [stdout]     |                             ^^^^
[INFO] [stdout] ...
[INFO] [stdout] 413 | / tests_index!
[INFO] [stdout] 414 | | {
[INFO] [stdout] 415 | |   test_int,
[INFO] [stdout] 416 | |   test_string,
[INFO] [stdout] ...   |
[INFO] [stdout] 422 | |   test_complex,
[INFO] [stdout] 423 | | }
[INFO] [stdout]     | |_- in this macro invocation
[INFO] [stdout]     |
[INFO] [stdout]     = note: this error originates in the macro `test_underscored_form` which comes from the expansion of the macro `tests_index` (in Nightly builds, run with -Z macro-backtrace for more info)
[INFO] [stdout] 
[INFO] [stdout] 
[INFO] [stdout] error: cannot find macro `hmap` in this scope
[INFO] [stdout]    --> rust/test/former/./all/basic_only_test.rs:372:27
[INFO] [stdout]     |
[INFO] [stdout] 372 |         hashmap_strings_1 : hmap!{},
[INFO] [stdout]     |                             ^^^^
[INFO] [stdout] ...
[INFO] [stdout] 413 | / tests_index!
[INFO] [stdout] 414 | | {
[INFO] [stdout] 415 | |   test_int,
[INFO] [stdout] 416 | |   test_string,
[INFO] [stdout] ...   |
[INFO] [stdout] 422 | |   test_complex,
[INFO] [stdout] 423 | | }
[INFO] [stdout]     | |_- in this macro invocation
[INFO] [stdout]     |
[INFO] [stdout]     = note: this error originates in the macro `test_underscored_form` which comes from the expansion of the macro `tests_index` (in Nightly builds, run with -Z macro-backtrace for more info)
[INFO] [stdout] 
[INFO] [stdout] 
[INFO] [stdout] error: cannot find macro `hset` in this scope
[INFO] [stdout]    --> rust/test/former/./all/basic_only_test.rs:350:27
[INFO] [stdout]     |
[INFO] [stdout] 350 |         hashset_strings_1 : hset!{ "v1".to_string(), "v2".to_string(), "v3".to_string() },
[INFO] [stdout]     |                             ^^^^
[INFO] [stdout] ...
[INFO] [stdout] 413 | / tests_index!
[INFO] [stdout] 414 | | {
[INFO] [stdout] 415 | |   test_int,
[INFO] [stdout] 416 | |   test_string,
[INFO] [stdout] ...   |
[INFO] [stdout] 422 | |   test_complex,
[INFO] [stdout] 423 | | }
[INFO] [stdout]     | |_- in this macro invocation
[INFO] [stdout]     |
[INFO] [stdout]     = note: this error originates in the macro `test_hashset` which comes from the expansion of the macro `tests_index` (in Nightly builds, run with -Z macro-backtrace for more info)
[INFO] [stdout] 
[INFO] [stdout] 
[INFO] [stdout] error: cannot find macro `hmap` in this scope
[INFO] [stdout]    --> rust/test/former/./all/basic_only_test.rs:349:27
[INFO] [stdout]     |
[INFO] [stdout] 349 |         hashmap_strings_1 : hmap!{},
[INFO] [stdout]     |                             ^^^^
[INFO] [stdout] ...
[INFO] [stdout] 413 | / tests_index!
[INFO] [stdout] 414 | | {
[INFO] [stdout] 415 | |   test_int,
[INFO] [stdout] 416 | |   test_string,
[INFO] [stdout] ...   |
[INFO] [stdout] 422 | |   test_complex,
[INFO] [stdout] 423 | | }
[INFO] [stdout]     | |_- in this macro invocation
[INFO] [stdout]     |
[INFO] [stdout]     = note: this error originates in the macro `test_hashset` which comes from the expansion of the macro `tests_index` (in Nightly builds, run with -Z macro-backtrace for more info)
[INFO] [stdout] 
[INFO] [stdout] 
[INFO] [stdout] error: cannot find macro `hset` in this scope
[INFO] [stdout]    --> rust/test/former/./all/basic_only_test.rs:337:35
[INFO] [stdout]     |
[INFO] [stdout] 337 |       .hashset_strings_1().replace( hset!{ "v1".to_string(), "v2".to_string() } ).insert( "v3" ).end()
[INFO] [stdout]     |                                     ^^^^
[INFO] [stdout] ...
[INFO] [stdout] 413 | / tests_index!
[INFO] [stdout] 414 | | {
[INFO] [stdout] 415 | |   test_int,
[INFO] [stdout] 416 | |   test_string,
[INFO] [stdout] ...   |
[INFO] [stdout] 422 | |   test_complex,
[INFO] [stdout] 423 | | }
[INFO] [stdout]     | |_- in this macro invocation
[INFO] [stdout]     |
[INFO] [stdout]     = note: this error originates in the macro `test_hashset` which comes from the expansion of the macro `tests_index` (in Nightly builds, run with -Z macro-backtrace for more info)
[INFO] [stdout] 
[INFO] [stdout] 
[INFO] [stdout] error: cannot find macro `hset` in this scope
[INFO] [stdout]    --> rust/test/former/./all/basic_only_test.rs:330:27
[INFO] [stdout]     |
[INFO] [stdout] 330 |         hashset_strings_1 : hset!{ "v1".to_string(), "v2".to_string() },
[INFO] [stdout]     |                             ^^^^
[INFO] [stdout] ...
[INFO] [stdout] 413 | / tests_index!
[INFO] [stdout] 414 | | {
[INFO] [stdout] 415 | |   test_int,
[INFO] [stdout] 416 | |   test_string,
[INFO] [stdout] ...   |
[INFO] [stdout] 422 | |   test_complex,
[INFO] [stdout] 423 | | }
[INFO] [stdout]     | |_- in this macro invocation
[INFO] [stdout]     |
[INFO] [stdout]     = note: this error originates in the macro `test_hashset` which comes from the expansion of the macro `tests_index` (in Nightly builds, run with -Z macro-backtrace for more info)
[INFO] [stdout] 
[INFO] [stdout] 
[INFO] [stdout] error: cannot find macro `hmap` in this scope
[INFO] [stdout]    --> rust/test/former/./all/basic_only_test.rs:329:27
[INFO] [stdout]     |
[INFO] [stdout] 329 |         hashmap_strings_1 : hmap!{},
[INFO] [stdout]     |                             ^^^^
[INFO] [stdout] ...
[INFO] [stdout] 413 | / tests_index!
[INFO] [stdout] 414 | | {
[INFO] [stdout] 415 | |   test_int,
[INFO] [stdout] 416 | |   test_string,
[INFO] [stdout] ...   |
[INFO] [stdout] 422 | |   test_complex,
[INFO] [stdout] 423 | | }
[INFO] [stdout]     | |_- in this macro invocation
[INFO] [stdout]     |
[INFO] [stdout]     = note: this error originates in the macro `test_hashset` which comes from the expansion of the macro `tests_index` (in Nightly builds, run with -Z macro-backtrace for more info)
[INFO] [stdout] 
[INFO] [stdout] 
[INFO] [stdout] error: cannot find macro `hset` in this scope
[INFO] [stdout]    --> rust/test/former/./all/basic_only_test.rs:317:35
[INFO] [stdout]     |
[INFO] [stdout] 317 |       .hashset_strings_1().replace( hset!{ "v1".to_string(), "v2".to_string() } ).end()
[INFO] [stdout]     |                                     ^^^^
[INFO] [stdout] ...
[INFO] [stdout] 413 | / tests_index!
[INFO] [stdout] 414 | | {
[INFO] [stdout] 415 | |   test_int,
[INFO] [stdout] 416 | |   test_string,
[INFO] [stdout] ...   |
[INFO] [stdout] 422 | |   test_complex,
[INFO] [stdout] 423 | | }
[INFO] [stdout]     | |_- in this macro invocation
[INFO] [stdout]     |
[INFO] [stdout]     = note: this error originates in the macro `test_hashset` which comes from the expansion of the macro `tests_index` (in Nightly builds, run with -Z macro-backtrace for more info)
[INFO] [stdout] 
[INFO] [stdout] 
[INFO] [stdout] error: cannot find macro `hset` in this scope
[INFO] [stdout]    --> rust/test/former/./all/basic_only_test.rs:310:27
[INFO] [stdout]     |
[INFO] [stdout] 310 |         hashset_strings_1 : hset!{ "v1".to_string(), "v2".to_string() },
[INFO] [stdout]     |                             ^^^^
[INFO] [stdout] ...
[INFO] [stdout] 413 | / tests_index!
[INFO] [stdout] 414 | | {
[INFO] [stdout] 415 | |   test_int,
[INFO] [stdout] 416 | |   test_string,
[INFO] [stdout] ...   |
[INFO] [stdout] 422 | |   test_complex,
[INFO] [stdout] 423 | | }
[INFO] [stdout]     | |_- in this macro invocation
[INFO] [stdout]     |
[INFO] [stdout]     = note: this error originates in the macro `test_hashset` which comes from the expansion of the macro `tests_index` (in Nightly builds, run with -Z macro-backtrace for more info)
[INFO] [stdout] 
[INFO] [stdout] 
[INFO] [stdout] error: cannot find macro `hmap` in this scope
[INFO] [stdout]    --> rust/test/former/./all/basic_only_test.rs:309:27
[INFO] [stdout]     |
[INFO] [stdout] 309 |         hashmap_strings_1 : hmap!{},
[INFO] [stdout]     |                             ^^^^
[INFO] [stdout] ...
[INFO] [stdout] 413 | / tests_index!
[INFO] [stdout] 414 | | {
[INFO] [stdout] 415 | |   test_int,
[INFO] [stdout] 416 | |   test_string,
[INFO] [stdout] ...   |
[INFO] [stdout] 422 | |   test_complex,
[INFO] [stdout] 423 | | }
[INFO] [stdout]     | |_- in this macro invocation
[INFO] [stdout]     |
[INFO] [stdout]     = note: this error originates in the macro `test_hashset` which comes from the expansion of the macro `tests_index` (in Nightly builds, run with -Z macro-backtrace for more info)
[INFO] [stdout] 
[INFO] [stdout] 
[INFO] [stdout] error: cannot find macro `hset` in this scope
[INFO] [stdout]    --> rust/test/former/./all/basic_only_test.rs:283:27
[INFO] [stdout]     |
[INFO] [stdout] 283 |         hashset_strings_1 : hset!{},
[INFO] [stdout]     |                             ^^^^
[INFO] [stdout] ...
[INFO] [stdout] 413 | / tests_index!
[INFO] [stdout] 414 | | {
[INFO] [stdout] 415 | |   test_int,
[INFO] [stdout] 416 | |   test_string,
[INFO] [stdout] ...   |
[INFO] [stdout] 422 | |   test_complex,
[INFO] [stdout] 423 | | }
[INFO] [stdout]     | |_- in this macro invocation
[INFO] [stdout]     |
[INFO] [stdout]     = note: this error originates in the macro `test_hashmap` which comes from the expansion of the macro `tests_index` (in Nightly builds, run with -Z macro-backtrace for more info)
[INFO] [stdout] 
[INFO] [stdout] 
[INFO] [stdout] error: cannot find macro `hmap` in this scope
[INFO] [stdout]    --> rust/test/former/./all/basic_only_test.rs:282:27
[INFO] [stdout]     |
[INFO] [stdout] 282 |         hashmap_strings_1 : hmap!{ "k1".to_string() => "v1".to_string(), "k2".to_string() => "v2".to_string(), "k3".to_string() => "v3".to_...
[INFO] [stdout]     |                             ^^^^
[INFO] [stdout] ...
[INFO] [stdout] 413 | / tests_index!
[INFO] [stdout] 414 | | {
[INFO] [stdout] 415 | |   test_int,
[INFO] [stdout] 416 | |   test_string,
[INFO] [stdout] ...   |
[INFO] [stdout] 422 | |   test_complex,
[INFO] [stdout] 423 | | }
[INFO] [stdout]     | |_- in this macro invocation
[INFO] [stdout]     |
[INFO] [stdout]     = note: this error originates in the macro `test_hashmap` which comes from the expansion of the macro `tests_index` (in Nightly builds, run with -Z macro-backtrace for more info)
[INFO] [stdout] 
[INFO] [stdout] 
[INFO] [stdout] error: cannot find macro `hmap` in this scope
[INFO] [stdout]    --> rust/test/former/./all/basic_only_test.rs:270:35
[INFO] [stdout]     |
[INFO] [stdout] 270 |       .hashmap_strings_1().replace( hmap!{ "k1".to_string() => "v1".to_string(), "k2".to_string() => "v2".to_string() } ).insert( "k3", "v3...
[INFO] [stdout]     |                                     ^^^^
[INFO] [stdout] ...
[INFO] [stdout] 413 | / tests_index!
[INFO] [stdout] 414 | | {
[INFO] [stdout] 415 | |   test_int,
[INFO] [stdout] 416 | |   test_string,
[INFO] [stdout] ...   |
[INFO] [stdout] 422 | |   test_complex,
[INFO] [stdout] 423 | | }
[INFO] [stdout]     | |_- in this macro invocation
[INFO] [stdout]     |
[INFO] [stdout]     = note: this error originates in the macro `test_hashmap` which comes from the expansion of the macro `tests_index` (in Nightly builds, run with -Z macro-backtrace for more info)
[INFO] [stdout] 
[INFO] [stdout] 
[INFO] [stdout] error: cannot find macro `hset` in this scope
[INFO] [stdout]    --> rust/test/former/./all/basic_only_test.rs:263:27
[INFO] [stdout]     |
[INFO] [stdout] 263 |         hashset_strings_1 : hset!{},
[INFO] [stdout]     |                             ^^^^
[INFO] [stdout] ...
[INFO] [stdout] 413 | / tests_index!
[INFO] [stdout] 414 | | {
[INFO] [stdout] 415 | |   test_int,
[INFO] [stdout] 416 | |   test_string,
[INFO] [stdout] ...   |
[INFO] [stdout] 422 | |   test_complex,
[INFO] [stdout] 423 | | }
[INFO] [stdout]     | |_- in this macro invocation
[INFO] [stdout]     |
[INFO] [stdout]     = note: this error originates in the macro `test_hashmap` which comes from the expansion of the macro `tests_index` (in Nightly builds, run with -Z macro-backtrace for more info)
[INFO] [stdout] 
[INFO] [stdout] 
[INFO] [stdout] error: cannot find macro `hmap` in this scope
[INFO] [stdout]    --> rust/test/former/./all/basic_only_test.rs:262:27
[INFO] [stdout]     |
[INFO] [stdout] 262 |         hashmap_strings_1 : hmap!{ "k1".to_string() => "v1".to_string(), "k2".to_string() => "v2".to_string() },
[INFO] [stdout]     |                             ^^^^
[INFO] [stdout] ...
[INFO] [stdout] 413 | / tests_index!
[INFO] [stdout] 414 | | {
[INFO] [stdout] 415 | |   test_int,
[INFO] [stdout] 416 | |   test_string,
[INFO] [stdout] ...   |
[INFO] [stdout] 422 | |   test_complex,
[INFO] [stdout] 423 | | }
[INFO] [stdout]     | |_- in this macro invocation
[INFO] [stdout]     |
[INFO] [stdout]     = note: this error originates in the macro `test_hashmap` which comes from the expansion of the macro `tests_index` (in Nightly builds, run with -Z macro-backtrace for more info)
[INFO] [stdout] 
[INFO] [stdout] 
[INFO] [stdout] error: cannot find macro `hmap` in this scope
[INFO] [stdout]    --> rust/test/former/./all/basic_only_test.rs:250:35
[INFO] [stdout]     |
[INFO] [stdout] 250 |       .hashmap_strings_1().replace( hmap!{ "k1".to_string() => "v1".to_string(), "k2".to_string() => "v2".to_string() } ).end()
[INFO] [stdout]     |                                     ^^^^
[INFO] [stdout] ...
[INFO] [stdout] 413 | / tests_index!
[INFO] [stdout] 414 | | {
[INFO] [stdout] 415 | |   test_int,
[INFO] [stdout] 416 | |   test_string,
[INFO] [stdout] ...   |
[INFO] [stdout] 422 | |   test_complex,
[INFO] [stdout] 423 | | }
[INFO] [stdout]     | |_- in this macro invocation
[INFO] [stdout]     |
[INFO] [stdout]     = note: this error originates in the macro `test_hashmap` which comes from the expansion of the macro `tests_index` (in Nightly builds, run with -Z macro-backtrace for more info)
[INFO] [stdout] 
[INFO] [stdout] 
[INFO] [stdout] error: cannot find macro `hset` in this scope
[INFO] [stdout]    --> rust/test/former/./all/basic_only_test.rs:243:27
[INFO] [stdout]     |
[INFO] [stdout] 243 |         hashset_strings_1 : hset!{},
[INFO] [stdout]     |                             ^^^^
[INFO] [stdout] ...
[INFO] [stdout] 413 | / tests_index!
[INFO] [stdout] 414 | | {
[INFO] [stdout] 415 | |   test_int,
[INFO] [stdout] 416 | |   test_string,
[INFO] [stdout] ...   |
[INFO] [stdout] 422 | |   test_complex,
[INFO] [stdout] 423 | | }
[INFO] [stdout]     | |_- in this macro invocation
[INFO] [stdout]     |
[INFO] [stdout]     = note: this error originates in the macro `test_hashmap` which comes from the expansion of the macro `tests_index` (in Nightly builds, run with -Z macro-backtrace for more info)
[INFO] [stdout] 
[INFO] [stdout] 
[INFO] [stdout] error: cannot find macro `hmap` in this scope
[INFO] [stdout]    --> rust/test/former/./all/basic_only_test.rs:242:27
[INFO] [stdout]     |
[INFO] [stdout] 242 |         hashmap_strings_1 : hmap!{ "k1".to_string() => "v1".to_string(), "k2".to_string() => "v2".to_string() },
[INFO] [stdout]     |                             ^^^^
[INFO] [stdout] ...
[INFO] [stdout] 413 | / tests_index!
[INFO] [stdout] 414 | | {
[INFO] [stdout] 415 | |   test_int,
[INFO] [stdout] 416 | |   test_string,
[INFO] [stdout] ...   |
[INFO] [stdout] 422 | |   test_complex,
[INFO] [stdout] 423 | | }
[INFO] [stdout]     | |_- in this macro invocation
[INFO] [stdout]     |
[INFO] [stdout]     = note: this error originates in the macro `test_hashmap` which comes from the expansion of the macro `tests_index` (in Nightly builds, run with -Z macro-backtrace for more info)
[INFO] [stdout] 
[INFO] [stdout] 
[INFO] [stdout] error: cannot find macro `hset` in this scope
[INFO] [stdout]    --> rust/test/former/./all/basic_only_test.rs:216:27
[INFO] [stdout]     |
[INFO] [stdout] 216 |         hashset_strings_1 : hset!{},
[INFO] [stdout]     |                             ^^^^
[INFO] [stdout] ...
[INFO] [stdout] 413 | / tests_index!
[INFO] [stdout] 414 | | {
[INFO] [stdout] 415 | |   test_int,
[INFO] [stdout] 416 | |   test_string,
[INFO] [stdout] ...   |
[INFO] [stdout] 422 | |   test_complex,
[INFO] [stdout] 423 | | }
[INFO] [stdout]     | |_- in this macro invocation
[INFO] [stdout]     |
[INFO] [stdout]     = note: this error originates in the macro `test_vector` which comes from the expansion of the macro `tests_index` (in Nightly builds, run with -Z macro-backtrace for more info)
[INFO] [stdout] 
[INFO] [stdout] 
[INFO] [stdout] error: cannot find macro `hmap` in this scope
[INFO] [stdout]    --> rust/test/former/./all/basic_only_test.rs:215:27
[INFO] [stdout]     |
[INFO] [stdout] 215 |         hashmap_strings_1 : hmap!{},
[INFO] [stdout]     |                             ^^^^
[INFO] [stdout] ...
[INFO] [stdout] 413 | / tests_index!
[INFO] [stdout] 414 | | {
[INFO] [stdout] 415 | |   test_int,
[INFO] [stdout] 416 | |   test_string,
[INFO] [stdout] ...   |
[INFO] [stdout] 422 | |   test_complex,
[INFO] [stdout] 423 | | }
[INFO] [stdout]     | |_- in this macro invocation
[INFO] [stdout]     |
[INFO] [stdout]     = note: this error originates in the macro `test_vector` which comes from the expansion of the macro `tests_index` (in Nightly builds, run with -Z macro-backtrace for more info)
[INFO] [stdout] 
[INFO] [stdout] 
[INFO] [stdout] error: cannot find macro `hset` in this scope
[INFO] [stdout]    --> rust/test/former/./all/basic_only_test.rs:197:27
[INFO] [stdout]     |
[INFO] [stdout] 197 |         hashset_strings_1 : hset!{},
[INFO] [stdout]     |                             ^^^^
[INFO] [stdout] ...
[INFO] [stdout] 413 | / tests_index!
[INFO] [stdout] 414 | | {
[INFO] [stdout] 415 | |   test_int,
[INFO] [stdout] 416 | |   test_string,
[INFO] [stdout] ...   |
[INFO] [stdout] 422 | |   test_complex,
[INFO] [stdout] 423 | | }
[INFO] [stdout]     | |_- in this macro invocation
[INFO] [stdout]     |
[INFO] [stdout]     = note: this error originates in the macro `test_vector` which comes from the expansion of the macro `tests_index` (in Nightly builds, run with -Z macro-backtrace for more info)
[INFO] [stdout] 
[INFO] [stdout] 
[INFO] [stdout] error: cannot find macro `hmap` in this scope
[INFO] [stdout]    --> rust/test/former/./all/basic_only_test.rs:196:27
[INFO] [stdout]     |
[INFO] [stdout] 196 |         hashmap_strings_1 : hmap!{},
[INFO] [stdout]     |                             ^^^^
[INFO] [stdout] ...
[INFO] [stdout] 413 | / tests_index!
[INFO] [stdout] 414 | | {
[INFO] [stdout] 415 | |   test_int,
[INFO] [stdout] 416 | |   test_string,
[INFO] [stdout] ...   |
[INFO] [stdout] 422 | |   test_complex,
[INFO] [stdout] 423 | | }
[INFO] [stdout]     | |_- in this macro invocation
[INFO] [stdout]     |
[INFO] [stdout]     = note: this error originates in the macro `test_vector` which comes from the expansion of the macro `tests_index` (in Nightly builds, run with -Z macro-backtrace for more info)
[INFO] [stdout] 
[INFO] [stdout] 
[INFO] [stdout] error: cannot find macro `hset` in this scope
[INFO] [stdout]    --> rust/test/former/./all/basic_only_test.rs:178:27
[INFO] [stdout]     |
[INFO] [stdout] 178 |         hashset_strings_1 : hset!{},
[INFO] [stdout]     |                             ^^^^
[INFO] [stdout] ...
[INFO] [stdout] 413 | / tests_index!
[INFO] [stdout] 414 | | {
[INFO] [stdout] 415 | |   test_int,
[INFO] [stdout] 416 | |   test_string,
[INFO] [stdout] ...   |
[INFO] [stdout] 422 | |   test_complex,
[INFO] [stdout] 423 | | }
[INFO] [stdout]     | |_- in this macro invocation
[INFO] [stdout]     |
[INFO] [stdout]     = note: this error originates in the macro `test_vector` which comes from the expansion of the macro `tests_index` (in Nightly builds, run with -Z macro-backtrace for more info)
[INFO] [stdout] 
[INFO] [stdout] 
[INFO] [stdout] error: cannot find macro `hmap` in this scope
[INFO] [stdout]    --> rust/test/former/./all/basic_only_test.rs:177:27
[INFO] [stdout]     |
[INFO] [stdout] 177 |         hashmap_strings_1 : hmap!{},
[INFO] [stdout]     |                             ^^^^
[INFO] [stdout] ...
[INFO] [stdout] 413 | / tests_index!
[INFO] [stdout] 414 | | {
[INFO] [stdout] 415 | |   test_int,
[INFO] [stdout] 416 | |   test_string,
[INFO] [stdout] ...   |
[INFO] [stdout] 422 | |   test_complex,
[INFO] [stdout] 423 | | }
[INFO] [stdout]     | |_- in this macro invocation
[INFO] [stdout]     |
[INFO] [stdout]     = note: this error originates in the macro `test_vector` which comes from the expansion of the macro `tests_index` (in Nightly builds, run with -Z macro-backtrace for more info)
[INFO] [stdout] 
[INFO] [stdout] 
[INFO] [stdout] error: cannot find macro `hset` in this scope
[INFO] [stdout]    --> rust/test/former/./all/basic_only_test.rs:140:27
[INFO] [stdout]     |
[INFO] [stdout] 140 |         hashset_strings_1 : hset!{},
[INFO] [stdout]     |                             ^^^^
[INFO] [stdout] ...
[INFO] [stdout] 413 | / tests_index!
[INFO] [stdout] 414 | | {
[INFO] [stdout] 415 | |   test_int,
[INFO] [stdout] 416 | |   test_string,
[INFO] [stdout] ...   |
[INFO] [stdout] 422 | |   test_complex,
[INFO] [stdout] 423 | | }
[INFO] [stdout]     | |_- in this macro invocation
[INFO] [stdout]     |
[INFO] [stdout]     = note: this error originates in the macro `test_optional_string` which comes from the expansion of the macro `tests_index` (in Nightly builds, run with -Z macro-backtrace for more info)
[INFO] [stdout] 
[INFO] [stdout] 
[INFO] [stdout] error: cannot find macro `hmap` in this scope
[INFO] [stdout]    --> rust/test/former/./all/basic_only_test.rs:139:27
[INFO] [stdout]     |
[INFO] [stdout] 139 |         hashmap_strings_1 : hmap!{},
[INFO] [stdout]     |                             ^^^^
[INFO] [stdout] ...
[INFO] [stdout] 413 | / tests_index!
[INFO] [stdout] 414 | | {
[INFO] [stdout] 415 | |   test_int,
[INFO] [stdout] 416 | |   test_string,
[INFO] [stdout] ...   |
[INFO] [stdout] 422 | |   test_complex,
[INFO] [stdout] 423 | | }
[INFO] [stdout]     | |_- in this macro invocation
[INFO] [stdout]     |
[INFO] [stdout]     = note: this error originates in the macro `test_optional_string` which comes from the expansion of the macro `tests_index` (in Nightly builds, run with -Z macro-backtrace for more info)
[INFO] [stdout] 
[INFO] [stdout] 
[INFO] [stdout] error: cannot find macro `hset` in this scope
[INFO] [stdout]    --> rust/test/former/./all/basic_only_test.rs:122:27
[INFO] [stdout]     |
[INFO] [stdout] 122 |         hashset_strings_1 : hset!{},
[INFO] [stdout]     |                             ^^^^
[INFO] [stdout] ...
[INFO] [stdout] 413 | / tests_index!
[INFO] [stdout] 414 | | {
[INFO] [stdout] 415 | |   test_int,
[INFO] [stdout] 416 | |   test_string,
[INFO] [stdout] ...   |
[INFO] [stdout] 422 | |   test_complex,
[INFO] [stdout] 423 | | }
[INFO] [stdout]     | |_- in this macro invocation
[INFO] [stdout]     |
[INFO] [stdout]     = note: this error originates in the macro `test_optional_string` which comes from the expansion of the macro `tests_index` (in Nightly builds, run with -Z macro-backtrace for more info)
[INFO] [stdout] 
[INFO] [stdout] 
[INFO] [stdout] error: cannot find macro `hmap` in this scope
[INFO] [stdout]    --> rust/test/former/./all/basic_only_test.rs:121:27
[INFO] [stdout]     |
[INFO] [stdout] 121 |         hashmap_strings_1 : hmap!{},
[INFO] [stdout]     |                             ^^^^
[INFO] [stdout] ...
[INFO] [stdout] 413 | / tests_index!
[INFO] [stdout] 414 | | {
[INFO] [stdout] 415 | |   test_int,
[INFO] [stdout] 416 | |   test_string,
[INFO] [stdout] ...   |
[INFO] [stdout] 422 | |   test_complex,
[INFO] [stdout] 423 | | }
[INFO] [stdout]     | |_- in this macro invocation
[INFO] [stdout]     |
[INFO] [stdout]     = note: this error originates in the macro `test_optional_string` which comes from the expansion of the macro `tests_index` (in Nightly builds, run with -Z macro-backtrace for more info)
[INFO] [stdout] 
[INFO] [stdout] 
[INFO] [stdout] error: cannot find macro `hset` in this scope
[INFO] [stdout]    --> rust/test/former/./all/basic_only_test.rs:85:27
[INFO] [stdout]     |
[INFO] [stdout] 85  |         hashset_strings_1 : hset!{},
[INFO] [stdout]     |                             ^^^^
[INFO] [stdout] ...
[INFO] [stdout] 413 | / tests_index!
[INFO] [stdout] 414 | | {
[INFO] [stdout] 415 | |   test_int,
[INFO] [stdout] 416 | |   test_string,
[INFO] [stdout] ...   |
[INFO] [stdout] 422 | |   test_complex,
[INFO] [stdout] 423 | | }
[INFO] [stdout]     | |_- in this macro invocation
[INFO] [stdout]     |
[INFO] [stdout]     = note: this error originates in the macro `test_string` which comes from the expansion of the macro `tests_index` (in Nightly builds, run with -Z macro-backtrace for more info)
[INFO] [stdout] 
[INFO] [stdout] 
[INFO] [stdout] error: cannot find macro `hmap` in this scope
[INFO] [stdout]    --> rust/test/former/./all/basic_only_test.rs:84:27
[INFO] [stdout]     |
[INFO] [stdout] 84  |         hashmap_strings_1 : hmap!{},
[INFO] [stdout]     |                             ^^^^
[INFO] [stdout] ...
[INFO] [stdout] 413 | / tests_index!
[INFO] [stdout] 414 | | {
[INFO] [stdout] 415 | |   test_int,
[INFO] [stdout] 416 | |   test_string,
[INFO] [stdout] ...   |
[INFO] [stdout] 422 | |   test_complex,
[INFO] [stdout] 423 | | }
[INFO] [stdout]     | |_- in this macro invocation
[INFO] [stdout]     |
[INFO] [stdout]     = note: this error originates in the macro `test_string` which comes from the expansion of the macro `tests_index` (in Nightly builds, run with -Z macro-backtrace for more info)
[INFO] [stdout] 
[INFO] [stdout] 
[INFO] [stdout] error: cannot find macro `hset` in this scope
[INFO] [stdout]    --> rust/test/former/./all/basic_only_test.rs:66:27
[INFO] [stdout]     |
[INFO] [stdout] 66  |         hashset_strings_1 : hset!{},
[INFO] [stdout]     |                             ^^^^
[INFO] [stdout] ...
[INFO] [stdout] 413 | / tests_index!
[INFO] [stdout] 414 | | {
[INFO] [stdout] 415 | |   test_int,
[INFO] [stdout] 416 | |   test_string,
[INFO] [stdout] ...   |
[INFO] [stdout] 422 | |   test_complex,
[INFO] [stdout] 423 | | }
[INFO] [stdout]     | |_- in this macro invocation
[INFO] [stdout]     |
[INFO] [stdout]     = note: this error originates in the macro `test_string` which comes from the expansion of the macro `tests_index` (in Nightly builds, run with -Z macro-backtrace for more info)
[INFO] [stdout] 
[INFO] [stdout] 
[INFO] [stdout] error: cannot find macro `hmap` in this scope
[INFO] [stdout]    --> rust/test/former/./all/basic_only_test.rs:65:27
[INFO] [stdout]     |
[INFO] [stdout] 65  |         hashmap_strings_1 : hmap!{},
[INFO] [stdout]     |                             ^^^^
[INFO] [stdout] ...
[INFO] [stdout] 413 | / tests_index!
[INFO] [stdout] 414 | | {
[INFO] [stdout] 415 | |   test_int,
[INFO] [stdout] 416 | |   test_string,
[INFO] [stdout] ...   |
[INFO] [stdout] 422 | |   test_complex,
[INFO] [stdout] 423 | | }
[INFO] [stdout]     | |_- in this macro invocation
[INFO] [stdout]     |
[INFO] [stdout]     = note: this error originates in the macro `test_string` which comes from the expansion of the macro `tests_index` (in Nightly builds, run with -Z macro-backtrace for more info)
[INFO] [stdout] 
[INFO] [stdout] 
[INFO] [stdout] error: cannot find macro `hset` in this scope
[INFO] [stdout]    --> rust/test/former/./all/basic_only_test.rs:29:27
[INFO] [stdout]     |
[INFO] [stdout] 29  |         hashset_strings_1 : hset!{},
[INFO] [stdout]     |                             ^^^^
[INFO] [stdout] ...
[INFO] [stdout] 413 | / tests_index!
[INFO] [stdout] 414 | | {
[INFO] [stdout] 415 | |   test_int,
[INFO] [stdout] 416 | |   test_string,
[INFO] [stdout] ...   |
[INFO] [stdout] 422 | |   test_complex,
[INFO] [stdout] 423 | | }
[INFO] [stdout]     | |_- in this macro invocation
[INFO] [stdout]     |
[INFO] [stdout]     = note: this error originates in the macro `test_int` which comes from the expansion of the macro `tests_index` (in Nightly builds, run with -Z macro-backtrace for more info)
[INFO] [stdout] 
[INFO] [stdout] 
[INFO] [stdout] error: cannot find macro `hmap` in this scope
[INFO] [stdout]    --> rust/test/former/./all/basic_only_test.rs:28:27
[INFO] [stdout]     |
[INFO] [stdout] 28  |         hashmap_strings_1 : hmap!{},
[INFO] [stdout]     |                             ^^^^
[INFO] [stdout] ...
[INFO] [stdout] 413 | / tests_index!
[INFO] [stdout] 414 | | {
[INFO] [stdout] 415 | |   test_int,
[INFO] [stdout] 416 | |   test_string,
[INFO] [stdout] ...   |
[INFO] [stdout] 422 | |   test_complex,
[INFO] [stdout] 423 | | }
[INFO] [stdout]     | |_- in this macro invocation
[INFO] [stdout]     |
[INFO] [stdout]     = note: this error originates in the macro `test_int` which comes from the expansion of the macro `tests_index` (in Nightly builds, run with -Z macro-backtrace for more info)
[INFO] [stdout] 
[INFO] [stdout] 
[INFO] [stdout] error: cannot find macro `hset` in this scope
[INFO] [stdout]    --> rust/test/former/./all/basic_only_test.rs:400:27
[INFO] [stdout]     |
[INFO] [stdout] 400 |         hashset_strings_1 : hset!{},
[INFO] [stdout]     |                             ^^^^
[INFO] [stdout] ...
[INFO] [stdout] 413 | / tests_index!
[INFO] [stdout] 414 | | {
[INFO] [stdout] 415 | |   test_int,
[INFO] [stdout] 416 | |   test_string,
[INFO] [stdout] ...   |
[INFO] [stdout] 422 | |   test_complex,
[INFO] [stdout] 423 | | }
[INFO] [stdout]     | |_- in this macro invocation
[INFO] [stdout]     |
[INFO] [stdout]     = note: this error originates in the macro `test_complex` which comes from the expansion of the macro `tests_index` (in Nightly builds, run with -Z macro-backtrace for more info)
[INFO] [stdout] 
[INFO] [stdout] 
[INFO] [stdout] error: cannot find macro `hmap` in this scope
[INFO] [stdout]    --> rust/test/former/./all/basic_only_test.rs:399:27
[INFO] [stdout]     |
[INFO] [stdout] 399 |         hashmap_strings_1 : hmap!{ "k1".to_string() => "v1".to_string(), "k2".to_string() => "v2".to_string() },
[INFO] [stdout]     |                             ^^^^
[INFO] [stdout] ...
[INFO] [stdout] 413 | / tests_index!
[INFO] [stdout] 414 | | {
[INFO] [stdout] 415 | |   test_int,
[INFO] [stdout] 416 | |   test_string,
[INFO] [stdout] ...   |
[INFO] [stdout] 422 | |   test_complex,
[INFO] [stdout] 423 | | }
[INFO] [stdout]     | |_- in this macro invocation
[INFO] [stdout]     |
[INFO] [stdout]     = note: this error originates in the macro `test_complex` which comes from the expansion of the macro `tests_index` (in Nightly builds, run with -Z macro-backtrace for more info)
[INFO] [stdout] 
[INFO] [stdout] 
[INFO] [stdout] error: cannot find macro `hset` in this scope
[INFO] [stdout]    --> rust/test/former/./all/basic_only_test.rs:373:27
[INFO] [stdout]     |
[INFO] [stdout] 373 |         hashset_strings_1 : hset!{},
[INFO] [stdout]     |                             ^^^^
[INFO] [stdout] ...
[INFO] [stdout] 413 | / tests_index!
[INFO] [stdout] 414 | | {
[INFO] [stdout] 415 | |   test_int,
[INFO] [stdout] 416 | |   test_string,
[INFO] [stdout] ...   |
[INFO] [stdout] 422 | |   test_complex,
[INFO] [stdout] 423 | | }
[INFO] [stdout]     | |_- in this macro invocation
[INFO] [stdout]     |
[INFO] [stdout]     = note: this error originates in the macro `test_underscored_form` which comes from the expansion of the macro `tests_index` (in Nightly builds, run with -Z macro-backtrace for more info)
[INFO] [stdout] 
[INFO] [stdout] 
[INFO] [stdout] error: cannot find macro `hmap` in this scope
[INFO] [stdout]    --> rust/test/former/./all/basic_only_test.rs:372:27
[INFO] [stdout]     |
[INFO] [stdout] 372 |         hashmap_strings_1 : hmap!{},
[INFO] [stdout]     |                             ^^^^
[INFO] [stdout] ...
[INFO] [stdout] 413 | / tests_index!
[INFO] [stdout] 414 | | {
[INFO] [stdout] 415 | |   test_int,
[INFO] [stdout] 416 | |   test_string,
[INFO] [stdout] ...   |
[INFO] [stdout] 422 | |   test_complex,
[INFO] [stdout] 423 | | }
[INFO] [stdout]     | |_- in this macro invocation
[INFO] [stdout]     |
[INFO] [stdout]     = note: this error originates in the macro `test_underscored_form` which comes from the expansion of the macro `tests_index` (in Nightly builds, run with -Z macro-backtrace for more info)
[INFO] [stdout] 
[INFO] [stdout] 
[INFO] [stdout] error: cannot find macro `hset` in this scope
[INFO] [stdout]    --> rust/test/former/./all/basic_only_test.rs:350:27
[INFO] [stdout]     |
[INFO] [stdout] 350 |         hashset_strings_1 : hset!{ "v1".to_string(), "v2".to_string(), "v3".to_string() },
[INFO] [stdout]     |                             ^^^^
[INFO] [stdout] ...
[INFO] [stdout] 413 | / tests_index!
[INFO] [stdout] 414 | | {
[INFO] [stdout] 415 | |   test_int,
[INFO] [stdout] 416 | |   test_string,
[INFO] [stdout] ...   |
[INFO] [stdout] 422 | |   test_complex,
[INFO] [stdout] 423 | | }
[INFO] [stdout]     | |_- in this macro invocation
[INFO] [stdout]     |
[INFO] [stdout]     = note: this error originates in the macro `test_hashset` which comes from the expansion of the macro `tests_index` (in Nightly builds, run with -Z macro-backtrace for more info)
[INFO] [stdout] 
[INFO] [stdout] 
[INFO] [stdout] error: cannot find macro `hmap` in this scope
[INFO] [stdout]    --> rust/test/former/./all/basic_only_test.rs:349:27
[INFO] [stdout]     |
[INFO] [stdout] 349 |         hashmap_strings_1 : hmap!{},
[INFO] [stdout]     |                             ^^^^
[INFO] [stdout] ...
[INFO] [stdout] 413 | / tests_index!
[INFO] [stdout] 414 | | {
[INFO] [stdout] 415 | |   test_int,
[INFO] [stdout] 416 | |   test_string,
[INFO] [stdout] ...   |
[INFO] [stdout] 422 | |   test_complex,
[INFO] [stdout] 423 | | }
[INFO] [stdout]     | |_- in this macro invocation
[INFO] [stdout]     |
[INFO] [stdout]     = note: this error originates in the macro `test_hashset` which comes from the expansion of the macro `tests_index` (in Nightly builds, run with -Z macro-backtrace for more info)
[INFO] [stdout] 
[INFO] [stdout] 
[INFO] [stdout] error: cannot find macro `hset` in this scope
[INFO] [stdout]    --> rust/test/former/./all/basic_only_test.rs:337:35
[INFO] [stdout]     |
[INFO] [stdout] 337 |       .hashset_strings_1().replace( hset!{ "v1".to_string(), "v2".to_string() } ).insert( "v3" ).end()
[INFO] [stdout]     |                                     ^^^^
[INFO] [stdout] ...
[INFO] [stdout] 413 | / tests_index!
[INFO] [stdout] 414 | | {
[INFO] [stdout] 415 | |   test_int,
[INFO] [stdout] 416 | |   test_string,
[INFO] [stdout] ...   |
[INFO] [stdout] 422 | |   test_complex,
[INFO] [stdout] 423 | | }
[INFO] [stdout]     | |_- in this macro invocation
[INFO] [stdout]     |
[INFO] [stdout]     = note: this error originates in the macro `test_hashset` which comes from the expansion of the macro `tests_index` (in Nightly builds, run with -Z macro-backtrace for more info)
[INFO] [stdout] 
[INFO] [stdout] 
[INFO] [stdout] error: cannot find macro `hset` in this scope
[INFO] [stdout]    --> rust/test/former/./all/basic_only_test.rs:330:27
[INFO] [stdout]     |
[INFO] [stdout] 330 |         hashset_strings_1 : hset!{ "v1".to_string(), "v2".to_string() },
[INFO] [stdout]     |                             ^^^^
[INFO] [stdout] ...
[INFO] [stdout] 413 | / tests_index!
[INFO] [stdout] 414 | | {
[INFO] [stdout] 415 | |   test_int,
[INFO] [stdout] 416 | |   test_string,
[INFO] [stdout] ...   |
[INFO] [stdout] 422 | |   test_complex,
[INFO] [stdout] 423 | | }
[INFO] [stdout]     | |_- in this macro invocation
[INFO] [stdout]     |
[INFO] [stdout]     = note: this error originates in the macro `test_hashset` which comes from the expansion of the macro `tests_index` (in Nightly builds, run with -Z macro-backtrace for more info)
[INFO] [stdout] 
[INFO] [stdout] 
[INFO] [stdout] error: cannot find macro `hmap` in this scope
[INFO] [stdout]    --> rust/test/former/./all/basic_only_test.rs:329:27
[INFO] [stdout]     |
[INFO] [stdout] 329 |         hashmap_strings_1 : hmap!{},
[INFO] [stdout]     |                             ^^^^
[INFO] [stdout] ...
[INFO] [stdout] 413 | / tests_index!
[INFO] [stdout] 414 | | {
[INFO] [stdout] 415 | |   test_int,
[INFO] [stdout] 416 | |   test_string,
[INFO] [stdout] ...   |
[INFO] [stdout] 422 | |   test_complex,
[INFO] [stdout] 423 | | }
[INFO] [stdout]     | |_- in this macro invocation
[INFO] [stdout]     |
[INFO] [stdout]     = note: this error originates in the macro `test_hashset` which comes from the expansion of the macro `tests_index` (in Nightly builds, run with -Z macro-backtrace for more info)
[INFO] [stdout] 
[INFO] [stdout] 
[INFO] [stdout] error: cannot find macro `hset` in this scope
[INFO] [stdout]    --> rust/test/former/./all/basic_only_test.rs:317:35
[INFO] [stdout]     |
[INFO] [stdout] 317 |       .hashset_strings_1().replace( hset!{ "v1".to_string(), "v2".to_string() } ).end()
[INFO] [stdout]     |                                     ^^^^
[INFO] [stdout] ...
[INFO] [stdout] 413 | / tests_index!
[INFO] [stdout] 414 | | {
[INFO] [stdout] 415 | |   test_int,
[INFO] [stdout] 416 | |   test_string,
[INFO] [stdout] ...   |
[INFO] [stdout] 422 | |   test_complex,
[INFO] [stdout] 423 | | }
[INFO] [stdout]     | |_- in this macro invocation
[INFO] [stdout]     |
[INFO] [stdout]     = note: this error originates in the macro `test_hashset` which comes from the expansion of the macro `tests_index` (in Nightly builds, run with -Z macro-backtrace for more info)
[INFO] [stdout] 
[INFO] [stdout] 
[INFO] [stdout] error: cannot find macro `hset` in this scope
[INFO] [stdout]    --> rust/test/former/./all/basic_only_test.rs:310:27
[INFO] [stdout]     |
[INFO] [stdout] 310 |         hashset_strings_1 : hset!{ "v1".to_string(), "v2".to_string() },
[INFO] [stdout]     |                             ^^^^
[INFO] [stdout] ...
[INFO] [stdout] 413 | / tests_index!
[INFO] [stdout] 414 | | {
[INFO] [stdout] 415 | |   test_int,
[INFO] [stdout] 416 | |   test_string,
[INFO] [stdout] ...   |
[INFO] [stdout] 422 | |   test_complex,
[INFO] [stdout] 423 | | }
[INFO] [stdout]     | |_- in this macro invocation
[INFO] [stdout]     |
[INFO] [stdout]     = note: this error originates in the macro `test_hashset` which comes from the expansion of the macro `tests_index` (in Nightly builds, run with -Z macro-backtrace for more info)
[INFO] [stdout] 
[INFO] [stdout] 
[INFO] [stdout] error: cannot find macro `hmap` in this scope
[INFO] [stdout]    --> rust/test/former/./all/basic_only_test.rs:309:27
[INFO] [stdout]     |
[INFO] [stdout] 309 |         hashmap_strings_1 : hmap!{},
[INFO] [stdout]     |                             ^^^^
[INFO] [stdout] ...
[INFO] [stdout] 413 | / tests_index!
[INFO] [stdout] 414 | | {
[INFO] [stdout] 415 | |   test_int,
[INFO] [stdout] 416 | |   test_string,
[INFO] [stdout] ...   |
[INFO] [stdout] 422 | |   test_complex,
[INFO] [stdout] 423 | | }
[INFO] [stdout]     | |_- in this macro invocation
[INFO] [stdout]     |
[INFO] [stdout]     = note: this error originates in the macro `test_hashset` which comes from the expansion of the macro `tests_index` (in Nightly builds, run with -Z macro-backtrace for more info)
[INFO] [stdout] 
[INFO] [stdout] 
[INFO] [stdout] error: cannot find macro `hset` in this scope
[INFO] [stdout]    --> rust/test/former/./all/basic_only_test.rs:283:27
[INFO] [stdout]     |
[INFO] [stdout] 283 |         hashset_strings_1 : hset!{},
[INFO] [stdout]     |                             ^^^^
[INFO] [stdout] ...
[INFO] [stdout] 413 | / tests_index!
[INFO] [stdout] 414 | | {
[INFO] [stdout] 415 | |   test_int,
[INFO] [stdout] 416 | |   test_string,
[INFO] [stdout] ...   |
[INFO] [stdout] 422 | |   test_complex,
[INFO] [stdout] 423 | | }
[INFO] [stdout]     | |_- in this macro invocation
[INFO] [stdout]     |
[INFO] [stdout]     = note: this error originates in the macro `test_hashmap` which comes from the expansion of the macro `tests_index` (in Nightly builds, run with -Z macro-backtrace for more info)
[INFO] [stdout] 
[INFO] [stdout] 
[INFO] [stdout] error: cannot find macro `hmap` in this scope
[INFO] [stdout]    --> rust/test/former/./all/basic_only_test.rs:282:27
[INFO] [stdout]     |
[INFO] [stdout] 282 |         hashmap_strings_1 : hmap!{ "k1".to_string() => "v1".to_string(), "k2".to_string() => "v2".to_string(), "k3".to_string() => "v3".to_...
[INFO] [stdout]     |                             ^^^^
[INFO] [stdout] ...
[INFO] [stdout] 413 | / tests_index!
[INFO] [stdout] 414 | | {
[INFO] [stdout] 415 | |   test_int,
[INFO] [stdout] 416 | |   test_string,
[INFO] [stdout] ...   |
[INFO] [stdout] 422 | |   test_complex,
[INFO] [stdout] 423 | | }
[INFO] [stdout]     | |_- in this macro invocation
[INFO] [stdout]     |
[INFO] [stdout]     = note: this error originates in the macro `test_hashmap` which comes from the expansion of the macro `tests_index` (in Nightly builds, run with -Z macro-backtrace for more info)
[INFO] [stdout] 
[INFO] [stdout] 
[INFO] [stdout] error: cannot find macro `hmap` in this scope
[INFO] [stdout]    --> rust/test/former/./all/basic_only_test.rs:270:35
[INFO] [stdout]     |
[INFO] [stdout] 270 |       .hashmap_strings_1().replace( hmap!{ "k1".to_string() => "v1".to_string(), "k2".to_string() => "v2".to_string() } ).insert( "k3", "v3...
[INFO] [stdout]     |                                     ^^^^
[INFO] [stdout] ...
[INFO] [stdout] 413 | / tests_index!
[INFO] [stdout] 414 | | {
[INFO] [stdout] 415 | |   test_int,
[INFO] [stdout] 416 | |   test_string,
[INFO] [stdout] ...   |
[INFO] [stdout] 422 | |   test_complex,
[INFO] [stdout] 423 | | }
[INFO] [stdout]     | |_- in this macro invocation
[INFO] [stdout]     |
[INFO] [stdout]     = note: this error originates in the macro `test_hashmap` which comes from the expansion of the macro `tests_index` (in Nightly builds, run with -Z macro-backtrace for more info)
[INFO] [stdout] 
[INFO] [stdout] 
[INFO] [stdout] error: cannot find macro `hset` in this scope
[INFO] [stdout]    --> rust/test/former/./all/basic_only_test.rs:263:27
[INFO] [stdout]     |
[INFO] [stdout] 263 |         hashset_strings_1 : hset!{},
[INFO] [stdout]     |                             ^^^^
[INFO] [stdout] ...
[INFO] [stdout] 413 | / tests_index!
[INFO] [stdout] 414 | | {
[INFO] [stdout] 415 | |   test_int,
[INFO] [stdout] 416 | |   test_string,
[INFO] [stdout] ...   |
[INFO] [stdout] 422 | |   test_complex,
[INFO] [stdout] 423 | | }
[INFO] [stdout]     | |_- in this macro invocation
[INFO] [stdout]     |
[INFO] [stdout]     = note: this error originates in the macro `test_hashmap` which comes from the expansion of the macro `tests_index` (in Nightly builds, run with -Z macro-backtrace for more info)
[INFO] [stdout] 
[INFO] [stdout] 
[INFO] [stdout] error: cannot find macro `hmap` in this scope
[INFO] [stdout]    --> rust/test/former/./all/basic_only_test.rs:262:27
[INFO] [stdout]     |
[INFO] [stdout] 262 |         hashmap_strings_1 : hmap!{ "k1".to_string() => "v1".to_string(), "k2".to_string() => "v2".to_string() },
[INFO] [stdout]     |                             ^^^^
[INFO] [stdout] ...
[INFO] [stdout] 413 | / tests_index!
[INFO] [stdout] 414 | | {
[INFO] [stdout] 415 | |   test_int,
[INFO] [stdout] 416 | |   test_string,
[INFO] [stdout] ...   |
[INFO] [stdout] 422 | |   test_complex,
[INFO] [stdout] 423 | | }
[INFO] [stdout]     | |_- in this macro invocation
[INFO] [stdout]     |
[INFO] [stdout]     = note: this error originates in the macro `test_hashmap` which comes from the expansion of the macro `tests_index` (in Nightly builds, run with -Z macro-backtrace for more info)
[INFO] [stdout] 
[INFO] [stdout] 
[INFO] [stdout] error: cannot find macro `hmap` in this scope
[INFO] [stdout]    --> rust/test/former/./all/basic_only_test.rs:250:35
[INFO] [stdout]     |
[INFO] [stdout] 250 |       .hashmap_strings_1().replace( hmap!{ "k1".to_string() => "v1".to_string(), "k2".to_string() => "v2".to_string() } ).end()
[INFO] [stdout]     |                                     ^^^^
[INFO] [stdout] ...
[INFO] [stdout] 413 | / tests_index!
[INFO] [stdout] 414 | | {
[INFO] [stdout] 415 | |   test_int,
[INFO] [stdout] 416 | |   test_string,
[INFO] [stdout] ...   |
[INFO] [stdout] 422 | |   test_complex,
[INFO] [stdout] 423 | | }
[INFO] [stdout]     | |_- in this macro invocation
[INFO] [stdout]     |
[INFO] [stdout]     = note: this error originates in the macro `test_hashmap` which comes from the expansion of the macro `tests_index` (in Nightly builds, run with -Z macro-backtrace for more info)
[INFO] [stdout] 
[INFO] [stdout] 
[INFO] [stdout] error: cannot find macro `hset` in this scope
[INFO] [stdout]    --> rust/test/former/./all/basic_only_test.rs:243:27
[INFO] [stdout]     |
[INFO] [stdout] 243 |         hashset_strings_1 : hset!{},
[INFO] [stdout]     |                             ^^^^
[INFO] [stdout] ...
[INFO] [stdout] 413 | / tests_index!
[INFO] [stdout] 414 | | {
[INFO] [stdout] 415 | |   test_int,
[INFO] [stdout] 416 | |   test_string,
[INFO] [stdout] ...   |
[INFO] [stdout] 422 | |   test_complex,
[INFO] [stdout] 423 | | }
[INFO] [stdout]     | |_- in this macro invocation
[INFO] [stdout]     |
[INFO] [stdout]     = note: this error originates in the macro `test_hashmap` which comes from the expansion of the macro `tests_index` (in Nightly builds, run with -Z macro-backtrace for more info)
[INFO] [stdout] 
[INFO] [stdout] 
[INFO] [stdout] error: cannot find macro `hmap` in this scope
[INFO] [stdout]    --> rust/test/former/./all/basic_only_test.rs:242:27
[INFO] [stdout]     |
[INFO] [stdout] 242 |         hashmap_strings_1 : hmap!{ "k1".to_string() => "v1".to_string(), "k2".to_string() => "v2".to_string() },
[INFO] [stdout]     |                             ^^^^
[INFO] [stdout] ...
[INFO] [stdout] 413 | / tests_index!
[INFO] [stdout] 414 | | {
[INFO] [stdout] 415 | |   test_int,
[INFO] [stdout] 416 | |   test_string,
[INFO] [stdout] ...   |
[INFO] [stdout] 422 | |   test_complex,
[INFO] [stdout] 423 | | }
[INFO] [stdout]     | |_- in this macro invocation
[INFO] [stdout]     |
[INFO] [stdout]     = note: this error originates in the macro `test_hashmap` which comes from the expansion of the macro `tests_index` (in Nightly builds, run with -Z macro-backtrace for more info)
[INFO] [stdout] 
[INFO] [stdout] 
[INFO] [stdout] error: cannot find macro `hset` in this scope
[INFO] [stdout]    --> rust/test/former/./all/basic_only_test.rs:216:27
[INFO] [stdout]     |
[INFO] [stdout] 216 |         hashset_strings_1 : hset!{},
[INFO] [stdout]     |                             ^^^^
[INFO] [stdout] ...
[INFO] [stdout] 413 | / tests_index!
[INFO] [stdout] 414 | | {
[INFO] [stdout] 415 | |   test_int,
[INFO] [stdout] 416 | |   test_string,
[INFO] [stdout] ...   |
[INFO] [stdout] 422 | |   test_complex,
[INFO] [stdout] 423 | | }
[INFO] [stdout]     | |_- in this macro invocation
[INFO] [stdout]     |
[INFO] [stdout]     = note: this error originates in the macro `test_vector` which comes from the expansion of the macro `tests_index` (in Nightly builds, run with -Z macro-backtrace for more info)
[INFO] [stdout] 
[INFO] [stdout] 
[INFO] [stdout] error: cannot find macro `hmap` in this scope
[INFO] [stdout]    --> rust/test/former/./all/basic_only_test.rs:215:27
[INFO] [stdout]     |
[INFO] [stdout] 215 |         hashmap_strings_1 : hmap!{},
[INFO] [stdout]     |                             ^^^^
[INFO] [stdout] ...
[INFO] [stdout] 413 | / tests_index!
[INFO] [stdout] 414 | | {
[INFO] [stdout] 415 | |   test_int,
[INFO] [stdout] 416 | |   test_string,
[INFO] [stdout] ...   |
[INFO] [stdout] 422 | |   test_complex,
[INFO] [stdout] 423 | | }
[INFO] [stdout]     | |_- in this macro invocation
[INFO] [stdout]     |
[INFO] [stdout]     = note: this error originates in the macro `test_vector` which comes from the expansion of the macro `tests_index` (in Nightly builds, run with -Z macro-backtrace for more info)
[INFO] [stdout] 
[INFO] [stdout] 
[INFO] [stdout] error: cannot find macro `hset` in this scope
[INFO] [stdout]    --> rust/test/former/./all/basic_only_test.rs:197:27
[INFO] [stdout]     |
[INFO] [stdout] 197 |         hashset_strings_1 : hset!{},
[INFO] [stdout]     |                             ^^^^
[INFO] [stdout] ...
[INFO] [stdout] 413 | / tests_index!
[INFO] [stdout] 414 | | {
[INFO] [stdout] 415 | |   test_int,
[INFO] [stdout] 416 | |   test_string,
[INFO] [stdout] ...   |
[INFO] [stdout] 422 | |   test_complex,
[INFO] [stdout] 423 | | }
[INFO] [stdout]     | |_- in this macro invocation
[INFO] [stdout]     |
[INFO] [stdout]     = note: this error originates in the macro `test_vector` which comes from the expansion of the macro `tests_index` (in Nightly builds, run with -Z macro-backtrace for more info)
[INFO] [stdout] 
[INFO] [stdout] 
[INFO] [stdout] error: cannot find macro `hmap` in this scope
[INFO] [stdout]    --> rust/test/former/./all/basic_only_test.rs:196:27
[INFO] [stdout]     |
[INFO] [stdout] 196 |         hashmap_strings_1 : hmap!{},
[INFO] [stdout]     |                             ^^^^
[INFO] [stdout] ...
[INFO] [stdout] 413 | / tests_index!
[INFO] [stdout] 414 | | {
[INFO] [stdout] 415 | |   test_int,
[INFO] [stdout] 416 | |   test_string,
[INFO] [stdout] ...   |
[INFO] [stdout] 422 | |   test_complex,
[INFO] [stdout] 423 | | }
[INFO] [stdout]     | |_- in this macro invocation
[INFO] [stdout]     |
[INFO] [stdout]     = note: this error originates in the macro `test_vector` which comes from the expansion of the macro `tests_index` (in Nightly builds, run with -Z macro-backtrace for more info)
[INFO] [stdout] 
[INFO] [stdout] 
[INFO] [stdout] error: cannot find macro `hset` in this scope
[INFO] [stdout]    --> rust/test/former/./all/basic_only_test.rs:178:27
[INFO] [stdout]     |
[INFO] [stdout] 178 |         hashset_strings_1 : hset!{},
[INFO] [stdout]     |                             ^^^^
[INFO] [stdout] ...
[INFO] [stdout] 413 | / tests_index!
[INFO] [stdout] 414 | | {
[INFO] [stdout] 415 | |   test_int,
[INFO] [stdout] 416 | |   test_string,
[INFO] [stdout] ...   |
[INFO] [stdout] 422 | |   test_complex,
[INFO] [stdout] 423 | | }
[INFO] [stdout]     | |_- in this macro invocation
[INFO] [stdout]     |
[INFO] [stdout]     = note: this error originates in the macro `test_vector` which comes from the expansion of the macro `tests_index` (in Nightly builds, run with -Z macro-backtrace for more info)
[INFO] [stdout] 
[INFO] [stdout] 
[INFO] [stdout] error: cannot find macro `hmap` in this scope
[INFO] [stdout]    --> rust/test/former/./all/basic_only_test.rs:177:27
[INFO] [stdout]     |
[INFO] [stdout] 177 |         hashmap_strings_1 : hmap!{},
[INFO] [stdout]     |                             ^^^^
[INFO] [stdout] ...
[INFO] [stdout] 413 | / tests_index!
[INFO] [stdout] 414 | | {
[INFO] [stdout] 415 | |   test_int,
[INFO] [stdout] 416 | |   test_string,
[INFO] [stdout] ...   |
[INFO] [stdout] 422 | |   test_complex,
[INFO] [stdout] 423 | | }
[INFO] [stdout]     | |_- in this macro invocation
[INFO] [stdout]     |
[INFO] [stdout]     = note: this error originates in the macro `test_vector` which comes from the expansion of the macro `tests_index` (in Nightly builds, run with -Z macro-backtrace for more info)
[INFO] [stdout] 
[INFO] [stdout] 
[INFO] [stdout] error: cannot find macro `hset` in this scope
[INFO] [stdout]    --> rust/test/former/./all/basic_only_test.rs:140:27
[INFO] [stdout]     |
[INFO] [stdout] 140 |         hashset_strings_1 : hset!{},
[INFO] [stdout]     |                             ^^^^
[INFO] [stdout] ...
[INFO] [stdout] 413 | / tests_index!
[INFO] [stdout] 414 | | {
[INFO] [stdout] 415 | |   test_int,
[INFO] [stdout] 416 | |   test_string,
[INFO] [stdout] ...   |
[INFO] [stdout] 422 | |   test_complex,
[INFO] [stdout] 423 | | }
[INFO] [stdout]     | |_- in this macro invocation
[INFO] [stdout]     |
[INFO] [stdout]     = note: this error originates in the macro `test_optional_string` which comes from the expansion of the macro `tests_index` (in Nightly builds, run with -Z macro-backtrace for more info)
[INFO] [stdout] 
[INFO] [stdout] 
[INFO] [stdout] error: cannot find macro `hmap` in this scope
[INFO] [stdout]    --> rust/test/former/./all/basic_only_test.rs:139:27
[INFO] [stdout]     |
[INFO] [stdout] 139 |         hashmap_strings_1 : hmap!{},
[INFO] [stdout]     |                             ^^^^
[INFO] [stdout] ...
[INFO] [stdout] 413 | / tests_index!
[INFO] [stdout] 414 | | {
[INFO] [stdout] 415 | |   test_int,
[INFO] [stdout] 416 | |   test_string,
[INFO] [stdout] ...   |
[INFO] [stdout] 422 | |   test_complex,
[INFO] [stdout] 423 | | }
[INFO] [stdout]     | |_- in this macro invocation
[INFO] [stdout]     |
[INFO] [stdout]     = note: this error originates in the macro `test_optional_string` which comes from the expansion of the macro `tests_index` (in Nightly builds, run with -Z macro-backtrace for more info)
[INFO] [stdout] 
[INFO] [stdout] 
[INFO] [stdout] error: cannot find macro `hset` in this scope
[INFO] [stdout]    --> rust/test/former/./all/basic_only_test.rs:122:27
[INFO] [stdout]     |
[INFO] [stdout] 122 |         hashset_strings_1 : hset!{},
[INFO] [stdout]     |                             ^^^^
[INFO] [stdout] ...
[INFO] [stdout] 413 | / tests_index!
[INFO] [stdout] 414 | | {
[INFO] [stdout] 415 | |   test_int,
[INFO] [stdout] 416 | |   test_string,
[INFO] [stdout] ...   |
[INFO] [stdout] 422 | |   test_complex,
[INFO] [stdout] 423 | | }
[INFO] [stdout]     | |_- in this macro invocation
[INFO] [stdout]     |
[INFO] [stdout]     = note: this error originates in the macro `test_optional_string` which comes from the expansion of the macro `tests_index` (in Nightly builds, run with -Z macro-backtrace for more info)
[INFO] [stdout] 
[INFO] [stdout] 
[INFO] [stdout] error: cannot find macro `hmap` in this scope
[INFO] [stdout]    --> rust/test/former/./all/basic_only_test.rs:121:27
[INFO] [stdout]     |
[INFO] [stdout] 121 |         hashmap_strings_1 : hmap!{},
[INFO] [stdout]     |                             ^^^^
[INFO] [stdout] ...
[INFO] [stdout] 413 | / tests_index!
[INFO] [stdout] 414 | | {
[INFO] [stdout] 415 | |   test_int,
[INFO] [stdout] 416 | |   test_string,
[INFO] [stdout] ...   |
[INFO] [stdout] 422 | |   test_complex,
[INFO] [stdout] 423 | | }
[INFO] [stdout]     | |_- in this macro invocation
[INFO] [stdout]     |
[INFO] [stdout]     = note: this error originates in the macro `test_optional_string` which comes from the expansion of the macro `tests_index` (in Nightly builds, run with -Z macro-backtrace for more info)
[INFO] [stdout] 
[INFO] [stdout] 
[INFO] [stdout] error: cannot find macro `hset` in this scope
[INFO] [stdout]    --> rust/test/former/./all/basic_only_test.rs:85:27
[INFO] [stdout]     |
[INFO] [stdout] 85  |         hashset_strings_1 : hset!{},
[INFO] [stdout]     |                             ^^^^
[INFO] [stdout] ...
[INFO] [stdout] 413 | / tests_index!
[INFO] [stdout] 414 | | {
[INFO] [stdout] 415 | |   test_int,
[INFO] [stdout] 416 | |   test_string,
[INFO] [stdout] ...   |
[INFO] [stdout] 422 | |   test_complex,
[INFO] [stdout] 423 | | }
[INFO] [stdout]     | |_- in this macro invocation
[INFO] [stdout]     |
[INFO] [stdout]     = note: this error originates in the macro `test_string` which comes from the expansion of the macro `tests_index` (in Nightly builds, run with -Z macro-backtrace for more info)
[INFO] [stdout] 
[INFO] [stdout] 
[INFO] [stdout] error: cannot find macro `hmap` in this scope
[INFO] [stdout]    --> rust/test/former/./all/basic_only_test.rs:84:27
[INFO] [stdout]     |
[INFO] [stdout] 84  |         hashmap_strings_1 : hmap!{},
[INFO] [stdout]     |                             ^^^^
[INFO] [stdout] ...
[INFO] [stdout] 413 | / tests_index!
[INFO] [stdout] 414 | | {
[INFO] [stdout] 415 | |   test_int,
[INFO] [stdout] 416 | |   test_string,
[INFO] [stdout] ...   |
[INFO] [stdout] 422 | |   test_complex,
[INFO] [stdout] 423 | | }
[INFO] [stdout]     | |_- in this macro invocation
[INFO] [stdout]     |
[INFO] [stdout]     = note: this error originates in the macro `test_string` which comes from the expansion of the macro `tests_index` (in Nightly builds, run with -Z macro-backtrace for more info)
[INFO] [stdout] 
[INFO] [stdout] 
[INFO] [stdout] error: cannot find macro `hset` in this scope
[INFO] [stdout]    --> rust/test/former/./all/basic_only_test.rs:66:27
[INFO] [stdout]     |
[INFO] [stdout] 66  |         hashset_strings_1 : hset!{},
[INFO] [stdout]     |                             ^^^^
[INFO] [stdout] ...
[INFO] [stdout] 413 | / tests_index!
[INFO] [stdout] 414 | | {
[INFO] [stdout] 415 | |   test_int,
[INFO] [stdout] 416 | |   test_string,
[INFO] [stdout] ...   |
[INFO] [stdout] 422 | |   test_complex,
[INFO] [stdout] 423 | | }
[INFO] [stdout]     | |_- in this macro invocation
[INFO] [stdout]     |
[INFO] [stdout]     = note: this error originates in the macro `test_string` which comes from the expansion of the macro `tests_index` (in Nightly builds, run with -Z macro-backtrace for more info)
[INFO] [stdout] 
[INFO] [stdout] 
[INFO] [stdout] error: cannot find macro `hmap` in this scope
[INFO] [stdout]    --> rust/test/former/./all/basic_only_test.rs:65:27
[INFO] [stdout]     |
[INFO] [stdout] 65  |         hashmap_strings_1 : hmap!{},
[INFO] [stdout]     |                             ^^^^
[INFO] [stdout] ...
[INFO] [stdout] 413 | / tests_index!
[INFO] [stdout] 414 | | {
[INFO] [stdout] 415 | |   test_int,
[INFO] [stdout] 416 | |   test_string,
[INFO] [stdout] ...   |
[INFO] [stdout] 422 | |   test_complex,
[INFO] [stdout] 423 | | }
[INFO] [stdout]     | |_- in this macro invocation
[INFO] [stdout]     |
[INFO] [stdout]     = note: this error originates in the macro `test_string` which comes from the expansion of the macro `tests_index` (in Nightly builds, run with -Z macro-backtrace for more info)
[INFO] [stdout] 
[INFO] [stdout] 
[INFO] [stdout] error: cannot find macro `hset` in this scope
[INFO] [stdout]    --> rust/test/former/./all/basic_only_test.rs:29:27
[INFO] [stdout]     |
[INFO] [stdout] 29  |         hashset_strings_1 : hset!{},
[INFO] [stdout]     |                             ^^^^
[INFO] [stdout] ...
[INFO] [stdout] 413 | / tests_index!
[INFO] [stdout] 414 | | {
[INFO] [stdout] 415 | |   test_int,
[INFO] [stdout] 416 | |   test_string,
[INFO] [stdout] ...   |
[INFO] [stdout] 422 | |   test_complex,
[INFO] [stdout] 423 | | }
[INFO] [stdout]     | |_- in this macro invocation
[INFO] [stdout]     |
[INFO] [stdout]     = note: this error originates in the macro `test_int` which comes from the expansion of the macro `tests_index` (in Nightly builds, run with -Z macro-backtrace for more info)
[INFO] [stdout] 
[INFO] [stdout] 
[INFO] [stdout] error: cannot find macro `hmap` in this scope
[INFO] [stdout]    --> rust/test/former/./all/basic_only_test.rs:28:27
[INFO] [stdout]     |
[INFO] [stdout] 28  |         hashmap_strings_1 : hmap!{},
[INFO] [stdout]     |                             ^^^^
[INFO] [stdout] ...
[INFO] [stdout] 413 | / tests_index!
[INFO] [stdout] 414 | | {
[INFO] [stdout] 415 | |   test_int,
[INFO] [stdout] 416 | |   test_string,
[INFO] [stdout] ...   |
[INFO] [stdout] 422 | |   test_complex,
[INFO] [stdout] 423 | | }
[INFO] [stdout]     | |_- in this macro invocation
[INFO] [stdout]     |
[INFO] [stdout]     = note: this error originates in the macro `test_int` which comes from the expansion of the macro `tests_index` (in Nightly builds, run with -Z macro-backtrace for more info)
[INFO] [stdout] 
[INFO] [stdout] 
[INFO] [stdout] error: aborting due to 90 previous errors
[INFO] [stdout] 
[INFO] [stdout] 
[INFO] [stdout] For more information about this error, try `rustc --explain E0432`.
[INFO] [stdout] 
[INFO] [stderr] error: could not compile `former` (test "former_test") due to 91 previous errors
[INFO] [stderr] warning: build failed, waiting for other jobs to finish...
[INFO] running `Command { std: "docker" "inspect" "748a1c0eabc12c40215295402d4e5e6ab91f07822216789f1565d99ad9703c0e", kill_on_drop: false }`
[INFO] running `Command { std: "docker" "rm" "-f" "748a1c0eabc12c40215295402d4e5e6ab91f07822216789f1565d99ad9703c0e", kill_on_drop: false }`
[INFO] [stdout] 748a1c0eabc12c40215295402d4e5e6ab91f07822216789f1565d99ad9703c0e
