[INFO] fetching crate forky_cli 0.1.10...
[INFO] testing forky_cli-0.1.10 against 1.69.0 for beta-1.70-1
[INFO] extracting crate forky_cli 0.1.10 into /workspace/builds/worker-4-tc1/source
[INFO] validating manifest of crates.io crate forky_cli 0.1.10 on toolchain 1.69.0
[INFO] running `Command { std: CARGO_HOME="/workspace/cargo-home" RUSTUP_HOME="/workspace/rustup-home" "/workspace/cargo-home/bin/cargo" "+1.69.0" "metadata" "--manifest-path" "Cargo.toml" "--no-deps", kill_on_drop: false }`
[INFO] started tweaking crates.io crate forky_cli 0.1.10
[INFO] removed 0 missing tests
[INFO] finished tweaking crates.io crate forky_cli 0.1.10
[INFO] tweaked toml for crates.io crate forky_cli 0.1.10 written to /workspace/builds/worker-4-tc1/source/Cargo.toml
[INFO] crate crates.io crate forky_cli 0.1.10 already has a lockfile, it will not be regenerated
[INFO] running `Command { std: CARGO_HOME="/workspace/cargo-home" RUSTUP_HOME="/workspace/rustup-home" "/workspace/cargo-home/bin/cargo" "+1.69.0" "fetch" "--manifest-path" "Cargo.toml", kill_on_drop: false }`
[INFO] [stderr]  Downloading crates ...
[INFO] [stderr]   Downloaded forky_fs v0.1.10
[INFO] [stderr]   Downloaded sweet v0.1.10
[INFO] [stderr]   Downloaded inventory v0.3.5
[INFO] [stderr]   Downloaded forky_core v0.1.10
[INFO] [stderr]   Downloaded forky_test v0.1.10
[INFO] [stderr]   Downloaded extend v1.2.0
[INFO] [stderr]   Downloaded gag v1.0.0
[INFO] running `Command { std: "docker" "create" "-v" "/var/lib/crater-agent-workspace/builds/worker-4-tc1/target:/opt/rustwide/target:rw,Z" "-v" "/var/lib/crater-agent-workspace/builds/worker-4-tc1/source:/opt/rustwide/workdir:ro,Z" "-v" "/var/lib/crater-agent-workspace/cargo-home:/opt/rustwide/cargo-home:ro,Z" "-v" "/var/lib/crater-agent-workspace/rustup-home:/opt/rustwide/rustup-home:ro,Z" "-e" "SOURCE_DIR=/opt/rustwide/workdir" "-e" "CARGO_TARGET_DIR=/opt/rustwide/target" "-e" "CARGO_HOME=/opt/rustwide/cargo-home" "-e" "RUSTUP_HOME=/opt/rustwide/rustup-home" "-w" "/opt/rustwide/workdir" "-m" "1610612736" "--user" "0:0" "--network" "none" "ghcr.io/rust-lang/crates-build-env/linux@sha256:5ff2268d62e97bff2cde7d5815dd6ed5b47097566f13b8d0ca110b04b60e07ed" "/opt/rustwide/cargo-home/bin/cargo" "+1.69.0" "metadata" "--no-deps" "--format-version=1", kill_on_drop: false }`
[INFO] [stdout] 9486c2d6368ed39356af7ffca8394d2b16498c99addb2f214b5327040c5f8fd0
[INFO] running `Command { std: "docker" "start" "-a" "9486c2d6368ed39356af7ffca8394d2b16498c99addb2f214b5327040c5f8fd0", kill_on_drop: false }`
[INFO] running `Command { std: "docker" "inspect" "9486c2d6368ed39356af7ffca8394d2b16498c99addb2f214b5327040c5f8fd0", kill_on_drop: false }`
[INFO] running `Command { std: "docker" "rm" "-f" "9486c2d6368ed39356af7ffca8394d2b16498c99addb2f214b5327040c5f8fd0", kill_on_drop: false }`
[INFO] [stdout] 9486c2d6368ed39356af7ffca8394d2b16498c99addb2f214b5327040c5f8fd0
[INFO] running `Command { std: "docker" "create" "-v" "/var/lib/crater-agent-workspace/builds/worker-4-tc1/target:/opt/rustwide/target:rw,Z" "-v" "/var/lib/crater-agent-workspace/builds/worker-4-tc1/source:/opt/rustwide/workdir:ro,Z" "-v" "/var/lib/crater-agent-workspace/cargo-home:/opt/rustwide/cargo-home:ro,Z" "-v" "/var/lib/crater-agent-workspace/rustup-home:/opt/rustwide/rustup-home:ro,Z" "-e" "SOURCE_DIR=/opt/rustwide/workdir" "-e" "CARGO_TARGET_DIR=/opt/rustwide/target" "-e" "CARGO_INCREMENTAL=0" "-e" "RUST_BACKTRACE=full" "-e" "RUSTFLAGS=--cap-lints=warn" "-e" "RUSTDOCFLAGS=--cap-lints=warn" "-e" "CARGO_HOME=/opt/rustwide/cargo-home" "-e" "RUSTUP_HOME=/opt/rustwide/rustup-home" "-w" "/opt/rustwide/workdir" "-m" "1610612736" "--user" "0:0" "--network" "none" "ghcr.io/rust-lang/crates-build-env/linux@sha256:5ff2268d62e97bff2cde7d5815dd6ed5b47097566f13b8d0ca110b04b60e07ed" "/opt/rustwide/cargo-home/bin/cargo" "+1.69.0" "build" "--frozen" "--message-format=json", kill_on_drop: false }`
[INFO] [stdout] 0bd700459c74092909f0ae92608a3309dd72e19d2dadd0300bcc095b2fa4451b
[INFO] running `Command { std: "docker" "start" "-a" "0bd700459c74092909f0ae92608a3309dd72e19d2dadd0300bcc095b2fa4451b", kill_on_drop: false }`
[INFO] [stderr]    Compiling libc v0.2.141
[INFO] [stderr]    Compiling cfg-if v1.0.0
[INFO] [stderr]    Compiling autocfg v1.1.0
[INFO] [stderr]    Compiling proc-macro2 v1.0.56
[INFO] [stderr]    Compiling log v0.4.17
[INFO] [stderr]    Compiling unicode-ident v1.0.8
[INFO] [stderr]    Compiling quote v1.0.26
[INFO] [stderr]    Compiling signal-hook v0.3.15
[INFO] [stderr]    Compiling parking_lot_core v0.9.7
[INFO] [stderr]    Compiling scopeguard v1.1.0
[INFO] [stderr]    Compiling bitflags v1.3.2
[INFO] [stderr]    Compiling crossbeam-utils v0.8.15
[INFO] [stderr]    Compiling ppv-lite86 v0.2.17
[INFO] [stderr]    Compiling smallvec v1.10.0
[INFO] [stderr]    Compiling same-file v1.0.6
[INFO] [stderr]    Compiling anyhow v1.0.70
[INFO] [stderr]    Compiling walkdir v2.3.3
[INFO] [stderr]    Compiling lock_api v0.4.9
[INFO] [stderr]    Compiling num-traits v0.2.15
[INFO] [stderr]    Compiling crossbeam-channel v0.5.8
[INFO] [stderr]    Compiling syn v2.0.15
[INFO] [stderr]    Compiling getrandom v0.2.9
[INFO] [stderr]    Compiling signal-hook-registry v1.4.1
[INFO] [stderr]    Compiling mio v0.8.6
[INFO] [stderr]    Compiling inotify-sys v0.1.5
[INFO] [stderr]    Compiling filetime v0.2.21
[INFO] [stderr]    Compiling inotify v0.9.6
[INFO] [stderr]    Compiling parking_lot v0.12.1
[INFO] [stderr]    Compiling rand_core v0.6.4
[INFO] [stderr]    Compiling rand_chacha v0.3.1
[INFO] [stderr]    Compiling signal-hook-mio v0.2.3
[INFO] [stderr]    Compiling notify v5.1.0
[INFO] [stderr]    Compiling crossterm v0.25.0
[INFO] [stderr]    Compiling rand v0.8.5
[INFO] [stderr]    Compiling extend v1.2.0
[INFO] [stderr]    Compiling forky_core v0.1.10
[INFO] [stderr]    Compiling forky_fs v0.1.10
[INFO] [stderr]    Compiling forky_cli v0.1.10 (/opt/rustwide/workdir)
[INFO] [stderr]     Finished dev [unoptimized + debuginfo] target(s) in 9.78s
[INFO] running `Command { std: "docker" "inspect" "0bd700459c74092909f0ae92608a3309dd72e19d2dadd0300bcc095b2fa4451b", kill_on_drop: false }`
[INFO] running `Command { std: "docker" "rm" "-f" "0bd700459c74092909f0ae92608a3309dd72e19d2dadd0300bcc095b2fa4451b", kill_on_drop: false }`
[INFO] [stdout] 0bd700459c74092909f0ae92608a3309dd72e19d2dadd0300bcc095b2fa4451b
[INFO] running `Command { std: "docker" "create" "-v" "/var/lib/crater-agent-workspace/builds/worker-4-tc1/target:/opt/rustwide/target:rw,Z" "-v" "/var/lib/crater-agent-workspace/builds/worker-4-tc1/source:/opt/rustwide/workdir:ro,Z" "-v" "/var/lib/crater-agent-workspace/cargo-home:/opt/rustwide/cargo-home:ro,Z" "-v" "/var/lib/crater-agent-workspace/rustup-home:/opt/rustwide/rustup-home:ro,Z" "-e" "SOURCE_DIR=/opt/rustwide/workdir" "-e" "CARGO_TARGET_DIR=/opt/rustwide/target" "-e" "CARGO_INCREMENTAL=0" "-e" "RUST_BACKTRACE=full" "-e" "RUSTFLAGS=--cap-lints=warn" "-e" "RUSTDOCFLAGS=--cap-lints=warn" "-e" "CARGO_HOME=/opt/rustwide/cargo-home" "-e" "RUSTUP_HOME=/opt/rustwide/rustup-home" "-w" "/opt/rustwide/workdir" "-m" "1610612736" "--user" "0:0" "--network" "none" "ghcr.io/rust-lang/crates-build-env/linux@sha256:5ff2268d62e97bff2cde7d5815dd6ed5b47097566f13b8d0ca110b04b60e07ed" "/opt/rustwide/cargo-home/bin/cargo" "+1.69.0" "test" "--frozen" "--no-run" "--message-format=json", kill_on_drop: false }`
[INFO] [stdout] 2289c28ada9c76873e068d0f7f8cc05ec7da36bb7e89c48ce53aa9e7dfa4bd71
[INFO] running `Command { std: "docker" "start" "-a" "2289c28ada9c76873e068d0f7f8cc05ec7da36bb7e89c48ce53aa9e7dfa4bd71", kill_on_drop: false }`
[INFO] [stderr]    Compiling forky_cli v0.1.10 (/opt/rustwide/workdir)
[INFO] [stdout] error[E0432]: unresolved import `sweet`
[INFO] [stdout]  --> test/sweet.rs:2:9
[INFO] [stdout]   |
[INFO] [stdout] 2 | pub use sweet::*;
[INFO] [stdout]   |         ^^^^^ use of undeclared crate or module `sweet`
[INFO] [stdout] 
[INFO] [stdout] 
[INFO] [stdout] error[E0432]: unresolved import `sweet`
[INFO] [stdout]  --> test/files/auto_mod.rs:3:5
[INFO] [stdout]   |
[INFO] [stdout] 3 | use sweet::*;
[INFO] [stdout]   |     ^^^^^ use of undeclared crate or module `sweet`
[INFO] [stdout] 
[INFO] [stdout] 
[INFO] [stdout] error: cannot find macro `sweet` in this scope
[INFO] [stdout]  --> test/files/auto_mod.rs:5:1
[INFO] [stdout]   |
[INFO] [stdout] 5 | sweet! {
[INFO] [stdout]   | ^^^^^
[INFO] [stdout] 
[INFO] [stdout] 
[INFO] [stdout] error[E0554]: `#![feature]` may not be used on the stable release channel
[INFO] [stdout]  --> test/sweet.rs:1:1
[INFO] [stdout]   |
[INFO] [stdout] 1 | #![feature(imported_main)]
[INFO] [stdout]   | ^^^^^^^^^^^^^^^^^^^^^^^^^^
[INFO] [stdout] 
[INFO] [stdout] 
[INFO] [stdout] warning: unused import: `forky_cli::*`
[INFO] [stdout]  --> test/files/auto_mod.rs:1:5
[INFO] [stdout]   |
[INFO] [stdout] 1 | use forky_cli::*;
[INFO] [stdout]   |     ^^^^^^^^^^^^
[INFO] [stdout]   |
[INFO] [stdout]   = note: `#[warn(unused_imports)]` on by default
[INFO] [stdout] 
[INFO] [stdout] 
[INFO] [stdout] warning: unused import: `std::path::*`
[INFO] [stdout]  --> test/files/auto_mod.rs:2:5
[INFO] [stdout]   |
[INFO] [stdout] 2 | use std::path::*;
[INFO] [stdout]   |     ^^^^^^^^^^^^
[INFO] [stdout] 
[INFO] [stdout] 
[INFO] [stdout] error[E0601]: `main` function not found in crate `sweet`
[INFO] [stdout]  --> test/sweet.rs:3:11
[INFO] [stdout]   |
[INFO] [stdout] 3 | mod files;
[INFO] [stdout]   |           ^ consider adding a `main` function to `test/sweet.rs`
[INFO] [stdout] 
[INFO] [stdout] 
[INFO] [stdout] error: aborting due to 5 previous errors; 2 warnings emitted
[INFO] [stdout] 
[INFO] [stdout] 
[INFO] [stdout] Some errors have detailed explanations: E0432, E0554, E0601.
[INFO] [stdout] 
[INFO] [stdout] For more information about an error, try `rustc --explain E0432`.
[INFO] [stdout] 
[INFO] [stderr] error: could not compile `forky_cli` due to 6 previous errors; 2 warnings emitted
[INFO] [stderr] warning: build failed, waiting for other jobs to finish...
[INFO] running `Command { std: "docker" "inspect" "2289c28ada9c76873e068d0f7f8cc05ec7da36bb7e89c48ce53aa9e7dfa4bd71", kill_on_drop: false }`
[INFO] running `Command { std: "docker" "rm" "-f" "2289c28ada9c76873e068d0f7f8cc05ec7da36bb7e89c48ce53aa9e7dfa4bd71", kill_on_drop: false }`
[INFO] [stdout] 2289c28ada9c76873e068d0f7f8cc05ec7da36bb7e89c48ce53aa9e7dfa4bd71
