[INFO] fetching crate forever 1.0.0...
[INFO] testing forever-1.0.0 against 1.69.0 for beta-1.70-1
[INFO] extracting crate forever 1.0.0 into /workspace/builds/worker-3-tc1/source
[INFO] validating manifest of crates.io crate forever 1.0.0 on toolchain 1.69.0
[INFO] running `Command { std: CARGO_HOME="/workspace/cargo-home" RUSTUP_HOME="/workspace/rustup-home" "/workspace/cargo-home/bin/cargo" "+1.69.0" "metadata" "--manifest-path" "Cargo.toml" "--no-deps", kill_on_drop: false }`
[INFO] started tweaking crates.io crate forever 1.0.0
[INFO] finished tweaking crates.io crate forever 1.0.0
[INFO] tweaked toml for crates.io crate forever 1.0.0 written to /workspace/builds/worker-3-tc1/source/Cargo.toml
[INFO] running `Command { std: CARGO_HOME="/workspace/cargo-home" RUSTUP_HOME="/workspace/rustup-home" __CARGO_TEST_CHANNEL_OVERRIDE_DO_NOT_USE_THIS="nightly" "/workspace/cargo-home/bin/cargo" "+1.69.0" "generate-lockfile" "--manifest-path" "Cargo.toml" "-Zno-index-update", kill_on_drop: false }`
[INFO] running `Command { std: CARGO_HOME="/workspace/cargo-home" RUSTUP_HOME="/workspace/rustup-home" "/workspace/cargo-home/bin/cargo" "+1.69.0" "fetch" "--manifest-path" "Cargo.toml", kill_on_drop: false }`
[INFO] running `Command { std: "docker" "create" "-v" "/var/lib/crater-agent-workspace/builds/worker-3-tc1/target:/opt/rustwide/target:rw,Z" "-v" "/var/lib/crater-agent-workspace/builds/worker-3-tc1/source:/opt/rustwide/workdir:ro,Z" "-v" "/var/lib/crater-agent-workspace/cargo-home:/opt/rustwide/cargo-home:ro,Z" "-v" "/var/lib/crater-agent-workspace/rustup-home:/opt/rustwide/rustup-home:ro,Z" "-e" "SOURCE_DIR=/opt/rustwide/workdir" "-e" "CARGO_TARGET_DIR=/opt/rustwide/target" "-e" "CARGO_HOME=/opt/rustwide/cargo-home" "-e" "RUSTUP_HOME=/opt/rustwide/rustup-home" "-w" "/opt/rustwide/workdir" "-m" "1610612736" "--user" "0:0" "--network" "none" "ghcr.io/rust-lang/crates-build-env/linux@sha256:5ff2268d62e97bff2cde7d5815dd6ed5b47097566f13b8d0ca110b04b60e07ed" "/opt/rustwide/cargo-home/bin/cargo" "+1.69.0" "metadata" "--no-deps" "--format-version=1", kill_on_drop: false }`
[INFO] [stdout] a973b9f0fe7ae2e13b018a80830e827262687965883935129ab97f08b64b3179
[INFO] running `Command { std: "docker" "start" "-a" "a973b9f0fe7ae2e13b018a80830e827262687965883935129ab97f08b64b3179", kill_on_drop: false }`
[INFO] running `Command { std: "docker" "inspect" "a973b9f0fe7ae2e13b018a80830e827262687965883935129ab97f08b64b3179", kill_on_drop: false }`
[INFO] running `Command { std: "docker" "rm" "-f" "a973b9f0fe7ae2e13b018a80830e827262687965883935129ab97f08b64b3179", kill_on_drop: false }`
[INFO] [stdout] a973b9f0fe7ae2e13b018a80830e827262687965883935129ab97f08b64b3179
[INFO] running `Command { std: "docker" "create" "-v" "/var/lib/crater-agent-workspace/builds/worker-3-tc1/target:/opt/rustwide/target:rw,Z" "-v" "/var/lib/crater-agent-workspace/builds/worker-3-tc1/source:/opt/rustwide/workdir:ro,Z" "-v" "/var/lib/crater-agent-workspace/cargo-home:/opt/rustwide/cargo-home:ro,Z" "-v" "/var/lib/crater-agent-workspace/rustup-home:/opt/rustwide/rustup-home:ro,Z" "-e" "SOURCE_DIR=/opt/rustwide/workdir" "-e" "CARGO_TARGET_DIR=/opt/rustwide/target" "-e" "CARGO_INCREMENTAL=0" "-e" "RUST_BACKTRACE=full" "-e" "RUSTFLAGS=--cap-lints=warn" "-e" "RUSTDOCFLAGS=--cap-lints=warn" "-e" "CARGO_HOME=/opt/rustwide/cargo-home" "-e" "RUSTUP_HOME=/opt/rustwide/rustup-home" "-w" "/opt/rustwide/workdir" "-m" "1610612736" "--user" "0:0" "--network" "none" "ghcr.io/rust-lang/crates-build-env/linux@sha256:5ff2268d62e97bff2cde7d5815dd6ed5b47097566f13b8d0ca110b04b60e07ed" "/opt/rustwide/cargo-home/bin/cargo" "+1.69.0" "build" "--frozen" "--message-format=json", kill_on_drop: false }`
[INFO] [stdout] 6d21eda8c792583846105fa1868527555dca7117b41ba9e63cdd1f72583fec12
[INFO] running `Command { std: "docker" "start" "-a" "6d21eda8c792583846105fa1868527555dca7117b41ba9e63cdd1f72583fec12", kill_on_drop: false }`
[INFO] [stderr]    Compiling forever v1.0.0 (/opt/rustwide/workdir)
[INFO] [stdout] error: expected one of `)`, `,`, `.`, `?`, or an operator, found `{`
[INFO] [stdout]   --> src/lib.rs:57:18
[INFO] [stdout]    |
[INFO] [stdout] 57 |     spawn(proc() {
[INFO] [stdout]    |                 -^ expected one of `)`, `,`, `.`, `?`, or an operator
[INFO] [stdout]    |                 |
[INFO] [stdout]    |                 help: missing `,`
[INFO] [stdout] 
[INFO] [stdout] 
[INFO] [stdout] error: cannot find attribute `license` in this scope
[INFO] [stdout]  --> src/lib.rs:1:4
[INFO] [stdout]   |
[INFO] [stdout] 1 | #![license = "MIT"]
[INFO] [stdout]   |    ^^^^^^^
[INFO] [stdout] 
[INFO] [stdout] 
[INFO] [stdout] error: cannot determine resolution for the attribute macro `test`
[INFO] [stdout]   --> src/lib.rs:54:3
[INFO] [stdout]    |
[INFO] [stdout] 54 | #[test] fn test_lasts() {
[INFO] [stdout]    |   ^^^^
[INFO] [stdout]    |
[INFO] [stdout]    = note: import resolution is stuck, try simplifying macro imports
[INFO] [stdout] 
[INFO] [stdout] 
[INFO] [stdout] error[E0405]: cannot find trait `Deref` in this scope
[INFO] [stdout]   --> src/lib.rs:47:22
[INFO] [stdout]    |
[INFO] [stdout] 47 | impl<T: Send + Sync> Deref<T> for Forever<T> {
[INFO] [stdout]    |                      ^^^^^ not found in this scope
[INFO] [stdout]    |
[INFO] [stdout] help: consider importing this trait
[INFO] [stdout]    |
[INFO] [stdout] 7  | use std::ops::Deref;
[INFO] [stdout]    |
[INFO] [stdout] 
[INFO] [stdout] 
[INFO] [stdout] error[E0425]: cannot find function `spawn` in this scope
[INFO] [stdout]   --> src/lib.rs:57:5
[INFO] [stdout]    |
[INFO] [stdout] 57 |     spawn(proc() {
[INFO] [stdout]    |     ^^^^^ not found in this scope
[INFO] [stdout]    |
[INFO] [stdout] help: consider importing this function
[INFO] [stdout]    |
[INFO] [stdout] 7  | use std::thread::spawn;
[INFO] [stdout]    |
[INFO] [stdout] 
[INFO] [stdout] 
[INFO] [stdout] error[E0658]: box expression syntax is experimental; you can call `Box::new` instead
[INFO] [stdout]   --> src/lib.rs:25:45
[INFO] [stdout]    |
[INFO] [stdout] 25 |             __data: unsafe { mem::transmute(box val) },
[INFO] [stdout]    |                                             ^^^^^^^
[INFO] [stdout]    |
[INFO] [stdout]    = note: see issue #49733 <https://github.com/rust-lang/rust/issues/49733> for more information
[INFO] [stdout] 
[INFO] [stdout] 
[INFO] [stdout] error: invalid suffix `u` for number literal
[INFO] [stdout]   --> src/lib.rs:55:26
[INFO] [stdout]    |
[INFO] [stdout] 55 |     let a = Forever::new(7u); let b = a;
[INFO] [stdout]    |                          ^^ invalid suffix `u`
[INFO] [stdout]    |
[INFO] [stdout]    = help: the suffix must be one of the numeric types (`u32`, `isize`, `f32`, etc.)
[INFO] [stdout] 
[INFO] [stdout] 
[INFO] [stdout] error: invalid suffix `u` for number literal
[INFO] [stdout]   --> src/lib.rs:58:24
[INFO] [stdout]    |
[INFO] [stdout] 58 |         assert_eq!(*b, 7u);
[INFO] [stdout]    |                        ^^ invalid suffix `u`
[INFO] [stdout]    |
[INFO] [stdout]    = help: the suffix must be one of the numeric types (`u32`, `isize`, `f32`, etc.)
[INFO] [stdout] 
[INFO] [stdout] 
[INFO] [stdout] error[E0425]: cannot find function `proc` in this scope
[INFO] [stdout]   --> src/lib.rs:57:11
[INFO] [stdout]    |
[INFO] [stdout] 57 |     spawn(proc() {
[INFO] [stdout]    |           ^^^^ not found in this scope
[INFO] [stdout] 
[INFO] [stdout] 
[INFO] [stdout] error: aborting due to 9 previous errors
[INFO] [stdout] 
[INFO] [stdout] 
[INFO] [stdout] Some errors have detailed explanations: E0405, E0425, E0658.
[INFO] [stdout] 
[INFO] [stdout] For more information about an error, try `rustc --explain E0405`.
[INFO] [stdout] 
[INFO] [stderr] error: could not compile `forever` due to 10 previous errors
[INFO] running `Command { std: "docker" "inspect" "6d21eda8c792583846105fa1868527555dca7117b41ba9e63cdd1f72583fec12", kill_on_drop: false }`
[INFO] running `Command { std: "docker" "rm" "-f" "6d21eda8c792583846105fa1868527555dca7117b41ba9e63cdd1f72583fec12", kill_on_drop: false }`
[INFO] [stdout] 6d21eda8c792583846105fa1868527555dca7117b41ba9e63cdd1f72583fec12
