[INFO] fetching crate for_any 0.0.1-beta.0...
[INFO] testing for_any-0.0.1-beta.0 against beta-2023-04-20 for beta-1.70-1
[INFO] extracting crate for_any 0.0.1-beta.0 into /workspace/builds/worker-6-tc2/source
[INFO] validating manifest of crates.io crate for_any 0.0.1-beta.0 on toolchain beta-2023-04-20
[INFO] running `Command { std: CARGO_HOME="/workspace/cargo-home" RUSTUP_HOME="/workspace/rustup-home" "/workspace/cargo-home/bin/cargo" "+beta-2023-04-20" "metadata" "--manifest-path" "Cargo.toml" "--no-deps", kill_on_drop: false }`
[INFO] started tweaking crates.io crate for_any 0.0.1-beta.0
[INFO] finished tweaking crates.io crate for_any 0.0.1-beta.0
[INFO] tweaked toml for crates.io crate for_any 0.0.1-beta.0 written to /workspace/builds/worker-6-tc2/source/Cargo.toml
[INFO] running `Command { std: CARGO_HOME="/workspace/cargo-home" RUSTUP_HOME="/workspace/rustup-home" __CARGO_TEST_CHANNEL_OVERRIDE_DO_NOT_USE_THIS="nightly" "/workspace/cargo-home/bin/cargo" "+beta-2023-04-20" "generate-lockfile" "--manifest-path" "Cargo.toml" "-Zno-index-update", kill_on_drop: false }`
[INFO] running `Command { std: CARGO_HOME="/workspace/cargo-home" RUSTUP_HOME="/workspace/rustup-home" "/workspace/cargo-home/bin/cargo" "+beta-2023-04-20" "fetch" "--manifest-path" "Cargo.toml", kill_on_drop: false }`
[INFO] [stderr]  Downloading crates ...
[INFO] [stderr]   Downloaded trybuild v1.0.76
[INFO] running `Command { std: "docker" "create" "-v" "/var/lib/crater-agent-workspace/builds/worker-6-tc2/target:/opt/rustwide/target:rw,Z" "-v" "/var/lib/crater-agent-workspace/builds/worker-6-tc2/source:/opt/rustwide/workdir:ro,Z" "-v" "/var/lib/crater-agent-workspace/cargo-home:/opt/rustwide/cargo-home:ro,Z" "-v" "/var/lib/crater-agent-workspace/rustup-home:/opt/rustwide/rustup-home:ro,Z" "-e" "SOURCE_DIR=/opt/rustwide/workdir" "-e" "CARGO_TARGET_DIR=/opt/rustwide/target" "-e" "CARGO_HOME=/opt/rustwide/cargo-home" "-e" "RUSTUP_HOME=/opt/rustwide/rustup-home" "-w" "/opt/rustwide/workdir" "-m" "1610612736" "--user" "0:0" "--network" "none" "ghcr.io/rust-lang/crates-build-env/linux@sha256:5ff2268d62e97bff2cde7d5815dd6ed5b47097566f13b8d0ca110b04b60e07ed" "/opt/rustwide/cargo-home/bin/cargo" "+beta-2023-04-20" "metadata" "--no-deps" "--format-version=1", kill_on_drop: false }`
[INFO] [stdout] a7665817c61fdc7182a6979ee2098123d24db3e2da85d2f732aaaf4e6c5a63e2
[INFO] running `Command { std: "docker" "start" "-a" "a7665817c61fdc7182a6979ee2098123d24db3e2da85d2f732aaaf4e6c5a63e2", kill_on_drop: false }`
[INFO] running `Command { std: "docker" "inspect" "a7665817c61fdc7182a6979ee2098123d24db3e2da85d2f732aaaf4e6c5a63e2", kill_on_drop: false }`
[INFO] running `Command { std: "docker" "rm" "-f" "a7665817c61fdc7182a6979ee2098123d24db3e2da85d2f732aaaf4e6c5a63e2", kill_on_drop: false }`
[INFO] [stdout] a7665817c61fdc7182a6979ee2098123d24db3e2da85d2f732aaaf4e6c5a63e2
[INFO] running `Command { std: "docker" "create" "-v" "/var/lib/crater-agent-workspace/builds/worker-6-tc2/target:/opt/rustwide/target:rw,Z" "-v" "/var/lib/crater-agent-workspace/builds/worker-6-tc2/source:/opt/rustwide/workdir:ro,Z" "-v" "/var/lib/crater-agent-workspace/cargo-home:/opt/rustwide/cargo-home:ro,Z" "-v" "/var/lib/crater-agent-workspace/rustup-home:/opt/rustwide/rustup-home:ro,Z" "-e" "SOURCE_DIR=/opt/rustwide/workdir" "-e" "CARGO_TARGET_DIR=/opt/rustwide/target" "-e" "CARGO_INCREMENTAL=0" "-e" "RUST_BACKTRACE=full" "-e" "RUSTFLAGS=--cap-lints=warn" "-e" "RUSTDOCFLAGS=--cap-lints=warn" "-e" "CARGO_HOME=/opt/rustwide/cargo-home" "-e" "RUSTUP_HOME=/opt/rustwide/rustup-home" "-w" "/opt/rustwide/workdir" "-m" "1610612736" "--user" "0:0" "--network" "none" "ghcr.io/rust-lang/crates-build-env/linux@sha256:5ff2268d62e97bff2cde7d5815dd6ed5b47097566f13b8d0ca110b04b60e07ed" "/opt/rustwide/cargo-home/bin/cargo" "+beta-2023-04-20" "build" "--frozen" "--message-format=json", kill_on_drop: false }`
[INFO] [stdout] a5a743ad3387e0a98f3b84c34f5f2d837df7c744092bbd79fd115e930c3c8498
[INFO] running `Command { std: "docker" "start" "-a" "a5a743ad3387e0a98f3b84c34f5f2d837df7c744092bbd79fd115e930c3c8498", kill_on_drop: false }`
[INFO] [stderr]    Compiling syn v1.0.109
[INFO] [stderr]    Compiling strsim v0.10.0
[INFO] [stderr]    Compiling fnv v1.0.7
[INFO] [stderr]    Compiling ident_case v1.0.1
[INFO] [stderr]    Compiling darling_core v0.13.4
[INFO] [stderr]    Compiling darling_macro v0.13.4
[INFO] [stderr]    Compiling darling v0.13.4
[INFO] [stderr]    Compiling for_any v0.0.1-beta.0 (/opt/rustwide/workdir)
[INFO] [stdout] error[E0554]: `#![feature]` may not be used on the beta release channel
[INFO] [stdout]  --> src/lib.rs:1:12
[INFO] [stdout]   |
[INFO] [stdout] 1 | #![feature(result_into_ok_or_err, result_flattening)]
[INFO] [stdout]   |            ^^^^^^^^^^^^^^^^^^^^^
[INFO] [stdout] 
[INFO] [stdout] 
[INFO] [stdout] error[E0554]: `#![feature]` may not be used on the beta release channel
[INFO] [stdout]  --> src/lib.rs:1:35
[INFO] [stdout]   |
[INFO] [stdout] 1 | #![feature(result_into_ok_or_err, result_flattening)]
[INFO] [stdout]   |                                   ^^^^^^^^^^^^^^^^^
[INFO] [stdout] 
[INFO] [stdout] 
[INFO] [stdout] error[E0554]: `#![feature]` may not be used on the beta release channel
[INFO] [stdout]  --> src/lib.rs:2:12
[INFO] [stdout]   |
[INFO] [stdout] 2 | #![feature(exact_size_is_empty)]
[INFO] [stdout]   |            ^^^^^^^^^^^^^^^^^^^
[INFO] [stdout] 
[INFO] [stdout] 
[INFO] [stdout] error[E0635]: unknown feature `result_into_ok_or_err`
[INFO] [stdout]  --> src/lib.rs:1:12
[INFO] [stdout]   |
[INFO] [stdout] 1 | #![feature(result_into_ok_or_err, result_flattening)]
[INFO] [stdout]   |            ^^^^^^^^^^^^^^^^^^^^^
[INFO] [stdout] 
[INFO] [stdout] 
[INFO] [stdout] error[E0599]: no method named `into_ok_or_err` found for enum `Result` in the current scope
[INFO] [stdout]   --> src/lib.rs:32:10
[INFO] [stdout]    |
[INFO] [stdout] 28 | /     ForAnyInput::from_derive_input(&input)
[INFO] [stdout] 29 | |         .map(ForAnyInput::generate_output)
[INFO] [stdout] 30 | |         .map_err(|err| err.write_errors())
[INFO] [stdout] 31 | |         .flatten()
[INFO] [stdout] 32 | |         .into_ok_or_err()
[INFO] [stdout]    | |         -^^^^^^^^^^^^^^ method not found in `Result<TokenStream, TokenStream>`
[INFO] [stdout]    | |_________|
[INFO] [stdout]    | 
[INFO] [stdout] 
[INFO] [stdout] 
[INFO] [stdout] error: aborting due to 5 previous errors
[INFO] [stdout] 
[INFO] [stdout] 
[INFO] [stdout] Some errors have detailed explanations: E0554, E0599, E0635.
[INFO] [stdout] 
[INFO] [stdout] For more information about an error, try `rustc --explain E0554`.
[INFO] [stdout] 
[INFO] [stderr] error: could not compile `for_any` (lib) due to 6 previous errors
[INFO] running `Command { std: "docker" "inspect" "a5a743ad3387e0a98f3b84c34f5f2d837df7c744092bbd79fd115e930c3c8498", kill_on_drop: false }`
[INFO] running `Command { std: "docker" "rm" "-f" "a5a743ad3387e0a98f3b84c34f5f2d837df7c744092bbd79fd115e930c3c8498", kill_on_drop: false }`
[INFO] [stdout] a5a743ad3387e0a98f3b84c34f5f2d837df7c744092bbd79fd115e930c3c8498
