[INFO] fetching crate fltk 1.4.2...
[INFO] testing fltk-1.4.2 against 1.69.0 for beta-1.70-1
[INFO] extracting crate fltk 1.4.2 into /workspace/builds/worker-2-tc1/source
[INFO] validating manifest of crates.io crate fltk 1.4.2 on toolchain 1.69.0
[INFO] running `Command { std: CARGO_HOME="/workspace/cargo-home" RUSTUP_HOME="/workspace/rustup-home" "/workspace/cargo-home/bin/cargo" "+1.69.0" "metadata" "--manifest-path" "Cargo.toml" "--no-deps", kill_on_drop: false }`
[INFO] started tweaking crates.io crate fltk 1.4.2
[INFO] removed 0 missing tests
[INFO] finished tweaking crates.io crate fltk 1.4.2
[INFO] tweaked toml for crates.io crate fltk 1.4.2 written to /workspace/builds/worker-2-tc1/source/Cargo.toml
[INFO] crate crates.io crate fltk 1.4.2 already has a lockfile, it will not be regenerated
[INFO] running `Command { std: CARGO_HOME="/workspace/cargo-home" RUSTUP_HOME="/workspace/rustup-home" "/workspace/cargo-home/bin/cargo" "+1.69.0" "fetch" "--manifest-path" "Cargo.toml", kill_on_drop: false }`
[INFO] [stderr]  Downloading crates ...
[INFO] [stderr]   Downloaded bitflags v2.1.0
[INFO] [stderr]   Downloaded fltk-sys v1.4.2
[INFO] running `Command { std: "docker" "create" "-v" "/var/lib/crater-agent-workspace/builds/worker-2-tc1/target:/opt/rustwide/target:rw,Z" "-v" "/var/lib/crater-agent-workspace/builds/worker-2-tc1/source:/opt/rustwide/workdir:ro,Z" "-v" "/var/lib/crater-agent-workspace/cargo-home:/opt/rustwide/cargo-home:ro,Z" "-v" "/var/lib/crater-agent-workspace/rustup-home:/opt/rustwide/rustup-home:ro,Z" "-e" "SOURCE_DIR=/opt/rustwide/workdir" "-e" "CARGO_TARGET_DIR=/opt/rustwide/target" "-e" "CARGO_HOME=/opt/rustwide/cargo-home" "-e" "RUSTUP_HOME=/opt/rustwide/rustup-home" "-w" "/opt/rustwide/workdir" "-m" "1610612736" "--user" "0:0" "--network" "none" "ghcr.io/rust-lang/crates-build-env/linux@sha256:5ff2268d62e97bff2cde7d5815dd6ed5b47097566f13b8d0ca110b04b60e07ed" "/opt/rustwide/cargo-home/bin/cargo" "+1.69.0" "metadata" "--no-deps" "--format-version=1", kill_on_drop: false }`
[INFO] [stdout] d32393a2e06c16f34392f0d80a5795ff276a1f8a35e63cbedcc17f2b663e4c9e
[INFO] running `Command { std: "docker" "start" "-a" "d32393a2e06c16f34392f0d80a5795ff276a1f8a35e63cbedcc17f2b663e4c9e", kill_on_drop: false }`
[INFO] running `Command { std: "docker" "inspect" "d32393a2e06c16f34392f0d80a5795ff276a1f8a35e63cbedcc17f2b663e4c9e", kill_on_drop: false }`
[INFO] running `Command { std: "docker" "rm" "-f" "d32393a2e06c16f34392f0d80a5795ff276a1f8a35e63cbedcc17f2b663e4c9e", kill_on_drop: false }`
[INFO] [stdout] d32393a2e06c16f34392f0d80a5795ff276a1f8a35e63cbedcc17f2b663e4c9e
[INFO] running `Command { std: "docker" "create" "-v" "/var/lib/crater-agent-workspace/builds/worker-2-tc1/target:/opt/rustwide/target:rw,Z" "-v" "/var/lib/crater-agent-workspace/builds/worker-2-tc1/source:/opt/rustwide/workdir:ro,Z" "-v" "/var/lib/crater-agent-workspace/cargo-home:/opt/rustwide/cargo-home:ro,Z" "-v" "/var/lib/crater-agent-workspace/rustup-home:/opt/rustwide/rustup-home:ro,Z" "-e" "SOURCE_DIR=/opt/rustwide/workdir" "-e" "CARGO_TARGET_DIR=/opt/rustwide/target" "-e" "CARGO_INCREMENTAL=0" "-e" "RUST_BACKTRACE=full" "-e" "RUSTFLAGS=--cap-lints=warn" "-e" "RUSTDOCFLAGS=--cap-lints=warn" "-e" "CARGO_HOME=/opt/rustwide/cargo-home" "-e" "RUSTUP_HOME=/opt/rustwide/rustup-home" "-w" "/opt/rustwide/workdir" "-m" "1610612736" "--user" "0:0" "--network" "none" "ghcr.io/rust-lang/crates-build-env/linux@sha256:5ff2268d62e97bff2cde7d5815dd6ed5b47097566f13b8d0ca110b04b60e07ed" "/opt/rustwide/cargo-home/bin/cargo" "+1.69.0" "build" "--frozen" "--message-format=json", kill_on_drop: false }`
[INFO] [stdout] 5cdb17f451ef0ad75f99101cd92d7a45887e80ddbb1f2cc62e278ff79c35aa41
[INFO] running `Command { std: "docker" "start" "-a" "5cdb17f451ef0ad75f99101cd92d7a45887e80ddbb1f2cc62e278ff79c35aa41", kill_on_drop: false }`
[INFO] [stderr]    Compiling cmake v0.1.50
[INFO] [stderr]    Compiling crossbeam-utils v0.8.15
[INFO] [stderr]    Compiling bitflags v2.1.0
[INFO] [stderr]    Compiling ttf-parser v0.19.0
[INFO] [stderr]    Compiling fltk-sys v1.4.2
[INFO] [stderr]    Compiling crossbeam-channel v0.5.8
[INFO] [stderr]    Compiling fltk v1.4.2 (/opt/rustwide/workdir)
[INFO] [stderr]     Finished dev [unoptimized + debuginfo] target(s) in 33.31s
[INFO] running `Command { std: "docker" "inspect" "5cdb17f451ef0ad75f99101cd92d7a45887e80ddbb1f2cc62e278ff79c35aa41", kill_on_drop: false }`
[INFO] running `Command { std: "docker" "rm" "-f" "5cdb17f451ef0ad75f99101cd92d7a45887e80ddbb1f2cc62e278ff79c35aa41", kill_on_drop: false }`
[INFO] [stdout] 5cdb17f451ef0ad75f99101cd92d7a45887e80ddbb1f2cc62e278ff79c35aa41
[INFO] running `Command { std: "docker" "create" "-v" "/var/lib/crater-agent-workspace/builds/worker-2-tc1/target:/opt/rustwide/target:rw,Z" "-v" "/var/lib/crater-agent-workspace/builds/worker-2-tc1/source:/opt/rustwide/workdir:ro,Z" "-v" "/var/lib/crater-agent-workspace/cargo-home:/opt/rustwide/cargo-home:ro,Z" "-v" "/var/lib/crater-agent-workspace/rustup-home:/opt/rustwide/rustup-home:ro,Z" "-e" "SOURCE_DIR=/opt/rustwide/workdir" "-e" "CARGO_TARGET_DIR=/opt/rustwide/target" "-e" "CARGO_INCREMENTAL=0" "-e" "RUST_BACKTRACE=full" "-e" "RUSTFLAGS=--cap-lints=warn" "-e" "RUSTDOCFLAGS=--cap-lints=warn" "-e" "CARGO_HOME=/opt/rustwide/cargo-home" "-e" "RUSTUP_HOME=/opt/rustwide/rustup-home" "-w" "/opt/rustwide/workdir" "-m" "1610612736" "--user" "0:0" "--network" "none" "ghcr.io/rust-lang/crates-build-env/linux@sha256:5ff2268d62e97bff2cde7d5815dd6ed5b47097566f13b8d0ca110b04b60e07ed" "/opt/rustwide/cargo-home/bin/cargo" "+1.69.0" "test" "--frozen" "--no-run" "--message-format=json", kill_on_drop: false }`
[INFO] [stdout] 1e4700d0d1e0dd85ba17068a08756f16126dc10ca8c964fed3ec4473e262167d
[INFO] running `Command { std: "docker" "start" "-a" "1e4700d0d1e0dd85ba17068a08756f16126dc10ca8c964fed3ec4473e262167d", kill_on_drop: false }`
[INFO] [stderr]    Compiling fltk v1.4.2 (/opt/rustwide/workdir)
[INFO] [stderr] error: could not compile `fltk`
[INFO] [stderr] 
[INFO] [stderr] Caused by:
[INFO] [stderr]   process didn't exit successfully: `rustc --crate-name calculator --edition=2021 examples/calculator.rs --error-format=json --json=diagnostic-rendered-ansi,artifacts,future-incompat --crate-type bin --emit=dep-info,link -C embed-bitcode=no -C debuginfo=2 --cfg 'feature="default"' -C metadata=9a5dc0f5bdb8f92f -C extra-filename=-9a5dc0f5bdb8f92f --out-dir /opt/rustwide/target/debug/examples -L dependency=/opt/rustwide/target/debug/deps --extern bitflags=/opt/rustwide/target/debug/deps/libbitflags-372beabd903b8765.rlib --extern crossbeam_channel=/opt/rustwide/target/debug/deps/libcrossbeam_channel-4c1358ee3e4917be.rlib --extern fltk=/opt/rustwide/target/debug/deps/libfltk-9c6245de43bf9109.rlib --extern fltk_sys=/opt/rustwide/target/debug/deps/libfltk_sys-0720dd66fac415fc.rlib --extern paste=/opt/rustwide/target/debug/deps/libpaste-b379911497bfa74c.so --extern ttf_parser=/opt/rustwide/target/debug/deps/libttf_parser-f4f20043b2490374.rlib --cap-lints=warn -L native=/opt/rustwide/target/debug/build/fltk-sys-127ea1888eb9e856/out/build -L native=/opt/rustwide/target/debug/build/fltk-sys-127ea1888eb9e856/out/build/Release -L native=/opt/rustwide/target/debug/build/fltk-sys-127ea1888eb9e856/out/lib -L native=/opt/rustwide/target/debug/build/fltk-sys-127ea1888eb9e856/out/lib64 -L native=/opt/rustwide/target/debug/build/fltk-sys-127ea1888eb9e856/out/lib/Release -L native=/opt/rustwide/target/debug/build/fltk-sys-127ea1888eb9e856/out/lib64/Release` (signal: 9, SIGKILL: kill)
[INFO] [stderr] warning: build failed, waiting for other jobs to finish...
[INFO] [stderr] error: could not compile `fltk`
[INFO] [stderr] 
[INFO] [stderr] Caused by:
[INFO] [stderr]   process didn't exit successfully: `rustc --crate-name custom_widgets --edition=2021 examples/custom_widgets.rs --error-format=json --json=diagnostic-rendered-ansi,artifacts,future-incompat --crate-type bin --emit=dep-info,link -C embed-bitcode=no -C debuginfo=2 --cfg 'feature="default"' -C metadata=a1310b137273de36 -C extra-filename=-a1310b137273de36 --out-dir /opt/rustwide/target/debug/examples -L dependency=/opt/rustwide/target/debug/deps --extern bitflags=/opt/rustwide/target/debug/deps/libbitflags-372beabd903b8765.rlib --extern crossbeam_channel=/opt/rustwide/target/debug/deps/libcrossbeam_channel-4c1358ee3e4917be.rlib --extern fltk=/opt/rustwide/target/debug/deps/libfltk-9c6245de43bf9109.rlib --extern fltk_sys=/opt/rustwide/target/debug/deps/libfltk_sys-0720dd66fac415fc.rlib --extern paste=/opt/rustwide/target/debug/deps/libpaste-b379911497bfa74c.so --extern ttf_parser=/opt/rustwide/target/debug/deps/libttf_parser-f4f20043b2490374.rlib --cap-lints=warn -L native=/opt/rustwide/target/debug/build/fltk-sys-127ea1888eb9e856/out/build -L native=/opt/rustwide/target/debug/build/fltk-sys-127ea1888eb9e856/out/build/Release -L native=/opt/rustwide/target/debug/build/fltk-sys-127ea1888eb9e856/out/lib -L native=/opt/rustwide/target/debug/build/fltk-sys-127ea1888eb9e856/out/lib64 -L native=/opt/rustwide/target/debug/build/fltk-sys-127ea1888eb9e856/out/lib/Release -L native=/opt/rustwide/target/debug/build/fltk-sys-127ea1888eb9e856/out/lib64/Release` (signal: 9, SIGKILL: kill)
[INFO] [stderr] error: could not compile `fltk`
[INFO] [stderr] 
[INFO] [stderr] Caused by:
[INFO] [stderr]   process didn't exit successfully: `rustc --crate-name idle --edition=2021 tests/idle.rs --error-format=json --json=diagnostic-rendered-ansi,artifacts,future-incompat --emit=dep-info,link -C embed-bitcode=no -C debuginfo=2 --cfg test --cfg 'feature="default"' -C metadata=d33e07afdac290fd -C extra-filename=-d33e07afdac290fd --out-dir /opt/rustwide/target/debug/deps -L dependency=/opt/rustwide/target/debug/deps --extern bitflags=/opt/rustwide/target/debug/deps/libbitflags-372beabd903b8765.rlib --extern crossbeam_channel=/opt/rustwide/target/debug/deps/libcrossbeam_channel-4c1358ee3e4917be.rlib --extern fltk=/opt/rustwide/target/debug/deps/libfltk-9c6245de43bf9109.rlib --extern fltk_sys=/opt/rustwide/target/debug/deps/libfltk_sys-0720dd66fac415fc.rlib --extern paste=/opt/rustwide/target/debug/deps/libpaste-b379911497bfa74c.so --extern ttf_parser=/opt/rustwide/target/debug/deps/libttf_parser-f4f20043b2490374.rlib --cap-lints=warn -L native=/opt/rustwide/target/debug/build/fltk-sys-127ea1888eb9e856/out/build -L native=/opt/rustwide/target/debug/build/fltk-sys-127ea1888eb9e856/out/build/Release -L native=/opt/rustwide/target/debug/build/fltk-sys-127ea1888eb9e856/out/lib -L native=/opt/rustwide/target/debug/build/fltk-sys-127ea1888eb9e856/out/lib64 -L native=/opt/rustwide/target/debug/build/fltk-sys-127ea1888eb9e856/out/lib/Release -L native=/opt/rustwide/target/debug/build/fltk-sys-127ea1888eb9e856/out/lib64/Release` (signal: 9, SIGKILL: kill)
[INFO] [stderr] error: could not compile `fltk`
[INFO] [stderr] 
[INFO] [stderr] Caused by:
[INFO] [stderr]   process didn't exit successfully: `rustc --crate-name fltk --edition=2021 src/lib.rs --error-format=json --json=diagnostic-rendered-ansi,artifacts,future-incompat --emit=dep-info,link -C embed-bitcode=no -C debuginfo=2 --test --cfg 'feature="default"' -C metadata=57311048f01d2939 -C extra-filename=-57311048f01d2939 --out-dir /opt/rustwide/target/debug/deps -L dependency=/opt/rustwide/target/debug/deps --extern bitflags=/opt/rustwide/target/debug/deps/libbitflags-372beabd903b8765.rlib --extern crossbeam_channel=/opt/rustwide/target/debug/deps/libcrossbeam_channel-4c1358ee3e4917be.rlib --extern fltk_sys=/opt/rustwide/target/debug/deps/libfltk_sys-0720dd66fac415fc.rlib --extern paste=/opt/rustwide/target/debug/deps/libpaste-b379911497bfa74c.so --extern ttf_parser=/opt/rustwide/target/debug/deps/libttf_parser-f4f20043b2490374.rlib --cap-lints=warn -L native=/opt/rustwide/target/debug/build/fltk-sys-127ea1888eb9e856/out/build -L native=/opt/rustwide/target/debug/build/fltk-sys-127ea1888eb9e856/out/build/Release -L native=/opt/rustwide/target/debug/build/fltk-sys-127ea1888eb9e856/out/lib -L native=/opt/rustwide/target/debug/build/fltk-sys-127ea1888eb9e856/out/lib64 -L native=/opt/rustwide/target/debug/build/fltk-sys-127ea1888eb9e856/out/lib/Release -L native=/opt/rustwide/target/debug/build/fltk-sys-127ea1888eb9e856/out/lib64/Release` (signal: 9, SIGKILL: kill)
[INFO] [stdout] error: linking with `cc` failed: exit status: 1
[INFO] [stdout]   |
[INFO] [stdout]   = note: LC_ALL="C" PATH="/opt/rustwide/rustup-home/toolchains/1.69.0-x86_64-unknown-linux-gnu/lib/rustlib/x86_64-unknown-linux-gnu/bin:/opt/rustwide/cargo-home/bin:/usr/local/sbin:/usr/local/bin:/usr/sbin:/usr/bin:/sbin:/bin" VSLANG="1033" "cc" "-m64" "/tmp/rustcOzRs1Q/symbols.o" "/opt/rustwide/target/debug/examples/tabs-9158d47df0ca727c.tabs.d168deff-cgu.0.rcgu.o" "/opt/rustwide/target/debug/examples/tabs-9158d47df0ca727c.tabs.d168deff-cgu.1.rcgu.o" "/opt/rustwide/target/debug/examples/tabs-9158d47df0ca727c.tabs.d168deff-cgu.2.rcgu.o" "/opt/rustwide/target/debug/examples/tabs-9158d47df0ca727c.tabs.d168deff-cgu.3.rcgu.o" "/opt/rustwide/target/debug/examples/tabs-9158d47df0ca727c.tabs.d168deff-cgu.4.rcgu.o" "/opt/rustwide/target/debug/examples/tabs-9158d47df0ca727c.tabs.d168deff-cgu.5.rcgu.o" "/opt/rustwide/target/debug/examples/tabs-9158d47df0ca727c.tabs.d168deff-cgu.6.rcgu.o" "/opt/rustwide/target/debug/examples/tabs-9158d47df0ca727c.tabs.d168deff-cgu.7.rcgu.o" "/opt/rustwide/target/debug/examples/tabs-9158d47df0ca727c.tabs.d168deff-cgu.8.rcgu.o" "/opt/rustwide/target/debug/examples/tabs-9158d47df0ca727c.10pn49ep9yyg9w1.rcgu.o" "-Wl,--as-needed" "-L" "/opt/rustwide/target/debug/deps" "-L" "/opt/rustwide/target/debug/build/fltk-sys-127ea1888eb9e856/out/build" "-L" "/opt/rustwide/target/debug/build/fltk-sys-127ea1888eb9e856/out/build/Release" "-L" "/opt/rustwide/target/debug/build/fltk-sys-127ea1888eb9e856/out/lib" "-L" "/opt/rustwide/target/debug/build/fltk-sys-127ea1888eb9e856/out/lib64" "-L" "/opt/rustwide/target/debug/build/fltk-sys-127ea1888eb9e856/out/lib/Release" "-L" "/opt/rustwide/target/debug/build/fltk-sys-127ea1888eb9e856/out/lib64/Release" "-L" "/opt/rustwide/rustup-home/toolchains/1.69.0-x86_64-unknown-linux-gnu/lib/rustlib/x86_64-unknown-linux-gnu/lib" "-Wl,-Bstatic" "/opt/rustwide/target/debug/deps/libfltk-9c6245de43bf9109.rlib" "/opt/rustwide/target/debug/deps/libttf_parser-f4f20043b2490374.rlib" "/opt/rustwide/target/debug/deps/libcrossbeam_channel-4c1358ee3e4917be.rlib" "/opt/rustwide/target/debug/deps/libcrossbeam_utils-f14c2b72311f46b8.rlib" "/opt/rustwide/target/debug/deps/libcfg_if-e5e118dd7d121aaa.rlib" "/opt/rustwide/target/debug/deps/libbitflags-372beabd903b8765.rlib" "/opt/rustwide/target/debug/deps/libfltk_sys-0720dd66fac415fc.rlib" "/opt/rustwide/target/debug/deps/libcty-098e3d68ce2248fa.rlib" "/opt/rustwide/rustup-home/toolchains/1.69.0-x86_64-unknown-linux-gnu/lib/rustlib/x86_64-unknown-linux-gnu/lib/libstd-89bc084783fdc439.rlib" "/opt/rustwide/rustup-home/toolchains/1.69.0-x86_64-unknown-linux-gnu/lib/rustlib/x86_64-unknown-linux-gnu/lib/libpanic_unwind-8bee4b287d4367c1.rlib" "/opt/rustwide/rustup-home/toolchains/1.69.0-x86_64-unknown-linux-gnu/lib/rustlib/x86_64-unknown-linux-gnu/lib/libobject-d61707aed80694c0.rlib" "/opt/rustwide/rustup-home/toolchains/1.69.0-x86_64-unknown-linux-gnu/lib/rustlib/x86_64-unknown-linux-gnu/lib/libmemchr-d85366256f22345b.rlib" "/opt/rustwide/rustup-home/toolchains/1.69.0-x86_64-unknown-linux-gnu/lib/rustlib/x86_64-unknown-linux-gnu/lib/libaddr2line-96069b86b8a8cae9.rlib" "/opt/rustwide/rustup-home/toolchains/1.69.0-x86_64-unknown-linux-gnu/lib/rustlib/x86_64-unknown-linux-gnu/lib/libgimli-d19d53abf68dfa6c.rlib" "/opt/rustwide/rustup-home/toolchains/1.69.0-x86_64-unknown-linux-gnu/lib/rustlib/x86_64-unknown-linux-gnu/lib/librustc_demangle-787cbccd19d64ac6.rlib" "/opt/rustwide/rustup-home/toolchains/1.69.0-x86_64-unknown-linux-gnu/lib/rustlib/x86_64-unknown-linux-gnu/lib/libstd_detect-b3837a36b830e0d0.rlib" "/opt/rustwide/rustup-home/toolchains/1.69.0-x86_64-unknown-linux-gnu/lib/rustlib/x86_64-unknown-linux-gnu/lib/libhashbrown-e3deb0e7e3f04966.rlib" "/opt/rustwide/rustup-home/toolchains/1.69.0-x86_64-unknown-linux-gnu/lib/rustlib/x86_64-unknown-linux-gnu/lib/libminiz_oxide-dabbb79c9815def4.rlib" "/opt/rustwide/rustup-home/toolchains/1.69.0-x86_64-unknown-linux-gnu/lib/rustlib/x86_64-unknown-linux-gnu/lib/libadler-305b01f34c9409f2.rlib" "/opt/rustwide/rustup-home/toolchains/1.69.0-x86_64-unknown-linux-gnu/lib/rustlib/x86_64-unknown-linux-gnu/lib/librustc_std_workspace_alloc-f833521df6074e73.rlib" "/opt/rustwide/rustup-home/toolchains/1.69.0-x86_64-unknown-linux-gnu/lib/rustlib/x86_64-unknown-linux-gnu/lib/libunwind-9ac333113350d171.rlib" "/opt/rustwide/rustup-home/toolchains/1.69.0-x86_64-unknown-linux-gnu/lib/rustlib/x86_64-unknown-linux-gnu/lib/libcfg_if-1c126114322d0eee.rlib" "/opt/rustwide/rustup-home/toolchains/1.69.0-x86_64-unknown-linux-gnu/lib/rustlib/x86_64-unknown-linux-gnu/lib/liblibc-bad9164fdeeecf92.rlib" "/opt/rustwide/rustup-home/toolchains/1.69.0-x86_64-unknown-linux-gnu/lib/rustlib/x86_64-unknown-linux-gnu/lib/liballoc-f9374b1e480fa681.rlib" "/opt/rustwide/rustup-home/toolchains/1.69.0-x86_64-unknown-linux-gnu/lib/rustlib/x86_64-unknown-linux-gnu/lib/librustc_std_workspace_core-207f06e41d9603af.rlib" "/opt/rustwide/rustup-home/toolchains/1.69.0-x86_64-unknown-linux-gnu/lib/rustlib/x86_64-unknown-linux-gnu/lib/libcore-7e2768e66e984e85.rlib" "/opt/rustwide/rustup-home/toolchains/1.69.0-x86_64-unknown-linux-gnu/lib/rustlib/x86_64-unknown-linux-gnu/lib/libcompiler_builtins-957b4aff41f8cd46.rlib" "-Wl,-Bdynamic" "-lpthread" "-lX11" "-lXext" "-lXinerama" "-lXcursor" "-lXrender" "-lXfixes" "-lXft" "-lfontconfig" "-lpango-1.0" "-lpangoxft-1.0" "-lgobject-2.0" "-lcairo" "-lpangocairo-1.0" "-lsupc++" "-lgcc_s" "-lutil" "-lrt" "-lpthread" "-lm" "-ldl" "-lc" "-Wl,--eh-frame-hdr" "-Wl,-z,noexecstack" "-L" "/opt/rustwide/rustup-home/toolchains/1.69.0-x86_64-unknown-linux-gnu/lib/rustlib/x86_64-unknown-linux-gnu/lib" "-o" "/opt/rustwide/target/debug/examples/tabs-9158d47df0ca727c" "-Wl,--gc-sections" "-pie" "-Wl,-z,relro,-z,now" "-nodefaultlibs"
[INFO] [stdout]   = note: collect2: fatal error: ld terminated with signal 9 [Killed]
[INFO] [stdout]           compilation terminated.
[INFO] [stdout]           
[INFO] [stdout] 
[INFO] [stdout] 
[INFO] [stdout] error: aborting due to previous error
[INFO] [stdout] 
[INFO] [stdout] 
[INFO] [stderr] error: could not compile `fltk` due to 2 previous errors
[INFO] [stdout] error: linking with `cc` failed: exit status: 1
[INFO] [stdout]   |
[INFO] [stdout]   = note: LC_ALL="C" PATH="/opt/rustwide/rustup-home/toolchains/1.69.0-x86_64-unknown-linux-gnu/lib/rustlib/x86_64-unknown-linux-gnu/bin:/opt/rustwide/cargo-home/bin:/usr/local/sbin:/usr/local/bin:/usr/sbin:/usr/bin:/sbin:/bin" VSLANG="1033" "cc" "-m64" "/tmp/rustctoKStW/symbols.o" "/opt/rustwide/target/debug/examples/screens_info-3af6163bfde0694f.screens_info.ad720e81-cgu.0.rcgu.o" "/opt/rustwide/target/debug/examples/screens_info-3af6163bfde0694f.screens_info.ad720e81-cgu.1.rcgu.o" "/opt/rustwide/target/debug/examples/screens_info-3af6163bfde0694f.screens_info.ad720e81-cgu.10.rcgu.o" "/opt/rustwide/target/debug/examples/screens_info-3af6163bfde0694f.screens_info.ad720e81-cgu.11.rcgu.o" "/opt/rustwide/target/debug/examples/screens_info-3af6163bfde0694f.screens_info.ad720e81-cgu.12.rcgu.o" "/opt/rustwide/target/debug/examples/screens_info-3af6163bfde0694f.screens_info.ad720e81-cgu.13.rcgu.o" "/opt/rustwide/target/debug/examples/screens_info-3af6163bfde0694f.screens_info.ad720e81-cgu.14.rcgu.o" "/opt/rustwide/target/debug/examples/screens_info-3af6163bfde0694f.screens_info.ad720e81-cgu.2.rcgu.o" "/opt/rustwide/target/debug/examples/screens_info-3af6163bfde0694f.screens_info.ad720e81-cgu.3.rcgu.o" "/opt/rustwide/target/debug/examples/screens_info-3af6163bfde0694f.screens_info.ad720e81-cgu.4.rcgu.o" "/opt/rustwide/target/debug/examples/screens_info-3af6163bfde0694f.screens_info.ad720e81-cgu.5.rcgu.o" "/opt/rustwide/target/debug/examples/screens_info-3af6163bfde0694f.screens_info.ad720e81-cgu.6.rcgu.o" "/opt/rustwide/target/debug/examples/screens_info-3af6163bfde0694f.screens_info.ad720e81-cgu.7.rcgu.o" "/opt/rustwide/target/debug/examples/screens_info-3af6163bfde0694f.screens_info.ad720e81-cgu.8.rcgu.o" "/opt/rustwide/target/debug/examples/screens_info-3af6163bfde0694f.screens_info.ad720e81-cgu.9.rcgu.o" "/opt/rustwide/target/debug/examples/screens_info-3af6163bfde0694f.18kl4dbo9xazjvkw.rcgu.o" "-Wl,--as-needed" "-L" "/opt/rustwide/target/debug/deps" "-L" "/opt/rustwide/target/debug/build/fltk-sys-127ea1888eb9e856/out/build" "-L" "/opt/rustwide/target/debug/build/fltk-sys-127ea1888eb9e856/out/build/Release" "-L" "/opt/rustwide/target/debug/build/fltk-sys-127ea1888eb9e856/out/lib" "-L" "/opt/rustwide/target/debug/build/fltk-sys-127ea1888eb9e856/out/lib64" "-L" "/opt/rustwide/target/debug/build/fltk-sys-127ea1888eb9e856/out/lib/Release" "-L" "/opt/rustwide/target/debug/build/fltk-sys-127ea1888eb9e856/out/lib64/Release" "-L" "/opt/rustwide/rustup-home/toolchains/1.69.0-x86_64-unknown-linux-gnu/lib/rustlib/x86_64-unknown-linux-gnu/lib" "-Wl,-Bstatic" "/opt/rustwide/target/debug/deps/libfltk-9c6245de43bf9109.rlib" "/opt/rustwide/target/debug/deps/libttf_parser-f4f20043b2490374.rlib" "/opt/rustwide/target/debug/deps/libcrossbeam_channel-4c1358ee3e4917be.rlib" "/opt/rustwide/target/debug/deps/libcrossbeam_utils-f14c2b72311f46b8.rlib" "/opt/rustwide/target/debug/deps/libcfg_if-e5e118dd7d121aaa.rlib" "/opt/rustwide/target/debug/deps/libbitflags-372beabd903b8765.rlib" "/opt/rustwide/target/debug/deps/libfltk_sys-0720dd66fac415fc.rlib" "/opt/rustwide/target/debug/deps/libcty-098e3d68ce2248fa.rlib" "/opt/rustwide/rustup-home/toolchains/1.69.0-x86_64-unknown-linux-gnu/lib/rustlib/x86_64-unknown-linux-gnu/lib/libstd-89bc084783fdc439.rlib" "/opt/rustwide/rustup-home/toolchains/1.69.0-x86_64-unknown-linux-gnu/lib/rustlib/x86_64-unknown-linux-gnu/lib/libpanic_unwind-8bee4b287d4367c1.rlib" "/opt/rustwide/rustup-home/toolchains/1.69.0-x86_64-unknown-linux-gnu/lib/rustlib/x86_64-unknown-linux-gnu/lib/libobject-d61707aed80694c0.rlib" "/opt/rustwide/rustup-home/toolchains/1.69.0-x86_64-unknown-linux-gnu/lib/rustlib/x86_64-unknown-linux-gnu/lib/libmemchr-d85366256f22345b.rlib" "/opt/rustwide/rustup-home/toolchains/1.69.0-x86_64-unknown-linux-gnu/lib/rustlib/x86_64-unknown-linux-gnu/lib/libaddr2line-96069b86b8a8cae9.rlib" "/opt/rustwide/rustup-home/toolchains/1.69.0-x86_64-unknown-linux-gnu/lib/rustlib/x86_64-unknown-linux-gnu/lib/libgimli-d19d53abf68dfa6c.rlib" "/opt/rustwide/rustup-home/toolchains/1.69.0-x86_64-unknown-linux-gnu/lib/rustlib/x86_64-unknown-linux-gnu/lib/librustc_demangle-787cbccd19d64ac6.rlib" "/opt/rustwide/rustup-home/toolchains/1.69.0-x86_64-unknown-linux-gnu/lib/rustlib/x86_64-unknown-linux-gnu/lib/libstd_detect-b3837a36b830e0d0.rlib" "/opt/rustwide/rustup-home/toolchains/1.69.0-x86_64-unknown-linux-gnu/lib/rustlib/x86_64-unknown-linux-gnu/lib/libhashbrown-e3deb0e7e3f04966.rlib" "/opt/rustwide/rustup-home/toolchains/1.69.0-x86_64-unknown-linux-gnu/lib/rustlib/x86_64-unknown-linux-gnu/lib/libminiz_oxide-dabbb79c9815def4.rlib" "/opt/rustwide/rustup-home/toolchains/1.69.0-x86_64-unknown-linux-gnu/lib/rustlib/x86_64-unknown-linux-gnu/lib/libadler-305b01f34c9409f2.rlib" "/opt/rustwide/rustup-home/toolchains/1.69.0-x86_64-unknown-linux-gnu/lib/rustlib/x86_64-unknown-linux-gnu/lib/librustc_std_workspace_alloc-f833521df6074e73.rlib" "/opt/rustwide/rustup-home/toolchains/1.69.0-x86_64-unknown-linux-gnu/lib/rustlib/x86_64-unknown-linux-gnu/lib/libunwind-9ac333113350d171.rlib" "/opt/rustwide/rustup-home/toolchains/1.69.0-x86_64-unknown-linux-gnu/lib/rustlib/x86_64-unknown-linux-gnu/lib/libcfg_if-1c126114322d0eee.rlib" "/opt/rustwide/rustup-home/toolchains/1.69.0-x86_64-unknown-linux-gnu/lib/rustlib/x86_64-unknown-linux-gnu/lib/liblibc-bad9164fdeeecf92.rlib" "/opt/rustwide/rustup-home/toolchains/1.69.0-x86_64-unknown-linux-gnu/lib/rustlib/x86_64-unknown-linux-gnu/lib/liballoc-f9374b1e480fa681.rlib" "/opt/rustwide/rustup-home/toolchains/1.69.0-x86_64-unknown-linux-gnu/lib/rustlib/x86_64-unknown-linux-gnu/lib/librustc_std_workspace_core-207f06e41d9603af.rlib" "/opt/rustwide/rustup-home/toolchains/1.69.0-x86_64-unknown-linux-gnu/lib/rustlib/x86_64-unknown-linux-gnu/lib/libcore-7e2768e66e984e85.rlib" "/opt/rustwide/rustup-home/toolchains/1.69.0-x86_64-unknown-linux-gnu/lib/rustlib/x86_64-unknown-linux-gnu/lib/libcompiler_builtins-957b4aff41f8cd46.rlib" "-Wl,-Bdynamic" "-lpthread" "-lX11" "-lXext" "-lXinerama" "-lXcursor" "-lXrender" "-lXfixes" "-lXft" "-lfontconfig" "-lpango-1.0" "-lpangoxft-1.0" "-lgobject-2.0" "-lcairo" "-lpangocairo-1.0" "-lsupc++" "-lgcc_s" "-lutil" "-lrt" "-lpthread" "-lm" "-ldl" "-lc" "-Wl,--eh-frame-hdr" "-Wl,-z,noexecstack" "-L" "/opt/rustwide/rustup-home/toolchains/1.69.0-x86_64-unknown-linux-gnu/lib/rustlib/x86_64-unknown-linux-gnu/lib" "-o" "/opt/rustwide/target/debug/examples/screens_info-3af6163bfde0694f" "-Wl,--gc-sections" "-pie" "-Wl,-z,relro,-z,now" "-nodefaultlibs"
[INFO] [stdout]   = note: collect2: fatal error: ld terminated with signal 9 [Killed]
[INFO] [stdout]           compilation terminated.
[INFO] [stdout]           
[INFO] [stdout] 
[INFO] [stdout] 
[INFO] [stdout] error: aborting due to previous error
[INFO] [stdout] 
[INFO] [stdout] 
[INFO] [stderr] error: could not compile `fltk` due to 2 previous errors
[INFO] [stdout] error: linking with `cc` failed: exit status: 1
[INFO] [stdout]   |
[INFO] [stdout]   = note: LC_ALL="C" PATH="/opt/rustwide/rustup-home/toolchains/1.69.0-x86_64-unknown-linux-gnu/lib/rustlib/x86_64-unknown-linux-gnu/bin:/opt/rustwide/cargo-home/bin:/usr/local/sbin:/usr/local/bin:/usr/sbin:/usr/bin:/sbin:/bin" VSLANG="1033" "cc" "-m64" "/tmp/rustcSHPcMI/symbols.o" "/opt/rustwide/target/debug/examples/counter-a91463b77c51fe78.counter.0b186dd0-cgu.0.rcgu.o" "/opt/rustwide/target/debug/examples/counter-a91463b77c51fe78.counter.0b186dd0-cgu.1.rcgu.o" "/opt/rustwide/target/debug/examples/counter-a91463b77c51fe78.counter.0b186dd0-cgu.10.rcgu.o" "/opt/rustwide/target/debug/examples/counter-a91463b77c51fe78.counter.0b186dd0-cgu.11.rcgu.o" "/opt/rustwide/target/debug/examples/counter-a91463b77c51fe78.counter.0b186dd0-cgu.2.rcgu.o" "/opt/rustwide/target/debug/examples/counter-a91463b77c51fe78.counter.0b186dd0-cgu.3.rcgu.o" "/opt/rustwide/target/debug/examples/counter-a91463b77c51fe78.counter.0b186dd0-cgu.4.rcgu.o" "/opt/rustwide/target/debug/examples/counter-a91463b77c51fe78.counter.0b186dd0-cgu.5.rcgu.o" "/opt/rustwide/target/debug/examples/counter-a91463b77c51fe78.counter.0b186dd0-cgu.6.rcgu.o" "/opt/rustwide/target/debug/examples/counter-a91463b77c51fe78.counter.0b186dd0-cgu.7.rcgu.o" "/opt/rustwide/target/debug/examples/counter-a91463b77c51fe78.counter.0b186dd0-cgu.8.rcgu.o" "/opt/rustwide/target/debug/examples/counter-a91463b77c51fe78.counter.0b186dd0-cgu.9.rcgu.o" "/opt/rustwide/target/debug/examples/counter-a91463b77c51fe78.1pycn33lm857txz0.rcgu.o" "-Wl,--as-needed" "-L" "/opt/rustwide/target/debug/deps" "-L" "/opt/rustwide/target/debug/build/fltk-sys-127ea1888eb9e856/out/build" "-L" "/opt/rustwide/target/debug/build/fltk-sys-127ea1888eb9e856/out/build/Release" "-L" "/opt/rustwide/target/debug/build/fltk-sys-127ea1888eb9e856/out/lib" "-L" "/opt/rustwide/target/debug/build/fltk-sys-127ea1888eb9e856/out/lib64" "-L" "/opt/rustwide/target/debug/build/fltk-sys-127ea1888eb9e856/out/lib/Release" "-L" "/opt/rustwide/target/debug/build/fltk-sys-127ea1888eb9e856/out/lib64/Release" "-L" "/opt/rustwide/rustup-home/toolchains/1.69.0-x86_64-unknown-linux-gnu/lib/rustlib/x86_64-unknown-linux-gnu/lib" "-Wl,-Bstatic" "/opt/rustwide/target/debug/deps/libfltk-9c6245de43bf9109.rlib" "/opt/rustwide/target/debug/deps/libttf_parser-f4f20043b2490374.rlib" "/opt/rustwide/target/debug/deps/libcrossbeam_channel-4c1358ee3e4917be.rlib" "/opt/rustwide/target/debug/deps/libcrossbeam_utils-f14c2b72311f46b8.rlib" "/opt/rustwide/target/debug/deps/libcfg_if-e5e118dd7d121aaa.rlib" "/opt/rustwide/target/debug/deps/libbitflags-372beabd903b8765.rlib" "/opt/rustwide/target/debug/deps/libfltk_sys-0720dd66fac415fc.rlib" "/opt/rustwide/target/debug/deps/libcty-098e3d68ce2248fa.rlib" "/opt/rustwide/rustup-home/toolchains/1.69.0-x86_64-unknown-linux-gnu/lib/rustlib/x86_64-unknown-linux-gnu/lib/libstd-89bc084783fdc439.rlib" "/opt/rustwide/rustup-home/toolchains/1.69.0-x86_64-unknown-linux-gnu/lib/rustlib/x86_64-unknown-linux-gnu/lib/libpanic_unwind-8bee4b287d4367c1.rlib" "/opt/rustwide/rustup-home/toolchains/1.69.0-x86_64-unknown-linux-gnu/lib/rustlib/x86_64-unknown-linux-gnu/lib/libobject-d61707aed80694c0.rlib" "/opt/rustwide/rustup-home/toolchains/1.69.0-x86_64-unknown-linux-gnu/lib/rustlib/x86_64-unknown-linux-gnu/lib/libmemchr-d85366256f22345b.rlib" "/opt/rustwide/rustup-home/toolchains/1.69.0-x86_64-unknown-linux-gnu/lib/rustlib/x86_64-unknown-linux-gnu/lib/libaddr2line-96069b86b8a8cae9.rlib" "/opt/rustwide/rustup-home/toolchains/1.69.0-x86_64-unknown-linux-gnu/lib/rustlib/x86_64-unknown-linux-gnu/lib/libgimli-d19d53abf68dfa6c.rlib" "/opt/rustwide/rustup-home/toolchains/1.69.0-x86_64-unknown-linux-gnu/lib/rustlib/x86_64-unknown-linux-gnu/lib/librustc_demangle-787cbccd19d64ac6.rlib" "/opt/rustwide/rustup-home/toolchains/1.69.0-x86_64-unknown-linux-gnu/lib/rustlib/x86_64-unknown-linux-gnu/lib/libstd_detect-b3837a36b830e0d0.rlib" "/opt/rustwide/rustup-home/toolchains/1.69.0-x86_64-unknown-linux-gnu/lib/rustlib/x86_64-unknown-linux-gnu/lib/libhashbrown-e3deb0e7e3f04966.rlib" "/opt/rustwide/rustup-home/toolchains/1.69.0-x86_64-unknown-linux-gnu/lib/rustlib/x86_64-unknown-linux-gnu/lib/libminiz_oxide-dabbb79c9815def4.rlib" "/opt/rustwide/rustup-home/toolchains/1.69.0-x86_64-unknown-linux-gnu/lib/rustlib/x86_64-unknown-linux-gnu/lib/libadler-305b01f34c9409f2.rlib" "/opt/rustwide/rustup-home/toolchains/1.69.0-x86_64-unknown-linux-gnu/lib/rustlib/x86_64-unknown-linux-gnu/lib/librustc_std_workspace_alloc-f833521df6074e73.rlib" "/opt/rustwide/rustup-home/toolchains/1.69.0-x86_64-unknown-linux-gnu/lib/rustlib/x86_64-unknown-linux-gnu/lib/libunwind-9ac333113350d171.rlib" "/opt/rustwide/rustup-home/toolchains/1.69.0-x86_64-unknown-linux-gnu/lib/rustlib/x86_64-unknown-linux-gnu/lib/libcfg_if-1c126114322d0eee.rlib" "/opt/rustwide/rustup-home/toolchains/1.69.0-x86_64-unknown-linux-gnu/lib/rustlib/x86_64-unknown-linux-gnu/lib/liblibc-bad9164fdeeecf92.rlib" "/opt/rustwide/rustup-home/toolchains/1.69.0-x86_64-unknown-linux-gnu/lib/rustlib/x86_64-unknown-linux-gnu/lib/liballoc-f9374b1e480fa681.rlib" "/opt/rustwide/rustup-home/toolchains/1.69.0-x86_64-unknown-linux-gnu/lib/rustlib/x86_64-unknown-linux-gnu/lib/librustc_std_workspace_core-207f06e41d9603af.rlib" "/opt/rustwide/rustup-home/toolchains/1.69.0-x86_64-unknown-linux-gnu/lib/rustlib/x86_64-unknown-linux-gnu/lib/libcore-7e2768e66e984e85.rlib" "/opt/rustwide/rustup-home/toolchains/1.69.0-x86_64-unknown-linux-gnu/lib/rustlib/x86_64-unknown-linux-gnu/lib/libcompiler_builtins-957b4aff41f8cd46.rlib" "-Wl,-Bdynamic" "-lpthread" "-lX11" "-lXext" "-lXinerama" "-lXcursor" "-lXrender" "-lXfixes" "-lXft" "-lfontconfig" "-lpango-1.0" "-lpangoxft-1.0" "-lgobject-2.0" "-lcairo" "-lpangocairo-1.0" "-lsupc++" "-lgcc_s" "-lutil" "-lrt" "-lpthread" "-lm" "-ldl" "-lc" "-Wl,--eh-frame-hdr" "-Wl,-z,noexecstack" "-L" "/opt/rustwide/rustup-home/toolchains/1.69.0-x86_64-unknown-linux-gnu/lib/rustlib/x86_64-unknown-linux-gnu/lib" "-o" "/opt/rustwide/target/debug/examples/counter-a91463b77c51fe78" "-Wl,--gc-sections" "-pie" "-Wl,-z,relro,-z,now" "-nodefaultlibs"
[INFO] [stdout]   = note: collect2: fatal error: ld terminated with signal 9 [Killed]
[INFO] [stdout]           compilation terminated.
[INFO] [stdout]           
[INFO] [stdout] 
[INFO] [stdout] 
[INFO] [stdout] error: aborting due to previous error
[INFO] [stdout] 
[INFO] [stdout] 
[INFO] [stderr] error: could not compile `fltk` due to 2 previous errors
[INFO] running `Command { std: "docker" "inspect" "1e4700d0d1e0dd85ba17068a08756f16126dc10ca8c964fed3ec4473e262167d", kill_on_drop: false }`
[INFO] running `Command { std: "docker" "rm" "-f" "1e4700d0d1e0dd85ba17068a08756f16126dc10ca8c964fed3ec4473e262167d", kill_on_drop: false }`
[INFO] [stdout] 1e4700d0d1e0dd85ba17068a08756f16126dc10ca8c964fed3ec4473e262167d
