[INFO] fetching crate flacenc 0.1.0...
[INFO] testing flacenc-0.1.0 against 1.69.0 for beta-1.70-1
[INFO] extracting crate flacenc 0.1.0 into /workspace/builds/worker-1-tc1/source
[INFO] validating manifest of crates.io crate flacenc 0.1.0 on toolchain 1.69.0
[INFO] running `Command { std: CARGO_HOME="/workspace/cargo-home" RUSTUP_HOME="/workspace/rustup-home" "/workspace/cargo-home/bin/cargo" "+1.69.0" "metadata" "--manifest-path" "Cargo.toml" "--no-deps", kill_on_drop: false }`
[INFO] started tweaking crates.io crate flacenc 0.1.0
[INFO] finished tweaking crates.io crate flacenc 0.1.0
[INFO] tweaked toml for crates.io crate flacenc 0.1.0 written to /workspace/builds/worker-1-tc1/source/Cargo.toml
[INFO] crate crates.io crate flacenc 0.1.0 already has a lockfile, it will not be regenerated
[INFO] running `Command { std: CARGO_HOME="/workspace/cargo-home" RUSTUP_HOME="/workspace/rustup-home" "/workspace/cargo-home/bin/cargo" "+1.69.0" "fetch" "--manifest-path" "Cargo.toml", kill_on_drop: false }`
[INFO] [stderr]  Downloading crates ...
[INFO] [stderr]   Downloaded critical-section v0.2.7
[INFO] [stderr]   Downloaded riscv v0.7.0
[INFO] [stderr]   Downloaded spin v0.9.3
[INFO] [stderr]   Downloaded riscv-target v0.1.2
[INFO] [stderr]   Downloaded heapless v0.7.13
[INFO] [stderr]   Downloaded cortex-m v0.7.4
[INFO] [stderr]   Downloaded atomic-polyfill v0.1.8
[INFO] [stderr]   Downloaded gloo-timers v0.2.4
[INFO] [stderr]   Downloaded semver v1.0.9
[INFO] [stderr]   Downloaded sndfile-sys v0.2.2
[INFO] [stderr]   Downloaded num-complex v0.4.1
[INFO] [stderr]   Downloaded bytemuck v1.9.1
[INFO] [stderr]   Downloaded async-global-executor v2.0.4
[INFO] [stderr]   Downloaded rstest_macros v0.13.0
[INFO] [stderr]   Downloaded rstest v0.13.0
[INFO] [stderr]   Downloaded seq-macro v0.3.0
[INFO] [stderr]   Downloaded sndfile v0.0.4
[INFO] running `Command { std: "docker" "create" "-v" "/var/lib/crater-agent-workspace/builds/worker-1-tc1/target:/opt/rustwide/target:rw,Z" "-v" "/var/lib/crater-agent-workspace/builds/worker-1-tc1/source:/opt/rustwide/workdir:ro,Z" "-v" "/var/lib/crater-agent-workspace/cargo-home:/opt/rustwide/cargo-home:ro,Z" "-v" "/var/lib/crater-agent-workspace/rustup-home:/opt/rustwide/rustup-home:ro,Z" "-e" "SOURCE_DIR=/opt/rustwide/workdir" "-e" "CARGO_TARGET_DIR=/opt/rustwide/target" "-e" "CARGO_HOME=/opt/rustwide/cargo-home" "-e" "RUSTUP_HOME=/opt/rustwide/rustup-home" "-w" "/opt/rustwide/workdir" "-m" "1610612736" "--user" "0:0" "--network" "none" "ghcr.io/rust-lang/crates-build-env/linux@sha256:5ff2268d62e97bff2cde7d5815dd6ed5b47097566f13b8d0ca110b04b60e07ed" "/opt/rustwide/cargo-home/bin/cargo" "+1.69.0" "metadata" "--no-deps" "--format-version=1", kill_on_drop: false }`
[INFO] [stdout] 745bff9b4d8f8c5d327b6b4876bcd54ffdcd0293cfce8b5c8ca1b440386c8c0d
[INFO] running `Command { std: "docker" "start" "-a" "745bff9b4d8f8c5d327b6b4876bcd54ffdcd0293cfce8b5c8ca1b440386c8c0d", kill_on_drop: false }`
[INFO] running `Command { std: "docker" "inspect" "745bff9b4d8f8c5d327b6b4876bcd54ffdcd0293cfce8b5c8ca1b440386c8c0d", kill_on_drop: false }`
[INFO] running `Command { std: "docker" "rm" "-f" "745bff9b4d8f8c5d327b6b4876bcd54ffdcd0293cfce8b5c8ca1b440386c8c0d", kill_on_drop: false }`
[INFO] [stdout] 745bff9b4d8f8c5d327b6b4876bcd54ffdcd0293cfce8b5c8ca1b440386c8c0d
[INFO] running `Command { std: "docker" "create" "-v" "/var/lib/crater-agent-workspace/builds/worker-1-tc1/target:/opt/rustwide/target:rw,Z" "-v" "/var/lib/crater-agent-workspace/builds/worker-1-tc1/source:/opt/rustwide/workdir:ro,Z" "-v" "/var/lib/crater-agent-workspace/cargo-home:/opt/rustwide/cargo-home:ro,Z" "-v" "/var/lib/crater-agent-workspace/rustup-home:/opt/rustwide/rustup-home:ro,Z" "-e" "SOURCE_DIR=/opt/rustwide/workdir" "-e" "CARGO_TARGET_DIR=/opt/rustwide/target" "-e" "CARGO_INCREMENTAL=0" "-e" "RUST_BACKTRACE=full" "-e" "RUSTFLAGS=--cap-lints=warn" "-e" "RUSTDOCFLAGS=--cap-lints=warn" "-e" "CARGO_HOME=/opt/rustwide/cargo-home" "-e" "RUSTUP_HOME=/opt/rustwide/rustup-home" "-w" "/opt/rustwide/workdir" "-m" "1610612736" "--user" "0:0" "--network" "none" "ghcr.io/rust-lang/crates-build-env/linux@sha256:5ff2268d62e97bff2cde7d5815dd6ed5b47097566f13b8d0ca110b04b60e07ed" "/opt/rustwide/cargo-home/bin/cargo" "+1.69.0" "build" "--frozen" "--message-format=json", kill_on_drop: false }`
[INFO] [stdout] 38dc4ae322138f8c1d609207f68154a845ccb46a753bb5cd008f385bf1a87c8c
[INFO] running `Command { std: "docker" "start" "-a" "38dc4ae322138f8c1d609207f68154a845ccb46a753bb5cd008f385bf1a87c8c", kill_on_drop: false }`
[INFO] [stderr]     Blocking waiting for file lock on package cache
[INFO] [stderr]    Compiling proc-macro2 v1.0.39
[INFO] [stderr]    Compiling unicode-ident v1.0.0
[INFO] [stderr]    Compiling syn v1.0.95
[INFO] [stderr]    Compiling semver v1.0.9
[INFO] [stderr]    Compiling libc v0.2.126
[INFO] [stderr]    Compiling lock_api v0.4.7
[INFO] [stderr]    Compiling pkg-config v0.3.25
[INFO] [stderr]    Compiling serde_derive v1.0.137
[INFO] [stderr]    Compiling bytemuck v1.9.1
[INFO] [stderr]    Compiling indexmap v1.8.1
[INFO] [stderr]    Compiling num-rational v0.4.0
[INFO] [stderr]    Compiling proc-macro-error-attr v1.0.4
[INFO] [stderr]    Compiling proc-macro-error v1.0.4
[INFO] [stderr]    Compiling serde v1.0.137
[INFO] [stderr]    Compiling num-complex v0.4.1
[INFO] [stderr]    Compiling approx v0.5.1
[INFO] [stderr]    Compiling paste v1.0.7
[INFO] [stderr]    Compiling os_str_bytes v6.0.1
[INFO] [stderr]    Compiling safe_arch v0.6.0
[INFO] [stderr]    Compiling hashbrown v0.11.2
[INFO] [stderr]    Compiling rawpointer v0.2.1
[INFO] [stderr]    Compiling clap_lex v0.2.0
[INFO] [stderr]    Compiling crc-catalog v1.1.1
[INFO] [stderr]    Compiling textwrap v0.15.0
[INFO] [stderr]    Compiling matrixmultiply v0.3.2
[INFO] [stderr]    Compiling termcolor v1.1.3
[INFO] [stderr]    Compiling md5 v0.7.0
[INFO] [stderr]    Compiling crc v2.1.0
[INFO] [stderr]    Compiling once_cell v1.12.0
[INFO] [stderr]    Compiling sndfile-sys v0.2.2
[INFO] [stderr]    Compiling wide v0.7.4
[INFO] [stderr]    Compiling rustc_version v0.4.0
[INFO] [stderr]    Compiling spin v0.9.3
[INFO] [stderr]    Compiling seq-macro v0.3.0
[INFO] [stderr]    Compiling quote v1.0.18
[INFO] [stderr]    Compiling heapless v0.7.13
[INFO] [stderr]    Compiling atty v0.2.14
[INFO] [stderr]    Compiling sndfile v0.0.4
[INFO] [stderr]    Compiling simba v0.7.1
[INFO] [stderr]    Compiling clap_derive v3.1.18
[INFO] [stderr]    Compiling nalgebra-macros v0.1.0
[INFO] [stderr]    Compiling clap v3.1.18
[INFO] [stderr]    Compiling nalgebra v0.31.0
[INFO] [stderr]    Compiling toml v0.5.9
[INFO] [stderr]    Compiling flacenc v0.1.0 (/opt/rustwide/workdir)
[INFO] [stdout] error[E0554]: `#![feature]` may not be used on the stable release channel
[INFO] [stdout]   --> src/lib.rs:15:12
[INFO] [stdout]    |
[INFO] [stdout] 15 | #![feature(portable_simd)]
[INFO] [stdout]    |            ^^^^^^^^^^^^^
[INFO] [stdout] 
[INFO] [stdout] 
[INFO] [stdout] error[E0599]: no method named `abs` found for struct `Simd` in the current scope
[INFO] [stdout]    --> src/lpc.rs:243:26
[INFO] [stdout]     |
[INFO] [stdout] 243 |                 .push((v.abs() & LOW_WORD_MASK) * v.signum())
[INFO] [stdout]     |                          ^^^ method not found in `Simd<i32, 16>`
[INFO] [stdout]    --> /rustc/84c898d65adf2f39a5a98507f1fe0ce10a2b8dbc/library/core/src/../../portable-simd/crates/core_simd/src/elements/int.rs:62:8
[INFO] [stdout]     |
[INFO] [stdout]     = note: the method is available for `Simd<i32, 16>` here
[INFO] [stdout]     |
[INFO] [stdout]     = help: items from traits can only be used if the trait is in scope
[INFO] [stdout] help: the following trait is implemented but not in scope; perhaps add a `use` for it:
[INFO] [stdout]     |
[INFO] [stdout] 17  | use std::simd::SimdInt;
[INFO] [stdout]     |
[INFO] [stdout] 
[INFO] [stdout] 
[INFO] [stdout] error[E0599]: no method named `signum` found for struct `Simd` in the current scope
[INFO] [stdout]    --> src/lpc.rs:243:53
[INFO] [stdout]     |
[INFO] [stdout] 243 |                 .push((v.abs() & LOW_WORD_MASK) * v.signum())
[INFO] [stdout]     |                                                     ^^^^^^ method not found in `Simd<i32, 16>`
[INFO] [stdout]    --> /rustc/84c898d65adf2f39a5a98507f1fe0ce10a2b8dbc/library/core/src/../../portable-simd/crates/core_simd/src/elements/int.rs:110:8
[INFO] [stdout]     |
[INFO] [stdout]     = note: the method is available for `Simd<i32, 16>` here
[INFO] [stdout]     |
[INFO] [stdout]     = help: items from traits can only be used if the trait is in scope
[INFO] [stdout] help: the following trait is implemented but not in scope; perhaps add a `use` for it:
[INFO] [stdout]     |
[INFO] [stdout] 17  | use std::simd::SimdInt;
[INFO] [stdout]     |
[INFO] [stdout] 
[INFO] [stdout] 
[INFO] [stdout] error[E0599]: no method named `abs` found for struct `Simd` in the current scope
[INFO] [stdout]    --> src/lpc.rs:246:25
[INFO] [stdout]     |
[INFO] [stdout] 246 |                 .push(v.abs() / LOW_WORD_DENOM * v.signum())
[INFO] [stdout]     |                         ^^^ method not found in `Simd<i32, 16>`
[INFO] [stdout]    --> /rustc/84c898d65adf2f39a5a98507f1fe0ce10a2b8dbc/library/core/src/../../portable-simd/crates/core_simd/src/elements/int.rs:62:8
[INFO] [stdout]     |
[INFO] [stdout]     = note: the method is available for `Simd<i32, 16>` here
[INFO] [stdout]     |
[INFO] [stdout]     = help: items from traits can only be used if the trait is in scope
[INFO] [stdout] help: the following trait is implemented but not in scope; perhaps add a `use` for it:
[INFO] [stdout]     |
[INFO] [stdout] 17  | use std::simd::SimdInt;
[INFO] [stdout]     |
[INFO] [stdout] 
[INFO] [stdout] 
[INFO] [stdout] error[E0599]: no method named `signum` found for struct `Simd` in the current scope
[INFO] [stdout]    --> src/lpc.rs:246:52
[INFO] [stdout]     |
[INFO] [stdout] 246 |                 .push(v.abs() / LOW_WORD_DENOM * v.signum())
[INFO] [stdout]     |                                                    ^^^^^^ method not found in `Simd<i32, 16>`
[INFO] [stdout]    --> /rustc/84c898d65adf2f39a5a98507f1fe0ce10a2b8dbc/library/core/src/../../portable-simd/crates/core_simd/src/elements/int.rs:110:8
[INFO] [stdout]     |
[INFO] [stdout]     = note: the method is available for `Simd<i32, 16>` here
[INFO] [stdout]     |
[INFO] [stdout]     = help: items from traits can only be used if the trait is in scope
[INFO] [stdout] help: the following trait is implemented but not in scope; perhaps add a `use` for it:
[INFO] [stdout]     |
[INFO] [stdout] 17  | use std::simd::SimdInt;
[INFO] [stdout]     |
[INFO] [stdout] 
[INFO] [stdout] 
[INFO] [stdout] error[E0599]: no method named `reduce_sum` found for struct `Simd` in the current scope
[INFO] [stdout]    --> src/lpc.rs:253:65
[INFO] [stdout]     |
[INFO] [stdout] 253 |                 pred += i64::from((self.coefs[j] * window_l[j]).reduce_sum());
[INFO] [stdout]     |                                                                 ^^^^^^^^^^ method not found in `Simd<i32, 16>`
[INFO] [stdout]    --> /rustc/84c898d65adf2f39a5a98507f1fe0ce10a2b8dbc/library/core/src/../../portable-simd/crates/core_simd/src/elements/int.rs:128:8
[INFO] [stdout]     |
[INFO] [stdout]     = note: the method is available for `Simd<i32, 16>` here
[INFO] [stdout]     |
[INFO] [stdout]     = help: items from traits can only be used if the trait is in scope
[INFO] [stdout] help: the following trait is implemented but not in scope; perhaps add a `use` for it:
[INFO] [stdout]     |
[INFO] [stdout] 17  | use std::simd::SimdInt;
[INFO] [stdout]     |
[INFO] [stdout] 
[INFO] [stdout] 
[INFO] [stdout] error[E0599]: no method named `reduce_sum` found for struct `Simd` in the current scope
[INFO] [stdout]    --> src/lpc.rs:254:65
[INFO] [stdout]     |
[INFO] [stdout] 254 |                 pred += i64::from((self.coefs[j] * window_h[j]).reduce_sum()) << 16;
[INFO] [stdout]     |                                                                 ^^^^^^^^^^ method not found in `Simd<i32, 16>`
[INFO] [stdout]    --> /rustc/84c898d65adf2f39a5a98507f1fe0ce10a2b8dbc/library/core/src/../../portable-simd/crates/core_simd/src/elements/int.rs:128:8
[INFO] [stdout]     |
[INFO] [stdout]     = note: the method is available for `Simd<i32, 16>` here
[INFO] [stdout]     |
[INFO] [stdout]     = help: items from traits can only be used if the trait is in scope
[INFO] [stdout] help: the following trait is implemented but not in scope; perhaps add a `use` for it:
[INFO] [stdout]     |
[INFO] [stdout] 17  | use std::simd::SimdInt;
[INFO] [stdout]     |
[INFO] [stdout] 
[INFO] [stdout] 
[INFO] [stdout] error[E0599]: no method named `lanes_le` found for struct `Simd` in the current scope
[INFO] [stdout]   --> src/rice.rs:43:25
[INFO] [stdout]    |
[INFO] [stdout] 43 |             mask: INDEX.lanes_le(std::simd::u32x16::splat(max_p as u32)),
[INFO] [stdout]    |                         ^^^^^^^^ help: there is a method with a similar name: `lanes`
[INFO] [stdout] 
[INFO] [stdout] 
[INFO] [stdout] error[E0599]: no method named `reduce_min` found for struct `Simd` in the current scope
[INFO] [stdout]   --> src/rice.rs:77:64
[INFO] [stdout]    |
[INFO] [stdout] 77 |         let ret_bits = self.mask.select(self.p_to_bits, MAXES).reduce_min();
[INFO] [stdout]    |                                                                ^^^^^^^^^^ method not found in `Simd<u32, 16>`
[INFO] [stdout]   --> /rustc/84c898d65adf2f39a5a98507f1fe0ce10a2b8dbc/library/core/src/../../portable-simd/crates/core_simd/src/elements/uint.rs:54:8
[INFO] [stdout]    |
[INFO] [stdout]    = note: the method is available for `Simd<u32, 16>` here
[INFO] [stdout]    |
[INFO] [stdout]    = help: items from traits can only be used if the trait is in scope
[INFO] [stdout] help: the following trait is implemented but not in scope; perhaps add a `use` for it:
[INFO] [stdout]    |
[INFO] [stdout] 17 | use std::simd::SimdUint;
[INFO] [stdout]    |
[INFO] [stdout] 
[INFO] [stdout] 
[INFO] [stdout] error[E0599]: no method named `lanes_eq` found for struct `Simd` in the current scope
[INFO] [stdout]   --> src/rice.rs:80:14
[INFO] [stdout]    |
[INFO] [stdout] 78 |           let ret_p = self
[INFO] [stdout]    |  _____________________-
[INFO] [stdout] 79 | |             .p_to_bits
[INFO] [stdout] 80 | |             .lanes_eq(std::simd::u32x16::splat(ret_bits))
[INFO] [stdout]    | |             -^^^^^^^^ help: there is a method with a similar name: `lanes`
[INFO] [stdout]    | |_____________|
[INFO] [stdout]    | 
[INFO] [stdout] 
[INFO] [stdout] 
[INFO] [stdout] error: aborting due to 10 previous errors
[INFO] [stdout] 
[INFO] [stdout] 
[INFO] [stdout] Some errors have detailed explanations: E0554, E0599.
[INFO] [stdout] 
[INFO] [stdout] For more information about an error, try `rustc --explain E0554`.
[INFO] [stdout] 
[INFO] [stderr] error: could not compile `flacenc` due to 11 previous errors
[INFO] running `Command { std: "docker" "inspect" "38dc4ae322138f8c1d609207f68154a845ccb46a753bb5cd008f385bf1a87c8c", kill_on_drop: false }`
[INFO] running `Command { std: "docker" "rm" "-f" "38dc4ae322138f8c1d609207f68154a845ccb46a753bb5cd008f385bf1a87c8c", kill_on_drop: false }`
[INFO] [stdout] 38dc4ae322138f8c1d609207f68154a845ccb46a753bb5cd008f385bf1a87c8c
