[INFO] fetching crate fixed_width_derive 0.5.1...
[INFO] testing fixed_width_derive-0.5.1 against beta-2023-04-20 for beta-1.70-1
[INFO] extracting crate fixed_width_derive 0.5.1 into /workspace/builds/worker-7-tc2/source
[INFO] validating manifest of crates.io crate fixed_width_derive 0.5.1 on toolchain beta-2023-04-20
[INFO] running `Command { std: CARGO_HOME="/workspace/cargo-home" RUSTUP_HOME="/workspace/rustup-home" "/workspace/cargo-home/bin/cargo" "+beta-2023-04-20" "metadata" "--manifest-path" "Cargo.toml" "--no-deps", kill_on_drop: false }`
[INFO] started tweaking crates.io crate fixed_width_derive 0.5.1
[INFO] finished tweaking crates.io crate fixed_width_derive 0.5.1
[INFO] tweaked toml for crates.io crate fixed_width_derive 0.5.1 written to /workspace/builds/worker-7-tc2/source/Cargo.toml
[INFO] running `Command { std: CARGO_HOME="/workspace/cargo-home" RUSTUP_HOME="/workspace/rustup-home" __CARGO_TEST_CHANNEL_OVERRIDE_DO_NOT_USE_THIS="nightly" "/workspace/cargo-home/bin/cargo" "+beta-2023-04-20" "generate-lockfile" "--manifest-path" "Cargo.toml" "-Zno-index-update", kill_on_drop: false }`
[INFO] running `Command { std: CARGO_HOME="/workspace/cargo-home" RUSTUP_HOME="/workspace/rustup-home" "/workspace/cargo-home/bin/cargo" "+beta-2023-04-20" "fetch" "--manifest-path" "Cargo.toml", kill_on_drop: false }`
[INFO] running `Command { std: "docker" "create" "-v" "/var/lib/crater-agent-workspace/builds/worker-7-tc2/target:/opt/rustwide/target:rw,Z" "-v" "/var/lib/crater-agent-workspace/builds/worker-7-tc2/source:/opt/rustwide/workdir:ro,Z" "-v" "/var/lib/crater-agent-workspace/cargo-home:/opt/rustwide/cargo-home:ro,Z" "-v" "/var/lib/crater-agent-workspace/rustup-home:/opt/rustwide/rustup-home:ro,Z" "-e" "SOURCE_DIR=/opt/rustwide/workdir" "-e" "CARGO_TARGET_DIR=/opt/rustwide/target" "-e" "CARGO_HOME=/opt/rustwide/cargo-home" "-e" "RUSTUP_HOME=/opt/rustwide/rustup-home" "-w" "/opt/rustwide/workdir" "-m" "1610612736" "--user" "0:0" "--network" "none" "ghcr.io/rust-lang/crates-build-env/linux@sha256:5ff2268d62e97bff2cde7d5815dd6ed5b47097566f13b8d0ca110b04b60e07ed" "/opt/rustwide/cargo-home/bin/cargo" "+beta-2023-04-20" "metadata" "--no-deps" "--format-version=1", kill_on_drop: false }`
[INFO] [stdout] 0160c5a42302970f1f605e9dc86e0d6f1b62f24ab49e824a7bb738035bdfc1c0
[INFO] running `Command { std: "docker" "start" "-a" "0160c5a42302970f1f605e9dc86e0d6f1b62f24ab49e824a7bb738035bdfc1c0", kill_on_drop: false }`
[INFO] running `Command { std: "docker" "inspect" "0160c5a42302970f1f605e9dc86e0d6f1b62f24ab49e824a7bb738035bdfc1c0", kill_on_drop: false }`
[INFO] running `Command { std: "docker" "rm" "-f" "0160c5a42302970f1f605e9dc86e0d6f1b62f24ab49e824a7bb738035bdfc1c0", kill_on_drop: false }`
[INFO] [stdout] 0160c5a42302970f1f605e9dc86e0d6f1b62f24ab49e824a7bb738035bdfc1c0
[INFO] running `Command { std: "docker" "create" "-v" "/var/lib/crater-agent-workspace/builds/worker-7-tc2/target:/opt/rustwide/target:rw,Z" "-v" "/var/lib/crater-agent-workspace/builds/worker-7-tc2/source:/opt/rustwide/workdir:ro,Z" "-v" "/var/lib/crater-agent-workspace/cargo-home:/opt/rustwide/cargo-home:ro,Z" "-v" "/var/lib/crater-agent-workspace/rustup-home:/opt/rustwide/rustup-home:ro,Z" "-e" "SOURCE_DIR=/opt/rustwide/workdir" "-e" "CARGO_TARGET_DIR=/opt/rustwide/target" "-e" "CARGO_INCREMENTAL=0" "-e" "RUST_BACKTRACE=full" "-e" "RUSTFLAGS=--cap-lints=warn" "-e" "RUSTDOCFLAGS=--cap-lints=warn" "-e" "CARGO_HOME=/opt/rustwide/cargo-home" "-e" "RUSTUP_HOME=/opt/rustwide/rustup-home" "-w" "/opt/rustwide/workdir" "-m" "1610612736" "--user" "0:0" "--network" "none" "ghcr.io/rust-lang/crates-build-env/linux@sha256:5ff2268d62e97bff2cde7d5815dd6ed5b47097566f13b8d0ca110b04b60e07ed" "/opt/rustwide/cargo-home/bin/cargo" "+beta-2023-04-20" "build" "--frozen" "--message-format=json", kill_on_drop: false }`
[INFO] [stdout] caa9177914d8177fd2bee6e36781384438f2fde3aad6b9de1a6f9172ff59714e
[INFO] running `Command { std: "docker" "start" "-a" "caa9177914d8177fd2bee6e36781384438f2fde3aad6b9de1a6f9172ff59714e", kill_on_drop: false }`
[INFO] [stderr]    Compiling syn v1.0.109
[INFO] [stderr]    Compiling fixed_width_derive v0.5.1 (/opt/rustwide/workdir)
[INFO] [stderr]     Finished dev [unoptimized + debuginfo] target(s) in 3.14s
[INFO] running `Command { std: "docker" "inspect" "caa9177914d8177fd2bee6e36781384438f2fde3aad6b9de1a6f9172ff59714e", kill_on_drop: false }`
[INFO] running `Command { std: "docker" "rm" "-f" "caa9177914d8177fd2bee6e36781384438f2fde3aad6b9de1a6f9172ff59714e", kill_on_drop: false }`
[INFO] [stdout] caa9177914d8177fd2bee6e36781384438f2fde3aad6b9de1a6f9172ff59714e
[INFO] running `Command { std: "docker" "create" "-v" "/var/lib/crater-agent-workspace/builds/worker-7-tc2/target:/opt/rustwide/target:rw,Z" "-v" "/var/lib/crater-agent-workspace/builds/worker-7-tc2/source:/opt/rustwide/workdir:ro,Z" "-v" "/var/lib/crater-agent-workspace/cargo-home:/opt/rustwide/cargo-home:ro,Z" "-v" "/var/lib/crater-agent-workspace/rustup-home:/opt/rustwide/rustup-home:ro,Z" "-e" "SOURCE_DIR=/opt/rustwide/workdir" "-e" "CARGO_TARGET_DIR=/opt/rustwide/target" "-e" "CARGO_INCREMENTAL=0" "-e" "RUST_BACKTRACE=full" "-e" "RUSTFLAGS=--cap-lints=warn" "-e" "RUSTDOCFLAGS=--cap-lints=warn" "-e" "CARGO_HOME=/opt/rustwide/cargo-home" "-e" "RUSTUP_HOME=/opt/rustwide/rustup-home" "-w" "/opt/rustwide/workdir" "-m" "1610612736" "--user" "0:0" "--network" "none" "ghcr.io/rust-lang/crates-build-env/linux@sha256:5ff2268d62e97bff2cde7d5815dd6ed5b47097566f13b8d0ca110b04b60e07ed" "/opt/rustwide/cargo-home/bin/cargo" "+beta-2023-04-20" "test" "--frozen" "--no-run" "--message-format=json", kill_on_drop: false }`
[INFO] [stdout] 5b9216d62e5d8e6b4548eddc46674103415af2b1fcaba4a1b21c8a6b28fdf039
[INFO] running `Command { std: "docker" "start" "-a" "5b9216d62e5d8e6b4548eddc46674103415af2b1fcaba4a1b21c8a6b28fdf039", kill_on_drop: false }`
[INFO] [stderr]    Compiling serde_derive v1.0.160
[INFO] [stderr]    Compiling serde v1.0.160
[INFO] [stderr]    Compiling syn v1.0.109
[INFO] [stderr]    Compiling syn v2.0.15
[INFO] [stderr]    Compiling fixed_width_derive v0.5.1 (/opt/rustwide/workdir)
[INFO] [stdout] error[E0432]: unresolved import `fixed_width`
[INFO] [stdout]  --> tests/integration_test.rs:1:5
[INFO] [stdout]   |
[INFO] [stdout] 1 | use fixed_width::{DeserializeError, Deserializer, FixedWidth, Reader, Serializer};
[INFO] [stdout]   |     ^^^^^^^^^^^ use of undeclared crate or module `fixed_width`
[INFO] [stdout] 
[INFO] [stdout] 
[INFO] [stdout] error[E0433]: failed to resolve: use of undeclared crate or module `fixed_width`
[INFO] [stdout]   --> tests/integration_test.rs:51:10
[INFO] [stdout]    |
[INFO] [stdout] 51 | #[derive(FixedWidth, Deserialize)]
[INFO] [stdout]    |          ^^^^^^^^^^ use of undeclared crate or module `fixed_width`
[INFO] [stdout]    |
[INFO] [stdout]    = note: this error originates in the derive macro `FixedWidth` (in Nightly builds, run with -Z macro-backtrace for more info)
[INFO] [stdout] 
[INFO] [stdout] 
[INFO] [stdout] error[E0433]: failed to resolve: use of undeclared crate or module `fixed_width`
[INFO] [stdout]   --> tests/integration_test.rs:42:10
[INFO] [stdout]    |
[INFO] [stdout] 42 | #[derive(FixedWidth, Deserialize)]
[INFO] [stdout]    |          ^^^^^^^^^^ use of undeclared crate or module `fixed_width`
[INFO] [stdout]    |
[INFO] [stdout]    = note: this error originates in the derive macro `FixedWidth` (in Nightly builds, run with -Z macro-backtrace for more info)
[INFO] [stdout] 
[INFO] [stdout] 
[INFO] [stdout] error[E0433]: failed to resolve: use of undeclared crate or module `fixed_width`
[INFO] [stdout]   --> tests/integration_test.rs:33:10
[INFO] [stdout]    |
[INFO] [stdout] 33 | #[derive(FixedWidth, Deserialize)]
[INFO] [stdout]    |          ^^^^^^^^^^ use of undeclared crate or module `fixed_width`
[INFO] [stdout]    |
[INFO] [stdout]    = note: this error originates in the derive macro `FixedWidth` (in Nightly builds, run with -Z macro-backtrace for more info)
[INFO] [stdout] 
[INFO] [stdout] 
[INFO] [stdout] error[E0433]: failed to resolve: use of undeclared crate or module `fixed_width`
[INFO] [stdout]   --> tests/integration_test.rs:23:10
[INFO] [stdout]    |
[INFO] [stdout] 23 | #[derive(FixedWidth, Serialize, Deserialize)]
[INFO] [stdout]    |          ^^^^^^^^^^ use of undeclared crate or module `fixed_width`
[INFO] [stdout]    |
[INFO] [stdout]    = note: this error originates in the derive macro `FixedWidth` (in Nightly builds, run with -Z macro-backtrace for more info)
[INFO] [stdout] 
[INFO] [stdout] 
[INFO] [stdout] error[E0433]: failed to resolve: use of undeclared crate or module `fixed_width`
[INFO] [stdout]  --> tests/integration_test.rs:7:10
[INFO] [stdout]   |
[INFO] [stdout] 7 | #[derive(FixedWidth, Serialize, Deserialize)]
[INFO] [stdout]   |          ^^^^^^^^^^ use of undeclared crate or module `fixed_width`
[INFO] [stdout]   |
[INFO] [stdout]   = note: this error originates in the derive macro `FixedWidth` (in Nightly builds, run with -Z macro-backtrace for more info)
[INFO] [stdout] 
[INFO] [stdout] 
[INFO] [stdout] error[E0433]: failed to resolve: use of undeclared crate or module `fixed_width`
[INFO] [stdout]   --> tests/integration_test.rs:70:26
[INFO] [stdout]    |
[INFO] [stdout] 70 | fn field_def_fields() -> fixed_width::FieldSet {
[INFO] [stdout]    |                          ^^^^^^^^^^^ use of undeclared crate or module `fixed_width`
[INFO] [stdout] 
[INFO] [stdout] 
[INFO] [stdout] error[E0433]: failed to resolve: use of undeclared crate or module `fixed_width`
[INFO] [stdout]   --> tests/integration_test.rs:71:5
[INFO] [stdout]    |
[INFO] [stdout] 71 |     fixed_width::FieldSet::Seq(vec![
[INFO] [stdout]    |     ^^^^^^^^^^^ use of undeclared crate or module `fixed_width`
[INFO] [stdout] 
[INFO] [stdout] 
[INFO] [stdout] error[E0433]: failed to resolve: use of undeclared crate or module `fixed_width`
[INFO] [stdout]   --> tests/integration_test.rs:72:9
[INFO] [stdout]    |
[INFO] [stdout] 72 |         fixed_width::FieldSet::new_field(0..3),
[INFO] [stdout]    |         ^^^^^^^^^^^ use of undeclared crate or module `fixed_width`
[INFO] [stdout] 
[INFO] [stdout] 
[INFO] [stdout] error[E0433]: failed to resolve: use of undeclared crate or module `fixed_width`
[INFO] [stdout]   --> tests/integration_test.rs:73:9
[INFO] [stdout]    |
[INFO] [stdout] 73 |         fixed_width::FieldSet::new_field(3..9),
[INFO] [stdout]    |         ^^^^^^^^^^^ use of undeclared crate or module `fixed_width`
[INFO] [stdout] 
[INFO] [stdout] 
[INFO] [stdout] error[E0433]: failed to resolve: use of undeclared crate or module `fixed_width`
[INFO] [stdout]   --> tests/integration_test.rs:77:10
[INFO] [stdout]    |
[INFO] [stdout] 77 | #[derive(FixedWidth, Deserialize)]
[INFO] [stdout]    |          ^^^^^^^^^^ use of undeclared crate or module `fixed_width`
[INFO] [stdout]    |
[INFO] [stdout]    = note: this error originates in the derive macro `FixedWidth` (in Nightly builds, run with -Z macro-backtrace for more info)
[INFO] [stdout] 
[INFO] [stdout] 
[INFO] [stdout] error[E0433]: failed to resolve: use of undeclared crate or module `fixed_width`
[INFO] [stdout]   --> tests/integration_test.rs:96:17
[INFO] [stdout]    |
[INFO] [stdout] 96 |     let mut w = fixed_width::Writer::from_memory();
[INFO] [stdout]    |                 ^^^^^^^^^^^ use of undeclared crate or module `fixed_width`
[INFO] [stdout] 
[INFO] [stdout] 
[INFO] [stdout] error[E0433]: failed to resolve: use of undeclared crate or module `fixed_width`
[INFO] [stdout]    --> tests/integration_test.rs:153:17
[INFO] [stdout]     |
[INFO] [stdout] 153 |     let mut w = fixed_width::Writer::from_memory();
[INFO] [stdout]     |                 ^^^^^^^^^^^ use of undeclared crate or module `fixed_width`
[INFO] [stdout] 
[INFO] [stdout] 
[INFO] [stdout] error[E0433]: failed to resolve: use of undeclared crate or module `fixed_width`
[INFO] [stdout]    --> tests/integration_test.rs:126:28
[INFO] [stdout]     |
[INFO] [stdout] 126 |         let stuff: Stuff = fixed_width::from_bytes(&record).unwrap();
[INFO] [stdout]     |                            ^^^^^^^^^^^ use of undeclared crate or module `fixed_width`
[INFO] [stdout] 
[INFO] [stdout] 
[INFO] [stdout] error[E0433]: failed to resolve: use of undeclared crate or module `fixed_width`
[INFO] [stdout]    --> tests/integration_test.rs:184:45
[INFO] [stdout]     |
[INFO] [stdout] 184 |                 let Record1 { state, .. } = fixed_width::from_bytes(bytes).unwrap();
[INFO] [stdout]     |                                             ^^^^^^^^^^^ use of undeclared crate or module `fixed_width`
[INFO] [stdout] 
[INFO] [stdout] 
[INFO] [stdout] error[E0433]: failed to resolve: use of undeclared crate or module `fixed_width`
[INFO] [stdout]    --> tests/integration_test.rs:189:44
[INFO] [stdout]     |
[INFO] [stdout] 189 |                 let Record2 { name, .. } = fixed_width::from_bytes(bytes).unwrap();
[INFO] [stdout]     |                                            ^^^^^^^^^^^ use of undeclared crate or module `fixed_width`
[INFO] [stdout] 
[INFO] [stdout] 
[INFO] [stdout] error[E0433]: failed to resolve: use of undeclared crate or module `fixed_width`
[INFO] [stdout]    --> tests/integration_test.rs:218:28
[INFO] [stdout]     |
[INFO] [stdout] 218 |     let data: ByFieldDef = fixed_width::from_str(record).unwrap();
[INFO] [stdout]     |                            ^^^^^^^^^^^ use of undeclared crate or module `fixed_width`
[INFO] [stdout] 
[INFO] [stdout] 
[INFO] [stdout] error: aborting due to 17 previous errors
[INFO] [stdout] 
[INFO] [stdout] 
[INFO] [stdout] Some errors have detailed explanations: E0432, E0433.
[INFO] [stdout] 
[INFO] [stdout] For more information about an error, try `rustc --explain E0432`.
[INFO] [stdout] 
[INFO] [stderr] error: could not compile `fixed_width_derive` (test "integration_test") due to 18 previous errors
[INFO] [stderr] warning: build failed, waiting for other jobs to finish...
[INFO] running `Command { std: "docker" "inspect" "5b9216d62e5d8e6b4548eddc46674103415af2b1fcaba4a1b21c8a6b28fdf039", kill_on_drop: false }`
[INFO] running `Command { std: "docker" "rm" "-f" "5b9216d62e5d8e6b4548eddc46674103415af2b1fcaba4a1b21c8a6b28fdf039", kill_on_drop: false }`
[INFO] [stdout] 5b9216d62e5d8e6b4548eddc46674103415af2b1fcaba4a1b21c8a6b28fdf039
