[INFO] fetching crate figment 0.10.8...
[INFO] testing figment-0.10.8 against beta-2023-04-20 for beta-1.70-1
[INFO] extracting crate figment 0.10.8 into /workspace/builds/worker-0-tc2/source
[INFO] validating manifest of crates.io crate figment 0.10.8 on toolchain beta-2023-04-20
[INFO] running `Command { std: CARGO_HOME="/workspace/cargo-home" RUSTUP_HOME="/workspace/rustup-home" "/workspace/cargo-home/bin/cargo" "+beta-2023-04-20" "metadata" "--manifest-path" "Cargo.toml" "--no-deps", kill_on_drop: false }`
[INFO] started tweaking crates.io crate figment 0.10.8
[INFO] finished tweaking crates.io crate figment 0.10.8
[INFO] tweaked toml for crates.io crate figment 0.10.8 written to /workspace/builds/worker-0-tc2/source/Cargo.toml
[INFO] running `Command { std: CARGO_HOME="/workspace/cargo-home" RUSTUP_HOME="/workspace/rustup-home" __CARGO_TEST_CHANNEL_OVERRIDE_DO_NOT_USE_THIS="nightly" "/workspace/cargo-home/bin/cargo" "+beta-2023-04-20" "generate-lockfile" "--manifest-path" "Cargo.toml" "-Zno-index-update", kill_on_drop: false }`
[INFO] running `Command { std: CARGO_HOME="/workspace/cargo-home" RUSTUP_HOME="/workspace/rustup-home" "/workspace/cargo-home/bin/cargo" "+beta-2023-04-20" "fetch" "--manifest-path" "Cargo.toml", kill_on_drop: false }`
[INFO] [stderr]  Downloading crates ...
[INFO] [stderr]   Downloaded clap_derive v3.2.25
[INFO] [stderr]   Downloaded pear_codegen v0.2.4
[INFO] [stderr]   Downloaded clap v3.2.25
[INFO] [stderr]   Downloaded pear v0.2.4
[INFO] running `Command { std: "docker" "create" "-v" "/var/lib/crater-agent-workspace/builds/worker-0-tc2/target:/opt/rustwide/target:rw,Z" "-v" "/var/lib/crater-agent-workspace/builds/worker-0-tc2/source:/opt/rustwide/workdir:ro,Z" "-v" "/var/lib/crater-agent-workspace/cargo-home:/opt/rustwide/cargo-home:ro,Z" "-v" "/var/lib/crater-agent-workspace/rustup-home:/opt/rustwide/rustup-home:ro,Z" "-e" "SOURCE_DIR=/opt/rustwide/workdir" "-e" "CARGO_TARGET_DIR=/opt/rustwide/target" "-e" "CARGO_HOME=/opt/rustwide/cargo-home" "-e" "RUSTUP_HOME=/opt/rustwide/rustup-home" "-w" "/opt/rustwide/workdir" "-m" "1610612736" "--user" "0:0" "--network" "none" "ghcr.io/rust-lang/crates-build-env/linux@sha256:5ff2268d62e97bff2cde7d5815dd6ed5b47097566f13b8d0ca110b04b60e07ed" "/opt/rustwide/cargo-home/bin/cargo" "+beta-2023-04-20" "metadata" "--no-deps" "--format-version=1", kill_on_drop: false }`
[INFO] [stdout] 36a8691443d07342c143b3a50f2459a2f6b58d111fe9ae70079ac1482c2dbc5e
[INFO] running `Command { std: "docker" "start" "-a" "36a8691443d07342c143b3a50f2459a2f6b58d111fe9ae70079ac1482c2dbc5e", kill_on_drop: false }`
[INFO] running `Command { std: "docker" "inspect" "36a8691443d07342c143b3a50f2459a2f6b58d111fe9ae70079ac1482c2dbc5e", kill_on_drop: false }`
[INFO] running `Command { std: "docker" "rm" "-f" "36a8691443d07342c143b3a50f2459a2f6b58d111fe9ae70079ac1482c2dbc5e", kill_on_drop: false }`
[INFO] [stdout] 36a8691443d07342c143b3a50f2459a2f6b58d111fe9ae70079ac1482c2dbc5e
[INFO] running `Command { std: "docker" "create" "-v" "/var/lib/crater-agent-workspace/builds/worker-0-tc2/target:/opt/rustwide/target:rw,Z" "-v" "/var/lib/crater-agent-workspace/builds/worker-0-tc2/source:/opt/rustwide/workdir:ro,Z" "-v" "/var/lib/crater-agent-workspace/cargo-home:/opt/rustwide/cargo-home:ro,Z" "-v" "/var/lib/crater-agent-workspace/rustup-home:/opt/rustwide/rustup-home:ro,Z" "-e" "SOURCE_DIR=/opt/rustwide/workdir" "-e" "CARGO_TARGET_DIR=/opt/rustwide/target" "-e" "CARGO_INCREMENTAL=0" "-e" "RUST_BACKTRACE=full" "-e" "RUSTFLAGS=--cap-lints=warn" "-e" "RUSTDOCFLAGS=--cap-lints=warn" "-e" "CARGO_HOME=/opt/rustwide/cargo-home" "-e" "RUSTUP_HOME=/opt/rustwide/rustup-home" "-w" "/opt/rustwide/workdir" "-m" "1610612736" "--user" "0:0" "--network" "none" "ghcr.io/rust-lang/crates-build-env/linux@sha256:5ff2268d62e97bff2cde7d5815dd6ed5b47097566f13b8d0ca110b04b60e07ed" "/opt/rustwide/cargo-home/bin/cargo" "+beta-2023-04-20" "build" "--frozen" "--message-format=json", kill_on_drop: false }`
[INFO] [stdout] bfb689d2b310bce13c722ab266f953d4a9aa6109c5968c6fb5b7efbbf6c0f416
[INFO] running `Command { std: "docker" "start" "-a" "bfb689d2b310bce13c722ab266f953d4a9aa6109c5968c6fb5b7efbbf6c0f416", kill_on_drop: false }`
[INFO] [stderr]    Compiling version_check v0.9.4
[INFO] [stderr]    Compiling serde_derive v1.0.160
[INFO] [stderr]    Compiling syn v2.0.15
[INFO] [stderr]    Compiling serde v1.0.160
[INFO] [stderr]    Compiling uncased v0.9.7
[INFO] [stderr]    Compiling figment v0.10.8 (/opt/rustwide/workdir)
[INFO] [stderr]     Finished dev [unoptimized + debuginfo] target(s) in 9.34s
[INFO] running `Command { std: "docker" "inspect" "bfb689d2b310bce13c722ab266f953d4a9aa6109c5968c6fb5b7efbbf6c0f416", kill_on_drop: false }`
[INFO] running `Command { std: "docker" "rm" "-f" "bfb689d2b310bce13c722ab266f953d4a9aa6109c5968c6fb5b7efbbf6c0f416", kill_on_drop: false }`
[INFO] [stdout] bfb689d2b310bce13c722ab266f953d4a9aa6109c5968c6fb5b7efbbf6c0f416
[INFO] running `Command { std: "docker" "create" "-v" "/var/lib/crater-agent-workspace/builds/worker-0-tc2/target:/opt/rustwide/target:rw,Z" "-v" "/var/lib/crater-agent-workspace/builds/worker-0-tc2/source:/opt/rustwide/workdir:ro,Z" "-v" "/var/lib/crater-agent-workspace/cargo-home:/opt/rustwide/cargo-home:ro,Z" "-v" "/var/lib/crater-agent-workspace/rustup-home:/opt/rustwide/rustup-home:ro,Z" "-e" "SOURCE_DIR=/opt/rustwide/workdir" "-e" "CARGO_TARGET_DIR=/opt/rustwide/target" "-e" "CARGO_INCREMENTAL=0" "-e" "RUST_BACKTRACE=full" "-e" "RUSTFLAGS=--cap-lints=warn" "-e" "RUSTDOCFLAGS=--cap-lints=warn" "-e" "CARGO_HOME=/opt/rustwide/cargo-home" "-e" "RUSTUP_HOME=/opt/rustwide/rustup-home" "-w" "/opt/rustwide/workdir" "-m" "1610612736" "--user" "0:0" "--network" "none" "ghcr.io/rust-lang/crates-build-env/linux@sha256:5ff2268d62e97bff2cde7d5815dd6ed5b47097566f13b8d0ca110b04b60e07ed" "/opt/rustwide/cargo-home/bin/cargo" "+beta-2023-04-20" "test" "--frozen" "--no-run" "--message-format=json", kill_on_drop: false }`
[INFO] [stdout] 48a1e6036a7b7682b89c473dfdfa8c0ebdf66b8683ea269849ec67ca48d5286a
[INFO] running `Command { std: "docker" "start" "-a" "48a1e6036a7b7682b89c473dfdfa8c0ebdf66b8683ea269849ec67ca48d5286a", kill_on_drop: false }`
[INFO] [stderr]    Compiling libc v0.2.142
[INFO] [stderr]    Compiling proc-macro-error-attr v1.0.4
[INFO] [stderr]    Compiling proc-macro-error v1.0.4
[INFO] [stderr]    Compiling io-lifetimes v1.0.10
[INFO] [stderr]    Compiling bitflags v1.3.2
[INFO] [stderr]    Compiling rustix v0.37.18
[INFO] [stderr]    Compiling parking_lot_core v0.9.7
[INFO] [stderr]    Compiling indexmap v1.9.3
[INFO] [stderr]    Compiling linux-raw-sys v0.3.6
[INFO] [stderr]    Compiling os_str_bytes v6.5.0
[INFO] [stderr]    Compiling heck v0.4.1
[INFO] [stderr]    Compiling hashbrown v0.12.3
[INFO] [stderr]    Compiling strsim v0.10.0
[INFO] [stderr]    Compiling termcolor v1.2.0
[INFO] [stderr]    Compiling textwrap v0.16.0
[INFO] [stderr]    Compiling fastrand v1.9.0
[INFO] [stderr]    Compiling clap_lex v0.2.4
[INFO] [stderr]    Compiling clap_derive v3.2.25
[INFO] [stderr]    Compiling atty v0.2.14
[INFO] [stderr]    Compiling parking_lot v0.12.1
[INFO] [stderr]    Compiling clap v3.2.25
[INFO] [stderr]    Compiling tempfile v3.5.0
[INFO] [stderr]    Compiling figment v0.10.8 (/opt/rustwide/workdir)
[INFO] [stdout] error[E0432]: unresolved import `figment::providers::Toml`
[INFO] [stdout]  --> tests/tuple-struct.rs:1:36
[INFO] [stdout]   |
[INFO] [stdout] 1 | use figment::{Figment, providers::{Toml, Format}};
[INFO] [stdout]   |                                    ^^^^ no `Toml` in `providers`
[INFO] [stdout] 
[INFO] [stdout] 
[INFO] [stdout] warning: unused import: `Format`
[INFO] [stdout]  --> tests/tuple-struct.rs:1:42
[INFO] [stdout]   |
[INFO] [stdout] 1 | use figment::{Figment, providers::{Toml, Format}};
[INFO] [stdout]   |                                          ^^^^^^
[INFO] [stdout]   |
[INFO] [stdout]   = note: `#[warn(unused_imports)]` on by default
[INFO] [stdout] 
[INFO] [stdout] 
[INFO] [stdout] error[E0432]: unresolved import `figment::providers::Env`
[INFO] [stdout]  --> tests/empty-env-vars.rs:1:24
[INFO] [stdout]   |
[INFO] [stdout] 1 | use figment::{Figment, providers::Env};
[INFO] [stdout]   |                        ^^^^^^^^^^^^^^ no `Env` in `providers`
[INFO] [stdout] 
[INFO] [stdout] 
[INFO] [stdout] error[E0432]: unresolved imports `figment::providers::Toml`, `figment::providers::Env`
[INFO] [stdout]  --> tests/enum.rs:2:44
[INFO] [stdout]   |
[INFO] [stdout] 2 | use figment::{Figment, providers::{Format, Toml, Serialized, Env}};
[INFO] [stdout]   |                                            ^^^^              ^^^ no `Env` in `providers`
[INFO] [stdout]   |                                            |
[INFO] [stdout]   |                                            no `Toml` in `providers`
[INFO] [stdout] 
[INFO] [stdout] 
[INFO] [stdout] error[E0433]: failed to resolve: could not find `Jail` in `figment`
[INFO] [stdout]   --> tests/empty-env-vars.rs:10:14
[INFO] [stdout]    |
[INFO] [stdout] 10 |     figment::Jail::expect_with(|jail| {
[INFO] [stdout]    |              ^^^^ could not find `Jail` in `figment`
[INFO] [stdout] 
[INFO] [stdout] 
[INFO] [stdout] error[E0433]: failed to resolve: could not find `Jail` in `figment`
[INFO] [stdout]   --> tests/enum.rs:41:14
[INFO] [stdout]    |
[INFO] [stdout] 41 |     figment::Jail::expect_with(|jail| {
[INFO] [stdout]    |              ^^^^ could not find `Jail` in `figment`
[INFO] [stdout] 
[INFO] [stdout] 
[INFO] [stdout] warning: unused import: `Format`
[INFO] [stdout]  --> tests/enum.rs:2:36
[INFO] [stdout]   |
[INFO] [stdout] 2 | use figment::{Figment, providers::{Format, Toml, Serialized, Env}};
[INFO] [stdout]   |                                    ^^^^^^
[INFO] [stdout]   |
[INFO] [stdout]   = note: `#[warn(unused_imports)]` on by default
[INFO] [stdout] 
[INFO] [stdout] 
[INFO] [stdout] error[E0432]: unresolved import `figment::Jail`
[INFO] [stdout]  --> tests/profile-tag.rs:1:24
[INFO] [stdout]   |
[INFO] [stdout] 1 | use figment::{Figment, Jail, Profile};
[INFO] [stdout]   |                        ^^^^ no `Jail` in the root
[INFO] [stdout] 
[INFO] [stdout] 
[INFO] [stdout] error[E0432]: unresolved imports `figment::providers::Toml`, `figment::providers::Json`, `figment::providers::Env`
[INFO] [stdout]  --> tests/cargo.rs:2:44
[INFO] [stdout]   |
[INFO] [stdout] 2 | use figment::{Figment, providers::{Format, Toml, Json, Env}};
[INFO] [stdout]   |                                            ^^^^  ^^^^  ^^^ no `Env` in `providers`
[INFO] [stdout]   |                                            |     |
[INFO] [stdout]   |                                            |     no `Json` in `providers`
[INFO] [stdout]   |                                            no `Toml` in `providers`
[INFO] [stdout] 
[INFO] [stdout] 
[INFO] [stdout] error[E0433]: failed to resolve: could not find `Jail` in `figment`
[INFO] [stdout]   --> tests/cargo.rs:23:14
[INFO] [stdout]    |
[INFO] [stdout] 23 |     figment::Jail::expect_with(|jail| {
[INFO] [stdout]    |              ^^^^ could not find `Jail` in `figment`
[INFO] [stdout] 
[INFO] [stdout] 
[INFO] [stdout] warning: unused import: `Format`
[INFO] [stdout]  --> tests/cargo.rs:2:36
[INFO] [stdout]   |
[INFO] [stdout] 2 | use figment::{Figment, providers::{Format, Toml, Json, Env}};
[INFO] [stdout]   |                                    ^^^^^^
[INFO] [stdout]   |
[INFO] [stdout]   = note: `#[warn(unused_imports)]` on by default
[INFO] [stdout] 
[INFO] [stdout] 
[INFO] [stdout] error: aborting due to previous error
[INFO] [stdout] 
[INFO] [stdout] 
[INFO] [stdout] For more information about this error, try `rustc --explain E0432`.
[INFO] [stdout] 
[INFO] [stderr] error: could not compile `figment` (test "profile-tag") due to 2 previous errors
[INFO] [stderr] warning: build failed, waiting for other jobs to finish...
[INFO] [stdout] error: aborting due to 2 previous errors
[INFO] [stdout] 
[INFO] [stdout] 
[INFO] [stdout] Some errors have detailed explanations: E0432, E0433.
[INFO] [stdout] 
[INFO] [stdout] For more information about an error, try `rustc --explain E0432`.
[INFO] [stdout] 
[INFO] [stdout] error: aborting due to previous error; 1 warning emitted
[INFO] [stdout] 
[INFO] [stdout] 
[INFO] [stdout] For more information about this error, try `rustc --explain E0432`.
[INFO] [stdout] 
[INFO] [stderr] error: could not compile `figment` (test "empty-env-vars") due to 3 previous errors
[INFO] [stderr] error: could not compile `figment` (test "tuple-struct") due to 2 previous errors; 1 warning emitted
[INFO] [stdout] error: aborting due to 2 previous errors; 1 warning emitted
[INFO] [stdout] 
[INFO] [stdout] 
[INFO] [stdout] Some errors have detailed explanations: E0432, E0433.
[INFO] [stdout] 
[INFO] [stdout] For more information about an error, try `rustc --explain E0432`.
[INFO] [stdout] 
[INFO] [stdout] error[E0432]: unresolved import `crate::providers::Toml`
[INFO] [stdout]     --> src/value/magic.rs:1374:40
[INFO] [stdout]      |
[INFO] [stdout] 1374 |         use crate::providers::{Format, Toml};
[INFO] [stdout]      |                                        ^^^^ no `Toml` in `providers`
[INFO] [stdout] 
[INFO] [stdout] 
[INFO] [stderr] error: could not compile `figment` (test "enum") due to 3 previous errors; 1 warning emitted
[INFO] [stdout] error: aborting due to 2 previous errors; 1 warning emitted
[INFO] [stdout] 
[INFO] [stdout] 
[INFO] [stdout] Some errors have detailed explanations: E0432, E0433.
[INFO] [stdout] 
[INFO] [stdout] For more information about an error, try `rustc --explain E0432`.
[INFO] [stdout] 
[INFO] [stderr] error: could not compile `figment` (test "cargo") due to 3 previous errors; 1 warning emitted
[INFO] [stdout] warning: unused import: `Format`
[INFO] [stdout]     --> src/value/magic.rs:1374:32
[INFO] [stdout]      |
[INFO] [stdout] 1374 |         use crate::providers::{Format, Toml};
[INFO] [stdout]      |                                ^^^^^^
[INFO] [stdout]      |
[INFO] [stdout]      = note: `#[warn(unused_imports)]` on by default
[INFO] [stdout] 
[INFO] [stdout] 
[INFO] [stdout] error: aborting due to previous error; 1 warning emitted
[INFO] [stdout] 
[INFO] [stdout] 
[INFO] [stdout] For more information about this error, try `rustc --explain E0432`.
[INFO] [stdout] 
[INFO] [stderr] error: could not compile `figment` (lib test) due to 2 previous errors; 1 warning emitted
[INFO] running `Command { std: "docker" "inspect" "48a1e6036a7b7682b89c473dfdfa8c0ebdf66b8683ea269849ec67ca48d5286a", kill_on_drop: false }`
[INFO] running `Command { std: "docker" "rm" "-f" "48a1e6036a7b7682b89c473dfdfa8c0ebdf66b8683ea269849ec67ca48d5286a", kill_on_drop: false }`
[INFO] [stdout] 48a1e6036a7b7682b89c473dfdfa8c0ebdf66b8683ea269849ec67ca48d5286a
