[INFO] fetching crate feroxfuzz 1.0.0-rc.8...
[INFO] testing feroxfuzz-1.0.0-rc.8 against beta-2023-04-20 for beta-1.70-1
[INFO] extracting crate feroxfuzz 1.0.0-rc.8 into /workspace/builds/worker-6-tc2/source
[INFO] validating manifest of crates.io crate feroxfuzz 1.0.0-rc.8 on toolchain beta-2023-04-20
[INFO] running `Command { std: CARGO_HOME="/workspace/cargo-home" RUSTUP_HOME="/workspace/rustup-home" "/workspace/cargo-home/bin/cargo" "+beta-2023-04-20" "metadata" "--manifest-path" "Cargo.toml" "--no-deps", kill_on_drop: false }`
[INFO] started tweaking crates.io crate feroxfuzz 1.0.0-rc.8
[INFO] finished tweaking crates.io crate feroxfuzz 1.0.0-rc.8
[INFO] tweaked toml for crates.io crate feroxfuzz 1.0.0-rc.8 written to /workspace/builds/worker-6-tc2/source/Cargo.toml
[INFO] crate crates.io crate feroxfuzz 1.0.0-rc.8 already has a lockfile, it will not be regenerated
[INFO] running `Command { std: CARGO_HOME="/workspace/cargo-home" RUSTUP_HOME="/workspace/rustup-home" "/workspace/cargo-home/bin/cargo" "+beta-2023-04-20" "fetch" "--manifest-path" "Cargo.toml", kill_on_drop: false }`
[INFO] [stderr]     Updating crates.io index
[INFO] [stderr]  Downloading crates ...
[INFO] [stderr]   Downloaded serde_derive v1.0.142
[INFO] [stderr]   Downloaded typetag v0.2.3
[INFO] [stderr]   Downloaded erased-serde v0.3.22
[INFO] [stderr]   Downloaded inventory v0.3.1
[INFO] [stderr]   Downloaded tuple_list v0.1.3
[INFO] [stderr]   Downloaded ctor v0.1.23
[INFO] [stderr]   Downloaded ghost v0.1.6
[INFO] [stderr]   Downloaded critical-section v0.2.7
[INFO] [stderr]   Downloaded uuid v1.1.2
[INFO] [stderr]   Downloaded levenshtein v1.0.5
[INFO] [stderr]   Downloaded concat-idents v1.1.3
[INFO] [stderr]   Downloaded intervaltree v0.2.7
[INFO] [stderr]   Downloaded similar v2.2.0
[INFO] [stderr]   Downloaded cobs v0.2.3
[INFO] [stderr]   Downloaded crossterm v0.24.0
[INFO] [stderr]   Downloaded tokio-socks v0.5.1
[INFO] [stderr]   Downloaded sluice v0.5.5
[INFO] [stderr]   Downloaded async-process v1.4.0
[INFO] [stderr]   Downloaded allocation-counter v0.5.0
[INFO] [stderr]   Downloaded httpmock v0.6.6
[INFO] [stderr]   Downloaded cortex-m v0.7.5
[INFO] [stderr]   Downloaded postcard v1.0.2
[INFO] [stderr]   Downloaded heapless v0.7.15
[INFO] [stderr]   Downloaded libm v0.2.3
[INFO] [stderr]   Downloaded tui v0.18.0
[INFO] [stderr]   Downloaded typed-builder v0.10.0
[INFO] [stderr]   Downloaded isahc v1.7.2
[INFO] [stderr]   Downloaded xxhash-rust v0.8.5
[INFO] [stderr]   Downloaded assert-json-diff v2.0.2
[INFO] [stderr]   Downloaded async-global-executor v2.2.0
[INFO] [stderr]   Downloaded async-io v1.7.0
[INFO] [stderr]   Downloaded ena v0.14.0
[INFO] [stderr]   Downloaded riscv-target v0.1.2
[INFO] [stderr]   Downloaded atomic-polyfill v0.1.8
[INFO] [stderr]   Downloaded num-complex v0.4.2
[INFO] [stderr]   Downloaded libafl v0.8.2
[INFO] [stderr]   Downloaded async-object-pool v0.1.4
[INFO] [stderr]   Downloaded ascii-canvas v3.0.0
[INFO] [stderr]   Downloaded pico-args v0.4.2
[INFO] [stderr]   Downloaded lalrpop-util v0.19.8
[INFO] [stderr]   Downloaded lalrpop v0.19.8
[INFO] [stderr]   Downloaded basic-cookies v0.1.4
[INFO] [stderr]   Downloaded castaway v0.1.2
[INFO] [stderr]   Downloaded async-channel v1.7.0
[INFO] [stderr]   Downloaded crossterm v0.23.2
[INFO] [stderr]   Downloaded serde_regex v1.1.0
[INFO] [stderr]   Downloaded windows_aarch64_msvc v0.39.0
[INFO] [stderr]   Downloaded volatile-register v0.2.1
[INFO] [stderr]   Downloaded uds v0.2.6
[INFO] [stderr]   Downloaded windows_i686_msvc v0.39.0
[INFO] [stderr]   Downloaded bitfield v0.13.2
[INFO] [stderr]   Downloaded windows_i686_gnu v0.39.0
[INFO] [stderr]   Downloaded windows_x86_64_msvc v0.39.0
[INFO] [stderr]   Downloaded riscv v0.7.0
[INFO] [stderr]   Downloaded windows_x86_64_gnu v0.39.0
[INFO] [stderr]   Downloaded typetag-impl v0.2.3
[INFO] [stderr]   Downloaded bare-metal v0.2.5
[INFO] [stderr]   Downloaded tokio v1.20.1
[INFO] [stderr]   Downloaded tempdir v0.3.7
[INFO] [stderr]   Downloaded curl-sys v0.4.56+curl-7.83.1
[INFO] [stderr]   Downloaded windows v0.39.0
[INFO] running `Command { std: "docker" "create" "-v" "/var/lib/crater-agent-workspace/builds/worker-6-tc2/target:/opt/rustwide/target:rw,Z" "-v" "/var/lib/crater-agent-workspace/builds/worker-6-tc2/source:/opt/rustwide/workdir:ro,Z" "-v" "/var/lib/crater-agent-workspace/cargo-home:/opt/rustwide/cargo-home:ro,Z" "-v" "/var/lib/crater-agent-workspace/rustup-home:/opt/rustwide/rustup-home:ro,Z" "-e" "SOURCE_DIR=/opt/rustwide/workdir" "-e" "CARGO_TARGET_DIR=/opt/rustwide/target" "-e" "CARGO_HOME=/opt/rustwide/cargo-home" "-e" "RUSTUP_HOME=/opt/rustwide/rustup-home" "-w" "/opt/rustwide/workdir" "-m" "1610612736" "--user" "0:0" "--network" "none" "ghcr.io/rust-lang/crates-build-env/linux@sha256:5ff2268d62e97bff2cde7d5815dd6ed5b47097566f13b8d0ca110b04b60e07ed" "/opt/rustwide/cargo-home/bin/cargo" "+beta-2023-04-20" "metadata" "--no-deps" "--format-version=1", kill_on_drop: false }`
[INFO] [stdout] ea88589c1faf75f190f40d0a07707706ca96840d33cb5f9b359e3dacd591414c
[INFO] running `Command { std: "docker" "start" "-a" "ea88589c1faf75f190f40d0a07707706ca96840d33cb5f9b359e3dacd591414c", kill_on_drop: false }`
[INFO] running `Command { std: "docker" "inspect" "ea88589c1faf75f190f40d0a07707706ca96840d33cb5f9b359e3dacd591414c", kill_on_drop: false }`
[INFO] running `Command { std: "docker" "rm" "-f" "ea88589c1faf75f190f40d0a07707706ca96840d33cb5f9b359e3dacd591414c", kill_on_drop: false }`
[INFO] [stdout] ea88589c1faf75f190f40d0a07707706ca96840d33cb5f9b359e3dacd591414c
[INFO] running `Command { std: "docker" "create" "-v" "/var/lib/crater-agent-workspace/builds/worker-6-tc2/target:/opt/rustwide/target:rw,Z" "-v" "/var/lib/crater-agent-workspace/builds/worker-6-tc2/source:/opt/rustwide/workdir:ro,Z" "-v" "/var/lib/crater-agent-workspace/cargo-home:/opt/rustwide/cargo-home:ro,Z" "-v" "/var/lib/crater-agent-workspace/rustup-home:/opt/rustwide/rustup-home:ro,Z" "-e" "SOURCE_DIR=/opt/rustwide/workdir" "-e" "CARGO_TARGET_DIR=/opt/rustwide/target" "-e" "CARGO_INCREMENTAL=0" "-e" "RUST_BACKTRACE=full" "-e" "RUSTFLAGS=--cap-lints=warn" "-e" "RUSTDOCFLAGS=--cap-lints=warn" "-e" "CARGO_HOME=/opt/rustwide/cargo-home" "-e" "RUSTUP_HOME=/opt/rustwide/rustup-home" "-w" "/opt/rustwide/workdir" "-m" "1610612736" "--user" "0:0" "--network" "none" "ghcr.io/rust-lang/crates-build-env/linux@sha256:5ff2268d62e97bff2cde7d5815dd6ed5b47097566f13b8d0ca110b04b60e07ed" "/opt/rustwide/cargo-home/bin/cargo" "+beta-2023-04-20" "build" "--frozen" "--message-format=json", kill_on_drop: false }`
[INFO] [stdout] f7bdf06090cc9a7025fa207169e3f638f1786a3881a8a9c4bbdadf1b3ad783ab
[INFO] running `Command { std: "docker" "start" "-a" "f7bdf06090cc9a7025fa207169e3f638f1786a3881a8a9c4bbdadf1b3ad783ab", kill_on_drop: false }`
[INFO] [stderr]    Compiling proc-macro2 v1.0.43
[INFO] [stderr]    Compiling quote v1.0.21
[INFO] [stderr]    Compiling unicode-ident v1.0.3
[INFO] [stderr]    Compiling syn v1.0.99
[INFO] [stderr]    Compiling libc v0.2.127
[INFO] [stderr]    Compiling cc v1.0.73
[INFO] [stderr]    Compiling once_cell v1.13.0
[INFO] [stderr]    Compiling log v0.4.17
[INFO] [stderr]    Compiling serde_derive v1.0.142
[INFO] [stderr]    Compiling serde v1.0.142
[INFO] [stderr]    Compiling crunchy v0.2.2
[INFO] [stderr]    Compiling futures-core v0.3.21
[INFO] [stderr]    Compiling tiny-keccak v2.0.2
[INFO] [stderr]    Compiling proc-macro-hack v0.5.19
[INFO] [stderr]    Compiling bytes v1.2.1
[INFO] [stderr]    Compiling tokio v1.20.1
[INFO] [stderr]    Compiling futures-sink v0.3.21
[INFO] [stderr]    Compiling getrandom v0.2.7
[INFO] [stderr]    Compiling futures-channel v0.3.21
[INFO] [stderr]    Compiling futures-task v0.3.21
[INFO] [stderr]    Compiling ahash v0.7.6
[INFO] [stderr]    Compiling mio v0.8.4
[INFO] [stderr]    Compiling num_cpus v1.13.1
[INFO] [stderr]    Compiling socket2 v0.4.4
[INFO] [stderr]    Compiling ring v0.16.20
[INFO] [stderr]    Compiling lock_api v0.4.7
[INFO] [stderr]    Compiling futures-util v0.3.21
[INFO] [stderr]    Compiling itoa v1.0.3
[INFO] [stderr]    Compiling pkg-config v0.3.25
[INFO] [stderr]    Compiling const-random-macro v0.1.13
[INFO] [stderr]    Compiling num-traits v0.2.15
[INFO] [stderr]    Compiling futures-io v0.3.21
[INFO] [stderr]    Compiling const-random v0.1.13
[INFO] [stderr]    Compiling semver v1.0.13
[INFO] [stderr]    Compiling spin v0.5.2
[INFO] [stderr]    Compiling untrusted v0.7.1
[INFO] [stderr]    Compiling tracing-core v0.1.29
[INFO] [stderr]    Compiling openssl-sys v0.9.75
[INFO] [stderr]    Compiling indexmap v1.9.1
[INFO] [stderr]    Compiling parking_lot_core v0.9.3
[INFO] [stderr]    Compiling smallvec v1.9.0
[INFO] [stderr]    Compiling signal-hook v0.3.14
[INFO] [stderr]    Compiling http v0.2.8
[INFO] [stderr]    Compiling signal-hook-registry v1.4.0
[INFO] [stderr]    Compiling num-integer v0.1.45
[INFO] [stderr]    Compiling foreign-types-shared v0.1.1
[INFO] [stderr]    Compiling httparse v1.7.1
[INFO] [stderr]    Compiling openssl v0.10.41
[INFO] [stderr]    Compiling foreign-types v0.3.2
[INFO] [stderr]    Compiling rustc_version v0.4.0
[INFO] [stderr]    Compiling rustls v0.20.6
[INFO] [stderr]    Compiling matches v0.1.9
[INFO] [stderr]    Compiling rustversion v1.0.9
[INFO] [stderr]    Compiling native-tls v0.2.10
[INFO] [stderr]    Compiling tinyvec_macros v0.1.0
[INFO] [stderr]    Compiling try-lock v0.2.3
[INFO] [stderr]    Compiling want v0.3.0
[INFO] [stderr]    Compiling tinyvec v1.6.0
[INFO] [stderr]    Compiling heapless v0.7.15
[INFO] [stderr]    Compiling signal-hook-mio v0.2.3
[INFO] [stderr]    Compiling parking_lot v0.12.1
[INFO] [stderr]    Compiling http-body v0.4.5
[INFO] [stderr]    Compiling num-bigint v0.4.3
[INFO] [stderr]    Compiling openssl-probe v0.1.5
[INFO] [stderr]    Compiling erased-serde v0.3.22
[INFO] [stderr]    Compiling percent-encoding v2.1.0
[INFO] [stderr]    Compiling httpdate v1.0.2
[INFO] [stderr]    Compiling tower-service v0.3.2
[INFO] [stderr]    Compiling ryu v1.0.11
[INFO] [stderr]    Compiling form_urlencoded v1.0.1
[INFO] [stderr]    Compiling webpki v0.22.0
[INFO] [stderr]    Compiling sct v0.7.0
[INFO] [stderr]    Compiling unicode-normalization v0.1.21
[INFO] [stderr]    Compiling hash32 v0.2.1
[INFO] [stderr]    Compiling spin v0.9.4
[INFO] [stderr]    Compiling backtrace v0.3.66
[INFO] [stderr]    Compiling aho-corasick v0.7.18
[INFO] [stderr]    Compiling num-rational v0.4.1
[INFO] [stderr]    Compiling num-iter v0.1.43
[INFO] [stderr]    Compiling encoding_rs v0.8.31
[INFO] [stderr]    Compiling regex-syntax v0.6.27
[INFO] [stderr]    Compiling unicode-bidi v0.3.8
[INFO] [stderr]    Compiling libm v0.2.3
[INFO] [stderr]    Compiling stable_deref_trait v1.2.0
[INFO] [stderr]    Compiling serde_json v1.0.83
[INFO] [stderr]    Compiling gimli v0.26.2
[INFO] [stderr]    Compiling idna v0.2.3
[INFO] [stderr]    Compiling libafl v0.8.2
[INFO] [stderr]    Compiling tokio-macros v1.8.0
[INFO] [stderr]    Compiling futures-macro v0.3.21
[INFO] [stderr]    Compiling tracing-attributes v0.1.22
[INFO] [stderr]    Compiling openssl-macros v0.1.0
[INFO] [stderr]    Compiling tracing v0.1.36
[INFO] [stderr]    Compiling thiserror-impl v1.0.32
[INFO] [stderr]    Compiling ctor v0.1.23
[INFO] [stderr]    Compiling addr2line v0.17.0
[INFO] [stderr]    Compiling regex v1.6.0
[INFO] [stderr]    Compiling num_enum_derive v0.5.7
[INFO] [stderr]    Compiling thiserror v1.0.32
[INFO] [stderr]    Compiling ghost v0.1.6
[INFO] [stderr]    Compiling miniz_oxide v0.5.3
[INFO] [stderr]    Compiling crossterm v0.23.2
[INFO] [stderr]    Compiling tokio-util v0.7.3
[INFO] [stderr]    Compiling tokio-rustls v0.23.4
[INFO] [stderr]    Compiling tokio-native-tls v0.3.0
[INFO] [stderr]    Compiling object v0.29.0
[INFO] [stderr]    Compiling async-trait v0.1.57
[INFO] [stderr]    Compiling base64 v0.13.0
[INFO] [stderr]    Compiling unicode-segmentation v1.9.0
[INFO] [stderr]    Compiling rustc-demangle v0.1.21
[INFO] [stderr]    Compiling cassowary v0.3.0
[INFO] [stderr]    Compiling unicode-width v0.1.9
[INFO] [stderr]    Compiling either v1.7.0
[INFO] [stderr]    Compiling cobs v0.2.3
[INFO] [stderr]    Compiling match_cfg v0.1.0
[INFO] [stderr]    Compiling hostname v0.3.1
[INFO] [stderr]    Compiling tokio-socks v0.5.1
[INFO] [stderr]    Compiling tui v0.18.0
[INFO] [stderr]    Compiling rustls-pemfile v1.0.1
[INFO] [stderr]    Compiling inventory v0.3.1
[INFO] [stderr]    Compiling nix v0.24.2
[INFO] [stderr]    Compiling num_enum v0.5.7
[INFO] [stderr]    Compiling futures-executor v0.3.21
[INFO] [stderr]    Compiling typetag-impl v0.2.3
[INFO] [stderr]    Compiling typed-builder v0.10.0
[INFO] [stderr]    Compiling concat-idents v1.1.3
[INFO] [stderr]    Compiling hashbrown v0.12.3
[INFO] [stderr]    Compiling intervaltree v0.2.7
[INFO] [stderr]    Compiling uuid v1.1.2
[INFO] [stderr]    Compiling serde_urlencoded v0.7.1
[INFO] [stderr]    Compiling postcard v1.0.2
[INFO] [stderr]    Compiling url v2.2.2
[INFO] [stderr]    Compiling bincode v1.3.3
[INFO] [stderr]    Compiling h2 v0.3.13
[INFO] [stderr]    Compiling webpki-roots v0.22.4
[INFO] [stderr]    Compiling crossterm v0.24.0
[INFO] [stderr]    Compiling num-complex v0.4.2
[INFO] [stderr]    Compiling uds v0.2.6
[INFO] [stderr]    Compiling wait-timeout v0.2.0
[INFO] [stderr]    Compiling static_assertions v1.1.0
[INFO] [stderr]    Compiling convert_case v0.4.0
[INFO] [stderr]    Compiling tuple_list v0.1.3
[INFO] [stderr]    Compiling xxhash-rust v0.8.5
[INFO] [stderr]    Compiling mime v0.3.16
[INFO] [stderr]    Compiling ipnet v2.5.0
[INFO] [stderr]    Compiling num v0.4.0
[INFO] [stderr]    Compiling typetag v0.2.3
[INFO] [stderr]    Compiling serde_regex v1.1.0
[INFO] [stderr]    Compiling derive_more v0.99.17
[INFO] [stderr]    Compiling futures v0.3.21
[INFO] [stderr]    Compiling dyn-clone v1.0.9
[INFO] [stderr]    Compiling hyper v0.14.20
[INFO] [stderr]    Compiling hyper-rustls v0.23.0
[INFO] [stderr]    Compiling hyper-tls v0.5.0
[INFO] [stderr]    Compiling reqwest v0.11.11
[INFO] [stderr]    Compiling feroxfuzz v1.0.0-rc.8 (/opt/rustwide/workdir)
[INFO] [stderr]     Finished dev [unoptimized + debuginfo] target(s) in 2m 27s
[INFO] running `Command { std: "docker" "inspect" "f7bdf06090cc9a7025fa207169e3f638f1786a3881a8a9c4bbdadf1b3ad783ab", kill_on_drop: false }`
[INFO] running `Command { std: "docker" "rm" "-f" "f7bdf06090cc9a7025fa207169e3f638f1786a3881a8a9c4bbdadf1b3ad783ab", kill_on_drop: false }`
[INFO] [stdout] f7bdf06090cc9a7025fa207169e3f638f1786a3881a8a9c4bbdadf1b3ad783ab
[INFO] running `Command { std: "docker" "create" "-v" "/var/lib/crater-agent-workspace/builds/worker-6-tc2/target:/opt/rustwide/target:rw,Z" "-v" "/var/lib/crater-agent-workspace/builds/worker-6-tc2/source:/opt/rustwide/workdir:ro,Z" "-v" "/var/lib/crater-agent-workspace/cargo-home:/opt/rustwide/cargo-home:ro,Z" "-v" "/var/lib/crater-agent-workspace/rustup-home:/opt/rustwide/rustup-home:ro,Z" "-e" "SOURCE_DIR=/opt/rustwide/workdir" "-e" "CARGO_TARGET_DIR=/opt/rustwide/target" "-e" "CARGO_INCREMENTAL=0" "-e" "RUST_BACKTRACE=full" "-e" "RUSTFLAGS=--cap-lints=warn" "-e" "RUSTDOCFLAGS=--cap-lints=warn" "-e" "CARGO_HOME=/opt/rustwide/cargo-home" "-e" "RUSTUP_HOME=/opt/rustwide/rustup-home" "-w" "/opt/rustwide/workdir" "-m" "1610612736" "--user" "0:0" "--network" "none" "ghcr.io/rust-lang/crates-build-env/linux@sha256:5ff2268d62e97bff2cde7d5815dd6ed5b47097566f13b8d0ca110b04b60e07ed" "/opt/rustwide/cargo-home/bin/cargo" "+beta-2023-04-20" "test" "--frozen" "--no-run" "--message-format=json", kill_on_drop: false }`
[INFO] [stdout] 45cbeab3448bdd09d2c68c8701f67057694f2e5c946ed9b69f9338060b1c8016
[INFO] running `Command { std: "docker" "start" "-a" "45cbeab3448bdd09d2c68c8701f67057694f2e5c946ed9b69f9338060b1c8016", kill_on_drop: false }`
[INFO] [stderr]    Compiling value-bag v1.0.0-alpha.9
[INFO] [stderr]    Compiling log v0.4.17
[INFO] [stderr]    Compiling libc v0.2.127
[INFO] [stderr]    Compiling futures-io v0.3.21
[INFO] [stderr]    Compiling tokio v1.20.1
[INFO] [stderr]    Compiling tracing-core v0.1.29
[INFO] [stderr]    Compiling futures-util v0.3.21
[INFO] [stderr]    Compiling cache-padded v1.2.0
[INFO] [stderr]    Compiling concurrent-queue v1.2.4
[INFO] [stderr]    Compiling fastrand v1.8.0
[INFO] [stderr]    Compiling event-listener v2.5.3
[INFO] [stderr]    Compiling parking v2.0.0
[INFO] [stderr]    Compiling waker-fn v1.1.0
[INFO] [stderr]    Compiling libz-sys v1.1.8
[INFO] [stderr]    Compiling futures-lite v1.12.0
[INFO] [stderr]    Compiling libnghttp2-sys v0.1.7+1.45.0
[INFO] [stderr]    Compiling indexmap v1.9.1
[INFO] [stderr]    Compiling async-channel v1.7.0
[INFO] [stderr]    Compiling curl-sys v0.4.56+curl-7.83.1
[INFO] [stderr]    Compiling mio v0.8.4
[INFO] [stderr]    Compiling tracing v0.1.36
[INFO] [stderr]    Compiling polling v2.2.0
[INFO] [stderr]    Compiling getrandom v0.2.7
[INFO] [stderr]    Compiling dirs-sys-next v0.1.2
[INFO] [stderr]    Compiling parking_lot_core v0.9.3
[INFO] [stderr]    Compiling const-random-macro v0.1.13
[INFO] [stderr]    Compiling dirs-next v2.0.0
[INFO] [stderr]    Compiling siphasher v0.3.10
[INFO] [stderr]    Compiling want v0.3.0
[INFO] [stderr]    Compiling phf_shared v0.10.0
[INFO] [stderr]    Compiling term v0.7.0
[INFO] [stderr]    Compiling parking_lot v0.12.1
[INFO] [stderr]    Compiling const-random v0.1.13
[INFO] [stderr]    Compiling ahash v0.7.6
[INFO] [stderr]    Compiling either v1.7.0
[INFO] [stderr]    Compiling hashbrown v0.12.3
[INFO] [stderr]    Compiling new_debug_unreachable v1.0.4
[INFO] [stderr]    Compiling async-task v4.3.0
[INFO] [stderr]    Compiling bit-vec v0.6.3
[INFO] [stderr]    Compiling precomputed-hash v0.1.1
[INFO] [stderr]    Compiling crossbeam-utils v0.8.11
[INFO] [stderr]    Compiling fixedbitset v0.4.2
[INFO] [stderr]    Compiling string_cache v0.8.4
[INFO] [stderr]    Compiling bit-set v0.5.3
[INFO] [stderr]    Compiling petgraph v0.6.2
[INFO] [stderr]    Compiling itertools v0.10.3
[INFO] [stderr]    Compiling ascii-canvas v3.0.0
[INFO] [stderr]    Compiling ena v0.14.0
[INFO] [stderr]    Compiling async-io v1.7.0
[INFO] [stderr]    Compiling signal-hook-mio v0.2.3
[INFO] [stderr]    Compiling atty v0.2.14
[INFO] [stderr]    Compiling lalrpop-util v0.19.8
[INFO] [stderr]    Compiling atomic-waker v1.0.0
[INFO] [stderr]    Compiling diff v0.1.13
[INFO] [stderr]    Compiling unicode-xid v0.2.3
[INFO] [stderr]    Compiling pico-args v0.4.2
[INFO] [stderr]    Compiling blocking v1.2.0
[INFO] [stderr]    Compiling rustls v0.20.6
[INFO] [stderr]    Compiling native-tls v0.2.10
[INFO] [stderr]    Compiling async-executor v1.4.1
[INFO] [stderr]    Compiling lalrpop v0.19.8
[INFO] [stderr]    Compiling async-lock v2.5.0
[INFO] [stderr]    Compiling pin-project-internal v1.0.11
[INFO] [stderr]    Compiling curl v0.4.44
[INFO] [stderr]    Compiling async-global-executor v2.2.0
[INFO] [stderr]    Compiling async-process v1.4.0
[INFO] [stderr]    Compiling crossterm v0.23.2
[INFO] [stderr]    Compiling kv-log-macro v1.0.7
[INFO] [stderr]    Compiling tokio-util v0.7.3
[INFO] [stderr]    Compiling tokio-native-tls v0.3.0
[INFO] [stderr]    Compiling isahc v1.7.2
[INFO] [stderr]    Compiling h2 v0.3.13
[INFO] [stderr]    Compiling tokio-rustls v0.23.4
[INFO] [stderr]    Compiling pin-project v1.0.11
[INFO] [stderr]    Compiling tokio-socks v0.5.1
[INFO] [stderr]    Compiling tracing-futures v0.2.5
[INFO] [stderr]    Compiling tui v0.18.0
[INFO] [stderr]    Compiling async-std v1.12.0
[INFO] [stderr]    Compiling crossterm v0.24.0
[INFO] [stderr]    Compiling futures-executor v0.3.21
[INFO] [stderr]    Compiling sluice v0.5.5
[INFO] [stderr]    Compiling regex-automata v0.1.10
[INFO] [stderr]    Compiling async-stream-impl v0.3.3
[INFO] [stderr]    Compiling castaway v0.1.2
[INFO] [stderr]    Compiling libafl v0.8.2
[INFO] [stderr]    Compiling async-stream v0.3.3
[INFO] [stderr]    Compiling matchers v0.1.0
[INFO] [stderr]    Compiling async-object-pool v0.1.4
[INFO] [stderr]    Compiling futures v0.3.21
[INFO] [stderr]    Compiling tokio-stream v0.1.9
[INFO] [stderr]    Compiling assert-json-diff v2.0.2
[INFO] [stderr]    Compiling hyper v0.14.20
[INFO] [stderr]    Compiling tracing-log v0.1.3
[INFO] [stderr]    Compiling sharded-slab v0.1.4
[INFO] [stderr]    Compiling rand v0.4.6
[INFO] [stderr]    Compiling thread_local v1.1.4
[INFO] [stderr]    Compiling similar v2.2.0
[INFO] [stderr]    Compiling levenshtein v1.0.5
[INFO] [stderr]    Compiling remove_dir_all v0.5.3
[INFO] [stderr]    Compiling tempdir v0.3.7
[INFO] [stderr]    Compiling tracing-subscriber v0.3.15
[INFO] [stderr]    Compiling tokio-test v0.4.2
[INFO] [stderr]    Compiling allocation-counter v0.5.0
[INFO] [stderr]    Compiling hyper-tls v0.5.0
[INFO] [stderr]    Compiling hyper-rustls v0.23.0
[INFO] [stderr]    Compiling reqwest v0.11.11
[INFO] [stderr]    Compiling basic-cookies v0.1.4
[INFO] [stderr]    Compiling feroxfuzz v1.0.0-rc.8 (/opt/rustwide/workdir)
[INFO] [stderr]    Compiling httpmock v0.6.6
[INFO] [stdout] error[E0432]: unresolved import `crate::fuzzers::BlockingFuzzer`
[INFO] [stdout]    --> src/deciders/mod.rs:268:9
[INFO] [stdout]     |
[INFO] [stdout] 268 |     use crate::fuzzers::BlockingFuzzer;
[INFO] [stdout]     |         ^^^^^^^^^^^^^^^^--------------
[INFO] [stdout]     |         |               |
[INFO] [stdout]     |         |               help: a similar name exists in the module: `BlockingFuzzing`
[INFO] [stdout]     |         no `BlockingFuzzer` in `fuzzers`
[INFO] [stdout] 
[INFO] [stdout] 
[INFO] [stdout] error[E0432]: unresolved import `crate::responses::BlockingResponse`
[INFO] [stdout]    --> src/deciders/mod.rs:274:9
[INFO] [stdout]     |
[INFO] [stdout] 274 |     use crate::responses::BlockingResponse;
[INFO] [stdout]     |         ^^^^^^^^^^^^^^^^^^^^^^^^^^^^^^^^^^ no `BlockingResponse` in `responses`
[INFO] [stdout] 
[INFO] [stdout] 
[INFO] [stdout] error[E0432]: unresolved imports `crate::client::BlockingClient`, `crate::client::BlockingRequests`
[INFO] [stdout]    --> src/deciders/mod.rs:266:25
[INFO] [stdout]     |
[INFO] [stdout] 266 |     use crate::client::{BlockingClient, BlockingRequests};
[INFO] [stdout]     |                         ^^^^^^^^^^^^^^  ^^^^^^^^^^^^^^^^ no `BlockingRequests` in `client`
[INFO] [stdout]     |                         |
[INFO] [stdout]     |                         no `BlockingClient` in `client`
[INFO] [stdout] 
[INFO] [stdout] 
[INFO] [stdout] error[E0433]: failed to resolve: could not find `blocking` in `reqwest`
[INFO] [stdout]    --> src/deciders/mod.rs:299:35
[INFO] [stdout]     |
[INFO] [stdout] 299 |         let req_client = reqwest::blocking::Client::builder()
[INFO] [stdout]     |                                   ^^^^^^^^ could not find `blocking` in `reqwest`
[INFO] [stdout]     |
[INFO] [stdout] help: consider importing one of these items
[INFO] [stdout]     |
[INFO] [stdout] 265 +     use crate::deciders::tests::reqwest::Client;
[INFO] [stdout]     |
[INFO] [stdout] 265 +     use reqwest::Client;
[INFO] [stdout]     |
[INFO] [stdout] help: if you import `Client`, refer to it directly
[INFO] [stdout]     |
[INFO] [stdout] 299 -         let req_client = reqwest::blocking::Client::builder()
[INFO] [stdout] 299 +         let req_client = Client::builder()
[INFO] [stdout]     |
[INFO] [stdout] 
[INFO] [stdout] 
[INFO] [stdout] error[E0433]: failed to resolve: could not find `blocking` in `reqwest`
[INFO] [stdout]    --> src/deciders/mod.rs:367:35
[INFO] [stdout]     |
[INFO] [stdout] 367 |         let req_client = reqwest::blocking::Client::builder()
[INFO] [stdout]     |                                   ^^^^^^^^ could not find `blocking` in `reqwest`
[INFO] [stdout]     |
[INFO] [stdout] help: consider importing one of these items
[INFO] [stdout]     |
[INFO] [stdout] 265 +     use crate::deciders::tests::reqwest::Client;
[INFO] [stdout]     |
[INFO] [stdout] 265 +     use reqwest::Client;
[INFO] [stdout]     |
[INFO] [stdout] help: if you import `Client`, refer to it directly
[INFO] [stdout]     |
[INFO] [stdout] 367 -         let req_client = reqwest::blocking::Client::builder()
[INFO] [stdout] 367 +         let req_client = Client::builder()
[INFO] [stdout]     |
[INFO] [stdout] 
[INFO] [stdout] 
[INFO] [stdout] error[E0433]: failed to resolve: could not find `blocking` in `reqwest`
[INFO] [stdout]    --> src/deciders/mod.rs:449:35
[INFO] [stdout]     |
[INFO] [stdout] 449 |         let req_client = reqwest::blocking::Client::builder()
[INFO] [stdout]     |                                   ^^^^^^^^ could not find `blocking` in `reqwest`
[INFO] [stdout]     |
[INFO] [stdout] help: consider importing one of these items
[INFO] [stdout]     |
[INFO] [stdout] 265 +     use crate::deciders::tests::reqwest::Client;
[INFO] [stdout]     |
[INFO] [stdout] 265 +     use reqwest::Client;
[INFO] [stdout]     |
[INFO] [stdout] help: if you import `Client`, refer to it directly
[INFO] [stdout]     |
[INFO] [stdout] 449 -         let req_client = reqwest::blocking::Client::builder()
[INFO] [stdout] 449 +         let req_client = Client::builder()
[INFO] [stdout]     |
[INFO] [stdout] 
[INFO] [stdout] 
[INFO] [stdout] error[E0433]: failed to resolve: could not find `blocking` in `reqwest`
[INFO] [stdout]    --> src/deciders/mod.rs:557:35
[INFO] [stdout]     |
[INFO] [stdout] 557 |         let req_client = reqwest::blocking::Client::builder()
[INFO] [stdout]     |                                   ^^^^^^^^ could not find `blocking` in `reqwest`
[INFO] [stdout]     |
[INFO] [stdout] help: consider importing one of these items
[INFO] [stdout]     |
[INFO] [stdout] 265 +     use crate::deciders::tests::reqwest::Client;
[INFO] [stdout]     |
[INFO] [stdout] 265 +     use reqwest::Client;
[INFO] [stdout]     |
[INFO] [stdout] help: if you import `Client`, refer to it directly
[INFO] [stdout]     |
[INFO] [stdout] 557 -         let req_client = reqwest::blocking::Client::builder()
[INFO] [stdout] 557 +         let req_client = Client::builder()
[INFO] [stdout]     |
[INFO] [stdout] 
[INFO] [stdout] 
[INFO] [stdout] error[E0432]: unresolved import `feroxfuzz::client::BlockingClient`
[INFO] [stdout]   --> examples/cluster-bomb.rs:22:25
[INFO] [stdout]    |
[INFO] [stdout] 22 | use feroxfuzz::client::{BlockingClient, HttpClient};
[INFO] [stdout]    |                         ^^^^^^^^^^^^^^ no `BlockingClient` in `client`
[INFO] [stdout] 
[INFO] [stdout] 
[INFO] [stdout] error[E0432]: unresolved import `feroxfuzz::fuzzers::BlockingFuzzer`
[INFO] [stdout]   --> examples/cluster-bomb.rs:24:26
[INFO] [stdout]    |
[INFO] [stdout] 24 | use feroxfuzz::fuzzers::{BlockingFuzzer, BlockingFuzzing};
[INFO] [stdout]    |                          ^^^^^^^^^^^^^^
[INFO] [stdout]    |                          |
[INFO] [stdout]    |                          no `BlockingFuzzer` in `fuzzers`
[INFO] [stdout]    |                          help: a similar name exists in the module: `BlockingFuzzing`
[INFO] [stdout] 
[INFO] [stdout] 
[INFO] [stdout] error[E0432]: unresolved import `feroxfuzz::responses::BlockingResponse`
[INFO] [stdout]   --> examples/cluster-bomb.rs:30:5
[INFO] [stdout]    |
[INFO] [stdout] 30 | use feroxfuzz::responses::BlockingResponse;
[INFO] [stdout]    |     ^^^^^^^^^^^^^^^^^^^^^^^^^^^^^^^^^^^^^^ no `BlockingResponse` in `responses`
[INFO] [stdout] 
[INFO] [stdout] 
[INFO] [stdout] error[E0433]: failed to resolve: could not find `blocking` in `reqwest`
[INFO] [stdout]   --> examples/cluster-bomb.rs:61:31
[INFO] [stdout]    |
[INFO] [stdout] 61 |     let req_client = reqwest::blocking::Client::builder()
[INFO] [stdout]    |                               ^^^^^^^^ could not find `blocking` in `reqwest`
[INFO] [stdout]    |
[INFO] [stdout] help: consider importing this struct
[INFO] [stdout]    |
[INFO] [stdout] 22 + use reqwest::Client;
[INFO] [stdout]    |
[INFO] [stdout] help: if you import `Client`, refer to it directly
[INFO] [stdout]    |
[INFO] [stdout] 61 -     let req_client = reqwest::blocking::Client::builder()
[INFO] [stdout] 61 +     let req_client = Client::builder()
[INFO] [stdout]    |
[INFO] [stdout] 
[INFO] [stdout] 
[INFO] [stdout] warning: unused import: `HttpClient`
[INFO] [stdout]   --> examples/cluster-bomb.rs:22:41
[INFO] [stdout]    |
[INFO] [stdout] 22 | use feroxfuzz::client::{BlockingClient, HttpClient};
[INFO] [stdout]    |                                         ^^^^^^^^^^
[INFO] [stdout]    |
[INFO] [stdout]    = note: `#[warn(unused_imports)]` on by default
[INFO] [stdout] 
[INFO] [stdout] 
[INFO] [stdout] error[E0432]: unresolved import `feroxfuzz::client::BlockingClient`
[INFO] [stdout]   --> examples/sniper.rs:18:25
[INFO] [stdout]    |
[INFO] [stdout] 18 | use feroxfuzz::client::{BlockingClient, HttpClient};
[INFO] [stdout]    |                         ^^^^^^^^^^^^^^ no `BlockingClient` in `client`
[INFO] [stdout] 
[INFO] [stdout] 
[INFO] [stdout] error[E0432]: unresolved import `feroxfuzz::fuzzers::BlockingFuzzer`
[INFO] [stdout]   --> examples/sniper.rs:20:26
[INFO] [stdout]    |
[INFO] [stdout] 20 | use feroxfuzz::fuzzers::{BlockingFuzzer, BlockingFuzzing};
[INFO] [stdout]    |                          ^^^^^^^^^^^^^^
[INFO] [stdout]    |                          |
[INFO] [stdout]    |                          no `BlockingFuzzer` in `fuzzers`
[INFO] [stdout]    |                          help: a similar name exists in the module: `BlockingFuzzing`
[INFO] [stdout] 
[INFO] [stdout] 
[INFO] [stdout] error[E0432]: unresolved import `feroxfuzz::responses::BlockingResponse`
[INFO] [stdout]   --> examples/sniper.rs:25:5
[INFO] [stdout]    |
[INFO] [stdout] 25 | use feroxfuzz::responses::BlockingResponse;
[INFO] [stdout]    |     ^^^^^^^^^^^^^^^^^^^^^^^^^^^^^^^^^^^^^^ no `BlockingResponse` in `responses`
[INFO] [stdout] 
[INFO] [stdout] 
[INFO] [stdout] error[E0433]: failed to resolve: could not find `blocking` in `reqwest`
[INFO] [stdout]   --> examples/sniper.rs:40:31
[INFO] [stdout]    |
[INFO] [stdout] 40 |     let req_client = reqwest::blocking::Client::builder()
[INFO] [stdout]    |                               ^^^^^^^^ could not find `blocking` in `reqwest`
[INFO] [stdout]    |
[INFO] [stdout] help: consider importing this struct
[INFO] [stdout]    |
[INFO] [stdout] 18 + use reqwest::Client;
[INFO] [stdout]    |
[INFO] [stdout] help: if you import `Client`, refer to it directly
[INFO] [stdout]    |
[INFO] [stdout] 40 -     let req_client = reqwest::blocking::Client::builder()
[INFO] [stdout] 40 +     let req_client = Client::builder()
[INFO] [stdout]    |
[INFO] [stdout] 
[INFO] [stdout] 
[INFO] [stdout] warning: unused import: `HttpClient`
[INFO] [stdout]   --> examples/sniper.rs:18:41
[INFO] [stdout]    |
[INFO] [stdout] 18 | use feroxfuzz::client::{BlockingClient, HttpClient};
[INFO] [stdout]    |                                         ^^^^^^^^^^
[INFO] [stdout]    |
[INFO] [stdout]    = note: `#[warn(unused_imports)]` on by default
[INFO] [stdout] 
[INFO] [stdout] 
[INFO] [stdout] warning: unused import: `BlockingFuzzing`
[INFO] [stdout]   --> examples/cluster-bomb.rs:24:42
[INFO] [stdout]    |
[INFO] [stdout] 24 | use feroxfuzz::fuzzers::{BlockingFuzzer, BlockingFuzzing};
[INFO] [stdout]    |                                          ^^^^^^^^^^^^^^^
[INFO] [stdout] 
[INFO] [stdout] 
[INFO] [stdout] error: aborting due to 4 previous errors; 2 warnings emitted
[INFO] [stdout] 
[INFO] [stdout] 
[INFO] [stdout] Some errors have detailed explanations: E0432, E0433.
[INFO] [stdout] 
[INFO] [stdout] For more information about an error, try `rustc --explain E0432`.
[INFO] [stdout] 
[INFO] [stderr] error: could not compile `feroxfuzz` (example "cluster-bomb") due to 5 previous errors; 2 warnings emitted
[INFO] [stdout] error[E0432]: unresolved import `feroxfuzz::client::BlockingClient`
[INFO] [stdout]   --> examples/pitchfork.rs:22:25
[INFO] [stdout]    |
[INFO] [stdout] 22 | use feroxfuzz::client::{BlockingClient, HttpClient};
[INFO] [stdout]    |                         ^^^^^^^^^^^^^^ no `BlockingClient` in `client`
[INFO] [stdout] 
[INFO] [stdout] 
[INFO] [stderr] warning: build failed, waiting for other jobs to finish...
[INFO] [stdout] warning: unused import: `BlockingFuzzing`
[INFO] [stdout]   --> examples/sniper.rs:20:42
[INFO] [stdout]    |
[INFO] [stdout] 20 | use feroxfuzz::fuzzers::{BlockingFuzzer, BlockingFuzzing};
[INFO] [stdout]    |                                          ^^^^^^^^^^^^^^^
[INFO] [stdout] 
[INFO] [stdout] 
[INFO] [stdout] error[E0432]: unresolved import `feroxfuzz::fuzzers::BlockingFuzzer`
[INFO] [stdout]   --> examples/pitchfork.rs:24:26
[INFO] [stdout]    |
[INFO] [stdout] 24 | use feroxfuzz::fuzzers::{BlockingFuzzer, BlockingFuzzing};
[INFO] [stdout]    |                          ^^^^^^^^^^^^^^
[INFO] [stdout]    |                          |
[INFO] [stdout]    |                          no `BlockingFuzzer` in `fuzzers`
[INFO] [stdout]    |                          help: a similar name exists in the module: `BlockingFuzzing`
[INFO] [stdout] 
[INFO] [stdout] 
[INFO] [stdout] error[E0432]: unresolved import `feroxfuzz::responses::BlockingResponse`
[INFO] [stdout]   --> examples/pitchfork.rs:30:5
[INFO] [stdout]    |
[INFO] [stdout] 30 | use feroxfuzz::responses::BlockingResponse;
[INFO] [stdout]    |     ^^^^^^^^^^^^^^^^^^^^^^^^^^^^^^^^^^^^^^ no `BlockingResponse` in `responses`
[INFO] [stdout] 
[INFO] [stdout] 
[INFO] [stdout] error[E0433]: failed to resolve: could not find `blocking` in `reqwest`
[INFO] [stdout]   --> examples/pitchfork.rs:65:31
[INFO] [stdout]    |
[INFO] [stdout] 65 |     let req_client = reqwest::blocking::Client::builder().build()?;
[INFO] [stdout]    |                               ^^^^^^^^ could not find `blocking` in `reqwest`
[INFO] [stdout]    |
[INFO] [stdout] help: consider importing this struct
[INFO] [stdout]    |
[INFO] [stdout] 22 + use reqwest::Client;
[INFO] [stdout]    |
[INFO] [stdout] help: if you import `Client`, refer to it directly
[INFO] [stdout]    |
[INFO] [stdout] 65 -     let req_client = reqwest::blocking::Client::builder().build()?;
[INFO] [stdout] 65 +     let req_client = Client::builder().build()?;
[INFO] [stdout]    |
[INFO] [stdout] 
[INFO] [stdout] 
[INFO] [stdout] warning: unused import: `HttpClient`
[INFO] [stdout]   --> examples/pitchfork.rs:22:41
[INFO] [stdout]    |
[INFO] [stdout] 22 | use feroxfuzz::client::{BlockingClient, HttpClient};
[INFO] [stdout]    |                                         ^^^^^^^^^^
[INFO] [stdout]    |
[INFO] [stdout]    = note: `#[warn(unused_imports)]` on by default
[INFO] [stdout] 
[INFO] [stdout] 
[INFO] [stdout] error: aborting due to 4 previous errors; 2 warnings emitted
[INFO] [stdout] 
[INFO] [stdout] 
[INFO] [stdout] Some errors have detailed explanations: E0432, E0433.
[INFO] [stdout] 
[INFO] [stdout] For more information about an error, try `rustc --explain E0432`.
[INFO] [stdout] 
[INFO] [stdout] error[E0432]: unresolved import `feroxfuzz::client::BlockingClient`
[INFO] [stdout]   --> examples/battering-ram.rs:16:25
[INFO] [stdout]    |
[INFO] [stdout] 16 | use feroxfuzz::client::{BlockingClient, HttpClient};
[INFO] [stdout]    |                         ^^^^^^^^^^^^^^ no `BlockingClient` in `client`
[INFO] [stdout] 
[INFO] [stdout] 
[INFO] [stderr] error: could not compile `feroxfuzz` (example "sniper") due to 5 previous errors; 2 warnings emitted
[INFO] [stdout] error[E0432]: unresolved import `feroxfuzz::fuzzers::BlockingFuzzer`
[INFO] [stdout]   --> examples/battering-ram.rs:18:26
[INFO] [stdout]    |
[INFO] [stdout] 18 | use feroxfuzz::fuzzers::{BlockingFuzzer, BlockingFuzzing};
[INFO] [stdout]    |                          ^^^^^^^^^^^^^^
[INFO] [stdout]    |                          |
[INFO] [stdout]    |                          no `BlockingFuzzer` in `fuzzers`
[INFO] [stdout]    |                          help: a similar name exists in the module: `BlockingFuzzing`
[INFO] [stdout] 
[INFO] [stdout] 
[INFO] [stdout] error[E0432]: unresolved import `feroxfuzz::responses::BlockingResponse`
[INFO] [stdout]   --> examples/battering-ram.rs:24:5
[INFO] [stdout]    |
[INFO] [stdout] 24 | use feroxfuzz::responses::BlockingResponse;
[INFO] [stdout]    |     ^^^^^^^^^^^^^^^^^^^^^^^^^^^^^^^^^^^^^^ no `BlockingResponse` in `responses`
[INFO] [stdout] 
[INFO] [stdout] 
[INFO] [stdout] error[E0433]: failed to resolve: could not find `blocking` in `reqwest`
[INFO] [stdout]   --> examples/battering-ram.rs:39:31
[INFO] [stdout]    |
[INFO] [stdout] 39 |     let req_client = reqwest::blocking::Client::builder()
[INFO] [stdout]    |                               ^^^^^^^^ could not find `blocking` in `reqwest`
[INFO] [stdout]    |
[INFO] [stdout] help: consider importing this struct
[INFO] [stdout]    |
[INFO] [stdout] 16 + use reqwest::Client;
[INFO] [stdout]    |
[INFO] [stdout] help: if you import `Client`, refer to it directly
[INFO] [stdout]    |
[INFO] [stdout] 39 -     let req_client = reqwest::blocking::Client::builder()
[INFO] [stdout] 39 +     let req_client = Client::builder()
[INFO] [stdout]    |
[INFO] [stdout] 
[INFO] [stdout] 
[INFO] [stdout] warning: unused import: `HttpClient`
[INFO] [stdout]   --> examples/battering-ram.rs:16:41
[INFO] [stdout]    |
[INFO] [stdout] 16 | use feroxfuzz::client::{BlockingClient, HttpClient};
[INFO] [stdout]    |                                         ^^^^^^^^^^
[INFO] [stdout]    |
[INFO] [stdout]    = note: `#[warn(unused_imports)]` on by default
[INFO] [stdout] 
[INFO] [stdout] 
[INFO] [stdout] warning: unused import: `BlockingFuzzing`
[INFO] [stdout]   --> examples/pitchfork.rs:24:42
[INFO] [stdout]    |
[INFO] [stdout] 24 | use feroxfuzz::fuzzers::{BlockingFuzzer, BlockingFuzzing};
[INFO] [stdout]    |                                          ^^^^^^^^^^^^^^^
[INFO] [stdout] 
[INFO] [stdout] 
[INFO] [stdout] error: aborting due to 4 previous errors; 2 warnings emitted
[INFO] [stdout] 
[INFO] [stdout] 
[INFO] [stdout] Some errors have detailed explanations: E0432, E0433.
[INFO] [stdout] 
[INFO] [stdout] For more information about an error, try `rustc --explain E0432`.
[INFO] [stdout] 
[INFO] [stderr] error: could not compile `feroxfuzz` (example "pitchfork") due to 5 previous errors; 2 warnings emitted
[INFO] [stdout] warning: unused import: `BlockingFuzzing`
[INFO] [stdout]   --> examples/battering-ram.rs:18:42
[INFO] [stdout]    |
[INFO] [stdout] 18 | use feroxfuzz::fuzzers::{BlockingFuzzer, BlockingFuzzing};
[INFO] [stdout]    |                                          ^^^^^^^^^^^^^^^
[INFO] [stdout] 
[INFO] [stdout] 
[INFO] [stdout] error[E0432]: unresolved import `feroxfuzz::client::BlockingClient`
[INFO] [stdout]  --> examples/blocking-regex.rs:6:25
[INFO] [stdout]   |
[INFO] [stdout] 6 | use feroxfuzz::client::{BlockingClient, HttpClient};
[INFO] [stdout]   |                         ^^^^^^^^^^^^^^ no `BlockingClient` in `client`
[INFO] [stdout] 
[INFO] [stdout] 
[INFO] [stdout] error[E0432]: unresolved import `feroxfuzz::fuzzers::BlockingFuzzer`
[INFO] [stdout]  --> examples/blocking-regex.rs:9:26
[INFO] [stdout]   |
[INFO] [stdout] 9 | use feroxfuzz::fuzzers::{BlockingFuzzer, BlockingFuzzing};
[INFO] [stdout]   |                          ^^^^^^^^^^^^^^
[INFO] [stdout]   |                          |
[INFO] [stdout]   |                          no `BlockingFuzzer` in `fuzzers`
[INFO] [stdout]   |                          help: a similar name exists in the module: `BlockingFuzzing`
[INFO] [stdout] 
[INFO] [stdout] 
[INFO] [stdout] error[E0432]: unresolved import `feroxfuzz::responses::BlockingResponse`
[INFO] [stdout]   --> examples/blocking-regex.rs:15:5
[INFO] [stdout]    |
[INFO] [stdout] 15 | use feroxfuzz::responses::BlockingResponse;
[INFO] [stdout]    |     ^^^^^^^^^^^^^^^^^^^^^^^^^^^^^^^^^^^^^^ no `BlockingResponse` in `responses`
[INFO] [stdout] 
[INFO] [stdout] 
[INFO] [stdout] error[E0433]: failed to resolve: could not find `blocking` in `reqwest`
[INFO] [stdout]   --> examples/blocking-regex.rs:46:31
[INFO] [stdout]    |
[INFO] [stdout] 46 |     let req_client = reqwest::blocking::Client::builder().build()?;
[INFO] [stdout]    |                               ^^^^^^^^ could not find `blocking` in `reqwest`
[INFO] [stdout]    |
[INFO] [stdout] help: consider importing this struct
[INFO] [stdout]    |
[INFO] [stdout] 5  + use reqwest::Client;
[INFO] [stdout]    |
[INFO] [stdout] help: if you import `Client`, refer to it directly
[INFO] [stdout]    |
[INFO] [stdout] 46 -     let req_client = reqwest::blocking::Client::builder().build()?;
[INFO] [stdout] 46 +     let req_client = Client::builder().build()?;
[INFO] [stdout]    |
[INFO] [stdout] 
[INFO] [stdout] 
[INFO] [stdout] warning: unused import: `HttpClient`
[INFO] [stdout]  --> examples/blocking-regex.rs:6:41
[INFO] [stdout]   |
[INFO] [stdout] 6 | use feroxfuzz::client::{BlockingClient, HttpClient};
[INFO] [stdout]   |                                         ^^^^^^^^^^
[INFO] [stdout]   |
[INFO] [stdout]   = note: `#[warn(unused_imports)]` on by default
[INFO] [stdout] 
[INFO] [stdout] 
[INFO] [stdout] error: aborting due to 4 previous errors; 2 warnings emitted
[INFO] [stdout] 
[INFO] [stdout] 
[INFO] [stdout] Some errors have detailed explanations: E0432, E0433.
[INFO] [stdout] 
[INFO] [stdout] For more information about an error, try `rustc --explain E0432`.
[INFO] [stdout] 
[INFO] [stderr] error: could not compile `feroxfuzz` (example "battering-ram") due to 5 previous errors; 2 warnings emitted
[INFO] [stdout] warning: unused import: `BlockingFuzzing`
[INFO] [stdout]  --> examples/blocking-regex.rs:9:42
[INFO] [stdout]   |
[INFO] [stdout] 9 | use feroxfuzz::fuzzers::{BlockingFuzzer, BlockingFuzzing};
[INFO] [stdout]   |                                          ^^^^^^^^^^^^^^^
[INFO] [stdout] 
[INFO] [stdout] 
[INFO] [stdout] error: aborting due to 4 previous errors; 2 warnings emitted
[INFO] [stdout] 
[INFO] [stdout] 
[INFO] [stdout] Some errors have detailed explanations: E0432, E0433.
[INFO] [stdout] 
[INFO] [stdout] For more information about an error, try `rustc --explain E0432`.
[INFO] [stdout] 
[INFO] [stderr] error: could not compile `feroxfuzz` (example "blocking-regex") due to 5 previous errors; 2 warnings emitted
[INFO] [stdout] error[E0599]: no variant or associated item named `Base64` found for enum `encoders::Encoder` in the current scope
[INFO] [stdout]    --> src/requests/encoders.rs:363:47
[INFO] [stdout]     |
[INFO] [stdout] 125 | pub enum Encoder {
[INFO] [stdout]     | ---------------- variant or associated item `Base64` not found for this enum
[INFO] [stdout] ...
[INFO] [stdout] 363 |             request.encode_header(0, Encoder::Base64);
[INFO] [stdout]     |                                               ^^^^^^ variant or associated item not found in `Encoder`
[INFO] [stdout] 
[INFO] [stdout] 
[INFO] [stdout] error[E0599]: no variant or associated item named `Hex` found for enum `encoders::Encoder` in the current scope
[INFO] [stdout]    --> src/requests/encoders.rs:421:47
[INFO] [stdout]     |
[INFO] [stdout] 125 | pub enum Encoder {
[INFO] [stdout]     | ---------------- variant or associated item `Hex` not found for this enum
[INFO] [stdout] ...
[INFO] [stdout] 421 |             request.encode_header(0, Encoder::Hex);
[INFO] [stdout]     |                                               ^^^ variant or associated item not found in `Encoder`
[INFO] [stdout] 
[INFO] [stdout] 
[INFO] [stdout] error[E0599]: no variant or associated item named `Base64` found for enum `encoders::Encoder` in the current scope
[INFO] [stdout]    --> src/requests/encoders.rs:450:46
[INFO] [stdout]     |
[INFO] [stdout] 125 | pub enum Encoder {
[INFO] [stdout]     | ---------------- variant or associated item `Base64` not found for this enum
[INFO] [stdout] ...
[INFO] [stdout] 450 |             request.encode_param(0, Encoder::Base64);
[INFO] [stdout]     |                                              ^^^^^^ variant or associated item not found in `Encoder`
[INFO] [stdout] 
[INFO] [stdout] 
[INFO] [stdout] error[E0599]: no variant or associated item named `Hex` found for enum `encoders::Encoder` in the current scope
[INFO] [stdout]    --> src/requests/encoders.rs:508:46
[INFO] [stdout]     |
[INFO] [stdout] 125 | pub enum Encoder {
[INFO] [stdout]     | ---------------- variant or associated item `Hex` not found for this enum
[INFO] [stdout] ...
[INFO] [stdout] 508 |             request.encode_param(0, Encoder::Hex);
[INFO] [stdout]     |                                              ^^^ variant or associated item not found in `Encoder`
[INFO] [stdout] 
[INFO] [stdout] 
[INFO] [stdout] error[E0599]: no variant or associated item named `Base64` found for enum `encoders::Encoder` in the current scope
[INFO] [stdout]    --> src/requests/encoders.rs:535:57
[INFO] [stdout]     |
[INFO] [stdout] 125 | pub enum Encoder {
[INFO] [stdout]     | ---------------- variant or associated item `Base64` not found for this enum
[INFO] [stdout] ...
[INFO] [stdout] 535 |             request.encode(RequestField::Host, Encoder::Base64);
[INFO] [stdout]     |                                                         ^^^^^^ variant or associated item not found in `Encoder`
[INFO] [stdout] 
[INFO] [stdout] 
[INFO] [stdout] error[E0599]: no variant or associated item named `Hex` found for enum `encoders::Encoder` in the current scope
[INFO] [stdout]    --> src/requests/encoders.rs:561:57
[INFO] [stdout]     |
[INFO] [stdout] 125 | pub enum Encoder {
[INFO] [stdout]     | ---------------- variant or associated item `Hex` not found for this enum
[INFO] [stdout] ...
[INFO] [stdout] 561 |             request.encode(RequestField::Host, Encoder::Hex);
[INFO] [stdout]     |                                                         ^^^ variant or associated item not found in `Encoder`
[INFO] [stdout] 
[INFO] [stdout] 
[INFO] [stdout] error[E0599]: no variant or associated item named `Base64` found for enum `encoders::Encoder` in the current scope
[INFO] [stdout]    --> src/requests/encoders.rs:678:18
[INFO] [stdout]     |
[INFO] [stdout] 125 | pub enum Encoder {
[INFO] [stdout]     | ---------------- variant or associated item `Base64` not found for this enum
[INFO] [stdout] ...
[INFO] [stdout] 678 |         Encoder::Base64,
[INFO] [stdout]     |                  ^^^^^^ variant or associated item not found in `Encoder`
[INFO] [stdout] 
[INFO] [stdout] 
[INFO] [stdout] error[E0599]: no variant or associated item named `Hex` found for enum `encoders::Encoder` in the current scope
[INFO] [stdout]    --> src/requests/encoders.rs:687:18
[INFO] [stdout]     |
[INFO] [stdout] 125 | pub enum Encoder {
[INFO] [stdout]     | ---------------- variant or associated item `Hex` not found for this enum
[INFO] [stdout] ...
[INFO] [stdout] 687 |         Encoder::Hex,
[INFO] [stdout]     |                  ^^^ variant or associated item not found in `Encoder`
[INFO] [stdout] 
[INFO] [stdout] 
[INFO] [stdout] error[E0599]: no variant or associated item named `Base64` found for enum `encoders::Encoder` in the current scope
[INFO] [stdout]    --> src/requests/encoders.rs:706:18
[INFO] [stdout]     |
[INFO] [stdout] 125 | pub enum Encoder {
[INFO] [stdout]     | ---------------- variant or associated item `Base64` not found for this enum
[INFO] [stdout] ...
[INFO] [stdout] 706 |         Encoder::Base64,
[INFO] [stdout]     |                  ^^^^^^ variant or associated item not found in `Encoder`
[INFO] [stdout] 
[INFO] [stdout] 
[INFO] [stdout] error[E0599]: no variant or associated item named `Hex` found for enum `encoders::Encoder` in the current scope
[INFO] [stdout]    --> src/requests/encoders.rs:715:18
[INFO] [stdout]     |
[INFO] [stdout] 125 | pub enum Encoder {
[INFO] [stdout]     | ---------------- variant or associated item `Hex` not found for this enum
[INFO] [stdout] ...
[INFO] [stdout] 715 |         Encoder::Hex,
[INFO] [stdout]     |                  ^^^ variant or associated item not found in `Encoder`
[INFO] [stdout] 
[INFO] [stdout] 
[INFO] [stdout] error[E0599]: no variant or associated item named `Base64` found for enum `encoders::Encoder` in the current scope
[INFO] [stdout]    --> src/requests/encoders.rs:734:18
[INFO] [stdout]     |
[INFO] [stdout] 125 | pub enum Encoder {
[INFO] [stdout]     | ---------------- variant or associated item `Base64` not found for this enum
[INFO] [stdout] ...
[INFO] [stdout] 734 |         Encoder::Base64,
[INFO] [stdout]     |                  ^^^^^^ variant or associated item not found in `Encoder`
[INFO] [stdout] 
[INFO] [stdout] 
[INFO] [stdout] error[E0599]: no variant or associated item named `Hex` found for enum `encoders::Encoder` in the current scope
[INFO] [stdout]    --> src/requests/encoders.rs:743:18
[INFO] [stdout]     |
[INFO] [stdout] 125 | pub enum Encoder {
[INFO] [stdout]     | ---------------- variant or associated item `Hex` not found for this enum
[INFO] [stdout] ...
[INFO] [stdout] 743 |         Encoder::Hex,
[INFO] [stdout]     |                  ^^^ variant or associated item not found in `Encoder`
[INFO] [stdout] 
[INFO] [stdout] 
[INFO] [stdout] error[E0599]: no variant or associated item named `Base64` found for enum `encoders::Encoder` in the current scope
[INFO] [stdout]    --> src/requests/encoders.rs:762:18
[INFO] [stdout]     |
[INFO] [stdout] 125 | pub enum Encoder {
[INFO] [stdout]     | ---------------- variant or associated item `Base64` not found for this enum
[INFO] [stdout] ...
[INFO] [stdout] 762 |         Encoder::Base64,
[INFO] [stdout]     |                  ^^^^^^ variant or associated item not found in `Encoder`
[INFO] [stdout] 
[INFO] [stdout] 
[INFO] [stdout] error[E0599]: no variant or associated item named `Hex` found for enum `encoders::Encoder` in the current scope
[INFO] [stdout]    --> src/requests/encoders.rs:771:18
[INFO] [stdout]     |
[INFO] [stdout] 125 | pub enum Encoder {
[INFO] [stdout]     | ---------------- variant or associated item `Hex` not found for this enum
[INFO] [stdout] ...
[INFO] [stdout] 771 |         Encoder::Hex,
[INFO] [stdout]     |                  ^^^ variant or associated item not found in `Encoder`
[INFO] [stdout] 
[INFO] [stdout] 
[INFO] [stdout] error[E0599]: no variant or associated item named `Base64` found for enum `encoders::Encoder` in the current scope
[INFO] [stdout]    --> src/requests/encoders.rs:789:18
[INFO] [stdout]     |
[INFO] [stdout] 125 | pub enum Encoder {
[INFO] [stdout]     | ---------------- variant or associated item `Base64` not found for this enum
[INFO] [stdout] ...
[INFO] [stdout] 789 |         Encoder::Base64,
[INFO] [stdout]     |                  ^^^^^^ variant or associated item not found in `Encoder`
[INFO] [stdout] 
[INFO] [stdout] 
[INFO] [stdout] error[E0599]: no variant or associated item named `Hex` found for enum `encoders::Encoder` in the current scope
[INFO] [stdout]    --> src/requests/encoders.rs:797:18
[INFO] [stdout]     |
[INFO] [stdout] 125 | pub enum Encoder {
[INFO] [stdout]     | ---------------- variant or associated item `Hex` not found for this enum
[INFO] [stdout] ...
[INFO] [stdout] 797 |         Encoder::Hex,
[INFO] [stdout]     |                  ^^^ variant or associated item not found in `Encoder`
[INFO] [stdout] 
[INFO] [stdout] 
[INFO] [stdout] error[E0599]: no variant or associated item named `Base64` found for enum `encoders::Encoder` in the current scope
[INFO] [stdout]    --> src/requests/encoders.rs:814:18
[INFO] [stdout]     |
[INFO] [stdout] 125 | pub enum Encoder {
[INFO] [stdout]     | ---------------- variant or associated item `Base64` not found for this enum
[INFO] [stdout] ...
[INFO] [stdout] 814 |         Encoder::Base64,
[INFO] [stdout]     |                  ^^^^^^ variant or associated item not found in `Encoder`
[INFO] [stdout] 
[INFO] [stdout] 
[INFO] [stdout] error[E0599]: no variant or associated item named `Hex` found for enum `encoders::Encoder` in the current scope
[INFO] [stdout]    --> src/requests/encoders.rs:822:18
[INFO] [stdout]     |
[INFO] [stdout] 125 | pub enum Encoder {
[INFO] [stdout]     | ---------------- variant or associated item `Hex` not found for this enum
[INFO] [stdout] ...
[INFO] [stdout] 822 |         Encoder::Hex,
[INFO] [stdout]     |                  ^^^ variant or associated item not found in `Encoder`
[INFO] [stdout] 
[INFO] [stdout] 
[INFO] [stdout] error[E0599]: no variant or associated item named `Base64` found for enum `encoders::Encoder` in the current scope
[INFO] [stdout]    --> src/requests/encoders.rs:840:18
[INFO] [stdout]     |
[INFO] [stdout] 125 | pub enum Encoder {
[INFO] [stdout]     | ---------------- variant or associated item `Base64` not found for this enum
[INFO] [stdout] ...
[INFO] [stdout] 840 |         Encoder::Base64,
[INFO] [stdout]     |                  ^^^^^^ variant or associated item not found in `Encoder`
[INFO] [stdout] 
[INFO] [stdout] 
[INFO] [stdout] error[E0599]: no variant or associated item named `Hex` found for enum `encoders::Encoder` in the current scope
[INFO] [stdout]    --> src/requests/encoders.rs:849:18
[INFO] [stdout]     |
[INFO] [stdout] 125 | pub enum Encoder {
[INFO] [stdout]     | ---------------- variant or associated item `Hex` not found for this enum
[INFO] [stdout] ...
[INFO] [stdout] 849 |         Encoder::Hex,
[INFO] [stdout]     |                  ^^^ variant or associated item not found in `Encoder`
[INFO] [stdout] 
[INFO] [stdout] 
[INFO] [stdout] error[E0599]: no variant or associated item named `Base64` found for enum `encoders::Encoder` in the current scope
[INFO] [stdout]    --> src/requests/encoders.rs:868:18
[INFO] [stdout]     |
[INFO] [stdout] 125 | pub enum Encoder {
[INFO] [stdout]     | ---------------- variant or associated item `Base64` not found for this enum
[INFO] [stdout] ...
[INFO] [stdout] 868 |         Encoder::Base64,
[INFO] [stdout]     |                  ^^^^^^ variant or associated item not found in `Encoder`
[INFO] [stdout] 
[INFO] [stdout] 
[INFO] [stdout] error[E0599]: no variant or associated item named `Hex` found for enum `encoders::Encoder` in the current scope
[INFO] [stdout]    --> src/requests/encoders.rs:877:18
[INFO] [stdout]     |
[INFO] [stdout] 125 | pub enum Encoder {
[INFO] [stdout]     | ---------------- variant or associated item `Hex` not found for this enum
[INFO] [stdout] ...
[INFO] [stdout] 877 |         Encoder::Hex,
[INFO] [stdout]     |                  ^^^ variant or associated item not found in `Encoder`
[INFO] [stdout] 
[INFO] [stdout] 
[INFO] [stdout] error[E0599]: no variant or associated item named `Base64` found for enum `encoders::Encoder` in the current scope
[INFO] [stdout]    --> src/requests/encoders.rs:895:18
[INFO] [stdout]     |
[INFO] [stdout] 125 | pub enum Encoder {
[INFO] [stdout]     | ---------------- variant or associated item `Base64` not found for this enum
[INFO] [stdout] ...
[INFO] [stdout] 895 |         Encoder::Base64,
[INFO] [stdout]     |                  ^^^^^^ variant or associated item not found in `Encoder`
[INFO] [stdout] 
[INFO] [stdout] 
[INFO] [stdout] error[E0599]: no variant or associated item named `Hex` found for enum `encoders::Encoder` in the current scope
[INFO] [stdout]    --> src/requests/encoders.rs:903:18
[INFO] [stdout]     |
[INFO] [stdout] 125 | pub enum Encoder {
[INFO] [stdout]     | ---------------- variant or associated item `Hex` not found for this enum
[INFO] [stdout] ...
[INFO] [stdout] 903 |         Encoder::Hex,
[INFO] [stdout]     |                  ^^^ variant or associated item not found in `Encoder`
[INFO] [stdout] 
[INFO] [stdout] 
[INFO] [stdout] error[E0599]: no variant or associated item named `Base64` found for enum `encoders::Encoder` in the current scope
[INFO] [stdout]    --> src/requests/encoders.rs:920:18
[INFO] [stdout]     |
[INFO] [stdout] 125 | pub enum Encoder {
[INFO] [stdout]     | ---------------- variant or associated item `Base64` not found for this enum
[INFO] [stdout] ...
[INFO] [stdout] 920 |         Encoder::Base64,
[INFO] [stdout]     |                  ^^^^^^ variant or associated item not found in `Encoder`
[INFO] [stdout] 
[INFO] [stdout] 
[INFO] [stdout] error[E0599]: no variant or associated item named `Hex` found for enum `encoders::Encoder` in the current scope
[INFO] [stdout]    --> src/requests/encoders.rs:928:18
[INFO] [stdout]     |
[INFO] [stdout] 125 | pub enum Encoder {
[INFO] [stdout]     | ---------------- variant or associated item `Hex` not found for this enum
[INFO] [stdout] ...
[INFO] [stdout] 928 |         Encoder::Hex,
[INFO] [stdout]     |                  ^^^ variant or associated item not found in `Encoder`
[INFO] [stdout] 
[INFO] [stdout] 
[INFO] [stdout] error: aborting due to 33 previous errors
[INFO] [stdout] 
[INFO] [stdout] 
[INFO] [stdout] Some errors have detailed explanations: E0432, E0433, E0599.
[INFO] [stdout] 
[INFO] [stdout] For more information about an error, try `rustc --explain E0432`.
[INFO] [stdout] 
[INFO] [stderr] error: could not compile `feroxfuzz` (lib test) due to 34 previous errors
[INFO] running `Command { std: "docker" "inspect" "45cbeab3448bdd09d2c68c8701f67057694f2e5c946ed9b69f9338060b1c8016", kill_on_drop: false }`
[INFO] running `Command { std: "docker" "rm" "-f" "45cbeab3448bdd09d2c68c8701f67057694f2e5c946ed9b69f9338060b1c8016", kill_on_drop: false }`
[INFO] [stdout] 45cbeab3448bdd09d2c68c8701f67057694f2e5c946ed9b69f9338060b1c8016
