[INFO] fetching crate feign-macros 0.1.6...
[INFO] testing feign-macros-0.1.6 against 1.69.0 for beta-1.70-1
[INFO] extracting crate feign-macros 0.1.6 into /workspace/builds/worker-1-tc1/source
[INFO] validating manifest of crates.io crate feign-macros 0.1.6 on toolchain 1.69.0
[INFO] running `Command { std: CARGO_HOME="/workspace/cargo-home" RUSTUP_HOME="/workspace/rustup-home" "/workspace/cargo-home/bin/cargo" "+1.69.0" "metadata" "--manifest-path" "Cargo.toml" "--no-deps", kill_on_drop: false }`
[INFO] started tweaking crates.io crate feign-macros 0.1.6
[INFO] finished tweaking crates.io crate feign-macros 0.1.6
[INFO] tweaked toml for crates.io crate feign-macros 0.1.6 written to /workspace/builds/worker-1-tc1/source/Cargo.toml
[INFO] running `Command { std: CARGO_HOME="/workspace/cargo-home" RUSTUP_HOME="/workspace/rustup-home" __CARGO_TEST_CHANNEL_OVERRIDE_DO_NOT_USE_THIS="nightly" "/workspace/cargo-home/bin/cargo" "+1.69.0" "generate-lockfile" "--manifest-path" "Cargo.toml" "-Zno-index-update", kill_on_drop: false }`
[INFO] running `Command { std: CARGO_HOME="/workspace/cargo-home" RUSTUP_HOME="/workspace/rustup-home" "/workspace/cargo-home/bin/cargo" "+1.69.0" "fetch" "--manifest-path" "Cargo.toml", kill_on_drop: false }`
[INFO] running `Command { std: "docker" "create" "-v" "/var/lib/crater-agent-workspace/builds/worker-1-tc1/target:/opt/rustwide/target:rw,Z" "-v" "/var/lib/crater-agent-workspace/builds/worker-1-tc1/source:/opt/rustwide/workdir:ro,Z" "-v" "/var/lib/crater-agent-workspace/cargo-home:/opt/rustwide/cargo-home:ro,Z" "-v" "/var/lib/crater-agent-workspace/rustup-home:/opt/rustwide/rustup-home:ro,Z" "-e" "SOURCE_DIR=/opt/rustwide/workdir" "-e" "CARGO_TARGET_DIR=/opt/rustwide/target" "-e" "CARGO_HOME=/opt/rustwide/cargo-home" "-e" "RUSTUP_HOME=/opt/rustwide/rustup-home" "-w" "/opt/rustwide/workdir" "-m" "1610612736" "--user" "0:0" "--network" "none" "ghcr.io/rust-lang/crates-build-env/linux@sha256:5ff2268d62e97bff2cde7d5815dd6ed5b47097566f13b8d0ca110b04b60e07ed" "/opt/rustwide/cargo-home/bin/cargo" "+1.69.0" "metadata" "--no-deps" "--format-version=1", kill_on_drop: false }`
[INFO] [stdout] 7b1e3c4b653a4ab922dc8508e36f5a404fcc2c6d9f3d7967164a87367d90c410
[INFO] running `Command { std: "docker" "start" "-a" "7b1e3c4b653a4ab922dc8508e36f5a404fcc2c6d9f3d7967164a87367d90c410", kill_on_drop: false }`
[INFO] running `Command { std: "docker" "inspect" "7b1e3c4b653a4ab922dc8508e36f5a404fcc2c6d9f3d7967164a87367d90c410", kill_on_drop: false }`
[INFO] running `Command { std: "docker" "rm" "-f" "7b1e3c4b653a4ab922dc8508e36f5a404fcc2c6d9f3d7967164a87367d90c410", kill_on_drop: false }`
[INFO] [stdout] 7b1e3c4b653a4ab922dc8508e36f5a404fcc2c6d9f3d7967164a87367d90c410
[INFO] running `Command { std: "docker" "create" "-v" "/var/lib/crater-agent-workspace/builds/worker-1-tc1/target:/opt/rustwide/target:rw,Z" "-v" "/var/lib/crater-agent-workspace/builds/worker-1-tc1/source:/opt/rustwide/workdir:ro,Z" "-v" "/var/lib/crater-agent-workspace/cargo-home:/opt/rustwide/cargo-home:ro,Z" "-v" "/var/lib/crater-agent-workspace/rustup-home:/opt/rustwide/rustup-home:ro,Z" "-e" "SOURCE_DIR=/opt/rustwide/workdir" "-e" "CARGO_TARGET_DIR=/opt/rustwide/target" "-e" "CARGO_INCREMENTAL=0" "-e" "RUST_BACKTRACE=full" "-e" "RUSTFLAGS=--cap-lints=warn" "-e" "RUSTDOCFLAGS=--cap-lints=warn" "-e" "CARGO_HOME=/opt/rustwide/cargo-home" "-e" "RUSTUP_HOME=/opt/rustwide/rustup-home" "-w" "/opt/rustwide/workdir" "-m" "1610612736" "--user" "0:0" "--network" "none" "ghcr.io/rust-lang/crates-build-env/linux@sha256:5ff2268d62e97bff2cde7d5815dd6ed5b47097566f13b8d0ca110b04b60e07ed" "/opt/rustwide/cargo-home/bin/cargo" "+1.69.0" "build" "--frozen" "--message-format=json", kill_on_drop: false }`
[INFO] [stdout] 504b9c052aee37f780cde7a075fe1258aa7e956a24567558ed961346e8d39d18
[INFO] running `Command { std: "docker" "start" "-a" "504b9c052aee37f780cde7a075fe1258aa7e956a24567558ed961346e8d39d18", kill_on_drop: false }`
[INFO] [stderr]    Compiling strsim v0.10.0
[INFO] [stderr]    Compiling syn v1.0.109
[INFO] [stderr]    Compiling ident_case v1.0.1
[INFO] [stderr]    Compiling syn v2.0.15
[INFO] [stderr]    Compiling proc-macro-error-attr v1.0.4
[INFO] [stderr]    Compiling proc-macro-error v1.0.4
[INFO] [stderr]    Compiling darling_core v0.20.0
[INFO] [stderr]    Compiling darling_macro v0.20.0
[INFO] [stderr]    Compiling darling v0.20.0
[INFO] [stderr]    Compiling feign-macros v0.1.6 (/opt/rustwide/workdir)
[INFO] [stdout] error[E0432]: unresolved imports `syn::FnArg`, `syn::TraitItemMethod`
[INFO] [stdout]  --> src/lib.rs:9:30
[INFO] [stdout]   |
[INFO] [stdout] 9 | use syn::{parse_macro_input, FnArg, TraitItemMethod};
[INFO] [stdout]   |                              ^^^^^  ^^^^^^^^^^^^^^^ no `TraitItemMethod` in the root
[INFO] [stdout]   |                              |
[INFO] [stdout]   |                              no `FnArg` in the root
[INFO] [stdout] 
[INFO] [stdout] 
[INFO] [stdout] error[E0433]: failed to resolve: could not find `TraitItem` in `syn`
[INFO] [stdout]   --> src/lib.rs:59:18
[INFO] [stdout]    |
[INFO] [stdout] 59 |             syn::TraitItem::Method(m) => Some(m),
[INFO] [stdout]    |                  ^^^^^^^^^ could not find `TraitItem` in `syn`
[INFO] [stdout] 
[INFO] [stdout] 
[INFO] [stdout] error[E0412]: cannot find type `ItemTrait` in crate `syn`
[INFO] [stdout]   --> src/lib.rs:29:50
[INFO] [stdout]    |
[INFO] [stdout] 29 |     let input = parse_macro_input!(input as syn::ItemTrait);
[INFO] [stdout]    |                                                  ^^^^^^^^^ not found in `syn`
[INFO] [stdout] 
[INFO] [stdout] 
[INFO] [stdout] error[E0412]: cannot find type `Pat` in crate `syn`
[INFO] [stdout]    --> src/lib.rs:372:23
[INFO] [stdout]     |
[INFO] [stdout] 372 |       Form(&'a Box<syn::Pat>),
[INFO] [stdout]     |                         ^^^ help: a struct with a similar name exists: `Path`
[INFO] [stdout]     |
[INFO] [stdout]    ::: /opt/rustwide/cargo-home/registry/src/github.com-1ecc6299db9ec823/syn-1.0.109/src/path.rs:4:1
[INFO] [stdout]     |
[INFO] [stdout] 4   | / ast_struct! {
[INFO] [stdout] 5   | |     /// A path at which a named item is exported (e.g. `std::collections::HashMap`).
[INFO] [stdout] 6   | |     ///
[INFO] [stdout] 7   | |     /// *This type is available only if Syn is built with the `"derive"` or `"full"`
[INFO] [stdout] ...   |
[INFO] [stdout] 13  | |     }
[INFO] [stdout] 14  | | }
[INFO] [stdout]     | |_- similarly named struct `Path` defined here
[INFO] [stdout] 
[INFO] [stdout] 
[INFO] [stdout] error[E0412]: cannot find type `Pat` in crate `syn`
[INFO] [stdout]    --> src/lib.rs:373:23
[INFO] [stdout]     |
[INFO] [stdout] 373 |       Json(&'a Box<syn::Pat>),
[INFO] [stdout]     |                         ^^^ help: a struct with a similar name exists: `Path`
[INFO] [stdout]     |
[INFO] [stdout]    ::: /opt/rustwide/cargo-home/registry/src/github.com-1ecc6299db9ec823/syn-1.0.109/src/path.rs:4:1
[INFO] [stdout]     |
[INFO] [stdout] 4   | / ast_struct! {
[INFO] [stdout] 5   | |     /// A path at which a named item is exported (e.g. `std::collections::HashMap`).
[INFO] [stdout] 6   | |     ///
[INFO] [stdout] 7   | |     /// *This type is available only if Syn is built with the `"derive"` or `"full"`
[INFO] [stdout] ...   |
[INFO] [stdout] 13  | |     }
[INFO] [stdout] 14  | | }
[INFO] [stdout]     | |_- similarly named struct `Path` defined here
[INFO] [stdout] 
[INFO] [stdout] 
[INFO] [stdout] error[E0308]: mismatched types
[INFO] [stdout]    --> src/lib.rs:30:56
[INFO] [stdout]     |
[INFO] [stdout] 30  |     let args: ClientArgs = match ClientArgs::from_list(&args) {
[INFO] [stdout]     |                                  --------------------- ^^^^^ expected `&[NestedMeta]`, found `&Vec<NestedMeta>`
[INFO] [stdout]     |                                  |
[INFO] [stdout]     |                                  arguments to this function are incorrect
[INFO] [stdout]     |
[INFO] [stdout]     = note: expected reference `&[darling::ast::NestedMeta]`
[INFO] [stdout]                found reference `&Vec<syn::NestedMeta>`
[INFO] [stdout] note: associated function defined here
[INFO] [stdout]    --> /opt/rustwide/cargo-home/registry/src/github.com-1ecc6299db9ec823/darling_core-0.20.0/src/from_meta.rs:101:8
[INFO] [stdout]     |
[INFO] [stdout] 101 |     fn from_list(items: &[NestedMeta]) -> Result<Self> {
[INFO] [stdout]     |        ^^^^^^^^^
[INFO] [stdout] 
[INFO] [stdout] 
[INFO] [stdout] warning: unused import: `syn::spanned::Spanned`
[INFO] [stdout]  --> src/lib.rs:8:5
[INFO] [stdout]   |
[INFO] [stdout] 8 | use syn::spanned::Spanned;
[INFO] [stdout]   |     ^^^^^^^^^^^^^^^^^^^^^
[INFO] [stdout]   |
[INFO] [stdout]   = note: `#[warn(unused_imports)]` on by default
[INFO] [stdout] 
[INFO] [stdout] 
[INFO] [stdout] error: aborting due to 6 previous errors; 1 warning emitted
[INFO] [stdout] 
[INFO] [stdout] 
[INFO] [stdout] Some errors have detailed explanations: E0308, E0412, E0432, E0433.
[INFO] [stdout] 
[INFO] [stdout] For more information about an error, try `rustc --explain E0308`.
[INFO] [stdout] 
[INFO] [stderr] error: could not compile `feign-macros` due to 7 previous errors; 1 warning emitted
[INFO] running `Command { std: "docker" "inspect" "504b9c052aee37f780cde7a075fe1258aa7e956a24567558ed961346e8d39d18", kill_on_drop: false }`
[INFO] running `Command { std: "docker" "rm" "-f" "504b9c052aee37f780cde7a075fe1258aa7e956a24567558ed961346e8d39d18", kill_on_drop: false }`
[INFO] [stdout] 504b9c052aee37f780cde7a075fe1258aa7e956a24567558ed961346e8d39d18
